000
CDUS41 KRLX 290800
CLIBKW


CLIMATE REPORT
NATIONAL WEATHER SERVICE CHARLESTON WV
350 AM EDT SUN MAR 29 2015


...................................

...THE BECKLEY WV CLIMATE SUMMARY FOR MARCH 28 2015...

CLIMATE NORMAL PERIOD 1981 TO 2010
CLIMATE RECORD PERIOD 1963 TO 2015


WEATHER ITEM   OBSERVED TIME   RECORD YEAR NORMAL DEPARTURE LAST
                VALUE   (LST)  VALUE       VALUE  FROM      YEAR
                                                  NORMAL
..................................................................
TEMPERATURE (F)
 YESTERDAY
  MAXIMUM         29    517 PM  81    1989  56    -27       63
  MINIMUM         18   1100 AM   9    1982  36    -18       46
  AVERAGE         24                        46    -22       55

PRECIPITATION (IN)
  YESTERDAY        T             1.31 1912   0.11  -0.11     0.03
  MONTH TO DATE    5.56                      3.22   2.34     1.76
  SINCE JAN 1     12.21                      8.79   3.42     6.86

SNOWFALL (IN)
  YESTERDAY        0.3
  MONTH TO DATE    7.2
  SINCE SEP 1     66.2
  SNOW DEPTH       0

DEGREE DAYS
 HEATING
  YESTERDAY       41                        19     22       10
  MONTH TO DATE  615                       655    -40      746
  SINCE MAR 1    615                       655    -40      746
  SINCE JUL 1   4948                      4656    292     4954

 COOLING
  YESTERDAY        0                         0      0        0
  MONTH TO DATE    0                         0      0        0
  SINCE MAR 1      0                         0      0        0
  SINCE JAN 1      0                         0      0        0
..................................................................


WIND (MPH)
  HIGHEST WIND SPEED    23   HIGHEST WIND DIRECTION    NW (300)
  HIGHEST GUST SPEED    33   HIGHEST GUST DIRECTION     N (340)
  AVERAGE WIND SPEED    11.9


SKY COVER
  POSSIBLE SUNSHINE  MM
  AVERAGE SKY COVER 0.5


WEATHER CONDITIONS
 THE FOLLOWING WEATHER WAS RECORDED YESTERDAY.
  SNOW
  LIGHT SNOW


RELATIVE HUMIDITY (PERCENT)
 HIGHEST    81          1200 AM
 LOWEST     35           400 PM
 AVERAGE    58

..........................................................


THE BECKLEY WV CLIMATE NORMALS FOR TODAY
                         NORMAL    RECORD    YEAR
 MAXIMUM TEMPERATURE (F)   57        82      1910
                                             1907
 MINIMUM TEMPERATURE (F)   36        10      1923


SUNRISE AND SUNSET
MARCH 29 2015.........SUNRISE   715 AM EDT   SUNSET   744 PM EDT
MARCH 30 2015.........SUNRISE   713 AM EDT   SUNSET   745 PM EDT


-  INDICATES NEGATIVE NUMBERS.
R  INDICATES RECORD WAS SET OR TIED.
MM INDICATES DATA IS MISSING.
T  INDICATES TRACE AMOUNT.




$$
