000
CDUS41 KRLX 260717
CLIBKW


CLIMATE REPORT
NATIONAL WEATHER SERVICE CHARLESTON WV
316 AM EDT SUN MAR 26 2017


...................................

...THE BECKLEY WV CLIMATE SUMMARY FOR MARCH 25 2017...

CLIMATE NORMAL PERIOD 1981 TO 2010
CLIMATE RECORD PERIOD 1963 TO 2017


WEATHER ITEM   OBSERVED TIME   RECORD YEAR NORMAL DEPARTURE LAST
                VALUE   (LST)  VALUE       VALUE  FROM      YEAR
                                                  NORMAL
..................................................................
TEMPERATURE (F)
 YESTERDAY
  MAXIMUM         73   1236 PM  82    1954  55     18       58
  MINIMUM         53    651 AM   5    1940  35     18       41
  AVERAGE         63                        45     18       50

PRECIPITATION (IN)
  YESTERDAY        0.00          1.28 1935   0.12  -0.12     0.07
  MONTH TO DATE    2.32                      2.86  -0.54     1.90
  SINCE JAN 1      8.69                      8.43   0.26     7.76

SNOWFALL (IN)
  YESTERDAY        0.0
  MONTH TO DATE    5.4
  SINCE SEP 1     24.3
  SNOW DEPTH       0

DEGREE DAYS
 HEATING
  YESTERDAY        2                        20    -18       15
  MONTH TO DATE  645                       597     48      380
  SINCE MAR 1    645                       597     48      380
  SINCE JUL 1   3779                      4598   -819     3755

 COOLING
  YESTERDAY        0                         0      0        0
  MONTH TO DATE    0                         0      0        2
  SINCE MAR 1      0                         0      0        2
  SINCE JAN 1      0                         0      0        2
..................................................................


WIND (MPH)
  HIGHEST WIND SPEED    15   HIGHEST WIND DIRECTION    SE (150)
  HIGHEST GUST SPEED    21   HIGHEST GUST DIRECTION    SE (150)
  AVERAGE WIND SPEED     6.3


SKY COVER
  POSSIBLE SUNSHINE  MM
  AVERAGE SKY COVER 0.3


WEATHER CONDITIONS
 THE FOLLOWING WEATHER WAS RECORDED YESTERDAY.
  NO SIGNIFICANT WEATHER WAS OBSERVED.


RELATIVE HUMIDITY (PERCENT)
 HIGHEST    71           700 AM
 LOWEST     38           300 PM
 AVERAGE    55

..........................................................


THE BECKLEY WV CLIMATE NORMALS FOR TODAY
                         NORMAL    RECORD    YEAR
 MAXIMUM TEMPERATURE (F)   55        80      1910
 MINIMUM TEMPERATURE (F)   35        -2      1940


SUNRISE AND SUNSET
MARCH 26 2017.........SUNRISE   718 AM EDT   SUNSET   742 PM EDT
MARCH 27 2017.........SUNRISE   717 AM EDT   SUNSET   743 PM EDT


-  INDICATES NEGATIVE NUMBERS.
R  INDICATES RECORD WAS SET OR TIED.
MM INDICATES DATA IS MISSING.
T  INDICATES TRACE AMOUNT.




$$
