000
CDUS41 KRLX 212130
CLIBKW


CLIMATE REPORT
NATIONAL WEATHER SERVICE CHARLESTON WV
527 PM EDT TUE OCT 21 2014


...................................

...THE BECKLEY WV CLIMATE SUMMARY FOR OCTOBER 21 2014...
VALID TODAY AS OF 0500 PM LOCAL TIME.

CLIMATE NORMAL PERIOD 1981 TO 2010
CLIMATE RECORD PERIOD 1963 TO 2014


WEATHER ITEM   OBSERVED TIME   RECORD YEAR NORMAL DEPARTURE LAST
                VALUE   (LST)  VALUE       VALUE  FROM      YEAR
                                                  NORMAL
..................................................................
TEMPERATURE (F)
 TODAY
  MAXIMUM         53   1227 PM  80    1949  62     -9       65
  MINIMUM         45    555 AM  11    1952  42      3       40
  AVERAGE         49                        52     -3       53

PRECIPITATION (IN)
  TODAY            0.07          1.71 1944   0.08  -0.01     0.00
  MONTH TO DATE    4.75                      1.69   3.06     0.86
  SINCE SEP 1      6.97                      4.70   2.27     2.58
  SINCE JAN 1     31.47                     34.36  -2.89    32.55

DEGREE DAYS
 HEATING
  TODAY           16                        13      3       12
  MONTH TO DATE  190                       225    -35      137
  SINCE SEP 1    249                       338    -89      226
  SINCE JUL 1    278                       359    -81      246

 COOLING
  TODAY            0                         0      0        0
  MONTH TO DATE    0                         2     -2       15
  SINCE SEP 1     78                        59     19       72
  SINCE JAN 1    602                       552     50      615
..................................................................


WIND (MPH)
  HIGHEST WIND SPEED    21   HIGHEST WIND DIRECTION    NW (310)
  HIGHEST GUST SPEED    28   HIGHEST GUST DIRECTION    NW (320)
  AVERAGE WIND SPEED     8.2


SKY COVER
  POSSIBLE SUNSHINE  MM
  AVERAGE SKY COVER 0.8


WEATHER CONDITIONS
 THE FOLLOWING WEATHER WAS RECORDED TODAY.
  RAIN
  LIGHT RAIN
  FOG


RELATIVE HUMIDITY (PERCENT)
 HIGHEST    86           100 AM
 LOWEST     68           100 PM
 AVERAGE    77

..........................................................


THE BECKLEY WV CLIMATE NORMALS FOR TOMORROW
                         NORMAL    RECORD    YEAR
 MAXIMUM TEMPERATURE (F)   62        80      1909
 MINIMUM TEMPERATURE (F)   41        10      1913


SUNRISE AND SUNSET
OCTOBER 21 2014.......SUNRISE   739 AM EDT   SUNSET   639 PM EDT
OCTOBER 22 2014.......SUNRISE   740 AM EDT   SUNSET   638 PM EDT


-  INDICATES NEGATIVE NUMBERS.
R  INDICATES RECORD WAS SET OR TIED.
MM INDICATES DATA IS MISSING.
T  INDICATES TRACE AMOUNT.




$$
