000
CDUS41 KRLX 230817
CLIBKW


CLIMATE REPORT
NATIONAL WEATHER SERVICE CHARLESTON WV
316 AM EST TUE JAN 23 2018


...................................

...THE BECKLEY WV CLIMATE SUMMARY FOR JANUARY 22 2018...

CLIMATE NORMAL PERIOD 1981 TO 2010
CLIMATE RECORD PERIOD 1963 TO 2018


WEATHER ITEM   OBSERVED TIME   RECORD YEAR NORMAL DEPARTURE LAST
                VALUE   (LST)  VALUE       VALUE  FROM      YEAR
                                                  NORMAL
..................................................................
TEMPERATURE (F)
 YESTERDAY
  MAXIMUM         62    208 PM  70    1909  39     23       54
  MINIMUM         46   1219 AM  -8    1970  23     23       48
                                      1961
  AVERAGE         54                        31     23       51

PRECIPITATION (IN)
  YESTERDAY        T             1.30 1906   0.09  -0.09     0.01
  MONTH TO DATE    1.63                      2.01  -0.38     2.73
  SINCE JAN 1      1.63                      2.01  -0.38     2.73

SNOWFALL (IN)
  YESTERDAY        0.0          11.2  2016   0.6   -0.6      0.0
  MONTH TO DATE    7.7                      12.4   -4.7      7.6
  SINCE SEP 1     17.6                      28.3  -10.7     12.6
  SNOW DEPTH       0

DEGREE DAYS
 HEATING
  YESTERDAY       11                        34    -23       14
  MONTH TO DATE  858                       748    110      552
  SINCE DEC 1   1854                      1701    153     1472
  SINCE JUL 1   2837                      2841     -4     2247

 COOLING
  YESTERDAY        0                         0      0        0
  MONTH TO DATE    0                         0      0        0
  SINCE DEC 1      0                         0      0        0
  SINCE JAN 1      0                         0      0        0
..................................................................


WIND (MPH)
  HIGHEST WIND SPEED    22   HIGHEST WIND DIRECTION     S (170)
  HIGHEST GUST SPEED    29   HIGHEST GUST DIRECTION     S (160)
  AVERAGE WIND SPEED    10.7


SKY COVER
  POSSIBLE SUNSHINE  MM
  AVERAGE SKY COVER 0.4


WEATHER CONDITIONS
 THE FOLLOWING WEATHER WAS RECORDED YESTERDAY.
  LIGHT RAIN


RELATIVE HUMIDITY (PERCENT)
 HIGHEST    82          1200 AM
 LOWEST     42           200 PM
 AVERAGE    62

..........................................................


THE BECKLEY WV CLIMATE NORMALS FOR TODAY
                         NORMAL    RECORD    YEAR
 MAXIMUM TEMPERATURE (F)   40        68      1914
 MINIMUM TEMPERATURE (F)   23       -19      1936


SUNRISE AND SUNSET
JANUARY 23 2018.......SUNRISE   735 AM EST   SUNSET   538 PM EST
JANUARY 24 2018.......SUNRISE   734 AM EST   SUNSET   539 PM EST


-  INDICATES NEGATIVE NUMBERS.
R  INDICATES RECORD WAS SET OR TIED.
MM INDICATES DATA IS MISSING.
T  INDICATES TRACE AMOUNT.




$$
