000
CDUS41 KRLX 212122
CLIBKW


CLIMATE REPORT
NATIONAL WEATHER SERVICE CHARLESTON WV
522 PM EDT FRI JUL 21 2017


...................................

...THE BECKLEY WV CLIMATE SUMMARY FOR JULY 21 2017...
VALID TODAY AS OF 0500 PM LOCAL TIME.

CLIMATE NORMAL PERIOD 1981 TO 2010
CLIMATE RECORD PERIOD 1963 TO 2017


WEATHER ITEM   OBSERVED TIME   RECORD YEAR NORMAL DEPARTURE LAST
                VALUE   (LST)  VALUE       VALUE  FROM      YEAR
                                                  NORMAL
..................................................................
TEMPERATURE (F)
 TODAY
  MAXIMUM         85    355 PM 103    1926  80      5       84
  MINIMUM         67    431 AM  42    1951  62      5       57
  AVERAGE         76                        71      5       71

PRECIPITATION (IN)
  TODAY            T             2.82 1954   0.16  -0.16     0.00
  MONTH TO DATE    1.56                      3.36  -1.80     4.63
  SINCE JUN 1      8.93                      7.36   1.57    12.70
  SINCE JAN 1     29.39                     24.52   4.87    29.81

DEGREE DAYS
 HEATING
  TODAY            0                         0      0        0
  MONTH TO DATE    0                         0      0        0
  SINCE JUN 1     38                        39     -1       16
  SINCE JUL 1      0                         0      0        0

 COOLING
  TODAY           11                         6      5        6
  MONTH TO DATE  160                       126     34      146
  SINCE JUN 1    261                       237     24      285
  SINCE JAN 1    326                       278     48      326
..................................................................


WIND (MPH)
  HIGHEST WIND SPEED    22   HIGHEST WIND DIRECTION    NW (330)
  HIGHEST GUST SPEED    32   HIGHEST GUST DIRECTION    NW (310)
  AVERAGE WIND SPEED     6.6


SKY COVER
  POSSIBLE SUNSHINE  MM
  AVERAGE SKY COVER 0.2


WEATHER CONDITIONS
 THE FOLLOWING WEATHER WAS RECORDED TODAY.
  LIGHT RAIN


RELATIVE HUMIDITY (PERCENT)
 HIGHEST    87           300 AM
 LOWEST     55           300 PM
 AVERAGE    71

..........................................................


THE BECKLEY WV CLIMATE NORMALS FOR TOMORROW
                         NORMAL    RECORD    YEAR
 MAXIMUM TEMPERATURE (F)   80        92      2011
                                             1934
                                             1933
 MINIMUM TEMPERATURE (F)   62        47      1937
                                             1936


SUNRISE AND SUNSET
JULY 21 2017..........SUNRISE   619 AM EDT   SUNSET   842 PM EDT
JULY 22 2017..........SUNRISE   620 AM EDT   SUNSET   841 PM EDT


-  INDICATES NEGATIVE NUMBERS.
R  INDICATES RECORD WAS SET OR TIED.
MM INDICATES DATA IS MISSING.
T  INDICATES TRACE AMOUNT.




$$
