000
CDUS41 KRNK 230539
CLIBLF


CLIMATE REPORT
NATIONAL WEATHER SERVICE BLACKSBURG VA
1237 AM EST THU FEB 23 2017


...................................

...THE BLUEFIELD WV CLIMATE SUMMARY FOR FEBRUARY 22 2017...

CLIMATE NORMAL PERIOD 1981 TO 2010
CLIMATE RECORD PERIOD 1959 TO 2017


WEATHER ITEM   OBSERVED TIME   RECORD YEAR NORMAL DEPARTURE LAST
                VALUE   (LST)  VALUE       VALUE  FROM      YEAR
                                                  NORMAL
..................................................................
TEMPERATURE (F)
 YESTERDAY
  MAXIMUM         54    312 PM  67    1992  47      7       53
  MINIMUM         44    754 AM  -8    1963  30     14       39
  AVERAGE         49                        39     10       46

PRECIPITATION (IN)
  YESTERDAY        0.29          1.49 2003   0.10   0.19     0.02
  MONTH TO DATE    0.99                      2.14  -1.15     2.16
  SINCE DEC 1      8.44                      7.95   0.49     7.84
  SINCE JAN 1      5.24                      5.04   0.20     4.01

SNOWFALL (IN)
  YESTERDAY       MM                                         0.0
  MONTH TO DATE    0.9                                      12.4
  SINCE DEC 1     17.2                                      31.1
  SINCE JUL 1     17.2                                      31.1
  SNOW DEPTH       0

DEGREE DAYS
 HEATING
  YESTERDAY       16                        26    -10       19
  MONTH TO DATE  514                       621   -107      716
  SINCE DEC 1   2255                      2438   -183     1905
  SINCE JUL 1   3031                      3341   -310     2627

 COOLING
  YESTERDAY        0                         0      0        0
  MONTH TO DATE    0                         0      0        0
  SINCE DEC 1      0                         0      0        3
  SINCE JAN 1      0                         0      0        0
..................................................................


WIND (MPH)
  HIGHEST WIND SPEED    12   HIGHEST WIND DIRECTION     S (170)
  HIGHEST GUST SPEED    19   HIGHEST GUST DIRECTION     S (170)
  AVERAGE WIND SPEED     3.8


SKY COVER
  AVERAGE SKY COVER 0.9


WEATHER CONDITIONS
 THE FOLLOWING WEATHER WAS RECORDED YESTERDAY.
  RAIN
  LIGHT RAIN
  FOG


RELATIVE HUMIDITY (PERCENT)
 HIGHEST   100           900 AM
 LOWEST     61           100 AM
 AVERAGE    81

..........................................................


THE BLUEFIELD WV CLIMATE NORMALS FOR TODAY
                         NORMAL    RECORD    YEAR
 MAXIMUM TEMPERATURE (F)   48        74      1975
 MINIMUM TEMPERATURE (F)   31         5      1963


SUNRISE AND SUNSET
FEBRUARY 23 2017......SUNRISE   704 AM EST   SUNSET   613 PM EST
FEBRUARY 24 2017......SUNRISE   702 AM EST   SUNSET   614 PM EST


-  INDICATES NEGATIVE NUMBERS.
R  INDICATES RECORD WAS SET OR TIED.
MM INDICATES DATA IS MISSING.
T  INDICATES TRACE AMOUNT.

REMARKS:
DUE TO A POWER OUTAGE CAUSING A MISSING HIGH TEMPERATURE ON NOVEMBER
10...THE SEASONAL HEATING DEGREE DAY TOTAL AND DEPARTURE FROM
NORMAL WILL BE CALCULATED WITHOUT DATA FROM THIS DATE.



$$
