000
CDUS41 KRNK 180721
CLIBLF


CLIMATE REPORT
NATIONAL WEATHER SERVICE BLACKSBURG VA
216 AM EST MON DEC 18 2017


...................................

...THE BLUEFIELD WV CLIMATE SUMMARY FOR DECEMBER 17 2017...

CLIMATE NORMAL PERIOD 1981 TO 2010
CLIMATE RECORD PERIOD 1959 TO 2017


WEATHER ITEM   OBSERVED TIME   RECORD YEAR NORMAL DEPARTURE LAST
                VALUE   (LST)  VALUE       VALUE  FROM      YEAR
                                                  NORMAL
..................................................................
TEMPERATURE (F)
 YESTERDAY
  MAXIMUM         40    241 PM  66    2006  44     -4       61
  MINIMUM         30    407 AM  -2    1989  29      1       30
  AVERAGE         35                        37     -2       46

PRECIPITATION (IN)
  YESTERDAY        T             0.72 2015   0.09  -0.09      T
  MONTH TO DATE    0.24                      1.65  -1.41     1.20
  SINCE DEC 1      0.24                      1.65  -1.41     1.20
  SINCE JAN 1     39.57                     38.37   1.20    32.83

SNOWFALL (IN)
  YESTERDAY        0.0                                       0.0
  MONTH TO DATE    2.7                                       1.6
  SINCE DEC 1      2.7                                       1.6
  SINCE JUL 1      3.0                                       1.6
  SNOW DEPTH       0

DEGREE DAYS
 HEATING
  YESTERDAY       30                        28      2       19
  MONTH TO DATE  514                       445     69      549
  SINCE DEC 1    514                       445     69      549
  SINCE JUL 1   1541                      1348    193     1325

 COOLING
  YESTERDAY        0                         0      0        0
  MONTH TO DATE    0                         0      0        0
  SINCE DEC 1      0                         0      0        0
  SINCE JAN 1    488                       853   -365      737
..................................................................


WIND (MPH)
  HIGHEST WIND SPEED    10   HIGHEST WIND DIRECTION     W (260)
  HIGHEST GUST SPEED    14   HIGHEST GUST DIRECTION     W (270)
  AVERAGE WIND SPEED     3.8


SKY COVER
  AVERAGE SKY COVER 0.6


WEATHER CONDITIONS
 THE FOLLOWING WEATHER WAS RECORDED YESTERDAY.
  LIGHT RAIN
  FOG


RELATIVE HUMIDITY (PERCENT)
 HIGHEST    92          1100 PM
 LOWEST     52           700 AM
 AVERAGE    72

..........................................................


THE BLUEFIELD WV CLIMATE NORMALS FOR TODAY
                         NORMAL    RECORD    YEAR
 MAXIMUM TEMPERATURE (F)   44        69      1990
 MINIMUM TEMPERATURE (F)   29         5      1975


SUNRISE AND SUNSET
DECEMBER 18 2017......SUNRISE   734 AM EST   SUNSET   510 PM EST
DECEMBER 19 2017......SUNRISE   734 AM EST   SUNSET   510 PM EST


-  INDICATES NEGATIVE NUMBERS.
R  INDICATES RECORD WAS SET OR TIED.
MM INDICATES DATA IS MISSING.
T  INDICATES TRACE AMOUNT.

$$

RAB
