000
CDUS41 KRNK 302121
CLIBLF


CLIMATE REPORT
NATIONAL WEATHER SERVICE BLACKSBURG VA
516 PM EDT MON MAR 30 2015


...................................

...THE BLUEFIELD WV CLIMATE SUMMARY FOR MARCH 30 2015...
VALID TODAY AS OF 0500 PM LOCAL TIME.

CLIMATE NORMAL PERIOD 1981 TO 2010
CLIMATE RECORD PERIOD 1959 TO 2015


WEATHER ITEM   OBSERVED TIME   RECORD YEAR NORMAL DEPARTURE LAST
                VALUE   (LST)  VALUE       VALUE  FROM      YEAR
                                                  NORMAL
..................................................................
TEMPERATURE (F)
 TODAY
  MAXIMUM         55    329 PM  83    1985  59     -4       39
  MINIMUM         40    318 AM   9    1964  40      0       30
  AVERAGE         48                        50     -2

PRECIPITATION (IN)
  TODAY            0.09          0.98 1987   0.11  -0.02     0.01
  MONTH TO DATE    5.08                      3.40   1.68     1.96
  SINCE MAR 1      5.08                      3.40   1.68     1.96
  SINCE JAN 1      8.64                      9.06  -0.42     6.09

SNOWFALL (IN)
  TODAY            0.0
  MONTH TO DATE    3.1
  SINCE MAR 1      3.1
  SINCE JUL 1     39.7
  SNOW DEPTH       0

DEGREE DAYS
 HEATING
  TODAY           17                        16      1
  MONTH TO DATE  575                       601    -26
  SINCE MAR 1    575                       601    -26
  SINCE JUL 1   4495                      4094    401

 COOLING
  TODAY            0                         0      0
  MONTH TO DATE    0                         0      0
  SINCE MAR 1      0                         0      0
  SINCE JAN 1      0                         0      0
..................................................................


WIND (MPH)
  HIGHEST WIND SPEED    25   HIGHEST WIND DIRECTION     W (260)
  HIGHEST GUST SPEED    40   HIGHEST GUST DIRECTION     W (270)
  AVERAGE WIND SPEED    13.6


SKY COVER
  POSSIBLE SUNSHINE  MM
  AVERAGE SKY COVER 0.8


WEATHER CONDITIONS
 THE FOLLOWING WEATHER WAS RECORDED TODAY.
  LIGHT RAIN
  FOG


RELATIVE HUMIDITY (PERCENT)
 HIGHEST    89           800 AM
 LOWEST     26          1200 AM
 AVERAGE    58

..........................................................


THE BLUEFIELD WV CLIMATE NORMALS FOR TOMORROW
                         NORMAL    RECORD    YEAR
 MAXIMUM TEMPERATURE (F)   60        79      1986
 MINIMUM TEMPERATURE (F)   41        15      1964


SUNRISE AND SUNSET
MARCH 30 2015.........SUNRISE   714 AM EDT   SUNSET   745 PM EDT
MARCH 31 2015.........SUNRISE   712 AM EDT   SUNSET   746 PM EDT


-  INDICATES NEGATIVE NUMBERS.
R  INDICATES RECORD WAS SET OR TIED.
MM INDICATES DATA IS MISSING.
T  INDICATES TRACE AMOUNT.


$$

PW
