000
CDUS41 KRNK 260746
CLIBLF


CLIMATE REPORT
NATIONAL WEATHER SERVICE BLACKSBURG VA
243 AM EST MON JAN 26 2015


...................................

...THE BLUEFIELD WV CLIMATE SUMMARY FOR JANUARY 25 2015...

CLIMATE NORMAL PERIOD 1981 TO 2010
CLIMATE RECORD PERIOD 1959 TO 2015


WEATHER ITEM   OBSERVED TIME   RECORD YEAR NORMAL DEPARTURE LAST
                VALUE   (LST)  VALUE       VALUE  FROM      YEAR
                                                  NORMAL
..................................................................
TEMPERATURE (F)
 YESTERDAY
  MAXIMUM         48    411 PM  67    1967  42      6       25
  MINIMUM         29    628 AM  -5    1963  26      3       20
  AVERAGE         39                        34      5

PRECIPITATION (IN)
  YESTERDAY        0.00          0.99 1987   0.09  -0.09     0.01
  MONTH TO DATE    1.40                      2.35  -0.95     1.54
  SINCE DEC 1      3.79                      5.26  -1.47     6.54
  SINCE JAN 1      1.40                      2.35  -0.95     1.54

SNOWFALL (IN)
  YESTERDAY        0.0
  MONTH TO DATE    1.4
  SINCE DEC 1      2.3
  SINCE JUL 1      7.1
  SNOW DEPTH       0

DEGREE DAYS
 HEATING
  YESTERDAY       26                        31     -5
  MONTH TO DATE  769                       775     -6
  SINCE DEC 1   1552                      1637    -85
  SINCE JUL 1   2637                      2540     97

 COOLING
  YESTERDAY        0                         0      0
  MONTH TO DATE    0                         0      0
  SINCE DEC 1      0                         0      0
  SINCE JAN 1      0                         0      0
..................................................................


WIND (MPH)
  HIGHEST WIND SPEED    15   HIGHEST WIND DIRECTION     W (280)
  HIGHEST GUST SPEED    21   HIGHEST GUST DIRECTION     W (280)
  AVERAGE WIND SPEED     5.3


SKY COVER
  POSSIBLE SUNSHINE  MM
  AVERAGE SKY COVER 0.4


WEATHER CONDITIONS
 THE FOLLOWING WEATHER WAS RECORDED YESTERDAY.
  FOG


RELATIVE HUMIDITY (PERCENT)
 HIGHEST    85          1200 AM
 LOWEST     49           300 PM
 AVERAGE    67

..........................................................


THE BLUEFIELD WV CLIMATE NORMALS FOR TODAY
                         NORMAL    RECORD    YEAR
 MAXIMUM TEMPERATURE (F)   42        68      1967
 MINIMUM TEMPERATURE (F)   26         4      1988


SUNRISE AND SUNSET
JANUARY 26 2015.......SUNRISE   733 AM EST   SUNSET   543 PM EST
JANUARY 27 2015.......SUNRISE   732 AM EST   SUNSET   544 PM EST


-  INDICATES NEGATIVE NUMBERS.
R  INDICATES RECORD WAS SET OR TIED.
MM INDICATES DATA IS MISSING.
T  INDICATES TRACE AMOUNT.

$$
