000
CDUS41 KRNK 250918
CLIBLF


CLIMATE REPORT
NATIONAL WEATHER SERVICE BLACKSBURG VA
514 AM EDT SAT OCT 25 2014


...................................

...THE BLUEFIELD WV CLIMATE SUMMARY FOR OCTOBER 24 2014...

CLIMATE NORMAL PERIOD 1981 TO 2010
CLIMATE RECORD PERIOD 1959 TO 2014


WEATHER ITEM   OBSERVED TIME   RECORD YEAR NORMAL DEPARTURE LAST
                VALUE   (LST)  VALUE       VALUE  FROM      YEAR
                                                  NORMAL
..................................................................
TEMPERATURE (F)
 YESTERDAY
  MAXIMUM         60    322 PM  77    2012  64     -4       41
  MINIMUM         38    210 AM  25    1981  45     -7       34
  AVERAGE         49                        54     -5

PRECIPITATION (IN)
  YESTERDAY        0.00          1.83 2007   0.08  -0.08     0.04
  MONTH TO DATE    5.14                      1.93   3.21     1.37
  SINCE SEP 1      7.55                      5.07   2.48     2.86
  SINCE JAN 1     32.17                     33.46  -1.29    33.08

SNOWFALL (IN)
  YESTERDAY        0.0
  MONTH TO DATE    0.0
  SINCE SEP 1      0.0
  SINCE JUL 1      0.0
  SNOW DEPTH       0

DEGREE DAYS
 HEATING
  YESTERDAY       16                        11      5
  MONTH TO DATE  214                       202     12
  SINCE SEP 1    262                       275    -13
  SINCE JUL 1    272                       281     -9

 COOLING
  YESTERDAY        0                         0      0
  MONTH TO DATE    4                        16    -12
  SINCE SEP 1    110                       114     -4
  SINCE JAN 1    823                       848    -25
..................................................................


WIND (MPH)
  HIGHEST WIND SPEED    12   HIGHEST WIND DIRECTION     W (270)
  HIGHEST GUST SPEED    15   HIGHEST GUST DIRECTION     W (290)
  AVERAGE WIND SPEED     6.6


SKY COVER
  POSSIBLE SUNSHINE  MM
  AVERAGE SKY COVER 0.0


WEATHER CONDITIONS
 THE FOLLOWING WEATHER WAS RECORDED YESTERDAY.
  FOG
  FOG W/VISIBILITY <= 1/4 MILE


RELATIVE HUMIDITY (PERCENT)
 HIGHEST    92           200 AM
 LOWEST     39           300 PM
 AVERAGE    66

..........................................................


THE BLUEFIELD WV CLIMATE NORMALS FOR TODAY
                         NORMAL    RECORD    YEAR
 MAXIMUM TEMPERATURE (F)   63        78      2012
 MINIMUM TEMPERATURE (F)   45        22      1962


SUNRISE AND SUNSET
OCTOBER 25 2014.......SUNRISE   742 AM EDT   SUNSET   635 PM EDT
OCTOBER 26 2014.......SUNRISE   743 AM EDT   SUNSET   634 PM EDT


-  INDICATES NEGATIVE NUMBERS.
R  INDICATES RECORD WAS SET OR TIED.
MM INDICATES DATA IS MISSING.
T  INDICATES TRACE AMOUNT.


REMARKS:
DUE TO A POWER FAILURE CAUSING A MISSING LOW TEMPERATURE ON
MAY 30...THE SEASONAL TOTAL AND DEPARTURE FROM NORMAL FOR CDD
WILL BE CALCULATED WITHOUT DATA FROM THAT DATE.


$$
