000
CDUS41 KRNK 060830
CLIBLF


CLIMATE REPORT
NATIONAL WEATHER SERVICE BLACKSBURG VA
418 AM EDT FRI MAY 6 2016


...................................

...THE BLUEFIELD WV CLIMATE SUMMARY FOR MAY 5 2016...

CLIMATE NORMAL PERIOD 1981 TO 2010
CLIMATE RECORD PERIOD 1959 TO 2016


WEATHER ITEM   OBSERVED TIME   RECORD YEAR NORMAL DEPARTURE LAST
                VALUE   (LST)  VALUE       VALUE  FROM      YEAR
                                                  NORMAL
..................................................................
TEMPERATURE (F)
 YESTERDAY
  MAXIMUM         45   1222 AM  82    2014  70    -25       80
  MINIMUM         38    631 PM  36    2011  51    -13       59
  AVERAGE         42                        60    -18       70

PRECIPITATION (IN)
  YESTERDAY        0.55          1.50 1989   0.14   0.41     0.00
  MONTH TO DATE    2.77                      0.65   2.12     0.51
  SINCE MAR 1      6.45                      7.50  -1.05    10.92
  SINCE JAN 1     11.27                     13.16  -1.89    14.48

SNOWFALL (IN)
  YESTERDAY        0.0                                       0.0
  MONTH TO DATE    0.0                                       0.0
  SINCE MAR 1      2.6                                       3.1
  SINCE JUL 1     34.8                                      39.7
  SNOW DEPTH       0

DEGREE DAYS
 HEATING
  YESTERDAY       23                         6     17        0
  MONTH TO DATE   51                        32     19       30
  SINCE MAR 1    873                       969    -96      882
  SINCE JUL 1   3686                      4462   -776     4802

 COOLING
  YESTERDAY        0                         1     -1        5
  MONTH TO DATE    0                         5     -5        8
  SINCE MAR 1      5                        33    -28       19
  SINCE JAN 1      5                        33    -28       19
..................................................................


WIND (MPH)
  HIGHEST WIND SPEED    16   HIGHEST WIND DIRECTION    NW (300)
  HIGHEST GUST SPEED    22   HIGHEST GUST DIRECTION     W (290)
  AVERAGE WIND SPEED     8.1


SKY COVER
  AVERAGE SKY COVER 1.0


WEATHER CONDITIONS
 THE FOLLOWING WEATHER WAS RECORDED YESTERDAY.
  RAIN
  LIGHT RAIN
  FOG


RELATIVE HUMIDITY (PERCENT)
 HIGHEST   100           900 PM
 LOWEST     79          1000 AM
 AVERAGE    90

..........................................................


THE BLUEFIELD WV CLIMATE NORMALS FOR TODAY
                         NORMAL    RECORD    YEAR
 MAXIMUM TEMPERATURE (F)   70        84      2014
 MINIMUM TEMPERATURE (F)   51        32      1989


SUNRISE AND SUNSET
MAY  6 2016...........SUNRISE   624 AM EDT   SUNSET   819 PM EDT
MAY  7 2016...........SUNRISE   623 AM EDT   SUNSET   820 PM EDT


-  INDICATES NEGATIVE NUMBERS.
R  INDICATES RECORD WAS SET OR TIED.
MM INDICATES DATA IS MISSING.
T  INDICATES TRACE AMOUNT.

REMARKS:
DUE TO A SENSOR FAILURE CAUSING MISSING TEMPERATURES ON DECEMBER 20-
21...JANUARY 19-20...AND JANUARY 22-25...THE SEASONAL HEATING DEGREE
DAY TOTAL AND DEPARTURE FROM NORMAL WILL BE CALCULATED WITHOUT DATA
FROM THESE DATES.

$$
