000
CDUS41 KRNK 052209
CLIBLF


CLIMATE REPORT
NATIONAL WEATHER SERVICE BLACKSBURG VA
506 PM EST MON DEC 5 2016


...................................

...THE BLUEFIELD WV CLIMATE SUMMARY FOR DECEMBER 5 2016...
VALID TODAY AS OF 0500 PM LOCAL TIME.

CLIMATE NORMAL PERIOD 1981 TO 2010
CLIMATE RECORD PERIOD 1959 TO 2016


WEATHER ITEM   OBSERVED TIME   RECORD YEAR NORMAL DEPARTURE LAST
                VALUE   (LST)  VALUE       VALUE  FROM      YEAR
                                                  NORMAL
..................................................................
TEMPERATURE (F)
 TODAY
  MAXIMUM         47    318 PM  71    2001  48     -1       55
  MINIMUM         40    852 AM   6    1974  32      8       28
  AVERAGE         44                        40      4       42

PRECIPITATION (IN)
  TODAY            0.06          0.54 2002   0.10  -0.04     0.00
  MONTH TO DATE    0.11                      0.49  -0.38     1.18
  SINCE DEC 1      0.11                      0.49  -0.38     1.18
  SINCE JAN 1     31.74                     37.21  -5.47    39.35

SNOWFALL (IN)
  TODAY            0.0                                       0.0
  MONTH TO DATE    T                                          T
  SINCE DEC 1      T                                          T
  SINCE JUL 1      T                                          T
  SNOW DEPTH       0

DEGREE DAYS
 HEATING
  TODAY           21                        25     -4       23
  MONTH TO DATE  143                       122     21      110
  SINCE DEC 1    143                       122     21      110
  SINCE JUL 1    919                      1025   -106      832

 COOLING
  TODAY            0                         0      0        0
  MONTH TO DATE    0                         0      0        0
  SINCE DEC 1      0                         0      0        0
  SINCE JAN 1    737                       853   -116     1041
..................................................................


WIND (MPH)
  HIGHEST WIND SPEED    14   HIGHEST WIND DIRECTION     W (280)
  HIGHEST GUST SPEED    20   HIGHEST GUST DIRECTION     W (280)
  AVERAGE WIND SPEED     6.4


SKY COVER
  AVERAGE SKY COVER 0.7


WEATHER CONDITIONS
 THE FOLLOWING WEATHER WAS RECORDED TODAY.
  LIGHT RAIN
  FOG


RELATIVE HUMIDITY (PERCENT)
 HIGHEST   100           300 AM
 LOWEST     60           200 PM
 AVERAGE    80

..........................................................


THE BLUEFIELD WV CLIMATE NORMALS FOR TOMORROW
                         NORMAL    RECORD    YEAR
 MAXIMUM TEMPERATURE (F)   47        66      1960
 MINIMUM TEMPERATURE (F)   32         8      1984


SUNRISE AND SUNSET
DECEMBER  5 2016......SUNRISE   724 AM EST   SUNSET   507 PM EST
DECEMBER  6 2016......SUNRISE   725 AM EST   SUNSET   507 PM EST


-  INDICATES NEGATIVE NUMBERS.
R  INDICATES RECORD WAS SET OR TIED.
MM INDICATES DATA IS MISSING.
T  INDICATES TRACE AMOUNT.


REMARKS:
DUE TO A POWER OUTAGE CAUSING A MISSING HIGH TEMPERATURE ON NOVEMBER
10...THE SEASONAL HEATING DEGREE DAY TOTAL AND DEPARTURE FROM
NORMAL WILL BE CALCULATED WITHOUT DATA FROM THIS DATE.


$$

KD
