000
CDUS46 KSEW 310119
CLIBLI


CLIMATE REPORT
NATIONAL WEATHER SERVICE SEATTLE WA
619 PM PDT SAT AUG 30 2014


...................................

...THE BELLINGHAM WA AIRPORT CLIMATE SUMMARY FOR AUGUST 30 2014...
VALID TODAY AS OF 0600 PM LOCAL TIME.

CLIMATE NORMAL PERIOD 1981 TO 2010
CLIMATE RECORD PERIOD 1949 TO 2014


WEATHER ITEM   OBSERVED TIME   RECORD YEAR NORMAL DEPARTURE LAST
                VALUE   (LST)  VALUE       VALUE  FROM      YEAR
                                                  NORMAL
..................................................................
TEMPERATURE (F)
 TODAY
  MAXIMUM         67    400 PM  85    1987  70     -3       76
  MINIMUM         59    627 AM  42    1965  51      8       58
  AVERAGE         63                        61      2       67

PRECIPITATION (IN)
  TODAY            T             0.71 1991   0.05  -0.05     0.23
  MONTH TO DATE    0.67                      1.18  -0.51     1.17
  SINCE OCT 1     30.07                     34.00  -3.93    17.86
  SINCE JAN 1     19.76                     20.30  -0.54    16.08

DEGREE DAYS
 HEATING
  TODAY            2                         4     -2        0
  MONTH TO DATE   14                        76    -62       23
  SINCE JUN 1    185                       378   -193      199

 COOLING
  TODAY            0                         0      0        2
  MONTH TO DATE   62                         0     62       38
  SINCE JUN 1    114                        23     91       87
  SINCE JAN 1    115                        23     92       87
..................................................................


WIND (MPH)
  RESULTANT WIND SPEED   6   RESULTANT WIND DIRECTION   S (160)
  HIGHEST WIND SPEED    14   HIGHEST WIND DIRECTION     S (160)
  HIGHEST GUST SPEED    18   HIGHEST GUST DIRECTION     S (170)
  AVERAGE WIND SPEED     7.1


SKY COVER
  AVERAGE SKY COVER 0.9


WEATHER CONDITIONS
 THE FOLLOWING WEATHER WAS RECORDED TODAY.
  LIGHT RAIN


RELATIVE HUMIDITY (PERCENT)
 HIGHEST    84          1200 AM
 LOWEST     68          1200 PM
 AVERAGE    76

..........................................................


THE BELLINGHAM WA AIRPORT CLIMATE NORMALS FOR TOMORROW
                         NORMAL    RECORD    YEAR
 MAXIMUM TEMPERATURE (F)   70        86      1987
 MINIMUM TEMPERATURE (F)   51        42      1969
                                             1966


SUNRISE AND SUNSET
AUGUST 30 2014........SUNRISE   624 AM PDT   SUNSET   756 PM PDT
AUGUST 31 2014........SUNRISE   626 AM PDT   SUNSET   754 PM PDT


-  INDICATES NEGATIVE NUMBERS.
R  INDICATES RECORD WAS SET OR TIED.
MM INDICATES DATA IS MISSING.
T  INDICATES TRACE AMOUNT.




$$
