000
CDUS46 KSEW 080834
CLIBLI


CLIMATE REPORT
NATIONAL WEATHER SERVICE SEATTLE WA
1233 AM PST MON FEB 8 2016


...................................

...THE BELLINGHAM WA AIRPORT CLIMATE SUMMARY FOR FEBRUARY 7 2016...

CLIMATE NORMAL PERIOD 1981 TO 2010
CLIMATE RECORD PERIOD 1949 TO 2016


WEATHER ITEM   OBSERVED TIME   RECORD YEAR NORMAL DEPARTURE LAST
                VALUE   (LST)  VALUE       VALUE  FROM      YEAR
                                                  NORMAL
..................................................................
TEMPERATURE (F)
 YESTERDAY
  MAXIMUM         48    258 PM  60    2012  48      0       58
                                      1954
  MINIMUM         32    600 AM  20    2014  33     -1       50
                                      1989
  AVERAGE         40                        40      0       54

PRECIPITATION (IN)
  YESTERDAY        0.01          2.39 1955   0.12  -0.11     0.53
  MONTH TO DATE    0.66                      0.82  -0.16     1.50
  SINCE OCT 1     17.84                     19.19  -1.35    21.72
  SINCE JAN 1      3.77                      5.49  -1.72     6.99

DEGREE DAYS
 HEATING
  YESTERDAY       25                        25      0       11
  MONTH TO DATE  153                       175    -22      111
  SINCE DEC 1   1591                      1809   -218     1498

 COOLING
  YESTERDAY        0                         0      0        0
  MONTH TO DATE    0                         0      0        0
  SINCE DEC 1      0                         0      0        0
  SINCE JAN 1      0                         0      0        0
..................................................................


WIND (MPH)
  RESULTANT WIND SPEED   5   RESULTANT WIND DIRECTION   N (10)
  HIGHEST WIND SPEED    14   HIGHEST WIND DIRECTION     N (20)
  HIGHEST GUST SPEED    18   HIGHEST GUST DIRECTION    NE (30)
  AVERAGE WIND SPEED     5.4


SKY COVER
  AVERAGE SKY COVER 0.7


WEATHER CONDITIONS
 THE FOLLOWING WEATHER WAS RECORDED YESTERDAY.
  LIGHT RAIN


RELATIVE HUMIDITY (PERCENT)
 HIGHEST   100           700 AM
 LOWEST     65           800 PM
 AVERAGE    83

..........................................................


THE BELLINGHAM WA AIRPORT CLIMATE NORMALS FOR TODAY
                         NORMAL    RECORD    YEAR
 MAXIMUM TEMPERATURE (F)   48        65      1963
 MINIMUM TEMPERATURE (F)   33        17      1989


SUNRISE AND SUNSET
FEBRUARY  8 2016......SUNRISE   730 AM PST   SUNSET   519 PM PST
FEBRUARY  9 2016......SUNRISE   729 AM PST   SUNSET   521 PM PST


-  INDICATES NEGATIVE NUMBERS.
R  INDICATES RECORD WAS SET OR TIED.
MM INDICATES DATA IS MISSING.
T  INDICATES TRACE AMOUNT.




$$
