000
CDUS46 KSEW 260122
CLIBLI


CLIMATE REPORT
NATIONAL WEATHER SERVICE SEATTLE WA
622 PM PDT SAT OCT 25 2014


...................................

...THE BELLINGHAM WA AIRPORT CLIMATE SUMMARY FOR OCTOBER 25 2014...
VALID TODAY AS OF 0600 PM LOCAL TIME.

CLIMATE NORMAL PERIOD 1981 TO 2010
CLIMATE RECORD PERIOD 1949 TO 2014


WEATHER ITEM   OBSERVED TIME   RECORD YEAR NORMAL DEPARTURE LAST
                VALUE   (LST)  VALUE       VALUE  FROM      YEAR
                                                  NORMAL
..................................................................
TEMPERATURE (F)
 TODAY
  MAXIMUM         62   1108 AM  67    1965  55      7       53
  MINIMUM         49    722 AM  25    1954  40      9       47
  AVERAGE         56                        48      8       50

PRECIPITATION (IN)
  TODAY            0.22          0.91 1971   0.14   0.08     0.00
  MONTH TO DATE    3.51                      2.72   0.79     1.75
  SINCE OCT 1      3.51                      2.72   0.79     1.75
  SINCE JAN 1     25.60                     24.85   0.75    22.25

DEGREE DAYS
 HEATING
  TODAY            9                        17     -8       15
  MONTH TO DATE  181                       364   -183      386
  SINCE SEP 1    290                       598   -308      535

 COOLING
  TODAY            0                         0      0        0
  MONTH TO DATE    0                         0      0        0
  SINCE SEP 1      2                         2      0        6
  SINCE JAN 1    117                        42     75       95
..................................................................


WIND (MPH)
  RESULTANT WIND SPEED   8   RESULTANT WIND DIRECTION   N (20)
  HIGHEST WIND SPEED    22   HIGHEST WIND DIRECTION    SE (130)
  HIGHEST GUST SPEED    28   HIGHEST GUST DIRECTION    SE (150)
  AVERAGE WIND SPEED     8.3


SKY COVER
  AVERAGE SKY COVER 0.8


WEATHER CONDITIONS
 THE FOLLOWING WEATHER WAS RECORDED TODAY.
  LIGHT RAIN


RELATIVE HUMIDITY (PERCENT)
 HIGHEST    89           400 PM
 LOWEST     71           700 AM
 AVERAGE    80

..........................................................


THE BELLINGHAM WA AIRPORT CLIMATE NORMALS FOR TOMORROW
                         NORMAL    RECORD    YEAR
 MAXIMUM TEMPERATURE (F)   55        67      1965
 MINIMUM TEMPERATURE (F)   40        28      1954


SUNRISE AND SUNSET
OCTOBER 25 2014.......SUNRISE   746 AM PDT   SUNSET   602 PM PDT
OCTOBER 26 2014.......SUNRISE   748 AM PDT   SUNSET   600 PM PDT


-  INDICATES NEGATIVE NUMBERS.
R  INDICATES RECORD WAS SET OR TIED.
MM INDICATES DATA IS MISSING.
T  INDICATES TRACE AMOUNT.




$$
