000
CDUS46 KSEW 250837
CLIBLI


CLIMATE REPORT
NATIONAL WEATHER SERVICE SEATTLE WA
137 AM PDT SAT MAR 25 2017


...................................

...THE BELLINGHAM WA AIRPORT CLIMATE SUMMARY FOR MARCH 24 2017...

CLIMATE NORMAL PERIOD 1981 TO 2010
CLIMATE RECORD PERIOD 1949 TO 2017


WEATHER ITEM   OBSERVED TIME   RECORD YEAR NORMAL DEPARTURE LAST
                VALUE   (LST)  VALUE       VALUE  FROM      YEAR
                                                  NORMAL
..................................................................
TEMPERATURE (F)
 YESTERDAY
  MAXIMUM         54    244 PM  64    2010  54      0       50
  MINIMUM         43    303 AM  22    1955  38      5       45
  AVERAGE         49                        46      3       48

PRECIPITATION (IN)
  YESTERDAY        0.27          0.50 2007   0.11   0.16     0.03
  MONTH TO DATE    4.43                      2.46   1.97     3.18
  SINCE OCT 1     29.55                     23.85   5.70    25.92
  SINCE JAN 1     10.43                     10.15   0.28    11.85

DEGREE DAYS
 HEATING
  YESTERDAY       16                        19     -3       17
  MONTH TO DATE  484                       510    -26      384
  SINCE MAR 1    484                       510    -26      384

 COOLING
  YESTERDAY        0                         0      0        0
  MONTH TO DATE    0                         0      0        0
  SINCE MAR 1      0                         0      0        0
  SINCE JAN 1      0                         0      0        0
..................................................................


WIND (MPH)
  RESULTANT WIND SPEED   6   RESULTANT WIND DIRECTION  SE (150)
  HIGHEST WIND SPEED    22   HIGHEST WIND DIRECTION    SE (150)
  HIGHEST GUST SPEED    30   HIGHEST GUST DIRECTION    SE (140)
  AVERAGE WIND SPEED    10.8


SKY COVER
  AVERAGE SKY COVER 1.0


WEATHER CONDITIONS
 THE FOLLOWING WEATHER WAS RECORDED YESTERDAY.
  RAIN
  LIGHT RAIN
  FOG


RELATIVE HUMIDITY (PERCENT)
 HIGHEST   100           100 AM
 LOWEST     66          1100 AM
 AVERAGE    83

..........................................................


THE BELLINGHAM WA AIRPORT CLIMATE NORMALS FOR TODAY
                         NORMAL    RECORD    YEAR
 MAXIMUM TEMPERATURE (F)   54        62      1960
 MINIMUM TEMPERATURE (F)   38        16      1996


SUNRISE AND SUNSET
MARCH 25 2017.........SUNRISE   702 AM PDT   SUNSET   731 PM PDT
MARCH 26 2017.........SUNRISE   700 AM PDT   SUNSET   733 PM PDT


-  INDICATES NEGATIVE NUMBERS.
R  INDICATES RECORD WAS SET OR TIED.
MM INDICATES DATA IS MISSING.
T  INDICATES TRACE AMOUNT.




$$
