000
CDUS46 KSEW 180829
CLIBLI


CLIMATE REPORT
NATIONAL WEATHER SERVICE SEATTLE WA
1229 AM PST THU DEC 18 2014


...................................

...THE BELLINGHAM WA AIRPORT CLIMATE SUMMARY FOR DECEMBER 17 2014...

CLIMATE NORMAL PERIOD 1981 TO 2010
CLIMATE RECORD PERIOD 1949 TO 2014


WEATHER ITEM   OBSERVED TIME   RECORD YEAR NORMAL DEPARTURE LAST
                VALUE   (LST)  VALUE       VALUE  FROM      YEAR
                                                  NORMAL
..................................................................
TEMPERATURE (F)
 YESTERDAY
  MAXIMUM         46    225 PM  57    1994  44      2       45
                                      1976
  MINIMUM         38    140 AM   6    1964  32      6       30
  AVERAGE         42                        38      4       38

PRECIPITATION (IN)
  YESTERDAY        0.02          1.85 1971   0.13  -0.11     0.01
  MONTH TO DATE    2.49                      2.47   0.02     1.09
  SINCE OCT 1     12.43                     11.95   0.48     8.26
  SINCE JAN 1     34.52                     34.08   0.44    28.76

DEGREE DAYS
 HEATING
  YESTERDAY       23                        27     -4       27
  MONTH TO DATE  367                       449    -82      525
  SINCE DEC 1    367                       449    -82      525

 COOLING
  YESTERDAY        0                         0      0        0
  MONTH TO DATE    0                         0      0        0
  SINCE DEC 1      0                         0      0        0
  SINCE JAN 1    117                        42     75       95
..................................................................


WIND (MPH)
  RESULTANT WIND SPEED   1   RESULTANT WIND DIRECTION   N (0)
  HIGHEST WIND SPEED     6   HIGHEST WIND DIRECTION     N (10)
  HIGHEST GUST SPEED     8   HIGHEST GUST DIRECTION     N (20)
  AVERAGE WIND SPEED     1.5


SKY COVER
  AVERAGE SKY COVER 0.9


WEATHER CONDITIONS
 THE FOLLOWING WEATHER WAS RECORDED YESTERDAY.
  LIGHT RAIN


RELATIVE HUMIDITY (PERCENT)
 HIGHEST    89           900 PM
 LOWEST     70          1200 AM
 AVERAGE    80

..........................................................


THE BELLINGHAM WA AIRPORT CLIMATE NORMALS FOR TODAY
                         NORMAL    RECORD    YEAR
 MAXIMUM TEMPERATURE (F)   44        56      1979
                                             1972
 MINIMUM TEMPERATURE (F)   32        15      1984


SUNRISE AND SUNSET
DECEMBER 18 2014......SUNRISE   759 AM PST   SUNSET   415 PM PST
DECEMBER 19 2014......SUNRISE   800 AM PST   SUNSET   415 PM PST


-  INDICATES NEGATIVE NUMBERS.
R  INDICATES RECORD WAS SET OR TIED.
MM INDICATES DATA IS MISSING.
T  INDICATES TRACE AMOUNT.




$$
