000
CDUS46 KSEW 280828
CLIBLI


CLIMATE REPORT
NATIONAL WEATHER SERVICE SEATTLE WA
128 AM PDT SAT MAY 28 2016


...................................

...THE BELLINGHAM WA AIRPORT CLIMATE SUMMARY FOR MAY 27 2016...

CLIMATE NORMAL PERIOD 1981 TO 2010
CLIMATE RECORD PERIOD 1949 TO 2016


WEATHER ITEM   OBSERVED TIME   RECORD YEAR NORMAL DEPARTURE LAST
                VALUE   (LST)  VALUE       VALUE  FROM      YEAR
                                                  NORMAL
..................................................................
TEMPERATURE (F)
 YESTERDAY
  MAXIMUM         60    202 PM  83    2005  64     -4       73
  MINIMUM         49    617 AM  35    1973  48      1       55
  AVERAGE         55                        56     -1       64

PRECIPITATION (IN)
  YESTERDAY        0.09          1.28 2004   0.09   0.00     0.00
  MONTH TO DATE    0.51                      2.16  -1.65     0.67
  SINCE OCT 1     29.52                     29.46   0.06    29.37
  SINCE JAN 1     15.45                     15.76  -0.31    14.64

DEGREE DAYS
 HEATING
  YESTERDAY       10                         9      1        1
  MONTH TO DATE  195                       309   -114      216
  SINCE MAR 1   1015                      1450   -435     1191

 COOLING
  YESTERDAY        0                         0      0        0
  MONTH TO DATE    1                         0      1        0
  SINCE MAR 1      1                         0      1        0
  SINCE JAN 1      1                         0      1        0
..................................................................


WIND (MPH)
  RESULTANT WIND SPEED   9   RESULTANT WIND DIRECTION   S (160)
  HIGHEST WIND SPEED    17   HIGHEST WIND DIRECTION    SE (150)
  HIGHEST GUST SPEED    24   HIGHEST GUST DIRECTION     S (160)
  AVERAGE WIND SPEED     8.7


SKY COVER
  AVERAGE SKY COVER 0.8


WEATHER CONDITIONS
 THE FOLLOWING WEATHER WAS RECORDED YESTERDAY.
  LIGHT RAIN
  FOG


RELATIVE HUMIDITY (PERCENT)
 HIGHEST    93           400 AM
 LOWEST     57           200 PM
 AVERAGE    75

..........................................................


THE BELLINGHAM WA AIRPORT CLIMATE NORMALS FOR TODAY
                         NORMAL    RECORD    YEAR
 MAXIMUM TEMPERATURE (F)   64        90      1983
 MINIMUM TEMPERATURE (F)   48        35      1966


SUNRISE AND SUNSET
MAY 28 2016...........SUNRISE   514 AM PDT   SUNSET   902 PM PDT
MAY 29 2016...........SUNRISE   513 AM PDT   SUNSET   903 PM PDT


-  INDICATES NEGATIVE NUMBERS.
R  INDICATES RECORD WAS SET OR TIED.
MM INDICATES DATA IS MISSING.
T  INDICATES TRACE AMOUNT.




$$
