000
CDUS46 KSEW 270120
CLIBLI


CLIMATE REPORT
NATIONAL WEATHER SERVICE SEATTLE WA
620 PM PDT WED JUL 26 2017


...................................

...THE BELLINGHAM WA AIRPORT CLIMATE SUMMARY FOR JULY 26 2017...
VALID TODAY AS OF 0600 PM LOCAL TIME.

CLIMATE NORMAL PERIOD 1981 TO 2010
CLIMATE RECORD PERIOD 1949 TO 2017


WEATHER ITEM   OBSERVED TIME   RECORD YEAR NORMAL DEPARTURE LAST
                VALUE   (LST)  VALUE       VALUE  FROM      YEAR
                                                  NORMAL
..................................................................
TEMPERATURE (F)
 TODAY
  MAXIMUM         71    250 PM  86    1988  72     -1       70
                                      1971
  MINIMUM         56    531 AM  45    1969  54      2       59
  AVERAGE         64                        63      1       65

PRECIPITATION (IN)
  TODAY            0.00          0.61 1970   0.03  -0.03     0.00
  MONTH TO DATE    0.08                      1.03  -0.95     0.65
  SINCE OCT 1     35.94                     32.67   3.27    31.64
  SINCE JAN 1     16.82                     18.97  -2.15    17.57

DEGREE DAYS
 HEATING
  TODAY            1                         2     -1        0
  MONTH TO DATE   42                        75    -33       40
  SINCE JUN 1    179                       276    -97      186

 COOLING
  TODAY            0                         0      0        0
  MONTH TO DATE   12                         0     12       15
  SINCE JUN 1     22                         4     18       32
  SINCE JAN 1     24                         4     20       33
..................................................................


WIND (MPH)
  RESULTANT WIND SPEED  10   RESULTANT WIND DIRECTION   S (170)
  HIGHEST WIND SPEED    18   HIGHEST WIND DIRECTION     S (170)
  HIGHEST GUST SPEED    27   HIGHEST GUST DIRECTION     S (170)
  AVERAGE WIND SPEED    10.4


SKY COVER
  AVERAGE SKY COVER 0.0


WEATHER CONDITIONS
 THE FOLLOWING WEATHER WAS RECORDED TODAY.
  NO SIGNIFICANT WEATHER WAS OBSERVED.


RELATIVE HUMIDITY (PERCENT)
 HIGHEST   100           500 AM
 LOWEST     63          1200 PM
 AVERAGE    82

..........................................................


THE BELLINGHAM WA AIRPORT CLIMATE NORMALS FOR TOMORROW
                         NORMAL    RECORD    YEAR
 MAXIMUM TEMPERATURE (F)   72        90      1958
 MINIMUM TEMPERATURE (F)   54        48      1966
                                             1954
                                             1953


SUNRISE AND SUNSET
JULY 26 2017..........SUNRISE   536 AM PDT   SUNSET   856 PM PDT
JULY 27 2017..........SUNRISE   538 AM PDT   SUNSET   855 PM PDT


-  INDICATES NEGATIVE NUMBERS.
R  INDICATES RECORD WAS SET OR TIED.
MM INDICATES DATA IS MISSING.
T  INDICATES TRACE AMOUNT.




$$
