000
CDUS46 KSEW 200827
CLIBLI


CLIMATE REPORT
NATIONAL WEATHER SERVICE SEATTLE WA
127 AM PDT MON OCT 20 2014


...................................

...THE BELLINGHAM WA AIRPORT CLIMATE SUMMARY FOR OCTOBER 19 2014...

CLIMATE NORMAL PERIOD 1981 TO 2010
CLIMATE RECORD PERIOD 1949 TO 2014


WEATHER ITEM   OBSERVED TIME   RECORD YEAR NORMAL DEPARTURE LAST
                VALUE   (LST)  VALUE       VALUE  FROM      YEAR
                                                  NORMAL
..................................................................
TEMPERATURE (F)
 YESTERDAY
  MAXIMUM         75R   139 PM  67    1987  57     18       50
  MINIMUM         53    622 AM  25    1949  41     12       41
  AVERAGE         64                        49     15       46

PRECIPITATION (IN)
  YESTERDAY        0.46          1.93 1966   0.12   0.34     0.00
  MONTH TO DATE    2.09                      1.89   0.20     1.75
  SINCE OCT 1      2.09                      1.89   0.20     1.75
  SINCE JAN 1     24.18                     24.02   0.16    22.25

DEGREE DAYS
 HEATING
  YESTERDAY        1                        16    -15       19
  MONTH TO DATE  127                       264   -137      291
  SINCE SEP 1    236                       498   -262      440

 COOLING
  YESTERDAY        0                         0      0        0
  MONTH TO DATE    0                         0      0        0
  SINCE SEP 1      2                         2      0        6
  SINCE JAN 1    117                        42     75       95
..................................................................


WIND (MPH)
  RESULTANT WIND SPEED   9   RESULTANT WIND DIRECTION  SE (140)
  HIGHEST WIND SPEED    31   HIGHEST WIND DIRECTION    SE (140)
  HIGHEST GUST SPEED    44   HIGHEST GUST DIRECTION    SE (140)
  AVERAGE WIND SPEED    10.4


SKY COVER
  AVERAGE SKY COVER 0.6


WEATHER CONDITIONS
 THE FOLLOWING WEATHER WAS RECORDED YESTERDAY.
  RAIN
  LIGHT RAIN
  FOG


RELATIVE HUMIDITY (PERCENT)
 HIGHEST    93           600 AM
 LOWEST     44           300 PM
 AVERAGE    69

..........................................................


THE BELLINGHAM WA AIRPORT CLIMATE NORMALS FOR TODAY
                         NORMAL    RECORD    YEAR
 MAXIMUM TEMPERATURE (F)   57        67      1987
 MINIMUM TEMPERATURE (F)   41        24      1949


SUNRISE AND SUNSET
OCTOBER 20 2014.......SUNRISE   738 AM PDT   SUNSET   611 PM PDT
OCTOBER 21 2014.......SUNRISE   740 AM PDT   SUNSET   609 PM PDT


-  INDICATES NEGATIVE NUMBERS.
R  INDICATES RECORD WAS SET OR TIED.
MM INDICATES DATA IS MISSING.
T  INDICATES TRACE AMOUNT.




$$
