000
CDUS46 KSEW 010829
CLIBLI


CLIMATE REPORT
NATIONAL WEATHER SERVICE SEATTLE WA
129 AM PDT SAT AUG 1 2015


...................................

...THE BELLINGHAM WA AIRPORT CLIMATE SUMMARY FOR JULY 31 2015...

CLIMATE NORMAL PERIOD 1981 TO 2010
CLIMATE RECORD PERIOD 1949 TO 2015


WEATHER ITEM   OBSERVED TIME   RECORD YEAR NORMAL DEPARTURE LAST
                VALUE   (LST)  VALUE       VALUE  FROM      YEAR
                                                  NORMAL
..................................................................
TEMPERATURE (F)
 YESTERDAY
  MAXIMUM         87    313 PM  90    1965  73     14       81
  MINIMUM         54    510 AM  45    2008  54      0       55
                                      1957
  AVERAGE         71                        64      7       68

PRECIPITATION (IN)
  YESTERDAY        0.00          0.38 1989   0.03  -0.03     0.00
  MONTH TO DATE    0.67                      1.18  -0.51     1.13
  SINCE OCT 1     30.30                     32.82  -2.52    29.40
  SINCE JAN 1     15.57                     19.12  -3.55    19.09

DEGREE DAYS
 HEATING
  YESTERDAY        0                         1     -1        0
  MONTH TO DATE   13                        84    -71       35
  SINCE JUN 1     82                       302   -220      171

 COOLING
  YESTERDAY        6                         0      6        3
  MONTH TO DATE   90                        19     71       51
  SINCE JUN 1    138                        23    115       52
  SINCE JAN 1    138                        23    115       53
..................................................................


WIND (MPH)
  RESULTANT WIND SPEED   1   RESULTANT WIND DIRECTION   S (190)
  HIGHEST WIND SPEED     8   HIGHEST WIND DIRECTION     W (260)
  HIGHEST GUST SPEED    14   HIGHEST GUST DIRECTION     W (260)
  AVERAGE WIND SPEED     3.1


SKY COVER
  AVERAGE SKY COVER 0.0


WEATHER CONDITIONS
 THE FOLLOWING WEATHER WAS RECORDED YESTERDAY.
  NO SIGNIFICANT WEATHER WAS OBSERVED.


RELATIVE HUMIDITY (PERCENT)
 HIGHEST    93           200 AM
 LOWEST     30           300 PM
 AVERAGE    62

..........................................................


THE BELLINGHAM WA AIRPORT CLIMATE NORMALS FOR TODAY
                         NORMAL    RECORD    YEAR
 MAXIMUM TEMPERATURE (F)   73        85      1965
                                             1949
 MINIMUM TEMPERATURE (F)   54        44      1953


SUNRISE AND SUNSET
AUGUST  1 2015........SUNRISE   544 AM PDT   SUNSET   849 PM PDT
AUGUST  2 2015........SUNRISE   545 AM PDT   SUNSET   847 PM PDT


-  INDICATES NEGATIVE NUMBERS.
R  INDICATES RECORD WAS SET OR TIED.
MM INDICATES DATA IS MISSING.
T  INDICATES TRACE AMOUNT.




$$
