000
CDUS46 KSEW 200838
CLIBLI


CLIMATE REPORT
NATIONAL WEATHER SERVICE SEATTLE WA
1238 AM PST FRI JAN 20 2017


...................................

...THE BELLINGHAM WA AIRPORT CLIMATE SUMMARY FOR JANUARY 19 2017...

CLIMATE NORMAL PERIOD 1981 TO 2010
CLIMATE RECORD PERIOD 1949 TO 2017


WEATHER ITEM   OBSERVED TIME   RECORD YEAR NORMAL DEPARTURE LAST
                VALUE   (LST)  VALUE       VALUE  FROM      YEAR
                                                  NORMAL
..................................................................
TEMPERATURE (F)
 YESTERDAY
  MAXIMUM         49        MM  63    2005  46      3       49
  MINIMUM         46        MM  11    1954  33     13       41
  AVERAGE         48                        40      8       45

PRECIPITATION (IN)
  YESTERDAY        0.21          1.25 1967   0.16   0.05     0.02
  MONTH TO DATE    1.60                      2.94  -1.34     1.03
  SINCE OCT 1     20.72                     16.64   4.08    15.10
  SINCE JAN 1      1.60                      2.94  -1.34     1.03

DEGREE DAYS
 HEATING
  YESTERDAY       17                        25     -8       20
  MONTH TO DATE  599                       498    101      502
  SINCE DEC 1   1549                      1332    217     1210

 COOLING
  YESTERDAY        0                         0      0        0
  MONTH TO DATE    0                         0      0        0
  SINCE DEC 1      0                         0      0        0
  SINCE JAN 1      0                         0      0        0
..................................................................


WIND (MPH)
  RESULTANT WIND SPEED  16   RESULTANT WIND DIRECTION  SE (150)
  HIGHEST WIND SPEED    26   HIGHEST WIND DIRECTION    SE (150)
  HIGHEST GUST SPEED    37   HIGHEST GUST DIRECTION    SE (140)
  AVERAGE WIND SPEED    16.1


SKY COVER
  AVERAGE SKY COVER 1.0


WEATHER CONDITIONS
 THE FOLLOWING WEATHER WAS RECORDED YESTERDAY.
  RAIN
  LIGHT RAIN
  FOG


RELATIVE HUMIDITY (PERCENT)
 HIGHEST    93           100 AM
 LOWEST     71           700 AM
 AVERAGE    82

..........................................................


THE BELLINGHAM WA AIRPORT CLIMATE NORMALS FOR TODAY
                         NORMAL    RECORD    YEAR
 MAXIMUM TEMPERATURE (F)   46        61      1981
 MINIMUM TEMPERATURE (F)   33        13      1954


SUNRISE AND SUNSET
JANUARY 20 2017.......SUNRISE   753 AM PST   SUNSET   450 PM PST
JANUARY 21 2017.......SUNRISE   753 AM PST   SUNSET   451 PM PST


-  INDICATES NEGATIVE NUMBERS.
R  INDICATES RECORD WAS SET OR TIED.
MM INDICATES DATA IS MISSING.
T  INDICATES TRACE AMOUNT.




$$
