423
CDUS46 KSEW 290831
CLIBLI


CLIMATE REPORT
NATIONAL WEATHER SERVICE SEATTLE WA
131 AM PDT MON MAY 29 2017


...................................

...THE BELLINGHAM WA AIRPORT CLIMATE SUMMARY FOR MAY 28 2017...

CLIMATE NORMAL PERIOD 1981 TO 2010
CLIMATE RECORD PERIOD 1949 TO 2017


WEATHER ITEM   OBSERVED TIME   RECORD YEAR NORMAL DEPARTURE LAST
                VALUE   (LST)  VALUE       VALUE  FROM      YEAR
                                                  NORMAL
..................................................................
TEMPERATURE (F)
 YESTERDAY
  MAXIMUM         83    550 PM  90    1983  64     19       59
  MINIMUM         51    442 AM  35    1966  48      3       49
  AVERAGE         67                        56     11       54

PRECIPITATION (IN)
  YESTERDAY        0.00          0.84 2010   0.08  -0.08     0.54
  MONTH TO DATE    0.31                      2.24  -1.93     1.05
  SINCE OCT 1     34.01                     29.54   4.47    30.06
  SINCE JAN 1     14.89                     15.84  -0.95    15.99

DEGREE DAYS
 HEATING
  YESTERDAY        0                         9     -9       11
  MONTH TO DATE  269                       318    -49      206
  SINCE MAR 1   1297                      1459   -162     1026

 COOLING
  YESTERDAY        2                         0      2        0
  MONTH TO DATE    2                         0      2        1
  SINCE MAR 1      2                         0      2        1
  SINCE JAN 1      2                         0      2        1
..................................................................


WIND (MPH)
  RESULTANT WIND SPEED   1   RESULTANT WIND DIRECTION  SE (140)
  HIGHEST WIND SPEED     7   HIGHEST WIND DIRECTION     W (270)
  HIGHEST GUST SPEED    11   HIGHEST GUST DIRECTION    SW (240)
  AVERAGE WIND SPEED     2.3


SKY COVER
  AVERAGE SKY COVER 0.0


WEATHER CONDITIONS
 THE FOLLOWING WEATHER WAS RECORDED YESTERDAY.
  NO SIGNIFICANT WEATHER WAS OBSERVED.


RELATIVE HUMIDITY (PERCENT)
 HIGHEST   100           200 AM
 LOWEST     31           400 PM
 AVERAGE    66

..........................................................


THE BELLINGHAM WA AIRPORT CLIMATE NORMALS FOR TODAY
                         NORMAL    RECORD    YEAR
 MAXIMUM TEMPERATURE (F)   64        82      1983
 MINIMUM TEMPERATURE (F)   48        36      1949


SUNRISE AND SUNSET
MAY 29 2017...........SUNRISE   513 AM PDT   SUNSET   902 PM PDT
MAY 30 2017...........SUNRISE   513 AM PDT   SUNSET   903 PM PDT


-  INDICATES NEGATIVE NUMBERS.
R  INDICATES RECORD WAS SET OR TIED.
MM INDICATES DATA IS MISSING.
T  INDICATES TRACE AMOUNT.




$$
