000
CDUS43 KIND 260535
CLIBMG


CLIMATE REPORT
NATIONAL WEATHER SERVICE INDIANAPOLIS IN
1234 AM EST SUN FEB 26 2017


...................................

...THE BLOOMINGTON IN CLIMATE SUMMARY FOR FEBRUARY 25 2017...

CLIMATE NORMAL PERIOD 1981 TO 2010
CLIMATE RECORD PERIOD 9999 TO 9999


WEATHER ITEM   OBSERVED TIME   NORMAL DEPARTURE LAST
                VALUE   (LST)  VALUE  FROM      YEAR
                                      NORMAL
......................................................
TEMPERATURE (F)
 YESTERDAY
  MAXIMUM         45   1223 AM  46     -1       37
  MINIMUM         27   1150 PM  26      1       32
  AVERAGE         36            36      0       35

PRECIPITATION (IN)
  YESTERDAY        0.02          0.08  -0.06     0.01
  MONTH TO DATE    0.76          2.53  -1.77     3.45
  SINCE DEC 1      7.14          9.38  -2.24    10.22
  SINCE JAN 1      4.66          5.84  -1.18     4.96

DEGREE DAYS
 HEATING
  YESTERDAY       29            29      0       30
  MONTH TO DATE  526           808   -282      721
  SINCE DEC 1   2445          2927   -482     2445
  SINCE JUL 1   3128          3983   -855     3237

 COOLING
  YESTERDAY        0             0      0        0
  MONTH TO DATE    0             0      0        0
  SINCE DEC 1      0             0      0        0
  SINCE JAN 1      0             0      0        0
......................................................


WIND (MPH)
  HIGHEST WIND SPEED    24   HIGHEST WIND DIRECTION     W (290)
  HIGHEST GUST SPEED    35   HIGHEST GUST DIRECTION    NW (300)
  AVERAGE WIND SPEED    13.3


SKY COVER
  AVERAGE SKY COVER 0.7


WEATHER CONDITIONS
 THE FOLLOWING WEATHER WAS RECORDED YESTERDAY.
  LIGHT SNOW
  FOG
  HAZE


RELATIVE HUMIDITY (PERCENT)
 HIGHEST    78           800 AM
 LOWEST     47           500 PM
 AVERAGE    63

..........................................................


THE BLOOMINGTON IN CLIMATE NORMALS FOR TODAY
                         NORMAL
 MAXIMUM TEMPERATURE (F)   47
 MINIMUM TEMPERATURE (F)   26


SUNRISE AND SUNSET
FEBRUARY 26 2017......SUNRISE   723 AM EST   SUNSET   636 PM EST
FEBRUARY 27 2017......SUNRISE   722 AM EST   SUNSET   637 PM EST


-  INDICATES NEGATIVE NUMBERS.
R  INDICATES RECORD WAS SET OR TIED.
MM INDICATES DATA IS MISSING.
T  INDICATES TRACE AMOUNT.




$$
