000
CDUS43 KIND 050530
CLIBMG


CLIMATE REPORT
NATIONAL WEATHER SERVICE INDIANAPOLIS IN
130 AM EDT WED AUG 5 2015


...................................

...THE BLOOMINGTON IN CLIMATE SUMMARY FOR AUGUST 4 2015...

CLIMATE NORMAL PERIOD 1981 TO 2010
CLIMATE RECORD PERIOD 9999 TO 9999


WEATHER ITEM   OBSERVED TIME   NORMAL DEPARTURE LAST
                VALUE   (LST)  VALUE  FROM      YEAR
                                      NORMAL
......................................................
TEMPERATURE (F)
 YESTERDAY
  MAXIMUM         82   1234 PM  84     -2       85
  MINIMUM         62    458 AM  63     -1       57
  AVERAGE         72            74     -2       71

PRECIPITATION (IN)
  YESTERDAY        0.00          0.12  -0.12     0.00
  MONTH TO DATE    0.00          0.47  -0.47      T
  SINCE JUN 1     16.72         10.25   6.47     8.92
  SINCE JAN 1     31.28         30.14   1.14    27.52

DEGREE DAYS
 HEATING
  YESTERDAY        0             0      0        0
  MONTH TO DATE    0             0      0        0
  SINCE JUN 1     17            17      0        8
  SINCE JUL 1      0             2     -2        5

 COOLING
  YESTERDAY        7             9     -2        6
  MONTH TO DATE   38            36      2       25
  SINCE JUN 1    582           520     62      454
  SINCE JAN 1    709           602    107      580
......................................................


WIND (MPH)
  HIGHEST WIND SPEED     8   HIGHEST WIND DIRECTION     W (280)
  HIGHEST GUST SPEED    11   HIGHEST GUST DIRECTION    NW (310)
  AVERAGE WIND SPEED     2.4


SKY COVER
  AVERAGE SKY COVER 0.2


WEATHER CONDITIONS
 THE FOLLOWING WEATHER WAS RECORDED YESTERDAY.
  NO SIGNIFICANT WEATHER WAS OBSERVED.


RELATIVE HUMIDITY (PERCENT)
 HIGHEST    93           400 AM
 LOWEST     49          1100 AM
 AVERAGE    71

..........................................................


THE BLOOMINGTON IN CLIMATE NORMALS FOR TODAY
                         NORMAL
 MAXIMUM TEMPERATURE (F)   84
 MINIMUM TEMPERATURE (F)   63


SUNRISE AND SUNSET
AUGUST  5 2015........SUNRISE   650 AM EDT   SUNSET   854 PM EDT
AUGUST  6 2015........SUNRISE   651 AM EDT   SUNSET   853 PM EDT


-  INDICATES NEGATIVE NUMBERS.
R  INDICATES RECORD WAS SET OR TIED.
MM INDICATES DATA IS MISSING.
T  INDICATES TRACE AMOUNT.




$$
