000
CDUS43 KIND 280535
CLIBMG


CLIMATE REPORT
NATIONAL WEATHER SERVICE INDIANAPOLIS IN
1234 AM EST FRI NOV 28 2014


...................................

...THE BLOOMINGTON IN CLIMATE SUMMARY FOR NOVEMBER 27 2014...

CLIMATE NORMAL PERIOD 1981 TO 2010
CLIMATE RECORD PERIOD 9999 TO 9999


WEATHER ITEM   OBSERVED TIME   NORMAL DEPARTURE LAST
                VALUE   (LST)  VALUE  FROM      YEAR
                                      NORMAL
......................................................
TEMPERATURE (F)
 YESTERDAY
  MAXIMUM         31   1241 PM  47    -16       32
  MINIMUM         22   1159 PM  30     -8       16
  AVERAGE         27            39    -12       24

PRECIPITATION (IN)
  YESTERDAY        T             0.13  -0.13      T
  MONTH TO DATE    2.38          3.55  -1.17     2.20
  SINCE SEP 1     11.92         10.43   1.49    10.55
  SINCE JAN 1     42.55         43.62  -1.07    40.87

DEGREE DAYS
 HEATING
  YESTERDAY       38            26     12       41
  MONTH TO DATE  776           555    221      633
  SINCE SEP 1   1201           967    234     1023
  SINCE JUL 1   1207           974    233     1037

 COOLING
  YESTERDAY        0             0      0        0
  MONTH TO DATE    0             0      0        0
  SINCE SEP 1     74           109    -35      165
  SINCE JAN 1    904           926    -22     1006
......................................................


WIND (MPH)
  HIGHEST WIND SPEED    16   HIGHEST WIND DIRECTION     W (280)
  HIGHEST GUST SPEED    20   HIGHEST GUST DIRECTION     W (260)
  AVERAGE WIND SPEED     8.0


SKY COVER
  AVERAGE SKY COVER 0.9


WEATHER CONDITIONS
 THE FOLLOWING WEATHER WAS RECORDED YESTERDAY.
  LIGHT SNOW
  FOG
  HAZE


RELATIVE HUMIDITY (PERCENT)
 HIGHEST    92          1100 PM
 LOWEST     69          1200 PM
 AVERAGE    81

..........................................................


THE BLOOMINGTON IN CLIMATE NORMALS FOR TODAY
                         NORMAL
 MAXIMUM TEMPERATURE (F)   47
 MINIMUM TEMPERATURE (F)   29


SUNRISE AND SUNSET
NOVEMBER 28 2014......SUNRISE   744 AM EST   SUNSET   525 PM EST
NOVEMBER 29 2014......SUNRISE   745 AM EST   SUNSET   525 PM EST


-  INDICATES NEGATIVE NUMBERS.
R  INDICATES RECORD WAS SET OR TIED.
MM INDICATES DATA IS MISSING.
T  INDICATES TRACE AMOUNT.




$$
