000
CDUS43 KIND 300549
CLIBMG


CLIMATE REPORT
NATIONAL WEATHER SERVICE INDIANAPOLIS IN
147 AM EDT SUN AUG 30 2015


...................................

...THE BLOOMINGTON IN CLIMATE SUMMARY FOR AUGUST 29 2015...

CLIMATE NORMAL PERIOD 1981 TO 2010
CLIMATE RECORD PERIOD 9999 TO 9999


WEATHER ITEM   OBSERVED TIME   NORMAL DEPARTURE LAST
                VALUE   (LST)  VALUE  FROM      YEAR
                                      NORMAL
......................................................
TEMPERATURE (F)
 YESTERDAY
  MAXIMUM         82   1255 PM  84     -2       89
  MINIMUM         62    115 AM  60      2       71
  AVERAGE         72            72      0       80

PRECIPITATION (IN)
  YESTERDAY        T             0.13  -0.13     0.00
  MONTH TO DATE    4.17          3.27   0.90     2.78
  SINCE JUN 1     20.89         13.05   7.84    11.70
  SINCE JAN 1     35.45         32.94   2.51    30.30

DEGREE DAYS
 HEATING
  YESTERDAY        0             0      0        0
  MONTH TO DATE    3             0      3        1
  SINCE JUN 1     20            17      3        9
  SINCE JUL 1      3             2      1        6

 COOLING
  YESTERDAY        7             7      0       15
  MONTH TO DATE  186           242    -56      255
  SINCE JUN 1    730           726      4      684
  SINCE JAN 1    857           808     49      810
......................................................


WIND (MPH)
  HIGHEST WIND SPEED    12   HIGHEST WIND DIRECTION     S (180)
  HIGHEST GUST SPEED    15   HIGHEST GUST DIRECTION     S (180)
  AVERAGE WIND SPEED     3.2


SKY COVER
  AVERAGE SKY COVER 0.1


WEATHER CONDITIONS
 THE FOLLOWING WEATHER WAS RECORDED YESTERDAY.
  LIGHT RAIN
  FOG


RELATIVE HUMIDITY (PERCENT)
 HIGHEST    97          1000 PM
 LOWEST     69           100 PM
 AVERAGE    83

..........................................................


THE BLOOMINGTON IN CLIMATE NORMALS FOR TODAY
                         NORMAL
 MAXIMUM TEMPERATURE (F)   84
 MINIMUM TEMPERATURE (F)   59


SUNRISE AND SUNSET
AUGUST 30 2015........SUNRISE   713 AM EDT   SUNSET   820 PM EDT
AUGUST 31 2015........SUNRISE   714 AM EDT   SUNSET   819 PM EDT


-  INDICATES NEGATIVE NUMBERS.
R  INDICATES RECORD WAS SET OR TIED.
MM INDICATES DATA IS MISSING.
T  INDICATES TRACE AMOUNT.




$$
