000
CDUS43 KIND 240541
CLIBMG


CLIMATE REPORT
NATIONAL WEATHER SERVICE INDIANAPOLIS IN
1240 AM EST TUE JAN 24 2017


...................................

...THE BLOOMINGTON IN CLIMATE SUMMARY FOR JANUARY 23 2017...

CLIMATE NORMAL PERIOD 1981 TO 2010
CLIMATE RECORD PERIOD 9999 TO 9999


WEATHER ITEM   OBSERVED TIME   NORMAL DEPARTURE LAST
                VALUE   (LST)  VALUE  FROM      YEAR
                                      NORMAL
......................................................
TEMPERATURE (F)
 YESTERDAY
  MAXIMUM         51   1204 AM  39     12       30
  MINIMUM         39   1159 PM  20     19       13
  AVERAGE         45            30     15       22

PRECIPITATION (IN)
  YESTERDAY        0.00          0.08  -0.08     0.00
  MONTH TO DATE    3.88          2.62   1.26     1.44
  SINCE DEC 1      6.36          6.16   0.20     6.70
  SINCE JAN 1      3.88          2.62   1.26     1.44

DEGREE DAYS
 HEATING
  YESTERDAY       20            35    -15       43
  MONTH TO DATE  655           827   -172      861
  SINCE DEC 1   1681          1844   -163     1514
  SINCE JUL 1   2364          2900   -536     2306

 COOLING
  YESTERDAY        0             0      0        0
  MONTH TO DATE    0             0      0        0
  SINCE DEC 1      0             0      0        0
  SINCE JAN 1      0             0      0        0
......................................................


WIND (MPH)
  HIGHEST WIND SPEED    20   HIGHEST WIND DIRECTION     N (350)
  HIGHEST GUST SPEED    26   HIGHEST GUST DIRECTION     N (360)
  AVERAGE WIND SPEED     9.6


SKY COVER
  AVERAGE SKY COVER 0.9


WEATHER CONDITIONS
 THE FOLLOWING WEATHER WAS RECORDED YESTERDAY.
  FOG
  HAZE


RELATIVE HUMIDITY (PERCENT)
 HIGHEST    96           700 AM
 LOWEST     79           700 PM
 AVERAGE    88

..........................................................


THE BLOOMINGTON IN CLIMATE NORMALS FOR TODAY
                         NORMAL
 MAXIMUM TEMPERATURE (F)   39
 MINIMUM TEMPERATURE (F)   20


SUNRISE AND SUNSET
JANUARY 24 2017.......SUNRISE   759 AM EST   SUNSET   558 PM EST
JANUARY 25 2017.......SUNRISE   759 AM EST   SUNSET   600 PM EST


-  INDICATES NEGATIVE NUMBERS.
R  INDICATES RECORD WAS SET OR TIED.
MM INDICATES DATA IS MISSING.
T  INDICATES TRACE AMOUNT.




$$
