000
CDUS43 KIND 180534
CLIBMG


CLIMATE REPORT
NATIONAL WEATHER SERVICE INDIANAPOLIS IN
134 AM EDT FRI APR 18 2014


...................................

...THE BLOOMINGTON IN CLIMATE SUMMARY FOR APRIL 17 2014...

CLIMATE NORMAL PERIOD 1981 TO 2010
CLIMATE RECORD PERIOD 9999 TO 9999


WEATHER ITEM   OBSERVED TIME   NORMAL DEPARTURE LAST
                VALUE   (LST)  VALUE  FROM      YEAR
                                      NORMAL
......................................................
TEMPERATURE (F)
 YESTERDAY
  MAXIMUM         67    354 PM  66      1       78
  MINIMUM         38    511 AM  43     -5       52
  AVERAGE         53            54     -1       65

PRECIPITATION (IN)
  YESTERDAY        0.00          0.15  -0.15     0.37
  MONTH TO DATE    5.75          2.57   3.18     2.65
  SINCE MAR 1      7.69          6.45   1.24     4.89
  SINCE JAN 1     12.34         12.52  -0.18    12.90

DEGREE DAYS
 HEATING
  YESTERDAY       12            11      1        0
  MONTH TO DATE  232           235     -3      191
  SINCE MAR 1   1069           923    146     1061
  SINCE JUL 1   5631          4991    640     5017

 COOLING
  YESTERDAY        0             1     -1        0
  MONTH TO DATE    6             9     -3       11
  SINCE MAR 1      6            12     -6       11
  SINCE JAN 1      6            12     -6       11
......................................................


WIND (MPH)
  HIGHEST WIND SPEED    20   HIGHEST WIND DIRECTION    SW (210)
  HIGHEST GUST SPEED    27   HIGHEST GUST DIRECTION    SW (210)
  AVERAGE WIND SPEED     7.7


SKY COVER
  AVERAGE SKY COVER 0.0


WEATHER CONDITIONS
 THE FOLLOWING WEATHER WAS RECORDED YESTERDAY.
  NO SIGNIFICANT WEATHER WAS OBSERVED.


RELATIVE HUMIDITY (PERCENT)
 HIGHEST    70          1100 PM
 LOWEST     28           100 PM
 AVERAGE    49

..........................................................


THE BLOOMINGTON IN CLIMATE NORMALS FOR TODAY
                         NORMAL
 MAXIMUM TEMPERATURE (F)   66
 MINIMUM TEMPERATURE (F)   43


SUNRISE AND SUNSET
APRIL 18 2014.........SUNRISE   705 AM EDT   SUNSET   827 PM EDT
APRIL 19 2014.........SUNRISE   704 AM EDT   SUNSET   828 PM EDT


-  INDICATES NEGATIVE NUMBERS.
R  INDICATES RECORD WAS SET OR TIED.
MM INDICATES DATA IS MISSING.
T  INDICATES TRACE AMOUNT.




$$
