000
CDUS43 KIND 030619
CLIBMG


CLIMATE REPORT
NATIONAL WEATHER SERVICE INDIANAPOLIS IN
219 AM EDT TUE MAY 3 2016


...................................

...THE BLOOMINGTON IN CLIMATE SUMMARY FOR MAY 2 2016...

CLIMATE NORMAL PERIOD 1981 TO 2010
CLIMATE RECORD PERIOD 9999 TO 9999


WEATHER ITEM   OBSERVED TIME   NORMAL DEPARTURE LAST
                VALUE   (LST)  VALUE  FROM      YEAR
                                      NORMAL
......................................................
TEMPERATURE (F)
 YESTERDAY
  MAXIMUM         61   1231 AM  70     -9       75
  MINIMUM         52   1159 PM  47      5       46
  AVERAGE         57            58     -1       61

PRECIPITATION (IN)
  YESTERDAY        T             0.17  -0.17     0.00
  MONTH TO DATE    0.33          0.34  -0.01     0.00
  SINCE MAR 1     10.39          8.92   1.47     9.44
  SINCE JAN 1     15.60         14.99   0.61    13.01

DEGREE DAYS
 HEATING
  YESTERDAY        8             7      1        4
  MONTH TO DATE    8            14     -6       15
  SINCE MAR 1    815          1060   -245     1055
  SINCE JUL 1   4135          5128   -993     5626

 COOLING
  YESTERDAY        0             1     -1        0
  MONTH TO DATE    3             2      1        0
  SINCE MAR 1     17            21     -4        6
  SINCE JAN 1     17            21     -4        6
......................................................


WIND (MPH)
  HIGHEST WIND SPEED    12   HIGHEST WIND DIRECTION     W (280)
  HIGHEST GUST SPEED    18   HIGHEST GUST DIRECTION     W (280)
  AVERAGE WIND SPEED     5.4


SKY COVER
  AVERAGE SKY COVER 1.0


WEATHER CONDITIONS
 THE FOLLOWING WEATHER WAS RECORDED YESTERDAY.
  LIGHT RAIN


RELATIVE HUMIDITY (PERCENT)
 HIGHEST    90          1200 AM
 LOWEST     67           100 PM
 AVERAGE    79

..........................................................


THE BLOOMINGTON IN CLIMATE NORMALS FOR TODAY
                         NORMAL
 MAXIMUM TEMPERATURE (F)   70
 MINIMUM TEMPERATURE (F)   48


SUNRISE AND SUNSET
MAY  3 2016...........SUNRISE   645 AM EDT   SUNSET   842 PM EDT
MAY  4 2016...........SUNRISE   644 AM EDT   SUNSET   843 PM EDT


-  INDICATES NEGATIVE NUMBERS.
R  INDICATES RECORD WAS SET OR TIED.
MM INDICATES DATA IS MISSING.
T  INDICATES TRACE AMOUNT.




$$
