000
CDUS43 KIND 260531
CLIBMG


CLIMATE REPORT
NATIONAL WEATHER SERVICE INDIANAPOLIS IN
131 AM EDT SUN OCT 26 2014


...................................

...THE BLOOMINGTON IN CLIMATE SUMMARY FOR OCTOBER 25 2014...

CLIMATE NORMAL PERIOD 1981 TO 2010
CLIMATE RECORD PERIOD 9999 TO 9999


WEATHER ITEM   OBSERVED TIME   NORMAL DEPARTURE LAST
                VALUE   (LST)  VALUE  FROM      YEAR
                                      NORMAL
......................................................
TEMPERATURE (F)
 YESTERDAY
  MAXIMUM         77    358 PM  64     13       49
  MINIMUM         48   1244 AM  40      8       27
  AVERAGE         63            52     11       38

PRECIPITATION (IN)
  YESTERDAY        0.00          0.11  -0.11     0.00
  MONTH TO DATE    4.32          2.90   1.42     4.97
  SINCE SEP 1      8.43          6.25   2.18     6.83
  SINCE JAN 1     39.06         39.44  -0.38    37.15

DEGREE DAYS
 HEATING
  YESTERDAY        2            13    -11       27
  MONTH TO DATE  248           249     -1      254
  SINCE SEP 1    346           327     19      304
  SINCE JUL 1    352           334     18      318

 COOLING
  YESTERDAY        0             0      0        0
  MONTH TO DATE   10            11     -1       30
  SINCE SEP 1     73           107    -34      165
  SINCE JAN 1    903           924    -21     1006
......................................................


WIND (MPH)
  HIGHEST WIND SPEED    13   HIGHEST WIND DIRECTION     W (280)
  HIGHEST GUST SPEED    17   HIGHEST GUST DIRECTION     W (290)
  AVERAGE WIND SPEED     6.1


SKY COVER
  AVERAGE SKY COVER 0.3


WEATHER CONDITIONS
 THE FOLLOWING WEATHER WAS RECORDED YESTERDAY.
  FOG
  HAZE


RELATIVE HUMIDITY (PERCENT)
 HIGHEST    96           300 AM
 LOWEST     41           400 PM
 AVERAGE    69

..........................................................


THE BLOOMINGTON IN CLIMATE NORMALS FOR TODAY
                         NORMAL
 MAXIMUM TEMPERATURE (F)   64
 MINIMUM TEMPERATURE (F)   40


SUNRISE AND SUNSET
OCTOBER 26 2014.......SUNRISE   808 AM EDT   SUNSET   653 PM EDT
OCTOBER 27 2014.......SUNRISE   809 AM EDT   SUNSET   652 PM EDT


-  INDICATES NEGATIVE NUMBERS.
R  INDICATES RECORD WAS SET OR TIED.
MM INDICATES DATA IS MISSING.
T  INDICATES TRACE AMOUNT.




$$
