000
CDUS43 KIND 180535
CLIBMG


CLIMATE REPORT
NATIONAL WEATHER SERVICE INDIANAPOLIS IN
133 AM EDT FRI AUG 18 2017


...................................

...THE BLOOMINGTON IN CLIMATE SUMMARY FOR AUGUST 17 2017...

CLIMATE NORMAL PERIOD 1981 TO 2010
CLIMATE RECORD PERIOD 9999 TO 9999


WEATHER ITEM   OBSERVED TIME   NORMAL DEPARTURE LAST
                VALUE   (LST)  VALUE  FROM      YEAR
                                      NORMAL
......................................................
TEMPERATURE (F)
 YESTERDAY
  MAXIMUM         87    405 PM  85      2       81
  MINIMUM         69   1110 PM  62      7       67
  AVERAGE         78            73      5       74

PRECIPITATION (IN)
  YESTERDAY        0.05          0.10  -0.05      T
  MONTH TO DATE    0.19          1.76  -1.57     6.53
  SINCE JUN 1      7.21         11.54  -4.33    16.51
  SINCE JAN 1     29.01         31.43  -2.42    35.11

DEGREE DAYS
 HEATING
  YESTERDAY        0             0      0        0
  MONTH TO DATE    3             0      3        0
  SINCE JUN 1     11            17     -6        4
  SINCE JUL 1      3             2      1        3

 COOLING
  YESTERDAY       13             8      5        9
  MONTH TO DATE  107           151    -44      207
  SINCE JUN 1    666           635     31      827
  SINCE JAN 1    797           717     80      917
......................................................


WIND (MPH)
  HIGHEST WIND SPEED    21   HIGHEST WIND DIRECTION    SW (240)
  HIGHEST GUST SPEED    30   HIGHEST GUST DIRECTION    SW (230)
  AVERAGE WIND SPEED     8.2


SKY COVER
  AVERAGE SKY COVER 0.5


WEATHER CONDITIONS
 THE FOLLOWING WEATHER WAS RECORDED YESTERDAY.
  LIGHT RAIN


RELATIVE HUMIDITY (PERCENT)
 HIGHEST    87           100 AM
 LOWEST     48           300 PM
 AVERAGE    68

..........................................................


THE BLOOMINGTON IN CLIMATE NORMALS FOR TODAY
                         NORMAL
 MAXIMUM TEMPERATURE (F)   85
 MINIMUM TEMPERATURE (F)   62


SUNRISE AND SUNSET
AUGUST 18 2017........SUNRISE   703 AM EDT   SUNSET   837 PM EDT
AUGUST 19 2017........SUNRISE   704 AM EDT   SUNSET   836 PM EDT


-  INDICATES NEGATIVE NUMBERS.
R  INDICATES RECORD WAS SET OR TIED.
MM INDICATES DATA IS MISSING.
T  INDICATES TRACE AMOUNT.




$$
