000
CDUS44 KOHX 011300 RRA
CLIBNA

CLIMATE REPORT
NATIONAL WEATHER SERVICE NASHVILLE TN
730 AM CDT FRI AUG 1 2014


...................................

...THE NASHVILLE CLIMATE SUMMARY FOR JULY 31 2014...

CLIMATE NORMAL PERIOD 1981 TO 2010
CLIMATE RECORD PERIOD 1871 TO 2014


WEATHER ITEM   OBSERVED TIME   RECORD YEAR NORMAL DEPARTURE LAST
                VALUE   (LST)  VALUE       VALUE  FROM      YEAR
                                                  NORMAL
..................................................................
TEMPERATURE (F)
 YESTERDAY
  MAXIMUM         87    321 PM  99    1999  90     -3       84
                                      1954
                                      1915
  MINIMUM         61    454 AM  54    1965  70     -9       69
  AVERAGE         74                        80     -6       77

PRECIPITATION (IN)
  YESTERDAY        0.00          2.16 1929   0.11  -0.11     0.16
  MONTH TO DATE    2.38                      3.64  -1.26     6.60
  SINCE JUN 1      8.11                      7.78   0.33    11.08
  SINCE JAN 1     29.93                     29.08   0.85    35.52

SNOWFALL (IN)
  YESTERDAY        0.0                       0.0    0.0      0.0
  MONTH TO DATE    0.0                       0.0    0.0      0.0
  SINCE JUN 1      0.0                       0.0    0.0      0.0
  SINCE JUL 1      0.0                       0.0    0.0      0.0
  SNOW DEPTH       0

DEGREE DAYS
 HEATING
  YESTERDAY        0                         0      0        0
  MONTH TO DATE    0                         0      0        0
  SINCE JUN 1      0                         3     -3        0
  SINCE JUL 1      0                         0      0        0

 COOLING
  YESTERDAY        9                        14     -5       12
  MONTH TO DATE  372                       446    -74      406
  SINCE JUN 1    765                       770     -5      776
  SINCE JAN 1   1029                       949     80      983
..................................................................


WIND (MPH)
  HIGHEST WIND SPEED    MM   HIGHEST WIND DIRECTION    NE (40)
  HIGHEST GUST SPEED    MM   HIGHEST GUST DIRECTION     N (340)
  AVERAGE WIND SPEED     2.0


SKY COVER
  AVERAGE SKY COVER 0.7


WEATHER CONDITIONS
 THE FOLLOWING WEATHER WAS RECORDED YESTERDAY.
  FOG


RELATIVE HUMIDITY (PERCENT)
 HIGHEST    97
 LOWEST     37
 AVERAGE    67

..........................................................

LOW SINCE MIDNIGHT......................................62
PRECIP SINCE MIDNIGHT...................................0.00

THE NASHVILLE CLIMATE NORMALS FOR TODAY
                         NORMAL    RECORD    YEAR
 MAXIMUM TEMPERATURE (F)   90        99      1942
 MINIMUM TEMPERATURE (F)   70        58      1918
                                             1895


SUNRISE AND SUNSET
AUGUST  1 2014........SUNRISE   554 AM CDT   SUNSET   752 PM CDT
AUGUST  2 2014........SUNRISE   555 AM CDT   SUNSET   751 PM CDT


-  INDICATES NEGATIVE NUMBERS.
R  INDICATES RECORD WAS SET OR TIED.
MM INDICATES DATA IS MISSING.
T  INDICATES TRACE AMOUNT.




$$
