000
CDUS44 KOHX 251332
CLIBNA

CLIMATE REPORT
NATIONAL WEATHER SERVICE NASHVILLE TN
829 AM CDT FRI JUL 25 2014


...................................

...THE NASHVILLE CLIMATE SUMMARY FOR JULY 24 2014...

CLIMATE NORMAL PERIOD 1981 TO 2010
CLIMATE RECORD PERIOD 1871 TO 2014


WEATHER ITEM   OBSERVED TIME   RECORD YEAR NORMAL DEPARTURE LAST
                VALUE   (LST)  VALUE       VALUE  FROM      YEAR
                                                  NORMAL
..................................................................
TEMPERATURE (F)
 YESTERDAY
  MAXIMUM         86    354 PM 104    1934  89     -3       89
  MINIMUM         68   1159 PM  56    1947  70     -2       68
  AVERAGE         77                        80     -3       79

PRECIPITATION (IN)
  YESTERDAY        0.00          1.98 1879   0.12  -0.12     0.00
  MONTH TO DATE    2.14                      2.89  -0.75     6.09
  SINCE JUN 1      7.87                      7.03   0.84    10.57
  SINCE JAN 1     29.69                     28.33   1.36    35.01

SNOWFALL (IN)
  YESTERDAY        0.0                       0.0    0.0      0.0
  MONTH TO DATE    0.0                       0.0    0.0      0.0
  SINCE JUN 1      0.0                       0.0    0.0      0.0
  SINCE JUL 1      0.0                       0.0    0.0      0.0
  SNOW DEPTH       0

DEGREE DAYS
 HEATING
  YESTERDAY        0                         0      0        0
  MONTH TO DATE    0                         0      0        0
  SINCE JUN 1      0                         3     -3        0
  SINCE JUL 1      0                         0      0        0

 COOLING
  YESTERDAY       12                        15     -3       14
  MONTH TO DATE  297                       348    -51      336
  SINCE JUN 1    690                       672     18      706
  SINCE JAN 1    954                       851    103      913
..................................................................


WIND (MPH)
  HIGHEST WIND SPEED    13   HIGHEST WIND DIRECTION     N (350)
  HIGHEST GUST SPEED    32   HIGHEST GUST DIRECTION    NW (300)
  AVERAGE WIND SPEED     7.6


SKY COVER
  AVERAGE SKY COVER 0.6


WEATHER CONDITIONS
 THE FOLLOWING WEATHER WAS RECORDED YESTERDAY.
  FOG


RELATIVE HUMIDITY (PERCENT)
 HIGHEST    93
 LOWEST     45
 AVERAGE    69

..........................................................


THE NASHVILLE CLIMATE NORMALS FOR TODAY
                         NORMAL    RECORD    YEAR
 MAXIMUM TEMPERATURE (F)   89       102      1934
 MINIMUM TEMPERATURE (F)   70        58      1911
                                             1909
                                             1876


SUNRISE AND SUNSET
JULY 25 2014..........SUNRISE   548 AM CDT   SUNSET   758 PM CDT
JULY 26 2014..........SUNRISE   549 AM CDT   SUNSET   757 PM CDT


-  INDICATES NEGATIVE NUMBERS.
R  INDICATES RECORD WAS SET OR TIED.
MM INDICATES DATA IS MISSING.
T  INDICATES TRACE AMOUNT.

&&
THE LOW THIS MORNING WAS 62 DEGREES.
THERE HAS BEEN NO RAINFALL SINCE MIDNIGHT.


$$
19
