000
CDUS44 KOHX 251256
CLIBNA

CLIMATE REPORT
NATIONAL WEATHER SERVICE NASHVILLE TN
655 AM CST THU DEC 25 2014


...................................

...THE NASHVILLE CLIMATE SUMMARY FOR DECEMBER 24 2014...

CLIMATE NORMAL PERIOD 1981 TO 2010
CLIMATE RECORD PERIOD 1871 TO 2014


WEATHER ITEM   OBSERVED TIME   RECORD YEAR NORMAL DEPARTURE
                VALUE   (LST)  VALUE       VALUE  FROM
                                                  NORMAL
...............................................................
TEMPERATURE (F)
 YESTERDAY
  MAXIMUM         56    857 AM  76    1964  48      8
  MINIMUM         42   1159 PM  -4    1983  30     12
  AVERAGE         49                        39     10

PRECIPITATION (IN)
  YESTERDAY        0.14          2.06 1926   0.12   0.02
  MONTH TO DATE    2.52                      3.42  -0.90
  SINCE DEC 1      2.52                      3.42  -0.90
  SINCE JAN 1     49.90                     46.43   3.47

SNOWFALL (IN)
  YESTERDAY        0.0           4.7  1962   0.0    0.0
  MONTH TO DATE    T                         0.3   -0.3
  SINCE DEC 1      T                         0.3   -0.3
  SINCE JUL 1      0.2                       0.3   -0.1
  SNOW DEPTH       0

DEGREE DAYS
 HEATING
  YESTERDAY       16                              -10
  MONTH TO DATE  503                              -73
  SINCE DEC 1    503                              -73
  SINCE JUL 1   1277                               27

 COOLING
  YESTERDAY        0                                0
  MONTH TO DATE    0                                0
  SINCE DEC 1      0                                0
  SINCE JAN 1   1803                              158
...............................................................


WIND (MPH)
  HIGHEST WIND SPEED    20   HIGHEST WIND DIRECTION     W (260)
  HIGHEST GUST SPEED    26   HIGHEST GUST DIRECTION     W (270)
  AVERAGE WIND SPEED     7.0




RELATIVE HUMIDITY (PERCENT)
 HIGHEST    93
 LOWEST     76
 AVERAGE    85

LOW SINCE MIDNIGHT.......................................40
PRECIPITATION SINCE MIDNIGHT.............................0.00

THE NATIONAL HIGH TEMPERATURE YESTERDAY WAS 87 AT VERO BEACH,
FLORIDA. THE NATIONAL LOW TEMPERATURE YESTERDAY WAS -4 AT GUNNISON,
COLORADO.

..........................................................


THE NASHVILLE CLIMATE NORMALS FOR TODAY
                         NORMAL    RECORD    YEAR
 MAXIMUM TEMPERATURE (F)   47        73      1889
 MINIMUM TEMPERATURE (F)   30        -5      1983


SUNRISE AND SUNSET
DECEMBER 25 2014......SUNRISE   656 AM CST   SUNSET   438 PM CST
DECEMBER 26 2014......SUNRISE   656 AM CST   SUNSET   439 PM CST


-  INDICATES NEGATIVE NUMBERS.
R  INDICATES RECORD WAS SET OR TIED.
MM INDICATES DATA IS MISSING.
T  INDICATES TRACE AMOUNT.




$$
