000
CDUS44 KOHX 280038
CLIBNA

CLIMATE REPORT
NATIONAL WEATHER SERVICE NASHVILLE TN
638 PM CST FRI FEB 27 2015


...................................

...THE NASHVILLE CLIMATE SUMMARY FOR FEBRUARY 27 2015...
VALID TODAY AS OF 0600 PM LOCAL TIME.

CLIMATE NORMAL PERIOD 1981 TO 2010
CLIMATE RECORD PERIOD 1871 TO 2015


WEATHER ITEM   OBSERVED TIME   RECORD YEAR NORMAL DEPARTURE
                VALUE   (LST)  VALUE       VALUE  FROM
                                                  NORMAL
...............................................................
TEMPERATURE (F)
 TODAY
  MAXIMUM         33    351 PM  78    1981  55    -22
  MINIMUM         19    656 AM   6    1934  35    -16
  AVERAGE         26                        45    -19

PRECIPITATION (IN)
  TODAY            0.00          2.01 1890   0.14  -0.14
  MONTH TO DATE    4.60                      3.80   0.80
  SINCE DEC 1     10.03                     11.79  -1.76
  SINCE JAN 1      6.82                      7.55  -0.73

SNOWFALL (IN)
  TODAY            0.0           4.4  1989   0.0    0.0
  MONTH TO DATE    2.1                       2.2   -0.1
  SINCE DEC 1      3.0                       5.3   -2.3
  SINCE JUL 1      3.2                       5.3   -2.1
  SNOW DEPTH       0

DEGREE DAYS
 HEATING
  TODAY           39                               19
  MONTH TO DATE  878                              245
  SINCE DEC 1   2389                              145
  SINCE JUL 1   3163                              245

 COOLING
  TODAY            0                                0
  MONTH TO DATE    0                                0
  SINCE DEC 1      0                               -1
  SINCE JAN 1      0                                0
...............................................................


WIND (MPH)
  HIGHEST WIND SPEED    16   HIGHEST WIND DIRECTION     N (350)
  HIGHEST GUST SPEED    22   HIGHEST GUST DIRECTION    NW (320)
  AVERAGE WIND SPEED    10.0




RELATIVE HUMIDITY (PERCENT)
 HIGHEST    73
 LOWEST     36
 AVERAGE    55

..........................................................


THE NASHVILLE CLIMATE NORMALS FOR TOMORROW
                         NORMAL    RECORD    YEAR
 MAXIMUM TEMPERATURE (F)   56        78      1918
 MINIMUM TEMPERATURE (F)   35        11      1888


SUNRISE AND SUNSET
FEBRUARY 27 2015......SUNRISE   620 AM CST   SUNSET   539 PM CST
FEBRUARY 28 2015......SUNRISE   619 AM CST   SUNSET   540 PM CST


-  INDICATES NEGATIVE NUMBERS.
R  INDICATES RECORD WAS SET OR TIED.
MM INDICATES DATA IS MISSING.
T  INDICATES TRACE AMOUNT.




$$
