141
CDUS44 KOHX 051424
CLIBNA


CLIMATE REPORT
NATIONAL WEATHER SERVICE NASHVILLE TN
924 AM CDT THU MAY 5 2016


...................................

...THE NASHVILLE CLIMATE SUMMARY FOR MAY 5 2016...
VALID AS OF 0900 AM LOCAL TIME.

CLIMATE NORMAL PERIOD 1981 TO 2010
CLIMATE RECORD PERIOD 1871 TO 2016


WEATHER ITEM   OBSERVED TIME   RECORD YEAR NORMAL DEPARTURE
                VALUE   (LST)  VALUE       VALUE  FROM
                                                  NORMAL
...............................................................
TEMPERATURE (F)
 TODAY
  MAXIMUM         57    810 AM  93    1952  76    -19
  MINIMUM         44    430 AM  37    1957  54    -10
                                      1907
  AVERAGE         51                        64    -13

PRECIPITATION (IN)
  TODAY            0.00          4.63 2003   0.20  -0.20
  MONTH TO DATE    0.46                      0.94  -0.48
  SINCE JAN 1     12.54                     16.74  -4.20

SNOWFALL (IN)
  TODAY            0.0           0.0  2002
                                      2001
  MONTH TO DATE    0.0
  SINCE MAR 1      0.0
  SINCE JUL 1     11.3

DEGREE DAYS
 HEATING
  TODAY           14                               11
  MONTH TO DATE   28                               12
  SINCE MAR 1    454                             -252
  SINCE JUL 1   2697                             -947

 COOLING
  TODAY            0                               -2
  MONTH TO DATE    8                               -2
  SINCE MAR 1     87                               32
  SINCE JAN 1     87                               32
...............................................................


WIND (MPH)
  HIGHEST WIND SPEED    15   HIGHEST WIND DIRECTION    NW (320)
  HIGHEST GUST SPEED    26   HIGHEST GUST DIRECTION    NW (320)
  AVERAGE WIND SPEED     4.7



WEATHER CONDITIONS
 THE FOLLOWING WEATHER WAS RECORDED TODAY.
  NO SIGNIFICANT WEATHER WAS OBSERVED.


RELATIVE HUMIDITY (PERCENT)
 HIGHEST    89
 LOWEST     59
 AVERAGE    74

..........................................................


THE NASHVILLE CLIMATE NORMALS FOR TOMORROW
                         NORMAL    RECORD    YEAR
 MAXIMUM TEMPERATURE (F)   76        92      1949
 MINIMUM TEMPERATURE (F)   54        35      1968


SUNRISE AND SUNSET
MAY  5 2016...........SUNRISE   549 AM CDT   SUNSET   738 PM CDT
MAY  6 2016...........SUNRISE   548 AM CDT   SUNSET   739 PM CDT


-  INDICATES NEGATIVE NUMBERS.
R  INDICATES RECORD WAS SET OR TIED.
MM INDICATES DATA IS MISSING.
T  INDICATES TRACE AMOUNT.




$$
