000
CDUS44 KOHX 220718
CLIBNA


CLIMATE REPORT
NATIONAL WEATHER SERVICE NASHVILLE TN
218 AM CDT SUN OCT 22 2017


...................................

...THE NASHVILLE CLIMATE SUMMARY FOR OCTOBER 21 2017...

CLIMATE NORMAL PERIOD 1981 TO 2010
CLIMATE RECORD PERIOD 1871 TO 2017


WEATHER ITEM   OBSERVED TIME   RECORD YEAR NORMAL DEPARTURE
                VALUE   (LST)  VALUE       VALUE  FROM
                                                  NORMAL
...............................................................
TEMPERATURE (F)
 YESTERDAY
  MAXIMUM         79    150 PM  88    1947  70      9
  MINIMUM         49    257 AM  29    1952  47      2
  AVERAGE         64                        59      5

PRECIPITATION (IN)
  YESTERDAY        0.00          2.14 1929   0.10  -0.10
  MONTH TO DATE    0.67                      2.02  -1.35
  SINCE JAN 1     41.09                     37.68   3.41

SNOWFALL (IN)
  YESTERDAY        0.0           0.0  2002
                                      2001
                                      2000
  MONTH TO DATE    0.0
  SINCE SEP 1      0.0
  SINCE JUL 1      0.0

DEGREE DAYS
 HEATING
  YESTERDAY        1                               -6
  MONTH TO DATE   41                              -63
  SINCE SEP 1     53                              -75
  SINCE JUL 1     53                              -75

 COOLING
  YESTERDAY        0                               -1
  MONTH TO DATE   90                               51
  SINCE SEP 1    313                               54
  SINCE JAN 1   1893                              260
...............................................................


WIND (MPH)
  HIGHEST WIND SPEED    15   HIGHEST WIND DIRECTION     S (190)
  HIGHEST GUST SPEED    20   HIGHEST GUST DIRECTION     S (170)
  AVERAGE WIND SPEED     7.6




RELATIVE HUMIDITY (PERCENT)
 HIGHEST    89
 LOWEST     42

..........................................................


THE NASHVILLE CLIMATE NORMALS FOR TODAY
                         NORMAL    RECORD    YEAR
 MAXIMUM TEMPERATURE (F)   70        88      1947
 MINIMUM TEMPERATURE (F)   47        26      1987


SUNRISE AND SUNSET
OCTOBER 22 2017.......SUNRISE   700 AM CDT   SUNSET   602 PM CDT
OCTOBER 23 2017.......SUNRISE   701 AM CDT   SUNSET   600 PM CDT


-  INDICATES NEGATIVE NUMBERS.
R  INDICATES RECORD WAS SET OR TIED.
MM INDICATES DATA IS MISSING.
T  INDICATES TRACE AMOUNT.




$$
