000
CDUS44 KOHX 282152
CLIBNA


CLIMATE REPORT
NATIONAL WEATHER SERVICE NASHVILLE TN
451 PM CDT TUE MAR 28 2017


...................................

...THE NASHVILLE CLIMATE SUMMARY FOR MARCH 28 2017...
VALID TODAY AS OF 0400 PM LOCAL TIME.

CLIMATE NORMAL PERIOD 1981 TO 2010
CLIMATE RECORD PERIOD 1871 TO 2017


WEATHER ITEM   OBSERVED TIME   RECORD YEAR NORMAL DEPARTURE
                VALUE   (LST)  VALUE       VALUE  FROM
                                                  NORMAL
...............................................................
TEMPERATURE (F)
 TODAY
  MAXIMUM         74    307 PM  85    2012  65      9
                                      1907
  MINIMUM         56    643 AM  23    1955  42     14
  AVERAGE         65                        54     11

PRECIPITATION (IN)
  TODAY            0.00          3.67 1902   0.14  -0.14
  MONTH TO DATE    3.87                      3.70   0.17
  SINCE JAN 1      8.77                     11.39  -2.62

SNOWFALL (IN)
  TODAY            0.0           0.1  1899
  MONTH TO DATE    1.5
  SINCE MAR 1      1.5
  SINCE JUL 1      2.2

DEGREE DAYS
 HEATING
  TODAY            0                              -12
  MONTH TO DATE  358                              -81
  SINCE MAR 1    358                              -81
  SINCE JUL 1   2326                            -1051

 COOLING
  TODAY            0                                0
  MONTH TO DATE   10                               10
  SINCE MAR 1     10                               10
  SINCE JAN 1     17                               17
...............................................................


WIND (MPH)
  HIGHEST WIND SPEED    13   HIGHEST WIND DIRECTION    NW (310)
  HIGHEST GUST SPEED    20   HIGHEST GUST DIRECTION    NW (300)
  AVERAGE WIND SPEED     5.8




RELATIVE HUMIDITY (PERCENT)
 HIGHEST   100
 LOWEST     49
 AVERAGE    75

..........................................................


THE NASHVILLE CLIMATE NORMALS FOR TOMORROW
                         NORMAL    RECORD    YEAR
 MAXIMUM TEMPERATURE (F)   65        85      1895
 MINIMUM TEMPERATURE (F)   42        22      1966


SUNRISE AND SUNSET
MARCH 28 2017.........SUNRISE   638 AM CDT   SUNSET   706 PM CDT
MARCH 29 2017.........SUNRISE   637 AM CDT   SUNSET   706 PM CDT


-  INDICATES NEGATIVE NUMBERS.
R  INDICATES RECORD WAS SET OR TIED.
MM INDICATES DATA IS MISSING.
T  INDICATES TRACE AMOUNT.




$$
