000
CDUS44 KOHX 210126
CLIBNA


CLIMATE REPORT
NATIONAL WEATHER SERVICE NASHVILLE TN
725 PM CST MON FEB 20 2017


...................................

...THE NASHVILLE CLIMATE SUMMARY FOR FEBRUARY 20 2017...
VALID TODAY AS OF 0400 PM LOCAL TIME.

CLIMATE NORMAL PERIOD 1981 TO 2010
CLIMATE RECORD PERIOD 1871 TO 2017


WEATHER ITEM   OBSERVED TIME   RECORD YEAR NORMAL DEPARTURE
                VALUE   (LST)  VALUE       VALUE  FROM
                                                  NORMAL
...............................................................
TEMPERATURE (F)
 TODAY
  MAXIMUM         77    320 PM  78    2014  53     24
                                      1986
  MINIMUM         46    658 AM   2    1885  33     13
  AVERAGE         62                        43     19

PRECIPITATION (IN)
  TODAY            0.00          1.90 1989   0.14  -0.14
  MONTH TO DATE    1.37                      2.80  -1.43
  SINCE JAN 1      4.71                      6.55  -1.84

SNOWFALL (IN)
  TODAY            0.0           7.0  1929
  MONTH TO DATE    0.0
  SINCE DEC 1      0.7
  SINCE JUL 1      0.7

DEGREE DAYS
 HEATING
  TODAY            3                              -19
  MONTH TO DATE  325                             -162
  SINCE DEC 1   1554                             -544
  SINCE JUL 1   1908                             -864

 COOLING
  TODAY            0                                0
  MONTH TO DATE    0                                0
  SINCE DEC 1      4                                3
  SINCE JAN 1      0                                0
...............................................................


WIND (MPH)
  HIGHEST WIND SPEED    10   HIGHEST WIND DIRECTION    SE (140)
  HIGHEST GUST SPEED    14   HIGHEST GUST DIRECTION     S (160)
  AVERAGE WIND SPEED     3.8




RELATIVE HUMIDITY (PERCENT)
 HIGHEST    93
 LOWEST     31
 AVERAGE    62

..........................................................


THE NASHVILLE CLIMATE NORMALS FOR TOMORROW
                         NORMAL    RECORD    YEAR
 MAXIMUM TEMPERATURE (F)   54        76      1897
 MINIMUM TEMPERATURE (F)   33         6      1963


SUNRISE AND SUNSET
FEBRUARY 20 2017......SUNRISE   628 AM CST   SUNSET   533 PM CST
FEBRUARY 21 2017......SUNRISE   627 AM CST   SUNSET   534 PM CST


-  INDICATES NEGATIVE NUMBERS.
R  INDICATES RECORD WAS SET OR TIED.
MM INDICATES DATA IS MISSING.
T  INDICATES TRACE AMOUNT.




$$
