000
CDUS45 KBOI 190122
CLIBNO


CLIMATE REPORT
NATIONAL WEATHER SERVICE BOISE ID
621 PM MST WED JAN 18 2017


...................................

...THE BURNS OR CLIMATE SUMMARY FOR JANUARY 18 2017...
VALID TODAY AS OF 0600 PM LOCAL TIME.

CLIMATE NORMAL PERIOD 1981 TO 2010
CLIMATE RECORD PERIOD 1938 TO 2017


WEATHER ITEM   OBSERVED TIME   RECORD YEAR NORMAL DEPARTURE LAST
                VALUE   (LST)  VALUE       VALUE  FROM      YEAR
                                                  NORMAL
..................................................................
TEMPERATURE (F)
 TODAY
  MAXIMUM         33    459 PM  52    1994  35     -2       37
  MINIMUM         23   1200 AM -16    1943  15      8       22
  AVERAGE         28                        25      3       30

PRECIPITATION (IN)
  TODAY            0.32          0.66 2012   0.04   0.28      T
  MONTH TO DATE    2.50                      0.75   1.75     0.71
  SINCE OCT 1      6.01                      4.25   1.76     5.58
  SINCE JAN 1      2.50                      0.75   1.75     0.71

DEGREE DAYS
 HEATING
  TODAY           37                        40     -3       35
  MONTH TO DATE 1008                       731    277      774
  SINCE DEC 1   2357                      1997    360     2033
  SINCE JUL 1   4170                      3998    172     3894

 COOLING
  TODAY            0                         0      0        0
  MONTH TO DATE    0                         0      0        0
  SINCE DEC 1      0                         0      0        0
  SINCE JAN 1      0                         0      0        0
..................................................................


WIND (MPH)
  HIGHEST WIND SPEED    18   HIGHEST WIND DIRECTION    NE (40)
  HIGHEST GUST SPEED    21   HIGHEST GUST DIRECTION    NE (40)
  AVERAGE WIND SPEED     8.6



WEATHER CONDITIONS
 THE FOLLOWING WEATHER WAS RECORDED TODAY.
  LIGHT RAIN
  LT FREEZING RAIN
  SNOW
  LIGHT SNOW
  FOG


RELATIVE HUMIDITY (PERCENT)
 HIGHEST    92           200 AM
 LOWEST     82          1100 AM
 AVERAGE    87

..........................................................


THE BURNS OR CLIMATE NORMALS FOR TOMORROW
                         NORMAL    RECORD    YEAR
 MAXIMUM TEMPERATURE (F)   35        50      1994
 MINIMUM TEMPERATURE (F)   15        -8      2013
                                             1984


SUNRISE AND SUNSET
JANUARY 18 2017.......SUNRISE   724 AM PST   SUNSET   449 PM PST
JANUARY 19 2017.......SUNRISE   723 AM PST   SUNSET   450 PM PST


-  INDICATES NEGATIVE NUMBERS.
R  INDICATES RECORD WAS SET OR TIED.
MM INDICATES DATA IS MISSING.
T  INDICATES TRACE AMOUNT.




$$
