000
CDUS45 KBOI 290121
CLIBNO


CLIMATE REPORT
NATIONAL WEATHER SERVICE BOISE ID
721 PM MDT THU MAY 28 2015


...................................

...THE BURNS OR CLIMATE SUMMARY FOR MAY 28 2015...
VALID TODAY AS OF 0600 PM LOCAL TIME.

CLIMATE NORMAL PERIOD 1981 TO 2010
CLIMATE RECORD PERIOD 1938 TO 2015


WEATHER ITEM   OBSERVED TIME   RECORD YEAR NORMAL DEPARTURE LAST
                VALUE   (LST)  VALUE       VALUE  FROM      YEAR
                                                  NORMAL
..................................................................
TEMPERATURE (F)
 TODAY
  MAXIMUM         77    247 PM  92    2003  69      8       60
  MINIMUM         40    422 AM  26    2007  39      1       31
  AVERAGE         59                        54      5       46

PRECIPITATION (IN)
  TODAY            0.00          0.47 1988   0.04  -0.04      T
  MONTH TO DATE    1.68                      1.10   0.58     0.38
  SINCE OCT 1      8.43                      8.83  -0.40     5.90
  SINCE JAN 1      3.93                      5.33  -1.40     4.93

DEGREE DAYS
 HEATING
  TODAY            6                        11     -5       19
  MONTH TO DATE  332                       397    -65      356
  SINCE MAR 1   1693                      1909   -216     1780
  SINCE JUL 1   6167                      7437  -1270     7063

 COOLING
  TODAY            0                         0      0        0
  MONTH TO DATE    0                         0      0        0
  SINCE MAR 1      0                         0      0        0
  SINCE JAN 1      0                         0      0        0
..................................................................


WIND (MPH)
  HIGHEST WIND SPEED    13   HIGHEST WIND DIRECTION    SE (130)
  HIGHEST GUST SPEED    19   HIGHEST GUST DIRECTION    SE (120)
  AVERAGE WIND SPEED     4.4



WEATHER CONDITIONS
 THE FOLLOWING WEATHER WAS RECORDED TODAY.
  NO SIGNIFICANT WEATHER WAS OBSERVED.


RELATIVE HUMIDITY (PERCENT)
 HIGHEST    89           300 AM
 LOWEST     23           400 PM
 AVERAGE    56

..........................................................


THE BURNS OR CLIMATE NORMALS FOR TOMORROW
                         NORMAL    RECORD    YEAR
 MAXIMUM TEMPERATURE (F)   70        92      1986
 MINIMUM TEMPERATURE (F)   39        23      2014


SUNRISE AND SUNSET
MAY 28 2015...........SUNRISE   520 AM PDT   SUNSET   827 PM PDT
MAY 29 2015...........SUNRISE   519 AM PDT   SUNSET   828 PM PDT


-  INDICATES NEGATIVE NUMBERS.
R  INDICATES RECORD WAS SET OR TIED.
MM INDICATES DATA IS MISSING.
T  INDICATES TRACE AMOUNT.




$$
