000
CDUS45 KBOI 050121
CLIBNO


CLIMATE REPORT
NATIONAL WEATHER SERVICE BOISE ID
721 PM MDT SAT JUL 4 2015


...................................

...THE BURNS OR CLIMATE SUMMARY FOR JULY 4 2015...
VALID TODAY AS OF 0600 PM LOCAL TIME.

CLIMATE NORMAL PERIOD 1981 TO 2010
CLIMATE RECORD PERIOD 1938 TO 2015


WEATHER ITEM   OBSERVED TIME   RECORD YEAR NORMAL DEPARTURE LAST
                VALUE   (LST)  VALUE       VALUE  FROM      YEAR
                                                  NORMAL
..................................................................
TEMPERATURE (F)
 TODAY
  MAXIMUM         97    255 PM  98    2001  83     14       94
  MINIMUM         56    459 AM  32    2000  46     10       49
  AVERAGE         77                        64     13       72

PRECIPITATION (IN)
  TODAY            0.00          0.32 1944   0.01  -0.01     0.00
  MONTH TO DATE    0.00                      0.05  -0.05      T
  SINCE OCT 1      8.56                      9.77  -1.21     6.37
  SINCE JAN 1      4.06                      6.27  -2.21     5.40

DEGREE DAYS
 HEATING
  TODAY            0                         3     -3        0
  MONTH TO DATE    0                        13    -13        0
  SINCE JUN 1     49                       231   -182      185
  SINCE JUL 1      0                        13    -13        0

 COOLING
  TODAY           12                         2     10        7
  MONTH TO DATE   53                         8     45       21
  SINCE JUN 1    163                        28    135       29
  SINCE JAN 1    166                        31    135       29
..................................................................


WIND (MPH)
  HIGHEST WIND SPEED    18   HIGHEST WIND DIRECTION    SW (240)
  HIGHEST GUST SPEED    23   HIGHEST GUST DIRECTION     W (250)
  AVERAGE WIND SPEED     6.5



WEATHER CONDITIONS
 THE FOLLOWING WEATHER WAS RECORDED TODAY.
  NO SIGNIFICANT WEATHER WAS OBSERVED.


RELATIVE HUMIDITY (PERCENT)
 HIGHEST    36           500 AM
 LOWEST     10           200 PM
 AVERAGE    23

..........................................................


THE BURNS OR CLIMATE NORMALS FOR TOMORROW
                         NORMAL    RECORD    YEAR
 MAXIMUM TEMPERATURE (F)   83       102      2007
 MINIMUM TEMPERATURE (F)   46        25      1986


SUNRISE AND SUNSET
JULY  4 2015..........SUNRISE   520 AM PDT   SUNSET   840 PM PDT
JULY  5 2015..........SUNRISE   521 AM PDT   SUNSET   840 PM PDT


-  INDICATES NEGATIVE NUMBERS.
R  INDICATES RECORD WAS SET OR TIED.
MM INDICATES DATA IS MISSING.
T  INDICATES TRACE AMOUNT.




$$
