000
CDUS45 KBOI 300121
CLIBNO


CLIMATE REPORT
NATIONAL WEATHER SERVICE BOISE ID
721 PM MDT TUE JUL 29 2014


...................................

...THE BURNS OR CLIMATE SUMMARY FOR JULY 29 2014...
VALID TODAY AS OF 0600 PM LOCAL TIME.

CLIMATE NORMAL PERIOD 1981 TO 2010
CLIMATE RECORD PERIOD 1939 TO 2014


WEATHER ITEM   OBSERVED TIME   RECORD YEAR NORMAL DEPARTURE LAST
                VALUE   (LST)  VALUE       VALUE  FROM      YEAR
                                                  NORMAL
..................................................................
TEMPERATURE (F)
 TODAY
  MAXIMUM         96   1246 PM  99    2003  88      8       88
  MINIMUM         59    505 AM  38    1950  48     11       40
  AVERAGE         78                        68     10       64

PRECIPITATION (IN)
  TODAY            T             0.80 1985   0.01  -0.01      T
  MONTH TO DATE    0.32                      0.37  -0.05      T
  SINCE OCT 1      6.69                     10.09  -3.40     7.31
  SINCE JAN 1      5.72                      6.59  -0.87     3.41

DEGREE DAYS
 HEATING
  TODAY            0                         1     -1        1
  MONTH TO DATE   12                        55    -43        4
  SINCE JUN 1    197                       273    -76      192
  SINCE JUL 1     12                        55    -43        4

 COOLING
  TODAY           13                         4      9        0
  MONTH TO DATE  188                        98     90      215
  SINCE JUN 1    196                       118     78      269
  SINCE JAN 1    196                       121     75      270
..................................................................


WIND (MPH)
  HIGHEST WIND SPEED    25   HIGHEST WIND DIRECTION    NW (310)
  HIGHEST GUST SPEED    32   HIGHEST GUST DIRECTION    NW (320)
  AVERAGE WIND SPEED     7.8



WEATHER CONDITIONS
 THE FOLLOWING WEATHER WAS RECORDED TODAY.
  NO SIGNIFICANT WEATHER WAS OBSERVED.


RELATIVE HUMIDITY (PERCENT)
 HIGHEST    46           200 AM
 LOWEST     15          1200 PM
 AVERAGE    31

..........................................................


THE BURNS OR CLIMATE NORMALS FOR TOMORROW
                         NORMAL    RECORD    YEAR
 MAXIMUM TEMPERATURE (F)   88       103      2003
 MINIMUM TEMPERATURE (F)   48        30      1995


SUNRISE AND SUNSET
JULY 29 2014..........SUNRISE   542 AM PDT   SUNSET   822 PM PDT
JULY 30 2014..........SUNRISE   543 AM PDT   SUNSET   821 PM PDT


-  INDICATES NEGATIVE NUMBERS.
R  INDICATES RECORD WAS SET OR TIED.
MM INDICATES DATA IS MISSING.
T  INDICATES TRACE AMOUNT.




$$
