000
CDUS45 KBOI 280121
CLIBNO


CLIMATE REPORT
NATIONAL WEATHER SERVICE BOISE ID
621 PM MST SAT DEC 27 2014


...................................

...THE BURNS OR CLIMATE SUMMARY FOR DECEMBER 27 2014...
VALID TODAY AS OF 0600 PM LOCAL TIME.

CLIMATE NORMAL PERIOD 1981 TO 2010
CLIMATE RECORD PERIOD 1939 TO 2014


WEATHER ITEM   OBSERVED TIME   RECORD YEAR NORMAL DEPARTURE LAST
                VALUE   (LST)  VALUE       VALUE  FROM      YEAR
                                                  NORMAL
..................................................................
TEMPERATURE (F)
 TODAY
  MAXIMUM         31    447 PM  57    1967  33     -2       36
  MINIMUM         15    538 AM -13    1988  13      2        9
  AVERAGE         23                        23      0       23

PRECIPITATION (IN)
  TODAY            T             1.26 1945   0.05  -0.05     0.00
  MONTH TO DATE    2.06                      1.36   0.70     0.21
  SINCE OCT 1      4.27                      3.31   0.96     0.97
  SINCE JAN 1     10.52                     10.73  -0.21     6.90

DEGREE DAYS
 HEATING
  TODAY           42                        42      0       42
  MONTH TO DATE  811                      1102   -291     1255
  SINCE DEC 1    811                      1102   -291     1255
  SINCE JUL 1   2541                      3103   -562     3178

 COOLING
  TODAY            0                         0      0        0
  MONTH TO DATE    0                         0      0        0
  SINCE DEC 1      0                         0      0        0
  SINCE JAN 1    318                       215    103      372
..................................................................


WIND (MPH)
  HIGHEST WIND SPEED     8   HIGHEST WIND DIRECTION     N (350)
  HIGHEST GUST SPEED     8   HIGHEST GUST DIRECTION     N (350)
  AVERAGE WIND SPEED     1.9



WEATHER CONDITIONS
 THE FOLLOWING WEATHER WAS RECORDED TODAY.
  NO SIGNIFICANT WEATHER WAS OBSERVED.


RELATIVE HUMIDITY (PERCENT)
 HIGHEST    88           500 AM
 LOWEST     69           200 PM
 AVERAGE    79

..........................................................


THE BURNS OR CLIMATE NORMALS FOR TOMORROW
                         NORMAL    RECORD    YEAR
 MAXIMUM TEMPERATURE (F)   33        51      1945
 MINIMUM TEMPERATURE (F)   13       -17      1983


SUNRISE AND SUNSET
DECEMBER 27 2014......SUNRISE   728 AM PST   SUNSET   426 PM PST
DECEMBER 28 2014......SUNRISE   728 AM PST   SUNSET   427 PM PST


-  INDICATES NEGATIVE NUMBERS.
R  INDICATES RECORD WAS SET OR TIED.
MM INDICATES DATA IS MISSING.
T  INDICATES TRACE AMOUNT.




$$
