571
CDUS45 KBOI 290120
CLIBNO


CLIMATE REPORT
NATIONAL WEATHER SERVICE BOISE ID
720 PM MDT FRI APR 28 2017


...................................

...THE BURNS OR CLIMATE SUMMARY FOR APRIL 28 2017...
VALID TODAY AS OF 0600 PM LOCAL TIME.

CLIMATE NORMAL PERIOD 1981 TO 2010
CLIMATE RECORD PERIOD 1938 TO 2017


WEATHER ITEM   OBSERVED TIME   RECORD YEAR NORMAL DEPARTURE LAST
                VALUE   (LST)  VALUE       VALUE  FROM      YEAR
                                                  NORMAL
..................................................................
TEMPERATURE (F)
 TODAY
  MAXIMUM         52    350 PM  82    1939  61     -9       63
  MINIMUM         28    512 AM  20    2002  32     -4       35
                                      1996
  AVERAGE         40                        46     -6       49

PRECIPITATION (IN)
  TODAY            0.00          0.59 1951   0.03  -0.03     0.00
  MONTH TO DATE    1.18                      0.87   0.31     0.11
  SINCE OCT 1     11.39                      7.67   3.72     8.03
  SINCE JAN 1      7.88                      4.17   3.71     3.16

DEGREE DAYS
 HEATING
  TODAY           25                        19      6       16
  MONTH TO DATE  656                       617     39      436
  SINCE MAR 1   1451                      1474    -23     1178
  SINCE JUL 1   7325                      7002    323     6339

 COOLING
  TODAY            0                         0      0        0
  MONTH TO DATE    0                         0      0        0
  SINCE MAR 1      0                         0      0        0
  SINCE JAN 1      0                         0      0        0
..................................................................


WIND (MPH)
  HIGHEST WIND SPEED    20   HIGHEST WIND DIRECTION    NW (310)
  HIGHEST GUST SPEED    26   HIGHEST GUST DIRECTION    NW (310)
  AVERAGE WIND SPEED    10.4



WEATHER CONDITIONS
 THE FOLLOWING WEATHER WAS RECORDED TODAY.
  NO SIGNIFICANT WEATHER WAS OBSERVED.


RELATIVE HUMIDITY (PERCENT)
 HIGHEST    92           500 AM
 LOWEST     35           300 PM
 AVERAGE    64

..........................................................


THE BURNS OR CLIMATE NORMALS FOR TOMORROW
                         NORMAL    RECORD    YEAR
 MAXIMUM TEMPERATURE (F)   61        80      1968
 MINIMUM TEMPERATURE (F)   32        15      1962


SUNRISE AND SUNSET
APRIL 28 2017.........SUNRISE   552 AM PDT   SUNSET   755 PM PDT
APRIL 29 2017.........SUNRISE   551 AM PDT   SUNSET   756 PM PDT


-  INDICATES NEGATIVE NUMBERS.
R  INDICATES RECORD WAS SET OR TIED.
MM INDICATES DATA IS MISSING.
T  INDICATES TRACE AMOUNT.




$$
