000
CDUS45 KBOI 270140
CLIBNO


CLIMATE REPORT
NATIONAL WEATHER SERVICE BOISE ID
740 PM MDT MON JUN 26 2017


...................................

...THE BURNS OR CLIMATE SUMMARY FOR JUNE 26 2017...
VALID TODAY AS OF 0600 PM LOCAL TIME.

CLIMATE NORMAL PERIOD 1981 TO 2010
CLIMATE RECORD PERIOD 1938 TO 2017


WEATHER ITEM   OBSERVED TIME   RECORD YEAR NORMAL DEPARTURE LAST
                VALUE   (LST)  VALUE       VALUE  FROM      YEAR
                                                  NORMAL
..................................................................
TEMPERATURE (F)
 TODAY
  MAXIMUM         89    400 PM  99    2015  79     10       91
  MINIMUM         50    428 AM  29    1976  44      6       40
  AVERAGE         70                        61      9       66

PRECIPITATION (IN)
  TODAY            T             0.32 1980   0.02  -0.02     0.00
  MONTH TO DATE    0.10                      0.70  -0.60     0.40
  SINCE OCT 1     11.85                      9.66   2.19     9.12
  SINCE JAN 1      8.34                      6.16   2.18     4.25

DEGREE DAYS
 HEATING
  TODAY            0                         5     -5        0
  MONTH TO DATE  169                       202    -33      180
  SINCE JUN 1    169                       202    -33      180
  SINCE JUL 1   7951                      7672    279     6959

 COOLING
  TODAY            5                         1      4        1
  MONTH TO DATE   27                        12     15       26
  SINCE JUN 1     27                        12     15       26
  SINCE JAN 1     28                        15     13       26
..................................................................


WIND (MPH)
  HIGHEST WIND SPEED    28   HIGHEST WIND DIRECTION    SW (210)
  HIGHEST GUST SPEED    45   HIGHEST GUST DIRECTION     S (200)
  AVERAGE WIND SPEED     5.9



WEATHER CONDITIONS
 THE FOLLOWING WEATHER WAS RECORDED TODAY.
  THUNDERSTORM
  LIGHT RAIN


RELATIVE HUMIDITY (PERCENT)
 HIGHEST    72           300 AM
 LOWEST     13           500 PM
 AVERAGE    43

..........................................................


THE BURNS OR CLIMATE NORMALS FOR TOMORROW
                         NORMAL    RECORD    YEAR
 MAXIMUM TEMPERATURE (F)   79       102      2015
 MINIMUM TEMPERATURE (F)   44        29      1998


SUNRISE AND SUNSET
JUNE 26 2017..........SUNRISE   516 AM PDT   SUNSET   841 PM PDT
JUNE 27 2017..........SUNRISE   517 AM PDT   SUNSET   841 PM PDT


-  INDICATES NEGATIVE NUMBERS.
R  INDICATES RECORD WAS SET OR TIED.
MM INDICATES DATA IS MISSING.
T  INDICATES TRACE AMOUNT.




$$
