000
CDUS45 KBOI 040932
CLIBNO


CLIMATE REPORT
NATIONAL WEATHER SERVICE BOISE ID
332 AM MDT WED MAY 4 2016


...................................

...THE BURNS OR CLIMATE SUMMARY FOR MAY 3 2016...

CLIMATE NORMAL PERIOD 1981 TO 2010
CLIMATE RECORD PERIOD 1938 TO 2016


WEATHER ITEM   OBSERVED TIME   RECORD YEAR NORMAL DEPARTURE LAST
                VALUE   (LST)  VALUE       VALUE  FROM      YEAR
                                                  NORMAL
..................................................................
TEMPERATURE (F)
 YESTERDAY
  MAXIMUM         76    326 PM  85    1966  62     14       76
  MINIMUM         33    459 AM  19    1964  33      0       36
  AVERAGE         55                        48      7       56

PRECIPITATION (IN)
  YESTERDAY        T             1.00 1971   0.03  -0.03     0.00
  MONTH TO DATE    T                         0.10  -0.10     0.00
  SINCE OCT 1      8.03                      7.83   0.20     6.75
  SINCE JAN 1      3.16                      4.33  -1.17     2.25

DEGREE DAYS
 HEATING
  YESTERDAY       10                        17     -7        9
  MONTH TO DATE   40                        53    -13       34
  SINCE MAR 1   1256                      1565   -309     1395
  SINCE JUL 1   6417                      7093   -676     5869

 COOLING
  YESTERDAY        0                         0      0        0
  MONTH TO DATE    0                         0      0        0
  SINCE MAR 1      0                         0      0        0
  SINCE JAN 1      0                         0      0        0
..................................................................


WIND (MPH)
  HIGHEST WIND SPEED    24   HIGHEST WIND DIRECTION     E (110)
  HIGHEST GUST SPEED    31   HIGHEST GUST DIRECTION     E (110)
  AVERAGE WIND SPEED     6.1


SKY COVER
  POSSIBLE SUNSHINE  MM
  AVERAGE SKY COVER 0.4


WEATHER CONDITIONS
 THE FOLLOWING WEATHER WAS RECORDED YESTERDAY.
  LIGHT RAIN


RELATIVE HUMIDITY (PERCENT)
 HIGHEST    75           200 AM
 LOWEST     16           100 PM
 AVERAGE    46

..........................................................


THE BURNS OR CLIMATE NORMALS FOR TODAY
                         NORMAL    RECORD    YEAR
 MAXIMUM TEMPERATURE (F)   63        86      1966
 MINIMUM TEMPERATURE (F)   33        15      1996


SUNRISE AND SUNSET
MAY  4 2016...........SUNRISE   543 AM PDT   SUNSET   802 PM PDT
MAY  5 2016...........SUNRISE   542 AM PDT   SUNSET   803 PM PDT


-  INDICATES NEGATIVE NUMBERS.
R  INDICATES RECORD WAS SET OR TIED.
MM INDICATES DATA IS MISSING.
T  INDICATES TRACE AMOUNT.




$$
