000
CDUS45 KBOI 271423
CLIBOI


CLIMATE REPORT
NATIONAL WEATHER SERVICE BOISE ID
823 AM MDT THU APR 27 2017


...................................

...THE BOISE ID CLIMATE SUMMARY FOR APRIL 26 2017...

CLIMATE NORMAL PERIOD 1981 TO 2010
CLIMATE RECORD PERIOD 1875 TO 2017


WEATHER ITEM   OBSERVED TIME   RECORD YEAR NORMAL DEPARTURE LAST
                VALUE   (LST)  VALUE       VALUE  FROM      YEAR
                                                  NORMAL
..................................................................
TEMPERATURE (F)
 YESTERDAY
  MAXIMUM         54    458 PM  92    1898  65    -11       65
  MINIMUM         42   1159 PM  24    1985  41      1       41
  AVERAGE         48                        53     -5       53

PRECIPITATION (IN)
  YESTERDAY        0.35          1.09 2012   0.04   0.31      T
  MONTH TO DATE    2.01                      1.06   0.95     0.69
  SINCE OCT 1     12.55                      8.33   4.22     7.99
  SINCE JAN 1      9.05                      4.68   4.37     3.65

SNOWFALL (IN)
  YESTERDAY        0.0           0.9  1900   0.0    0.0      0.0
  MONTH TO DATE    0.1                       0.3   -0.2      0.0
  SINCE OCT 1     39.1                      19.2   19.9     10.9
  SINCE JUL 1     39.1                      19.2   19.9     10.9
  SNOW DEPTH       0

DEGREE DAYS
 HEATING
  YESTERDAY       17                        12      5       12
  MONTH TO DATE  396                       384     12      217
  SINCE MAR 1    888                      1020   -132      752
  SINCE JUL 1   5175                      5179     -4     4501

 COOLING
  YESTERDAY        0                         0      0        0
  MONTH TO DATE    0                         0      0        5
  SINCE MAR 1      0                         0      0        5
  SINCE JAN 1      0                         0      0        5
..................................................................


WIND (MPH)
  HIGHEST WIND SPEED    17   HIGHEST WIND DIRECTION     N (360)
  HIGHEST GUST SPEED    22   HIGHEST GUST DIRECTION     N (350)
  AVERAGE WIND SPEED     7.9


SKY COVER
  POSSIBLE SUNSHINE  MM
  AVERAGE SKY COVER 0.8


WEATHER CONDITIONS
 THE FOLLOWING WEATHER WAS RECORDED YESTERDAY.
  HEAVY RAIN
  RAIN
  LIGHT RAIN
  FOG


RELATIVE HUMIDITY (PERCENT)
 HIGHEST    93           200 PM
 LOWEST     66           500 PM
 AVERAGE    80

..........................................................


THE BOISE ID CLIMATE NORMALS FOR TODAY
                         NORMAL    RECORD    YEAR
 MAXIMUM TEMPERATURE (F)   66        92      1987
 MINIMUM TEMPERATURE (F)   41        26      1966


SUNRISE AND SUNSET
APRIL 27 2017.........SUNRISE   643 AM MDT   SUNSET   843 PM MDT
APRIL 28 2017.........SUNRISE   641 AM MDT   SUNSET   844 PM MDT


-  INDICATES NEGATIVE NUMBERS.
R  INDICATES RECORD WAS SET OR TIED.
MM INDICATES DATA IS MISSING.
T  INDICATES TRACE AMOUNT.




$$
