000
CDUS45 KBOI 030931
CLIBOI


CLIMATE REPORT
NATIONAL WEATHER SERVICE BOISE ID
331 AM MDT MON AUG 3 2015


...................................

...THE BOISE ID CLIMATE SUMMARY FOR AUGUST 2 2015...

CLIMATE NORMAL PERIOD 1981 TO 2010
CLIMATE RECORD PERIOD 1878 TO 2015


WEATHER ITEM   OBSERVED TIME   RECORD YEAR NORMAL DEPARTURE LAST
                VALUE   (LST)  VALUE       VALUE  FROM      YEAR
                                                  NORMAL
..................................................................
TEMPERATURE (F)
 YESTERDAY
  MAXIMUM        101    436 PM 103    1966  93      8       99
                                      1961
                                      1947
  MINIMUM         68    526 AM  43    1988  62      6       72
  AVERAGE         85                        77      8       86

PRECIPITATION (IN)
  YESTERDAY        0.00          0.06 1953   0.01  -0.01     0.00
  MONTH TO DATE    0.00                      0.02  -0.02     0.00
  SINCE OCT 1     11.84                     10.93   0.91    11.36
  SINCE JAN 1      5.93                      7.28  -1.35     8.45

SNOWFALL (IN)
  YESTERDAY        0.0           0.0  2006   0.0    0.0      0.0
  MONTH TO DATE    0.0                       0.0    0.0      0.0
  SINCE OCT 1     13.3                      19.2   -5.9     14.4
  SINCE JUL 1      0.0                       0.0    0.0      0.0
  SNOW DEPTH       0

DEGREE DAYS
 HEATING
  YESTERDAY        0                         0      0        0
  MONTH TO DATE    0                         0      0        0
  SINCE JUN 1      2                        72    -70       36
  SINCE JUL 1      0                         8     -8        0

 COOLING
  YESTERDAY       20                        12      8       21
  MONTH TO DATE   41                        24     17       38
  SINCE JUN 1    748                       505    243      654
  SINCE JAN 1    783                       549    234      678
..................................................................


WIND (MPH)
  HIGHEST WIND SPEED    12   HIGHEST WIND DIRECTION    NW (320)
  HIGHEST GUST SPEED    16   HIGHEST GUST DIRECTION     S (200)
  AVERAGE WIND SPEED     4.6


SKY COVER
  POSSIBLE SUNSHINE  MM
  AVERAGE SKY COVER 0.0


WEATHER CONDITIONS
 THE FOLLOWING WEATHER WAS RECORDED YESTERDAY.
  NO SIGNIFICANT WEATHER WAS OBSERVED.


RELATIVE HUMIDITY (PERCENT)
 HIGHEST    31           500 AM
 LOWEST     11           400 PM
 AVERAGE    21

..........................................................


THE BOISE ID CLIMATE NORMALS FOR TODAY
                         NORMAL    RECORD    YEAR
 MAXIMUM TEMPERATURE (F)   93       105      1949
 MINIMUM TEMPERATURE (F)   62        46      1988
                                             1900


SUNRISE AND SUNSET
AUGUST  3 2015........SUNRISE   636 AM MDT   SUNSET   905 PM MDT
AUGUST  4 2015........SUNRISE   637 AM MDT   SUNSET   904 PM MDT


-  INDICATES NEGATIVE NUMBERS.
R  INDICATES RECORD WAS SET OR TIED.
MM INDICATES DATA IS MISSING.
T  INDICATES TRACE AMOUNT.




$$
