000
CDUS45 KBOI 190122
CLIBOI


CLIMATE REPORT
NATIONAL WEATHER SERVICE BOISE ID
621 PM MST WED JAN 18 2017


...................................

...THE BOISE ID CLIMATE SUMMARY FOR JANUARY 18 2017...
VALID TODAY AS OF 0600 PM LOCAL TIME.

CLIMATE NORMAL PERIOD 1981 TO 2010
CLIMATE RECORD PERIOD 1875 TO 2017


WEATHER ITEM   OBSERVED TIME   RECORD YEAR NORMAL DEPARTURE LAST
                VALUE   (LST)  VALUE       VALUE  FROM      YEAR
                                                  NORMAL
..................................................................
TEMPERATURE (F)
 TODAY
  MAXIMUM         32    559 PM  57    1998  38     -6       47
  MINIMUM          7   1232 AM -27    1883  25    -18       34
  AVERAGE         20                        31    -11       41

PRECIPITATION (IN)
  TODAY            0.23          1.13 1953   0.04   0.19     0.07
  MONTH TO DATE    2.36                      0.78   1.58     0.35
  SINCE OCT 1      5.86                      4.43   1.43     4.69
  SINCE JAN 1      2.36                      0.78   1.58     0.35

DEGREE DAYS
 HEATING
  TODAY           45                        34     11       24
  MONTH TO DATE  848                       622    226      618
  SINCE DEC 1   2132                      1683    449     1641
  SINCE JUL 1   3037                      2937    100     2713

 COOLING
  TODAY            0                         0      0        0
  MONTH TO DATE    0                         0      0        0
  SINCE DEC 1      0                         0      0        0
  SINCE JAN 1      0                         0      0        0
..................................................................


WIND (MPH)
  HIGHEST WIND SPEED    18   HIGHEST WIND DIRECTION     S (170)
  HIGHEST GUST SPEED    23   HIGHEST GUST DIRECTION     S (170)
  AVERAGE WIND SPEED     4.8



WEATHER CONDITIONS
 THE FOLLOWING WEATHER WAS RECORDED TODAY.
  LT FREEZING RAIN
  HEAVY SNOW
  SNOW
  LIGHT SNOW
  FOG
  FOG W/VISIBILITY <= 1/4 MILE
  HAZE


RELATIVE HUMIDITY (PERCENT)
 HIGHEST    92          1000 AM
 LOWEST     76           500 AM
 AVERAGE    84

..........................................................


THE BOISE ID CLIMATE NORMALS FOR TOMORROW
                         NORMAL    RECORD    YEAR
 MAXIMUM TEMPERATURE (F)   38        57      1896
 MINIMUM TEMPERATURE (F)   25       -16      1883


SUNRISE AND SUNSET
JANUARY 18 2017.......SUNRISE   813 AM MST   SUNSET   538 PM MST
JANUARY 19 2017.......SUNRISE   812 AM MST   SUNSET   539 PM MST


-  INDICATES NEGATIVE NUMBERS.
R  INDICATES RECORD WAS SET OR TIED.
MM INDICATES DATA IS MISSING.
T  INDICATES TRACE AMOUNT.




$$
