000
CDUS41 KBOX 060553
CLIBOS


CLIMATE REPORT
NATIONAL WEATHER SERVICE TAUNTON MA
152 AM EDT MON JUL 6 2015


...................................

...THE BOSTON MA CLIMATE SUMMARY FOR JULY 5 2015...

CLIMATE NORMAL PERIOD 1981 TO 2010
CLIMATE RECORD PERIOD 1872 TO 2015


WEATHER ITEM   OBSERVED TIME   RECORD YEAR NORMAL DEPARTURE LAST
                VALUE   (LST)  VALUE       VALUE  FROM      YEAR
                                                  NORMAL
..................................................................
TEMPERATURE (F)
 YESTERDAY
  MAXIMUM         83    526 PM 101    1919  81      2       80
  MINIMUM         61    256 AM  52    1933  65     -4       59
  AVERAGE         72                        73     -1       70

PRECIPITATION (IN)
  YESTERDAY        0.00          1.12 1944   0.09  -0.09     0.35
  MONTH TO DATE    0.54                      0.45   0.09     2.51
  SINCE JUN 1      5.55                      4.13   1.42     5.13
  SINCE JAN 1     19.04                     22.29  -3.25    23.08

SNOWFALL (IN)
  YESTERDAY        0.0           0.0  2002   0.0    0.0      0.0
                                      2001
                                      2000
  MONTH TO DATE    0.0                       0.0    0.0      0.0
  SINCE JUN 1      0.0                       0.0    0.0      0.0
  SINCE JUL 1      0.0                       0.0    0.0      0.0
  SNOW DEPTH      MM

DEGREE DAYS
 HEATING
  YESTERDAY        0                         0      0        0
  MONTH TO DATE    0                         0      0        0
  SINCE JUN 1     98                        55     43       28
  SINCE JUL 1      0                         0      0        0

 COOLING
  YESTERDAY        7                         8     -1        5
  MONTH TO DATE   28                        39    -11       57
  SINCE JUN 1    125                       175    -50      195
  SINCE JAN 1    186                       205    -19      217
..................................................................


WIND (MPH)
  RESULTANT WIND SPEED   4   RESULTANT WIND DIRECTION   W (250)
  HIGHEST WIND SPEED    13   HIGHEST WIND DIRECTION    SW (230)
  HIGHEST GUST SPEED    22   HIGHEST GUST DIRECTION     W (260)
  AVERAGE WIND SPEED     8.0


SKY COVER
  POSSIBLE SUNSHINE  MM
  AVERAGE SKY COVER 0.2


WEATHER CONDITIONS
 THE FOLLOWING WEATHER WAS RECORDED YESTERDAY.
  NO SIGNIFICANT WEATHER WAS OBSERVED.


RELATIVE HUMIDITY (PERCENT)
 HIGHEST    90           100 AM
 LOWEST     43           500 PM
 AVERAGE    67

..........................................................


THE BOSTON MA CLIMATE NORMALS FOR TODAY
                         NORMAL    RECORD    YEAR
 MAXIMUM TEMPERATURE (F)   81       101      1911
 MINIMUM TEMPERATURE (F)   65        50      1879


SUNRISE AND SUNSET
JULY  6 2015..........SUNRISE   514 AM EDT   SUNSET   824 PM EDT
JULY  7 2015..........SUNRISE   514 AM EDT   SUNSET   823 PM EDT


-  INDICATES NEGATIVE NUMBERS.
R  INDICATES RECORD WAS SET OR TIED.
MM INDICATES DATA IS MISSING.
T  INDICATES TRACE AMOUNT.




$$
