000
CDUS41 KBOX 260543
CLIBOS


CLIMATE REPORT
NATIONAL WEATHER SERVICE TAUNTON MA
1241 AM EST SUN FEB 26 2017


...................................

...THE BOSTON MA CLIMATE SUMMARY FOR FEBRUARY 25 2017...

CLIMATE NORMAL PERIOD 1981 TO 2010
CLIMATE RECORD PERIOD 1872 TO 2017


WEATHER ITEM   OBSERVED TIME   RECORD YEAR NORMAL DEPARTURE LAST
                VALUE   (LST)  VALUE       VALUE  FROM      YEAR
                                                  NORMAL
..................................................................
TEMPERATURE (F)
 YESTERDAY
  MAXIMUM         69R   132 PM  65    1930  41     28       62
  MINIMUM         49   1159 PM  -6    1894  27     22       41
  AVERAGE         59                        34     25       52

PRECIPITATION (IN)
  YESTERDAY        0.10          2.15 1981   0.13  -0.03     0.81
  MONTH TO DATE    3.22                      2.86   0.36     4.17
  SINCE DEC 1     10.72                     10.00   0.72    11.72
  SINCE JAN 1      7.47                      6.22   1.25     7.44

SNOWFALL (IN)
  YESTERDAY        0.0           9.0  1966   0.4   -0.4      0.0
  MONTH TO DATE   21.5                       9.8   11.7     15.0
  SINCE DEC 1     36.3                      31.7    4.6     25.4
  SINCE JUL 1     36.3                      33.0    3.3     25.4
  SNOW DEPTH      MM

DEGREE DAYS
 HEATING
  YESTERDAY        6                        31    -25       13
  MONTH TO DATE  723                       838   -115      776
  SINCE DEC 1   2558                      2893   -335     2380
  SINCE JUL 1   3473                      3948   -475     3235

 COOLING
  YESTERDAY        0                         0      0        0
  MONTH TO DATE    0                         0      0        0
  SINCE DEC 1      0                         0      0        0
  SINCE JAN 1      0                         0      0        0
..................................................................


WIND (MPH)
  RESULTANT WIND SPEED  11   RESULTANT WIND DIRECTION   S (180)
  HIGHEST WIND SPEED    22   HIGHEST WIND DIRECTION     S (160)
  HIGHEST GUST SPEED    28   HIGHEST GUST DIRECTION     W (290)
  AVERAGE WIND SPEED    11.0


SKY COVER
  POSSIBLE SUNSHINE  MM
  AVERAGE SKY COVER 0.8


WEATHER CONDITIONS
 THE FOLLOWING WEATHER WAS RECORDED YESTERDAY.
  HEAVY RAIN
  LIGHT RAIN
  FOG


RELATIVE HUMIDITY (PERCENT)
 HIGHEST   100           200 AM
 LOWEST     58           200 PM
 AVERAGE    79

..........................................................


THE BOSTON MA CLIMATE NORMALS FOR TODAY
                         NORMAL    RECORD    YEAR
 MAXIMUM TEMPERATURE (F)   41        68      1957
 MINIMUM TEMPERATURE (F)   27        -1      1928


SUNRISE AND SUNSET
FEBRUARY 26 2017......SUNRISE   624 AM EST   SUNSET   531 PM EST
FEBRUARY 27 2017......SUNRISE   622 AM EST   SUNSET   532 PM EST


-  INDICATES NEGATIVE NUMBERS.
R  INDICATES RECORD WAS SET OR TIED.
MM INDICATES DATA IS MISSING.
T  INDICATES TRACE AMOUNT.




$$
