000
CDUS41 KBOX 252134
CLIBOS


CLIMATE REPORT
NATIONAL WEATHER SERVICE TAUNTON MA
528 PM EDT TUE APR 25 2017


...................................

...THE BOSTON MA CLIMATE SUMMARY FOR APRIL 25 2017...
VALID AS OF 0500 PM LOCAL TIME.

CLIMATE NORMAL PERIOD 1981 TO 2010
CLIMATE RECORD PERIOD 1872 TO 2017


WEATHER ITEM   OBSERVED TIME   RECORD YEAR NORMAL DEPARTURE LAST
                VALUE   (LST)  VALUE       VALUE  FROM      YEAR
                                                  NORMAL
..................................................................
TEMPERATURE (F)
 TODAY
  MAXIMUM         50   1213 AM  83    2009  59     -9       57
                                      1982
  MINIMUM         45    145 PM  27    1892  44      1       44
  AVERAGE         48                        51     -3       51

PRECIPITATION (IN)
  TODAY            0.57          2.10 1901   0.11   0.46     0.00
  MONTH TO DATE    4.83                      3.17   1.66     2.64
  SINCE MAR 1      9.01                      7.49   1.52     5.80
  SINCE JAN 1     16.48                     14.10   2.38    13.24

SNOWFALL (IN)
  TODAY            0.0           T    2002   0.1   -0.1      0.0
                                      1955
  MONTH TO DATE    1.2                       1.9   -0.7      6.6
  SINCE MAR 1     11.3                       9.7    1.6     10.7
  SINCE JUL 1     47.6                      43.8    3.8     36.1
  SNOW DEPTH      MM

DEGREE DAYS
 HEATING
  TODAY           17                        14      3       14
  MONTH TO DATE  379                       445    -66      447
  SINCE MAR 1   1330                      1274     56     1135
  SINCE JUL 1   4869                      5316   -447     4465

 COOLING
  TODAY            0                         0      0        0
  MONTH TO DATE   10                         0     10        3
  SINCE MAR 1     10                         0     10        3
  SINCE JAN 1     10                         0     10        3
..................................................................


WIND (MPH)
  HIGHEST WIND SPEED    25   HIGHEST WIND DIRECTION    NE (40)
  HIGHEST GUST SPEED    31   HIGHEST GUST DIRECTION    NE (40)
  AVERAGE WIND SPEED    15.6


SKY COVER
  POSSIBLE SUNSHINE  MM
  AVERAGE SKY COVER 0.9


WEATHER CONDITIONS
 THE FOLLOWING WEATHER WAS RECORDED TODAY.
  HEAVY RAIN
  RAIN
  LIGHT RAIN
  FOG


RELATIVE HUMIDITY (PERCENT)
 HIGHEST   100           600 AM
 LOWEST     77          1100 AM
 AVERAGE    89

..........................................................


THE BOSTON MA CLIMATE NORMALS FOR TOMORROW
                         NORMAL    RECORD    YEAR
 MAXIMUM TEMPERATURE (F)   59        87      2009
 MINIMUM TEMPERATURE (F)   44        28      1919


SUNRISE AND SUNSET
APRIL 25 2017.........SUNRISE   547 AM EDT   SUNSET   737 PM EDT
APRIL 26 2017.........SUNRISE   546 AM EDT   SUNSET   738 PM EDT


-  INDICATES NEGATIVE NUMBERS.
R  INDICATES RECORD WAS SET OR TIED.
MM INDICATES DATA IS MISSING.
T  INDICATES TRACE AMOUNT.




$$
