000
CDUS41 KBOX 040601
CLIBOS


CLIMATE REPORT
NATIONAL WEATHER SERVICE TAUNTON MA
150 AM EDT FRI SEP 4 2015


...................................

...THE BOSTON MA CLIMATE SUMMARY FOR SEPTEMBER 3 2015...

CLIMATE NORMAL PERIOD 1981 TO 2010
CLIMATE RECORD PERIOD 1872 TO 2015


WEATHER ITEM   OBSERVED TIME   RECORD YEAR NORMAL DEPARTURE LAST
                VALUE   (LST)  VALUE       VALUE  FROM      YEAR
                                                  NORMAL
..................................................................
TEMPERATURE (F)
 YESTERDAY
  MAXIMUM         82   1228 PM  97    1929  76      6       85
  MINIMUM         70   1021 PM  47    1893  62      8       72
                                      1885
  AVERAGE         76                        69      7       79

PRECIPITATION (IN)
  YESTERDAY        0.01          3.15 1972   0.10  -0.09     0.00
  MONTH TO DATE    0.01                      0.30  -0.29     0.01
  SINCE SEP 1      0.01                      0.30  -0.29     0.01
  SINCE JAN 1     22.79                     28.92  -6.13    26.90

SNOWFALL (IN)
  YESTERDAY        0.0           0.0  2002   0.0    0.0      0.0
                                      2001
                                      2000
  MONTH TO DATE    0.0                       0.0    0.0      0.0
  SINCE SEP 1      0.0                       0.0    0.0      0.0
  SINCE JUL 1      0.0                       0.0    0.0      0.0
  SNOW DEPTH      MM

DEGREE DAYS
 HEATING
  YESTERDAY        0                         1     -1        0
  MONTH TO DATE    0                         3     -3        0
  SINCE SEP 1      0                         3     -3        0
  SINCE JUL 1      1                        16    -15        0

 COOLING
  YESTERDAY       11                         5      6       14
  MONTH TO DATE   34                        15     19       45
  SINCE SEP 1     34                        15     19       45
  SINCE JAN 1    784                       674    110      684
..................................................................


WIND (MPH)
  RESULTANT WIND SPEED   2   RESULTANT WIND DIRECTION   E (100)
  HIGHEST WIND SPEED    12   HIGHEST WIND DIRECTION    NE (30)
  HIGHEST GUST SPEED    14   HIGHEST GUST DIRECTION    NE (40)
  AVERAGE WIND SPEED     5.5


SKY COVER
  POSSIBLE SUNSHINE  MM
  AVERAGE SKY COVER 0.5


WEATHER CONDITIONS
 THE FOLLOWING WEATHER WAS RECORDED YESTERDAY.
  THUNDERSTORM
  LIGHT RAIN
  FOG
  HAZE


RELATIVE HUMIDITY (PERCENT)
 HIGHEST    84           900 PM
 LOWEST     62           900 AM
 AVERAGE    73

..........................................................


THE BOSTON MA CLIMATE NORMALS FOR TODAY
                         NORMAL    RECORD    YEAR
 MAXIMUM TEMPERATURE (F)   76        94      1973
                                             1884
 MINIMUM TEMPERATURE (F)   61        43      1872


SUNRISE AND SUNSET
SEPTEMBER  4 2015.....SUNRISE   612 AM EDT   SUNSET   713 PM EDT
SEPTEMBER  5 2015.....SUNRISE   613 AM EDT   SUNSET   712 PM EDT


-  INDICATES NEGATIVE NUMBERS.
R  INDICATES RECORD WAS SET OR TIED.
MM INDICATES DATA IS MISSING.
T  INDICATES TRACE AMOUNT.




$$
