000
CDUS41 KBOX 212150
CLIBOS


CLIMATE REPORT
NATIONAL WEATHER SERVICE TAUNTON MA
547 PM EDT FRI JUL 21 2017


...................................

...THE BOSTON MA CLIMATE SUMMARY FOR JULY 21 2017...
VALID TODAY AS OF 0500 PM LOCAL TIME.

CLIMATE NORMAL PERIOD 1981 TO 2010
CLIMATE RECORD PERIOD 1872 TO 2017


WEATHER ITEM   OBSERVED TIME   RECORD YEAR NORMAL DEPARTURE LAST
                VALUE   (LST)  VALUE       VALUE  FROM      YEAR
                                                  NORMAL
..................................................................
TEMPERATURE (F)
 TODAY
  MAXIMUM         91    359 PM 102    1977  82      9       91
  MINIMUM         73    530 AM  52    1890  66      7       67
  AVERAGE         82                        74      8       79

PRECIPITATION (IN)
  TODAY            0.00          2.33 1938   0.12  -0.12     0.00
  MONTH TO DATE    2.57                      2.21   0.36     0.66
  SINCE JUN 1      7.42                      5.89   1.53     1.99
  SINCE JAN 1     28.25                     24.05   4.20    18.33

SNOWFALL (IN)
  TODAY            0.0           T    1954   0.0    0.0      0.0
  MONTH TO DATE    0.0                       0.0    0.0      0.0
  SINCE JUN 1      0.0                       0.0    0.0      0.0
  SINCE JUL 1      0.0                       0.0    0.0      0.0
  SNOW DEPTH      MM

DEGREE DAYS
 HEATING
  TODAY            0                         0      0        0
  MONTH TO DATE    2                         0      2        7
  SINCE JUN 1     52                        55     -3       24
  SINCE JUL 1      2                         0      2        7

 COOLING
  TODAY           17                         9      8       14
  MONTH TO DATE  206                       178     28      208
  SINCE JUN 1    397                       314     83      337
  SINCE JAN 1    457                       344    113      382
..................................................................


WIND (MPH)
  HIGHEST WIND SPEED    15   HIGHEST WIND DIRECTION     W (260)
  HIGHEST GUST SPEED    21   HIGHEST GUST DIRECTION     W (290)
  AVERAGE WIND SPEED     8.4


SKY COVER
  POSSIBLE SUNSHINE  MM
  AVERAGE SKY COVER 0.2


WEATHER CONDITIONS
 THE FOLLOWING WEATHER WAS RECORDED TODAY.
  NO SIGNIFICANT WEATHER WAS OBSERVED.


RELATIVE HUMIDITY (PERCENT)
 HIGHEST    69          1200 AM
 LOWEST     34           300 PM
 AVERAGE    52

..........................................................


THE BOSTON MA CLIMATE NORMALS FOR TOMORROW
                         NORMAL    RECORD    YEAR
 MAXIMUM TEMPERATURE (F)   82       103      2011
                                             1926
 MINIMUM TEMPERATURE (F)   66        55      1890


SUNRISE AND SUNSET
JULY 21 2017..........SUNRISE   526 AM EDT   SUNSET   814 PM EDT
JULY 22 2017..........SUNRISE   527 AM EDT   SUNSET   814 PM EDT


-  INDICATES NEGATIVE NUMBERS.
R  INDICATES RECORD WAS SET OR TIED.
MM INDICATES DATA IS MISSING.
T  INDICATES TRACE AMOUNT.




$$
