000
CDUS45 KRIW 220734
CLIBPI


CLIMATE REPORT
NATIONAL WEATHER SERVICE RIVERTON WY
133 AM MDT SUN OCT 22 2017


...................................

...THE BIG PINEY WY CLIMATE SUMMARY FOR OCTOBER 21 2017...

CLIMATE NORMAL PERIOD 1981 TO 2010
CLIMATE RECORD PERIOD 1976 TO 2017


WEATHER ITEM   OBSERVED TIME   RECORD YEAR NORMAL DEPARTURE LAST
                VALUE   (LST)  VALUE       VALUE  FROM      YEAR
                                                  NORMAL
..................................................................
TEMPERATURE (F)
 YESTERDAY
  MAXIMUM         41    225 PM  76    2003  53    -12       51
  MINIMUM         15    631 AM   7    1976  20     -5       16
  AVERAGE         28                        36     -8       34

PRECIPITATION (IN)
  YESTERDAY        0.00          T    2008   0.01  -0.01     0.00
                                      1986
  MONTH TO DATE    0.01                      0.42  -0.41     2.10
  SINCE SEP 1      1.73                      1.20   0.53     3.66
  SINCE JAN 1      8.83                      5.86   2.97    11.14

DEGREE DAYS
 HEATING
  YESTERDAY       37                        29      8       31
  MONTH TO DATE  602                       520     82      538
  SINCE SEP 1   1028                       978     50      907
  SINCE JUL 1   1215                      1271    -56     1190

 COOLING
  YESTERDAY        0                         0      0        0
  MONTH TO DATE    0                         0      0        0
  SINCE SEP 1      0                         0      0        0
  SINCE JAN 1     27                        35     -8       23
..................................................................


WIND (MPH)
  HIGHEST WIND SPEED    21   HIGHEST WIND DIRECTION    NW (310)
  HIGHEST GUST SPEED    27   HIGHEST GUST DIRECTION    NW (300)
  AVERAGE WIND SPEED     6.8


SKY COVER
  POSSIBLE SUNSHINE  MM
  AVERAGE SKY COVER 0.3


WEATHER CONDITIONS
 THE FOLLOWING WEATHER WAS RECORDED YESTERDAY.
  NO SIGNIFICANT WEATHER WAS OBSERVED.


RELATIVE HUMIDITY (PERCENT)
 HIGHEST    92           600 AM
 LOWEST     30           100 PM
 AVERAGE    61

..........................................................


THE BIG PINEY WY CLIMATE NORMALS FOR TODAY
                         NORMAL    RECORD    YEAR
 MAXIMUM TEMPERATURE (F)   53        73      2003
 MINIMUM TEMPERATURE (F)   19         4      1990
                                             1976


SUNRISE AND SUNSET
OCTOBER 22 2017.......SUNRISE   742 AM MDT   SUNSET   627 PM MDT
OCTOBER 23 2017.......SUNRISE   743 AM MDT   SUNSET   625 PM MDT


-  INDICATES NEGATIVE NUMBERS.
R  INDICATES RECORD WAS SET OR TIED.
MM INDICATES DATA IS MISSING.
T  INDICATES TRACE AMOUNT.




$$
