000
CDUS45 KRIW 290030
CLIBPI


CLIMATE REPORT
NATIONAL WEATHER SERVICE RIVERTON WY
629 PM MDT WED JUN 28 2017


...................................

...THE BIG PINEY WY CLIMATE SUMMARY FOR JUNE 28 2017...
VALID TODAY AS OF 0500 PM LOCAL TIME.

CLIMATE NORMAL PERIOD 1981 TO 2010
CLIMATE RECORD PERIOD 1976 TO 2017


WEATHER ITEM   OBSERVED TIME   RECORD YEAR NORMAL DEPARTURE LAST
                VALUE   (LST)  VALUE       VALUE  FROM      YEAR
                                                  NORMAL
..................................................................
TEMPERATURE (F)
 TODAY
  MAXIMUM         76        MM  93    2013  77     -1       89
  MINIMUM         35        MM  30    1984  41     -6       40
                                      1980
  AVERAGE         56

PRECIPITATION (IN)
  TODAY            0.00          0.40 1996   0.02  -0.02     0.00
  MONTH TO DATE    0.14                      0.75  -0.61     0.51
  SINCE JUN 1      0.14                      0.75  -0.61     0.51
  SINCE JAN 1      5.60                      3.22   2.38     6.56

DEGREE DAYS
 HEATING
  TODAY            9                         7      2        0
  MONTH TO DATE  241                       292    -51      174
  SINCE JUN 1    241                       292    -51      174
  SINCE JUL 1  10204                     10418   -214     9439

 COOLING
  TODAY            0                         0      0        0
  MONTH TO DATE    1                         0      1        1
  SINCE JUN 1      1                         0      1        1
  SINCE JAN 1      1                         0      1        1
..................................................................


WIND (MPH)
  HIGHEST WIND SPEED    32   HIGHEST WIND DIRECTION    NW (300)
  HIGHEST GUST SPEED    64   HIGHEST GUST DIRECTION    NW (310)
  AVERAGE WIND SPEED    12.1


SKY COVER
  POSSIBLE SUNSHINE  MM
  AVERAGE SKY COVER 0.2


WEATHER CONDITIONS
 THE FOLLOWING WEATHER WAS RECORDED TODAY.
  NO SIGNIFICANT WEATHER WAS OBSERVED.


RELATIVE HUMIDITY (PERCENT)
 HIGHEST    92           300 AM
 LOWEST     18          1200 PM
 AVERAGE    55

..........................................................


THE BIG PINEY WY CLIMATE NORMALS FOR TOMORROW
                         NORMAL    RECORD    YEAR
 MAXIMUM TEMPERATURE (F)   77        90      2007
 MINIMUM TEMPERATURE (F)   41        31      1999


SUNRISE AND SUNSET
JUNE 28 2017..........SUNRISE   545 AM MDT   SUNSET   902 PM MDT
JUNE 29 2017..........SUNRISE   546 AM MDT   SUNSET   902 PM MDT


-  INDICATES NEGATIVE NUMBERS.
R  INDICATES RECORD WAS SET OR TIED.
MM INDICATES DATA IS MISSING.
T  INDICATES TRACE AMOUNT.




$$
