000
CDUS45 KRIW 030738
CLIBPI


CLIMATE REPORT
NATIONAL WEATHER SERVICE RIVERTON WY
1238 AM MST TUE MAR 3 2015


...................................

...THE BIG PINEY WY CLIMATE SUMMARY FOR MARCH 2 2015...

CLIMATE NORMAL PERIOD 1981 TO 2010
CLIMATE RECORD PERIOD 1976 TO 2015


WEATHER ITEM   OBSERVED TIME   RECORD YEAR NORMAL DEPARTURE LAST
                VALUE   (LST)  VALUE       VALUE  FROM      YEAR
                                                  NORMAL
..................................................................
TEMPERATURE (F)
 YESTERDAY
  MAXIMUM         32    251 PM  56    1994  35     -3       39
  MINIMUM         10    445 AM -19    2002   7      3       14
  AVERAGE         21                        21      0       27

PRECIPITATION (IN)
  YESTERDAY        T             0.05 1997   0.01  -0.01     0.00
  MONTH TO DATE    T                         0.02  -0.02     0.06
  SINCE MAR 1      T                         0.02  -0.02     0.06
  SINCE JAN 1      0.06                      0.68  -0.62     0.10

DEGREE DAYS
 HEATING
  YESTERDAY       44                        44      0       38
  MONTH TO DATE   90                        89      1       73
  SINCE MAR 1     90                        89      1       73
  SINCE JUL 1   6190                      7612  -1422     7017

 COOLING
  YESTERDAY        0                         0      0        0
  MONTH TO DATE    0                         0      0        0
  SINCE MAR 1      0                         0      0        0
  SINCE JAN 1      0                         0      0        0
..................................................................


WIND (MPH)
  HIGHEST WIND SPEED    15   HIGHEST WIND DIRECTION    NW (320)
  HIGHEST GUST SPEED    19   HIGHEST GUST DIRECTION    NW (330)
  AVERAGE WIND SPEED     3.9


SKY COVER
  POSSIBLE SUNSHINE  MM
  AVERAGE SKY COVER 0.7


WEATHER CONDITIONS
 THE FOLLOWING WEATHER WAS RECORDED YESTERDAY.
  LIGHT SNOW
  FOG


RELATIVE HUMIDITY (PERCENT)
 HIGHEST    92           100 AM
 LOWEST     50          1200 PM
 AVERAGE    71

..........................................................


THE BIG PINEY WY CLIMATE NORMALS FOR TODAY
                         NORMAL    RECORD    YEAR
 MAXIMUM TEMPERATURE (F)   35        55      1994
 MINIMUM TEMPERATURE (F)    7       -12      2002


SUNRISE AND SUNSET
MARCH  3 2015.........SUNRISE   653 AM MST   SUNSET   612 PM MST
MARCH  4 2015.........SUNRISE   651 AM MST   SUNSET   614 PM MST


-  INDICATES NEGATIVE NUMBERS.
R  INDICATES RECORD WAS SET OR TIED.
MM INDICATES DATA IS MISSING.
T  INDICATES TRACE AMOUNT.




$$
