292
CDUS45 KRIW 240742
CLIBPI


CLIMATE REPORT
NATIONAL WEATHER SERVICE RIVERTON WY
141 AM MDT THU AUG 24 2017


...................................

...THE BIG PINEY WY CLIMATE SUMMARY FOR AUGUST 23 2017...

CLIMATE NORMAL PERIOD 1981 TO 2010
CLIMATE RECORD PERIOD 1976 TO 2017


WEATHER ITEM   OBSERVED TIME   RECORD YEAR NORMAL DEPARTURE LAST
                VALUE   (LST)  VALUE       VALUE  FROM      YEAR
                                                  NORMAL
..................................................................
TEMPERATURE (F)
 YESTERDAY
  MAXIMUM         75    438 PM  88    2011  78     -3       78
  MINIMUM         41    442 AM  27    1988  39      2       33
  AVERAGE         58                        58      0       56

PRECIPITATION (IN)
  YESTERDAY        T             0.70 1995   0.02  -0.02     0.00
  MONTH TO DATE    0.60                      0.52   0.08     0.38
  SINCE JUN 1      1.60                      2.02  -0.42     1.36
  SINCE JAN 1      7.06                      4.49   2.57     7.41

DEGREE DAYS
 HEATING
  YESTERDAY        7                         7      0        9
  MONTH TO DATE  121                       109     12      106
  SINCE JUN 1    424                       531   -107      388
  SINCE JUL 1    153                       226    -73      210

 COOLING
  YESTERDAY        0                         0      0        0
  MONTH TO DATE    2                        12    -10        2
  SINCE JUN 1     27                        36     -9       23
  SINCE JAN 1     27                        36     -9       23
..................................................................


WIND (MPH)
  HIGHEST WIND SPEED    23   HIGHEST WIND DIRECTION    NW (310)
  HIGHEST GUST SPEED    27   HIGHEST GUST DIRECTION    NW (310)
  AVERAGE WIND SPEED     8.4


SKY COVER
  POSSIBLE SUNSHINE  MM
  AVERAGE SKY COVER 0.4


WEATHER CONDITIONS
 THE FOLLOWING WEATHER WAS RECORDED YESTERDAY.
  THUNDERSTORM


RELATIVE HUMIDITY (PERCENT)
 HIGHEST    80          1100 PM
 LOWEST     27          1200 PM
 AVERAGE    54

..........................................................


THE BIG PINEY WY CLIMATE NORMALS FOR TODAY
                         NORMAL    RECORD    YEAR
 MAXIMUM TEMPERATURE (F)   77        89      2015
 MINIMUM TEMPERATURE (F)   38        24      1992


SUNRISE AND SUNSET
AUGUST 24 2017........SUNRISE   637 AM MDT   SUNSET   807 PM MDT
AUGUST 25 2017........SUNRISE   638 AM MDT   SUNSET   806 PM MDT


-  INDICATES NEGATIVE NUMBERS.
R  INDICATES RECORD WAS SET OR TIED.
MM INDICATES DATA IS MISSING.
T  INDICATES TRACE AMOUNT.




$$
