000
CDUS45 KRIW 230729
CLIBPI


CLIMATE REPORT
NATIONAL WEATHER SERVICE RIVERTON WY
128 AM MDT SUN APR 23 2017


...................................

...THE BIG PINEY WY CLIMATE SUMMARY FOR APRIL 22 2017...

CLIMATE NORMAL PERIOD 1981 TO 2010
CLIMATE RECORD PERIOD 1976 TO 2017


WEATHER ITEM   OBSERVED TIME   RECORD YEAR NORMAL DEPARTURE LAST
                VALUE   (LST)  VALUE       VALUE  FROM      YEAR
                                                  NORMAL
..................................................................
TEMPERATURE (F)
 YESTERDAY
  MAXIMUM         54    356 PM  75    2012  54      0       71
  MINIMUM         20    551 AM  10    2008  23     -3       33
  AVERAGE         37                        39     -2       52

PRECIPITATION (IN)
  YESTERDAY        0.00          0.66 2010   0.01  -0.01     0.00
  MONTH TO DATE    0.84                      0.35   0.49     0.86
  SINCE MAR 1      2.29                      0.79   1.50     1.68
  SINCE JAN 1      4.03                      1.45   2.58     1.85

DEGREE DAYS
 HEATING
  YESTERDAY       28                        26      2       13
  MONTH TO DATE  617                       636    -19      540
  SINCE MAR 1   1728                      1808    -80     1604
  SINCE JUL 1   9158                      9331   -173     8458

 COOLING
  YESTERDAY        0                         0      0        0
  MONTH TO DATE    0                         0      0        0
  SINCE MAR 1      0                         0      0        0
  SINCE JAN 1      0                         0      0        0
..................................................................


WIND (MPH)
  HIGHEST WIND SPEED    17   HIGHEST WIND DIRECTION    SW (210)
  HIGHEST GUST SPEED    22   HIGHEST GUST DIRECTION     S (200)
  AVERAGE WIND SPEED     6.8


SKY COVER
  POSSIBLE SUNSHINE  MM
  AVERAGE SKY COVER 0.1


WEATHER CONDITIONS
 THE FOLLOWING WEATHER WAS RECORDED YESTERDAY.
  NO SIGNIFICANT WEATHER WAS OBSERVED.


RELATIVE HUMIDITY (PERCENT)
 HIGHEST    88           200 AM
 LOWEST     26           300 PM
 AVERAGE    57

..........................................................


THE BIG PINEY WY CLIMATE NORMALS FOR TODAY
                         NORMAL    RECORD    YEAR
 MAXIMUM TEMPERATURE (F)   55        77      2012
 MINIMUM TEMPERATURE (F)   24        -5      2013


SUNRISE AND SUNSET
APRIL 23 2017.........SUNRISE   626 AM MDT   SUNSET   812 PM MDT
APRIL 24 2017.........SUNRISE   625 AM MDT   SUNSET   813 PM MDT


-  INDICATES NEGATIVE NUMBERS.
R  INDICATES RECORD WAS SET OR TIED.
MM INDICATES DATA IS MISSING.
T  INDICATES TRACE AMOUNT.




$$
