994
CDUS45 KRIW 030733
CLIBPI


CLIMATE REPORT
NATIONAL WEATHER SERVICE RIVERTON WY
133 AM MDT TUE MAY 3 2016


...................................

...THE BIG PINEY WY CLIMATE SUMMARY FOR MAY 2 2016...

CLIMATE NORMAL PERIOD 1981 TO 2010
CLIMATE RECORD PERIOD 1976 TO 2016


WEATHER ITEM   OBSERVED TIME   RECORD YEAR NORMAL DEPARTURE LAST
                VALUE   (LST)  VALUE       VALUE  FROM      YEAR
                                                  NORMAL
..................................................................
TEMPERATURE (F)
 YESTERDAY
  MAXIMUM         60    507 PM  73    2000  57      3       71
  MINIMUM         15    512 AM  12    2001  26    -11       29
  AVERAGE         38                        42     -4       50

PRECIPITATION (IN)
  YESTERDAY        0.00          0.42 2009   0.03  -0.03      T
  MONTH TO DATE    0.00                      0.05  -0.05      T
  SINCE MAR 1      1.89                      1.02   0.87     0.62
  SINCE JAN 1      2.06                      1.68   0.38     0.68

DEGREE DAYS
 HEATING
  YESTERDAY       27                        23      4       15
  MONTH TO DATE   53                        47      6       33
  SINCE MAR 1   1861                      2055   -194     1743
  SINCE JUL 1   8715                      9578   -863     7843

 COOLING
  YESTERDAY        0                         0      0        0
  MONTH TO DATE    0                         0      0        0
  SINCE MAR 1      0                         0      0        0
  SINCE JAN 1      0                         0      0        0
..................................................................


WIND (MPH)
  HIGHEST WIND SPEED    12   HIGHEST WIND DIRECTION    NE (30)
  HIGHEST GUST SPEED    16   HIGHEST GUST DIRECTION     S (180)
  AVERAGE WIND SPEED     5.2


SKY COVER
  POSSIBLE SUNSHINE  MM
  AVERAGE SKY COVER 0.0


WEATHER CONDITIONS
 THE FOLLOWING WEATHER WAS RECORDED YESTERDAY.
  NO SIGNIFICANT WEATHER WAS OBSERVED.


RELATIVE HUMIDITY (PERCENT)
 HIGHEST    88           500 AM
 LOWEST      9           400 PM
 AVERAGE    49

..........................................................


THE BIG PINEY WY CLIMATE NORMALS FOR TODAY
                         NORMAL    RECORD    YEAR
 MAXIMUM TEMPERATURE (F)   58        75      2000
 MINIMUM TEMPERATURE (F)   26         1      1984


SUNRISE AND SUNSET
MAY  3 2016...........SUNRISE   612 AM MDT   SUNSET   823 PM MDT
MAY  4 2016...........SUNRISE   610 AM MDT   SUNSET   824 PM MDT


-  INDICATES NEGATIVE NUMBERS.
R  INDICATES RECORD WAS SET OR TIED.
MM INDICATES DATA IS MISSING.
T  INDICATES TRACE AMOUNT.




$$
