566
CDUS45 KRIW 050037
CLIBPI


CLIMATE REPORT
NATIONAL WEATHER SERVICE RIVERTON WY
537 PM MST SUN DEC 4 2016


...................................

...THE BIG PINEY WY CLIMATE SUMMARY FOR DECEMBER 4 2016...
VALID TODAY AS OF 0500 PM LOCAL TIME.

CLIMATE NORMAL PERIOD 1981 TO 2010
CLIMATE RECORD PERIOD 1976 TO 2016


WEATHER ITEM   OBSERVED TIME   RECORD YEAR NORMAL DEPARTURE LAST
                VALUE   (LST)  VALUE       VALUE  FROM      YEAR
                                                  NORMAL
..................................................................
TEMPERATURE (F)
 TODAY
  MAXIMUM         37        MM  48    2007  28      9       28
  MINIMUM          3    300 AM -31    1992   2      1        0
  AVERAGE         20

PRECIPITATION (IN)
  TODAY            0.00          0.50 1978   0.01  -0.01     0.00
  MONTH TO DATE    0.01                      0.04  -0.03     0.00
  SINCE DEC 1      0.01                      0.04  -0.03     0.00
  SINCE JAN 1     12.05                      6.22   5.83     6.76

DEGREE DAYS
 HEATING
  TODAY           45                        50     -5       51
  MONTH TO DATE  192                       198     -6      221
  SINCE DEC 1    192                       198     -6      221
  SINCE JUL 1   2641                      3013   -372     2702

 COOLING
  TODAY            0                         0      0        0
  MONTH TO DATE    0                         0      0        0
  SINCE DEC 1      0                         0      0        0
  SINCE JAN 1     23                        35    -12       53
..................................................................


WIND (MPH)
  HIGHEST WIND SPEED    30   HIGHEST WIND DIRECTION     W (280)
  HIGHEST GUST SPEED    43   HIGHEST GUST DIRECTION     W (280)
  AVERAGE WIND SPEED     6.3


SKY COVER
  POSSIBLE SUNSHINE  MM
  AVERAGE SKY COVER 0.5


WEATHER CONDITIONS
 THE FOLLOWING WEATHER WAS RECORDED TODAY.
  NO SIGNIFICANT WEATHER WAS OBSERVED.


RELATIVE HUMIDITY (PERCENT)
 HIGHEST    96          1200 AM
 LOWEST     56           200 PM
 AVERAGE    76

..........................................................


THE BIG PINEY WY CLIMATE NORMALS FOR TOMORROW
                         NORMAL    RECORD    YEAR
 MAXIMUM TEMPERATURE (F)   28        45      2014
 MINIMUM TEMPERATURE (F)    1       -33      1992


SUNRISE AND SUNSET
DECEMBER  4 2016......SUNRISE   734 AM MST   SUNSET   447 PM MST
DECEMBER  5 2016......SUNRISE   735 AM MST   SUNSET   447 PM MST


-  INDICATES NEGATIVE NUMBERS.
R  INDICATES RECORD WAS SET OR TIED.
MM INDICATES DATA IS MISSING.
T  INDICATES TRACE AMOUNT.




$$
