000
CDUS45 KRIW 260040
CLIBPI


CLIMATE REPORT
NATIONAL WEATHER SERVICE RIVERTON WY
533 PM MST SUN JAN 25 2015


...................................

...THE BIG PINEY WY CLIMATE SUMMARY FOR JANUARY 25 2015...
VALID TODAY AS OF 0500 PM LOCAL TIME.

CLIMATE NORMAL PERIOD 1981 TO 2010
CLIMATE RECORD PERIOD 1976 TO 2015


WEATHER ITEM   OBSERVED TIME   RECORD YEAR NORMAL DEPARTURE LAST
                VALUE   (LST)  VALUE       VALUE  FROM      YEAR
                                                  NORMAL
..................................................................
TEMPERATURE (F)
 TODAY
  MAXIMUM         46R       MM  42    2014  26     20       42
  MINIMUM         17    300 AM -23    1989  -4     21       13
  AVERAGE         32

PRECIPITATION (IN)
  TODAY            0.00          0.20 1997   0.01  -0.01     0.00
  MONTH TO DATE    0.01                      0.26  -0.25     0.01
  SINCE DEC 1      0.13                      0.56  -0.43     0.20
  SINCE JAN 1      0.01                      0.26  -0.25     0.01

DEGREE DAYS
 HEATING
  TODAY           33                        54    -21       37
  MONTH TO DATE 1201                      1350   -149     1187
  SINCE DEC 1   2585                      2974   -389     2841
  SINCE JUL 1   4813                      5789   -976     5306

 COOLING
  TODAY            0                         0      0        0
  MONTH TO DATE    0                         0      0        0
  SINCE DEC 1      0                         0      0        0
  SINCE JAN 1      0                         0      0        0
..................................................................


WIND (MPH)
  HIGHEST WIND SPEED    13   HIGHEST WIND DIRECTION     N (350)
  HIGHEST GUST SPEED    17   HIGHEST GUST DIRECTION    NW (310)
  AVERAGE WIND SPEED     6.0


SKY COVER
  POSSIBLE SUNSHINE  MM
  AVERAGE SKY COVER 0.1


WEATHER CONDITIONS
 THE FOLLOWING WEATHER WAS RECORDED TODAY.
  NO SIGNIFICANT WEATHER WAS OBSERVED.


RELATIVE HUMIDITY (PERCENT)
 HIGHEST    92           200 AM
 LOWEST     49           200 PM
 AVERAGE    71

..........................................................


THE BIG PINEY WY CLIMATE NORMALS FOR TOMORROW
                         NORMAL    RECORD    YEAR
 MAXIMUM TEMPERATURE (F)   26        41      1994
                                             1988
 MINIMUM TEMPERATURE (F)   -4       -25      1996


SUNRISE AND SUNSET
JANUARY 25 2015.......SUNRISE   741 AM MST   SUNSET   525 PM MST
JANUARY 26 2015.......SUNRISE   740 AM MST   SUNSET   526 PM MST


-  INDICATES NEGATIVE NUMBERS.
R  INDICATES RECORD WAS SET OR TIED.
MM INDICATES DATA IS MISSING.
T  INDICATES TRACE AMOUNT.




$$
