000
CDUS45 KRIW 270745
CLIBPI


CLIMATE REPORT
NATIONAL WEATHER SERVICE RIVERTON WY
1239 AM MST THU NOV 27 2014


...................................

...THE BIG PINEY WY CLIMATE SUMMARY FOR NOVEMBER 26 2014...

CLIMATE NORMAL PERIOD 1981 TO 2010
CLIMATE RECORD PERIOD 1976 TO 2014


WEATHER ITEM   OBSERVED TIME   RECORD YEAR NORMAL DEPARTURE LAST
                VALUE   (LST)  VALUE       VALUE  FROM      YEAR
                                                  NORMAL
..................................................................
TEMPERATURE (F)
 YESTERDAY
  MAXIMUM         MM        MM  55    1990  31     MM       37
  MINIMUM         MM        MM -23    1984   5     MM        7
  AVERAGE         MM                        18     MM       22

PRECIPITATION (IN)
  YESTERDAY        0.00          0.18 1997   0.01  -0.01     0.00
  MONTH TO DATE    0.05                      0.19  -0.14     0.29
  SINCE SEP 1      1.30                      1.50  -0.20     1.51
  SINCE JAN 1      4.67                      6.16  -1.49     4.51

DEGREE DAYS
 HEATING
  YESTERDAY       MM                        47     MM       43
  MONTH TO DATE  955                      1044    -89     1029
  SINCE SEP 1   2003                      2331   -328     2189
  SINCE JUL 1   2232                      2624   -392     2290

 COOLING
  YESTERDAY       MM                         0     MM        0
  MONTH TO DATE    0                         0      0        0
  SINCE SEP 1      0                         0      0        5
  SINCE JAN 1     26                        35     -9       89
..................................................................


WIND (MPH)
  HIGHEST WIND SPEED    22   HIGHEST WIND DIRECTION     N (350)
  HIGHEST GUST SPEED    30   HIGHEST GUST DIRECTION    NW (320)
  AVERAGE WIND SPEED    10.4


SKY COVER
  POSSIBLE SUNSHINE  MM
  AVERAGE SKY COVER 0.1


WEATHER CONDITIONS
 THE FOLLOWING WEATHER WAS RECORDED YESTERDAY.
  NO SIGNIFICANT WEATHER WAS OBSERVED.


RELATIVE HUMIDITY (PERCENT)
 HIGHEST    MM
 LOWEST     MM
 AVERAGE    MM

..........................................................


THE BIG PINEY WY CLIMATE NORMALS FOR TODAY
                         NORMAL    RECORD    YEAR
 MAXIMUM TEMPERATURE (F)   31        48      1999
 MINIMUM TEMPERATURE (F)    5       -14      2003
                                             1992


SUNRISE AND SUNSET
NOVEMBER 27 2014......SUNRISE   726 AM MST   SUNSET   450 PM MST
NOVEMBER 28 2014......SUNRISE   727 AM MST   SUNSET   449 PM MST


-  INDICATES NEGATIVE NUMBERS.
R  INDICATES RECORD WAS SET OR TIED.
MM INDICATES DATA IS MISSING.
T  INDICATES TRACE AMOUNT.




$$
