000
CDUS44 KLCH 230819
CLIBPT


CLIMATE REPORT
NATIONAL WEATHER SERVICE LAKE CHARLES, LA
219 AM CST SUN NOV 23 2014


...................................

...THE BEAUMONT PORT ARTHUR CLIMATE SUMMARY FOR NOVEMBER 22 2014...

CLIMATE NORMAL PERIOD 1981 TO 2010
CLIMATE RECORD PERIOD 1901 TO 2014


WEATHER ITEM   OBSERVED TIME   RECORD YEAR NORMAL DEPARTURE LAST
                VALUE   (LST)  VALUE       VALUE  FROM      YEAR
                                                  NORMAL
..................................................................
TEMPERATURE (F)
 YESTERDAY
  MAXIMUM         70    212 PM  84    1942  70      0       75
                                      1905
  MINIMUM         57    709 AM  33    1975  50      7       53
  AVERAGE         64                        60      4       64

PRECIPITATION (IN)
  YESTERDAY        0.92          3.03 1902   0.15   0.77     0.21
  MONTH TO DATE    3.17                      3.23  -0.06     0.60
  SINCE SEP 1     12.11                     14.78  -2.67    16.52
  SINCE JAN 1     47.51                     54.01  -6.50    51.73

SNOWFALL (IN)
  YESTERDAY        0.0           0.0    MM   0.0    0.0      0.0
  MONTH TO DATE    0.0                       0.0    0.0      0.0
  SINCE SEP 1      0.0                       0.0    0.0      0.0
  SINCE JUL 1      0.0                       0.0    0.0      0.0
  SNOW DEPTH       0

DEGREE DAYS
 HEATING
  YESTERDAY        1                         7     -6        1
  MONTH TO DATE  187                        98     89       78
  SINCE SEP 1    187                       132     55       87
  SINCE JUL 1    187                       132     55       87

 COOLING
  YESTERDAY        0                         1     -1        0
  MONTH TO DATE   22                        55    -33       50
  SINCE SEP 1    756                       679     77      805
  SINCE JAN 1   2899                      2846     53     2995
..................................................................


WIND (MPH)
  HIGHEST WIND SPEED    24   HIGHEST WIND DIRECTION     E (110)
  HIGHEST GUST SPEED    31   HIGHEST GUST DIRECTION    SE (120)
  AVERAGE WIND SPEED    13.2


SKY COVER
  POSSIBLE SUNSHINE  MM
  AVERAGE SKY COVER 0.5


WEATHER CONDITIONS
 THE FOLLOWING WEATHER WAS RECORDED YESTERDAY.
  THUNDERSTORM
  HEAVY RAIN
  RAIN
  LIGHT RAIN
  FOG


RELATIVE HUMIDITY (PERCENT)
 HIGHEST    93           800 PM
 LOWEST     73          1100 AM
 AVERAGE    83

..........................................................


THE BEAUMONT PORT ARTHUR CLIMATE NORMALS FOR TODAY
                         NORMAL    RECORD    YEAR
 MAXIMUM TEMPERATURE (F)   69        87      1905
 MINIMUM TEMPERATURE (F)   50        28      1975


SUNRISE AND SUNSET
NOVEMBER 23 2014......SUNRISE   648 AM CST   SUNSET   517 PM CST
NOVEMBER 24 2014......SUNRISE   649 AM CST   SUNSET   517 PM CST


-  INDICATES NEGATIVE NUMBERS.
R  INDICATES RECORD WAS SET OR TIED.
MM INDICATES DATA IS MISSING.
T  INDICATES TRACE AMOUNT.




$$
