000
CDUS44 KLCH 300825
CLIBPT


CLIMATE REPORT
NATIONAL WEATHER SERVICE LAKE CHARLES, LA
323 AM CDT TUE JUN 30 2015


...................................

...THE BEAUMONT PORT ARTHUR CLIMATE SUMMARY FOR JUNE 29 2015...

CLIMATE NORMAL PERIOD 1981 TO 2010
CLIMATE RECORD PERIOD 1901 TO 2015


WEATHER ITEM   OBSERVED TIME   RECORD YEAR NORMAL DEPARTURE LAST
                VALUE   (LST)  VALUE       VALUE  FROM      YEAR
                                                  NORMAL
..................................................................
TEMPERATURE (F)
 YESTERDAY
  MAXIMUM         90   1215 PM 102    1914  91     -1       90
  MINIMUM         74    303 AM  63    1974  74      0       79
  AVERAGE         82                        82      0       85

PRECIPITATION (IN)
  YESTERDAY        0.16          1.33 1995   0.25  -0.09     0.00
  MONTH TO DATE    5.96                      6.84  -0.88     3.89
  SINCE JUN 1      5.96                      6.84  -0.88     3.89
  SINCE JAN 1     39.94                     27.65  12.29    16.34

SNOWFALL (IN)
  YESTERDAY        0.0           0.0    MM   0.0    0.0      0.0
  MONTH TO DATE    0.0                       0.0    0.0      0.0
  SINCE JUN 1      0.0                       0.0    0.0      0.0
  SINCE JUL 1      T                         T      0.0      0.3
  SNOW DEPTH       0

DEGREE DAYS
 HEATING
  YESTERDAY        0                         0      0        0
  MONTH TO DATE    0                         0      0        0
  SINCE JUN 1      0                         0      0        0
  SINCE JUL 1   1362                      1401    -39     1717

 COOLING
  YESTERDAY       17                        17      0       20
  MONTH TO DATE  494                       466     28      491
  SINCE JUN 1    494                       466     28      491
  SINCE JAN 1   1219                      1032    187      985
..................................................................


WIND (MPH)
  HIGHEST WIND SPEED    23   HIGHEST WIND DIRECTION    SW (210)
  HIGHEST GUST SPEED    29   HIGHEST GUST DIRECTION     S (160)
  AVERAGE WIND SPEED     5.1


SKY COVER
  POSSIBLE SUNSHINE  MM
  AVERAGE SKY COVER 0.2


WEATHER CONDITIONS
 THE FOLLOWING WEATHER WAS RECORDED YESTERDAY.
  THUNDERSTORM
  HEAVY RAIN
  LIGHT RAIN
  FOG


RELATIVE HUMIDITY (PERCENT)
 HIGHEST   100           200 AM
 LOWEST     64          1100 AM
 AVERAGE    82

..........................................................


THE BEAUMONT PORT ARTHUR CLIMATE NORMALS FOR TODAY
                         NORMAL    RECORD    YEAR
 MAXIMUM TEMPERATURE (F)   91       100      1954
                                             1917
 MINIMUM TEMPERATURE (F)   74        63      1985


SUNRISE AND SUNSET
JUNE 30 2015..........SUNRISE   618 AM CDT   SUNSET   821 PM CDT
JULY  1 2015..........SUNRISE   619 AM CDT   SUNSET   821 PM CDT


-  INDICATES NEGATIVE NUMBERS.
R  INDICATES RECORD WAS SET OR TIED.
MM INDICATES DATA IS MISSING.
T  INDICATES TRACE AMOUNT.




$$
