000
CDUS44 KLCH 272206
CLIBPT


CLIMATE REPORT
NATIONAL WEATHER SERVICE LAKE CHARLES, LA
505 PM CDT SAT MAY 27 2017


...................................

...THE BEAUMONT PORT ARTHUR CLIMATE SUMMARY FOR MAY 27 2017...
VALID TODAY AS OF 0500 PM LOCAL TIME.

CLIMATE NORMAL PERIOD 1981 TO 2010
CLIMATE RECORD PERIOD 1901 TO 2017


WEATHER ITEM   OBSERVED TIME   RECORD YEAR NORMAL DEPARTURE LAST
                VALUE   (LST)  VALUE       VALUE  FROM      YEAR
                                                  NORMAL
..................................................................
TEMPERATURE (F)
 TODAY
  MAXIMUM         89    133 PM 100    1905  87      2       85
  MINIMUM         78   1256 AM  52    1961  70      8       66
  AVERAGE         84                        78      6       76

PRECIPITATION (IN)
  TODAY            T             2.01 1986   0.18  -0.18     1.31
  MONTH TO DATE    5.40                      4.53   0.87    10.26
  SINCE MAR 1     15.96                     11.27   4.69    23.50
  SINCE JAN 1     18.01                     20.11  -2.10    29.46

SNOWFALL (IN)
  TODAY            0.0           0.0    MM   0.0    0.0      0.0
  MONTH TO DATE    0.0                       0.0    0.0      0.0
  SINCE MAR 1      0.0                       0.0    0.0      0.0
  SINCE JUL 1      0.0                       T      0.0      0.0
  SNOW DEPTH       0

DEGREE DAYS
 HEATING
  TODAY            0                         0      0        0
  MONTH TO DATE    0                         0      0        0
  SINCE MAR 1     59                       187   -128       65
  SINCE JUL 1    614                      1400   -786      889

 COOLING
  TODAY           19                        13      6       11
  MONTH TO DATE  256                       284    -28      295
  SINCE MAR 1    638                       485    153      620
  SINCE JAN 1    832                       511    321      651
..................................................................


WIND (MPH)
  HIGHEST WIND SPEED    21   HIGHEST WIND DIRECTION     S (190)
  HIGHEST GUST SPEED    25   HIGHEST GUST DIRECTION     S (200)
  AVERAGE WIND SPEED    13.1


SKY COVER
  POSSIBLE SUNSHINE  MM
  AVERAGE SKY COVER 0.8


WEATHER CONDITIONS
 THE FOLLOWING WEATHER WAS RECORDED TODAY.
  LIGHT RAIN


RELATIVE HUMIDITY (PERCENT)
 HIGHEST    91          1200 AM
 LOWEST     63          1000 AM
 AVERAGE    77

..........................................................


THE BEAUMONT PORT ARTHUR CLIMATE NORMALS FOR TOMORROW
                         NORMAL    RECORD    YEAR
 MAXIMUM TEMPERATURE (F)   87       101      1905
 MINIMUM TEMPERATURE (F)   70        53      1961


SUNRISE AND SUNSET
MAY 27 2017...........SUNRISE   617 AM CDT   SUNSET   810 PM CDT
MAY 28 2017...........SUNRISE   617 AM CDT   SUNSET   810 PM CDT


-  INDICATES NEGATIVE NUMBERS.
R  INDICATES RECORD WAS SET OR TIED.
MM INDICATES DATA IS MISSING.
T  INDICATES TRACE AMOUNT.




$$
