000
CDUS44 KLCH 190836
CLIBPT


CLIMATE REPORT
NATIONAL WEATHER SERVICE LAKE CHARLES, LA
236 AM CST FRI DEC 19 2014


...................................

...THE BEAUMONT PORT ARTHUR CLIMATE SUMMARY FOR DECEMBER 18 2014...

CLIMATE NORMAL PERIOD 1981 TO 2010
CLIMATE RECORD PERIOD 1901 TO 2014


WEATHER ITEM   OBSERVED TIME   RECORD YEAR NORMAL DEPARTURE LAST
                VALUE   (LST)  VALUE       VALUE  FROM      YEAR
                                                  NORMAL
..................................................................
TEMPERATURE (F)
 YESTERDAY
  MAXIMUM         64    214 PM  79    1908  63      1       68
  MINIMUM         58   1159 PM  22    1979  44     14       39
  AVERAGE         61                        54      7       54

PRECIPITATION (IN)
  YESTERDAY        0.04          4.83 1995   0.17  -0.13     0.00
  MONTH TO DATE    0.09                      2.98  -2.89     0.59
  SINCE DEC 1      0.09                      2.98  -2.89     0.59
  SINCE JAN 1     48.80                     58.16  -9.36    55.42

SNOWFALL (IN)
  YESTERDAY        0.0           T    1953   0.0    0.0      0.0
  MONTH TO DATE    0.0                       0.0    0.0      0.0
  SINCE DEC 1      0.0                       0.0    0.0      0.0
  SINCE JUL 1      0.0                       0.0    0.0      0.0
  SNOW DEPTH       0

DEGREE DAYS
 HEATING
  YESTERDAY        4                        12     -8       11
  MONTH TO DATE   93                       191    -98      242
  SINCE DEC 1     93                       191    -98      242
  SINCE JUL 1    330                       386    -56      484

 COOLING
  YESTERDAY        0                         1     -1        0
  MONTH TO DATE   20                        18      2       17
  SINCE DEC 1     20                        18      2       17
  SINCE JAN 1   2931                      2873     58     3012
..................................................................


WIND (MPH)
  HIGHEST WIND SPEED    14   HIGHEST WIND DIRECTION    NE (60)
  HIGHEST GUST SPEED    18   HIGHEST GUST DIRECTION     E (70)
  AVERAGE WIND SPEED     8.9


SKY COVER
  POSSIBLE SUNSHINE  MM
  AVERAGE SKY COVER 1.0


WEATHER CONDITIONS
 THE FOLLOWING WEATHER WAS RECORDED YESTERDAY.
  LIGHT RAIN
  FOG
  HAZE


RELATIVE HUMIDITY (PERCENT)
 HIGHEST    93          1200 PM
 LOWEST     80          1200 AM
 AVERAGE    87

..........................................................


THE BEAUMONT PORT ARTHUR CLIMATE NORMALS FOR TODAY
                         NORMAL    RECORD    YEAR
 MAXIMUM TEMPERATURE (F)   63        81      1978
 MINIMUM TEMPERATURE (F)   44        21      1909


SUNRISE AND SUNSET
DECEMBER 19 2014......SUNRISE   707 AM CST   SUNSET   520 PM CST
DECEMBER 20 2014......SUNRISE   707 AM CST   SUNSET   520 PM CST


-  INDICATES NEGATIVE NUMBERS.
R  INDICATES RECORD WAS SET OR TIED.
MM INDICATES DATA IS MISSING.
T  INDICATES TRACE AMOUNT.




$$
