000
CDUS43 KDVN 260925
CLIBRL


CLIMATE REPORT
NATIONAL WEATHER SERVICE QUAD CITIES IA IL
422 AM CDT MON JUN 26 2017


...................................

...THE BURLINGTON IA CLIMATE SUMMARY FOR JUNE 25 2017...

CLIMATE NORMAL PERIOD 1981 TO 2010
CLIMATE RECORD PERIOD 1897 TO 2017


WEATHER ITEM   OBSERVED TIME   RECORD YEAR NORMAL DEPARTURE LAST
                VALUE   (LST)  VALUE       VALUE  FROM      YEAR
                                                  NORMAL
..................................................................
TEMPERATURE (F)
 YESTERDAY
  MAXIMUM         75    343 PM 103    1988  86    -11       93
  MINIMUM         53    417 AM  49    1974  66    -13       70
  AVERAGE         64                        76    -12       82

PRECIPITATION (IN)
  YESTERDAY        0.00         MM      MM   0.15  -0.15     0.00
  MONTH TO DATE    0.87                      3.77  -2.90     0.53
  SINCE JUN 1      0.87                      3.77  -2.90     0.53
  SINCE JAN 1     15.02                     18.03  -3.01    11.38

DEGREE DAYS
 HEATING
  YESTERDAY        1                         0      1        0
  MONTH TO DATE    1                         9     -8        0
  SINCE JUN 1      1                         9     -8        0
  SINCE JUL 1   4808                      5596   -788     4996

 COOLING
  YESTERDAY        0                        11    -11       17
  MONTH TO DATE  242                       203     39      273
  SINCE JUN 1    242                       203     39      273
  SINCE JAN 1    318                       306     12      372
..................................................................


WIND (MPH)
  HIGHEST WIND SPEED    17   HIGHEST WIND DIRECTION    NW (310)
  HIGHEST GUST SPEED    24   HIGHEST GUST DIRECTION     W (290)
  AVERAGE WIND SPEED     7.5


SKY COVER
  POSSIBLE SUNSHINE  MM
  AVERAGE SKY COVER 0.2


WEATHER CONDITIONS
 THE FOLLOWING WEATHER WAS RECORDED YESTERDAY.
  NO SIGNIFICANT WEATHER WAS OBSERVED.


RELATIVE HUMIDITY (PERCENT)
 HIGHEST    77           300 AM
 LOWEST     38           300 PM
 AVERAGE    58

..........................................................


THE BURLINGTON IA CLIMATE NORMALS FOR TODAY
                         NORMAL    RECORD    YEAR
 MAXIMUM TEMPERATURE (F)   86       103      1934
 MINIMUM TEMPERATURE (F)   66        50      1926


SUNRISE AND SUNSET
JUNE 26 2017..........SUNRISE   535 AM CDT   SUNSET   840 PM CDT
JUNE 27 2017..........SUNRISE   535 AM CDT   SUNSET   840 PM CDT


-  INDICATES NEGATIVE NUMBERS.
R  INDICATES RECORD WAS SET OR TIED.
MM INDICATES DATA IS MISSING.
T  INDICATES TRACE AMOUNT.




$$
