000
CDUS43 KDVN 230919
CLIBRL


CLIMATE REPORT
NATIONAL WEATHER SERVICE QUAD CITIES IA IL
418 AM CDT TUE SEP 23 2014


...................................

...THE BURLINGTON IA CLIMATE SUMMARY FOR SEPTEMBER 22 2014...

CLIMATE NORMAL PERIOD 1981 TO 2010
CLIMATE RECORD PERIOD 1897 TO 2014


WEATHER ITEM   OBSERVED TIME   RECORD YEAR NORMAL DEPARTURE LAST
                VALUE   (LST)  VALUE       VALUE  FROM      YEAR
                                                  NORMAL
..................................................................
TEMPERATURE (F)
 YESTERDAY
  MAXIMUM         72    309 PM  94    1937  76     -4       74
  MINIMUM         44    556 AM  31    1995  53     -9       47
  AVERAGE         58                        65     -7       61

PRECIPITATION (IN)
  YESTERDAY        0.00         MM      MM   0.12  -0.12     0.00
  MONTH TO DATE    5.14                      2.69   2.45     1.08
  SINCE SEP 1      5.14                      2.69   2.45     1.08
  SINCE JAN 1     34.21                     29.94   4.27    28.14

DEGREE DAYS
 HEATING
  YESTERDAY        7                         3      4        4
  MONTH TO DATE   94                        31     63       28
  SINCE SEP 1     94                        31     63       28
  SINCE JUL 1    101                        35     66       39

 COOLING
  YESTERDAY        0                         3     -3        0
  MONTH TO DATE   59                       121    -62      164
  SINCE SEP 1     59                       121    -62      164
  SINCE JAN 1    913                      1164   -251     1065
..................................................................


WIND (MPH)
  HIGHEST WIND SPEED     8   HIGHEST WIND DIRECTION     E (70)
  HIGHEST GUST SPEED    11   HIGHEST GUST DIRECTION    NE (40)
  AVERAGE WIND SPEED     2.9


SKY COVER
  POSSIBLE SUNSHINE  MM
  AVERAGE SKY COVER 0.0


WEATHER CONDITIONS
 THE FOLLOWING WEATHER WAS RECORDED YESTERDAY.
  FOG
  HAZE


RELATIVE HUMIDITY (PERCENT)
 HIGHEST   100           500 AM
 LOWEST     40           100 PM
 AVERAGE    70

..........................................................


THE BURLINGTON IA CLIMATE NORMALS FOR TODAY
                         NORMAL    RECORD    YEAR
 MAXIMUM TEMPERATURE (F)   76        93      2007
 MINIMUM TEMPERATURE (F)   53        33      1913


SUNRISE AND SUNSET
SEPTEMBER 23 2014.....SUNRISE   653 AM CDT   SUNSET   700 PM CDT
SEPTEMBER 24 2014.....SUNRISE   654 AM CDT   SUNSET   658 PM CDT


-  INDICATES NEGATIVE NUMBERS.
R  INDICATES RECORD WAS SET OR TIED.
MM INDICATES DATA IS MISSING.
T  INDICATES TRACE AMOUNT.




$$
