469
CDUS43 KDVN 030917
CLIBRL


CLIMATE REPORT
NATIONAL WEATHER SERVICE QUAD CITIES IA IL
416 AM CDT TUE MAY 3 2016


...................................

...THE BURLINGTON IA CLIMATE SUMMARY FOR MAY 2 2016...

CLIMATE NORMAL PERIOD 1981 TO 2010
CLIMATE RECORD PERIOD 1897 TO 2016


WEATHER ITEM   OBSERVED TIME   RECORD YEAR NORMAL DEPARTURE LAST
                VALUE   (LST)  VALUE       VALUE  FROM      YEAR
                                                  NORMAL
..................................................................
TEMPERATURE (F)
 YESTERDAY
  MAXIMUM         57    558 PM  91    1901  70    -13       76
  MINIMUM         48    736 AM  29    1908  48      0       50
  AVERAGE         53                        59     -6       63

PRECIPITATION (IN)
  YESTERDAY        T            MM      MM   0.17  -0.17      T
  MONTH TO DATE    0.02                      0.33  -0.31      T
  SINCE MAR 1      6.49                      6.88  -0.39     1.90
  SINCE JAN 1      7.87                      9.74  -1.87     4.32

DEGREE DAYS
 HEATING
  YESTERDAY       12                         7      5        2
  MONTH TO DATE   28                        14     14       12
  SINCE MAR 1    984                      1098   -114     1076
  SINCE JUL 1   4866                      5476   -610     6007

 COOLING
  YESTERDAY        0                         1     -1        0
  MONTH TO DATE    0                         2     -2        0
  SINCE MAR 1     18                        22     -4        3
  SINCE JAN 1     18                        22     -4        3
..................................................................


WIND (MPH)
  HIGHEST WIND SPEED    15   HIGHEST WIND DIRECTION    NE (40)
  HIGHEST GUST SPEED    18   HIGHEST GUST DIRECTION    NE (30)
  AVERAGE WIND SPEED     6.3


SKY COVER
  POSSIBLE SUNSHINE  MM
  AVERAGE SKY COVER 1.0


WEATHER CONDITIONS
 THE FOLLOWING WEATHER WAS RECORDED YESTERDAY.
  FOG


RELATIVE HUMIDITY (PERCENT)
 HIGHEST   100          1200 AM
 LOWEST     66           300 PM
 AVERAGE    83

..........................................................


THE BURLINGTON IA CLIMATE NORMALS FOR TODAY
                         NORMAL    RECORD    YEAR
 MAXIMUM TEMPERATURE (F)   70        90      1928
 MINIMUM TEMPERATURE (F)   49        28      2005


SUNRISE AND SUNSET
MAY  3 2016...........SUNRISE   600 AM CDT   SUNSET   803 PM CDT
MAY  4 2016...........SUNRISE   559 AM CDT   SUNSET   804 PM CDT


-  INDICATES NEGATIVE NUMBERS.
R  INDICATES RECORD WAS SET OR TIED.
MM INDICATES DATA IS MISSING.
T  INDICATES TRACE AMOUNT.




$$
