000
CDUS43 KDVN 220910
CLIBRL


CLIMATE REPORT
NATIONAL WEATHER SERVICE QUAD CITIES IA IL
409 AM CDT SUN OCT 22 2017


...................................

...THE BURLINGTON IA CLIMATE SUMMARY FOR OCTOBER 21 2017...

CLIMATE NORMAL PERIOD 1981 TO 2010
CLIMATE RECORD PERIOD 1897 TO 2017


WEATHER ITEM   OBSERVED TIME   RECORD YEAR NORMAL DEPARTURE LAST
                VALUE   (LST)  VALUE       VALUE  FROM      YEAR
                                                  NORMAL
..................................................................
TEMPERATURE (F)
 YESTERDAY
  MAXIMUM         80    216 PM  87    1899  64     16       56
  MINIMUM         61    705 AM  23    1916  43     18       35
  AVERAGE         71                        54     17       46

PRECIPITATION (IN)
  YESTERDAY        0.00         MM      MM   0.10  -0.10     0.00
  MONTH TO DATE    4.50                      2.17   2.33     2.11
  SINCE SEP 1      4.63                      5.69  -1.06     5.34
  SINCE JAN 1     29.96                     32.94  -2.98    29.59

DEGREE DAYS
 HEATING
  YESTERDAY        0                        12    -12       19
  MONTH TO DATE   70                       186   -116      118
  SINCE SEP 1    110                       253   -143      142
  SINCE JUL 1    110                       257   -147      148

 COOLING
  YESTERDAY        6                         0      6        0
  MONTH TO DATE   41                        19     22       39
  SINCE SEP 1    194                       158     36      235
  SINCE JAN 1   1068                      1201   -133     1268
..................................................................


WIND (MPH)
  HIGHEST WIND SPEED    23   HIGHEST WIND DIRECTION     S (190)
  HIGHEST GUST SPEED    35   HIGHEST GUST DIRECTION     S (170)
  AVERAGE WIND SPEED    13.6


SKY COVER
  POSSIBLE SUNSHINE  MM
  AVERAGE SKY COVER 0.2


WEATHER CONDITIONS
 THE FOLLOWING WEATHER WAS RECORDED YESTERDAY.
  NO SIGNIFICANT WEATHER WAS OBSERVED.


RELATIVE HUMIDITY (PERCENT)
 HIGHEST    78          1100 PM
 LOWEST     58           100 PM
 AVERAGE    68

..........................................................


THE BURLINGTON IA CLIMATE NORMALS FOR TODAY
                         NORMAL    RECORD    YEAR
 MAXIMUM TEMPERATURE (F)   64        85      1963
 MINIMUM TEMPERATURE (F)   43        22      1997


SUNRISE AND SUNSET
OCTOBER 22 2017.......SUNRISE   724 AM CDT   SUNSET   613 PM CDT
OCTOBER 23 2017.......SUNRISE   725 AM CDT   SUNSET   612 PM CDT


-  INDICATES NEGATIVE NUMBERS.
R  INDICATES RECORD WAS SET OR TIED.
MM INDICATES DATA IS MISSING.
T  INDICATES TRACE AMOUNT.




$$
