000
CDUS43 KDVN 062231
CLIBRL


CLIMATE REPORT
NATIONAL WEATHER SERVICE QUAD CITIES IA IL
431 PM CST FRI MAR 6 2015


...................................

...THE BURLINGTON IA CLIMATE SUMMARY FOR MARCH 6 2015...
VALID TODAY AS OF 0400 PM LOCAL TIME.

CLIMATE NORMAL PERIOD 1981 TO 2010
CLIMATE RECORD PERIOD 1897 TO 2015


WEATHER ITEM   OBSERVED TIME   RECORD YEAR NORMAL DEPARTURE LAST
                VALUE   (LST)  VALUE       VALUE  FROM      YEAR
                                                  NORMAL
..................................................................
TEMPERATURE (F)
 TODAY
  MAXIMUM         42    359 PM  72    2012  46     -4       34
                                      2005
                                      2000
  MINIMUM          1    138 AM  -8    1960  28    -27       11
  AVERAGE         22                        37    -15       23

PRECIPITATION (IN)
  TODAY            0.00         MM      MM   0.08  -0.08     0.00
  MONTH TO DATE    0.11                      0.51  -0.40     0.36
  SINCE MAR 1      0.11                      0.51  -0.40     0.36
  SINCE JAN 1      2.53                      3.37  -0.84     4.73

DEGREE DAYS
 HEATING
  TODAY           43                        28     15       42
  MONTH TO DATE  269                       174     95      295
  SINCE MAR 1    269                       174     95      295
  SINCE JUL 1   5200                      4552    648     5618

 COOLING
  TODAY            0                         0      0        0
  MONTH TO DATE    0                         0      0        0
  SINCE MAR 1      0                         0      0        0
  SINCE JAN 1      0                         0      0        0
..................................................................


WIND (MPH)
  HIGHEST WIND SPEED    24   HIGHEST WIND DIRECTION     S (180)
  HIGHEST GUST SPEED    31   HIGHEST GUST DIRECTION     S (190)
  AVERAGE WIND SPEED    11.4


SKY COVER
  POSSIBLE SUNSHINE  MM
  AVERAGE SKY COVER 0.1


WEATHER CONDITIONS
 THE FOLLOWING WEATHER WAS RECORDED TODAY.
  NO SIGNIFICANT WEATHER WAS OBSERVED.


RELATIVE HUMIDITY (PERCENT)
 HIGHEST    83           200 AM
 LOWEST     56           100 PM
 AVERAGE    70

..........................................................


THE BURLINGTON IA CLIMATE NORMALS FOR TOMORROW
                         NORMAL    RECORD    YEAR
 MAXIMUM TEMPERATURE (F)   47        79      2000
 MINIMUM TEMPERATURE (F)   28        -5      1943


SUNRISE AND SUNSET
MARCH  6 2015.........SUNRISE   631 AM CST   SUNSET   601 PM CST
MARCH  7 2015.........SUNRISE   629 AM CST   SUNSET   602 PM CST


-  INDICATES NEGATIVE NUMBERS.
R  INDICATES RECORD WAS SET OR TIED.
MM INDICATES DATA IS MISSING.
T  INDICATES TRACE AMOUNT.




$$
