000
CDUS43 KDVN 222132
CLIBRL


CLIMATE REPORT
NATIONAL WEATHER SERVICE QUAD CITIES IA IL
429 PM CDT TUE AUG 22 2017


...................................

...THE BURLINGTON IA CLIMATE SUMMARY FOR AUGUST 22 2017...
VALID TODAY AS OF 0400 PM LOCAL TIME.

CLIMATE NORMAL PERIOD 1981 TO 2010
CLIMATE RECORD PERIOD 1897 TO 2017


WEATHER ITEM   OBSERVED TIME   RECORD YEAR NORMAL DEPARTURE LAST
                VALUE   (LST)  VALUE       VALUE  FROM      YEAR
                                                  NORMAL
..................................................................
TEMPERATURE (F)
 TODAY
  MAXIMUM         79    121 PM 101    1936  85     -6       80
  MINIMUM         67    726 AM  50    1923  65      2       54
  AVERAGE         73                        75     -2       67

PRECIPITATION (IN)
  TODAY            0.16         MM      MM   0.14   0.02     0.00
  MONTH TO DATE    2.15                      2.99  -0.84     4.05
  SINCE JUN 1      8.77                     11.71  -2.94    12.42
  SINCE JAN 1     22.92                     25.97  -3.05    23.27

DEGREE DAYS
 HEATING
  TODAY            0                         0      0        0
  MONTH TO DATE    0                         0      0        0
  SINCE JUN 1      8                        14     -6        6
  SINCE JUL 1      0                         1     -1        6

 COOLING
  TODAY            8                        10     -2        2
  MONTH TO DATE  137                       234    -97      218
  SINCE JUN 1    778                       860    -82      836
  SINCE JAN 1    854                       963   -109      935
..................................................................


WIND (MPH)
  HIGHEST WIND SPEED    17   HIGHEST WIND DIRECTION    NW (310)
  HIGHEST GUST SPEED    24   HIGHEST GUST DIRECTION    NW (310)
  AVERAGE WIND SPEED    10.7


SKY COVER
  POSSIBLE SUNSHINE  MM
  AVERAGE SKY COVER 0.1


WEATHER CONDITIONS
 THE FOLLOWING WEATHER WAS RECORDED TODAY.
  THUNDERSTORM
  RAIN
  LIGHT RAIN
  FOG


RELATIVE HUMIDITY (PERCENT)
 HIGHEST   100           600 AM
 LOWEST     48           100 PM
 AVERAGE    74

..........................................................


THE BURLINGTON IA CLIMATE NORMALS FOR TOMORROW
                         NORMAL    RECORD    YEAR
 MAXIMUM TEMPERATURE (F)   85       101      1948
 MINIMUM TEMPERATURE (F)   65        50      1984


SUNRISE AND SUNSET
AUGUST 22 2017........SUNRISE   622 AM CDT   SUNSET   752 PM CDT
AUGUST 23 2017........SUNRISE   623 AM CDT   SUNSET   750 PM CDT


-  INDICATES NEGATIVE NUMBERS.
R  INDICATES RECORD WAS SET OR TIED.
MM INDICATES DATA IS MISSING.
T  INDICATES TRACE AMOUNT.




$$
