000
CDUS44 KBRO 260635
CLIBRO


CLIMATE REPORT
NATIONAL WEATHER SERVICE BROWNSVILLE TX
135 AM CDT FRI AUG 26 2016


...................................

...THE BROWNSVILLE CLIMATE SUMMARY FOR AUGUST 25 2016...

CLIMATE NORMAL PERIOD 1981 TO 2010
CLIMATE RECORD PERIOD 1878 TO 2016


WEATHER ITEM   OBSERVED TIME   RECORD YEAR NORMAL DEPARTURE LAST
                VALUE   (LST)  VALUE       VALUE  FROM      YEAR
                                                  NORMAL
..................................................................
TEMPERATURE (F)
 YESTERDAY
  MAXIMUM         96    159 PM  99    2005  94      2       97
  MINIMUM         74    610 AM  65    1891  76     -2       76
  AVERAGE         85                        85      0       87

PRECIPITATION (IN)
  YESTERDAY        0.00          2.35 1929   0.09  -0.09     0.00
  MONTH TO DATE    0.30                      1.76  -1.46     1.26
  SINCE JUN 1      3.46                      6.37  -2.91     4.38
  SINCE JAN 1     13.45                     14.13  -0.68    24.87

SNOWFALL (IN)
  YESTERDAY        0.0           0.0  2002   0.0
                                      2001
  MONTH TO DATE    0.0                       0.0
  SINCE JUN 1      0.0                       0.0
  SINCE JUL 1      0.0                       0.0

DEGREE DAYS
 HEATING
  YESTERDAY        0                         0      0        0
  MONTH TO DATE    0                         0      0        0
  SINCE JUN 1      0                         0      0        0
  SINCE JUL 1      0                         0      0        0

 COOLING
  YESTERDAY       20                        20      0       22
  MONTH TO DATE  558                       516     42      521
  SINCE JUN 1   1820                      1701    119     1299
  SINCE JAN 1   2980                      2794    186     2361
..................................................................


WIND (MPH)
  HIGHEST WIND SPEED    18   HIGHEST WIND DIRECTION     E (110)
  HIGHEST GUST SPEED    25   HIGHEST GUST DIRECTION     E (100)
  AVERAGE WIND SPEED     7.8


SKY COVER
  POSSIBLE SUNSHINE  MM
  AVERAGE SKY COVER 0.1


WEATHER CONDITIONS
 THE FOLLOWING WEATHER WAS RECORDED YESTERDAY.
  FOG


RELATIVE HUMIDITY (PERCENT)
 HIGHEST   100           300 AM
 LOWEST     49          1100 AM
 AVERAGE    75

..........................................................


THE BROWNSVILLE CLIMATE NORMALS FOR TODAY
                         NORMAL    RECORD    YEAR
 MAXIMUM TEMPERATURE (F)   94       100      1919
 MINIMUM TEMPERATURE (F)   76        67      1897
                                             1891


SUNRISE AND SUNSET
AUGUST 26 2016........SUNRISE   708 AM CDT   SUNSET   755 PM CDT
AUGUST 27 2016........SUNRISE   708 AM CDT   SUNSET   754 PM CDT


-  INDICATES NEGATIVE NUMBERS.
R  INDICATES RECORD WAS SET OR TIED.
MM INDICATES DATA IS MISSING.
T  INDICATES TRACE AMOUNT.




$$
