517
CDUS44 KBRO 220626
CLIBRO


CLIMATE REPORT
NATIONAL WEATHER SERVICE BROWNSVILLE TX
126 AM CDT FRI MAY 22 2015


...................................

...THE BROWNSVILLE CLIMATE SUMMARY FOR MAY 21 2015...

CLIMATE NORMAL PERIOD 1981 TO 2010
CLIMATE RECORD PERIOD 1878 TO 2015


WEATHER ITEM   OBSERVED TIME   RECORD YEAR NORMAL DEPARTURE LAST
                VALUE   (LST)  VALUE       VALUE  FROM      YEAR
                                                  NORMAL
..................................................................
TEMPERATURE (F)
 YESTERDAY
  MAXIMUM         87   1019 AM  98    1917  89     -2       87
  MINIMUM         74    111 PM  57    1919  73      1       74
  AVERAGE         81                        81      0       81

PRECIPITATION (IN)
  YESTERDAY        0.08          3.20 1985   0.09  -0.01     0.00
  MONTH TO DATE    0.43                      1.73  -1.30     2.09
  SINCE MAR 1      6.88                      4.50   2.38     3.83
  SINCE JAN 1     11.20                      6.85   4.35     4.59

SNOWFALL (IN)
  YESTERDAY        0.0           0.0  2002   0.0
                                      2001
                                      2000
  MONTH TO DATE    0.0                       0.0
  SINCE MAR 1      0.0                       0.0
  SINCE JUL 1      0.0                       0.0

DEGREE DAYS
 HEATING
  YESTERDAY        0                         0      0        0
  MONTH TO DATE    0                         0      0        0
  SINCE MAR 1     67                        51     16      100
  SINCE JUL 1    690                       554    136      824

 COOLING
  YESTERDAY       16                        16      0       16
  MONTH TO DATE  339                       305     34      215
  SINCE MAR 1    836                       781     55      629
  SINCE JAN 1    893                       922    -29      749
..................................................................


WIND (MPH)
  HIGHEST WIND SPEED    24   HIGHEST WIND DIRECTION     S (160)
  HIGHEST GUST SPEED    29   HIGHEST GUST DIRECTION     S (160)
  AVERAGE WIND SPEED     9.2


SKY COVER
  POSSIBLE SUNSHINE  MM
  AVERAGE SKY COVER 0.6


WEATHER CONDITIONS
 THE FOLLOWING WEATHER WAS RECORDED YESTERDAY.
  THUNDERSTORM
  LIGHT RAIN
  FOG
  HAZE


RELATIVE HUMIDITY (PERCENT)
 HIGHEST    97           600 AM
 LOWEST     74           900 AM
 AVERAGE    86

..........................................................


THE BROWNSVILLE CLIMATE NORMALS FOR TODAY
                         NORMAL    RECORD    YEAR
 MAXIMUM TEMPERATURE (F)   90       102      1916
 MINIMUM TEMPERATURE (F)   73        60      1911


SUNRISE AND SUNSET
MAY 22 2015...........SUNRISE   641 AM CDT   SUNSET   812 PM CDT
MAY 23 2015...........SUNRISE   640 AM CDT   SUNSET   813 PM CDT


-  INDICATES NEGATIVE NUMBERS.
R  INDICATES RECORD WAS SET OR TIED.
MM INDICATES DATA IS MISSING.
T  INDICATES TRACE AMOUNT.




$$
