000
CDUS44 KBRO 010626
CLIBRO


CLIMATE REPORT
NATIONAL WEATHER SERVICE BROWNSVILLE TX
126 AM CDT WED OCT 1 2014


...................................

...THE BROWNSVILLE CLIMATE SUMMARY FOR SEPTEMBER 30 2014...

CLIMATE NORMAL PERIOD 1981 TO 2010
CLIMATE RECORD PERIOD 1878 TO 2014


WEATHER ITEM   OBSERVED TIME   RECORD YEAR NORMAL DEPARTURE LAST
                VALUE   (LST)  VALUE       VALUE  FROM      YEAR
                                                  NORMAL
..................................................................
TEMPERATURE (F)
 YESTERDAY
  MAXIMUM         89    443 PM  96    2005  88      1       89
  MINIMUM         73    319 AM  54    1918  70      3       76
  AVERAGE         81                        79      2       83

PRECIPITATION (IN)
  YESTERDAY        0.00          2.82 1985   0.20  -0.20      T
  MONTH TO DATE   10.36                      5.92   4.44    11.88
  SINCE SEP 1     10.36                      5.92   4.44    11.88
  SINCE JAN 1     19.88                     20.73  -0.85    21.93

SNOWFALL (IN)
  YESTERDAY        0.0           0.0  2002   0.0
                                      2001
  MONTH TO DATE    0.0                       0.0
  SINCE SEP 1      0.0                       0.0
  SINCE JUL 1      0.0                       0.0

DEGREE DAYS
 HEATING
  YESTERDAY        0                         0      0        0
  MONTH TO DATE    0                         0      0        0
  SINCE SEP 1      0                         0      0        0
  SINCE JUL 1      0                         0      0        0

 COOLING
  YESTERDAY       16                        14      2       18
  MONTH TO DATE  528                       504     24      537
  SINCE SEP 1    528                       504     24      537
  SINCE JAN 1   3348                      3411    -63     3570
..................................................................


WIND (MPH)
  HIGHEST WIND SPEED    14   HIGHEST WIND DIRECTION    SE (130)
  HIGHEST GUST SPEED    16   HIGHEST GUST DIRECTION    SE (130)
  AVERAGE WIND SPEED     3.5


SKY COVER
  POSSIBLE SUNSHINE  MM
  AVERAGE SKY COVER 0.4


WEATHER CONDITIONS
 THE FOLLOWING WEATHER WAS RECORDED YESTERDAY.
  FOG
  FOG W/VISIBILITY <= 1/4 MILE


RELATIVE HUMIDITY (PERCENT)
 HIGHEST   100          1200 AM
 LOWEST     68           300 PM
 AVERAGE    84

..........................................................


THE BROWNSVILLE CLIMATE NORMALS FOR TODAY
                         NORMAL    RECORD    YEAR
 MAXIMUM TEMPERATURE (F)   88        96      1977
                                             1962
 MINIMUM TEMPERATURE (F)   70        52      1920


SUNRISE AND SUNSET
OCTOBER  1 2014.......SUNRISE   722 AM CDT   SUNSET   716 PM CDT
OCTOBER  2 2014.......SUNRISE   722 AM CDT   SUNSET   715 PM CDT


-  INDICATES NEGATIVE NUMBERS.
R  INDICATES RECORD WAS SET OR TIED.
MM INDICATES DATA IS MISSING.
T  INDICATES TRACE AMOUNT.




$$
