000
CDUS44 KBRO 272136
CLIBRO


CLIMATE REPORT
NATIONAL WEATHER SERVICE BROWNSVILLE TX
428 PM CDT SAT MAY 27 2017


...................................

...THE BROWNSVILLE CLIMATE SUMMARY FOR MAY 27 2017...
VALID TODAY AS OF 0400 PM LOCAL TIME.

CLIMATE NORMAL PERIOD 1981 TO 2010
CLIMATE RECORD PERIOD 1878 TO 2017


WEATHER ITEM   OBSERVED TIME   RECORD YEAR NORMAL DEPARTURE LAST
                VALUE   (LST)  VALUE       VALUE  FROM      YEAR
                                                  NORMAL
..................................................................
TEMPERATURE (F)
 TODAY
  MAXIMUM         97    119 PM  99    1973  90      7       90
  MINIMUM         81    637 AM  60    1913  74      7       78
                                      1901
  AVERAGE         89                        82      7       84

PRECIPITATION (IN)
  TODAY            0.00          1.69 2009   0.09  -0.09     0.00
  MONTH TO DATE    0.45                      2.27  -1.82     1.64
  SINCE MAR 1      2.92                      5.04  -2.12     7.57
  SINCE JAN 1      4.46                      7.39  -2.93     9.45

SNOWFALL (IN)
  TODAY            0.0           0.0  2002   0.0
                                      2001
                                      2000
  MONTH TO DATE    0.0                       0.0
  SINCE MAR 1      0.0                       0.0
  SINCE JUL 1      0.0                       0.0

DEGREE DAYS
 HEATING
  TODAY            0                         0      0        0
  MONTH TO DATE    0                         0      0        0
  SINCE MAR 1      2                        51    -49       14
  SINCE JUL 1    201                       554   -353      374

 COOLING
  TODAY           24                        17      7       19
  MONTH TO DATE  465                       406     59      410
  SINCE MAR 1   1175                       882    293      978
  SINCE JAN 1   1562                      1023    539     1086
..................................................................


WIND (MPH)
  HIGHEST WIND SPEED    25   HIGHEST WIND DIRECTION     S (160)
  HIGHEST GUST SPEED    31   HIGHEST GUST DIRECTION    SE (150)
  AVERAGE WIND SPEED    16.2


SKY COVER
  POSSIBLE SUNSHINE  MM
  AVERAGE SKY COVER 0.7


WEATHER CONDITIONS
 THE FOLLOWING WEATHER WAS RECORDED TODAY.
  NO SIGNIFICANT WEATHER WAS OBSERVED.


RELATIVE HUMIDITY (PERCENT)
 HIGHEST    94           500 AM
 LOWEST     53          1200 PM
 AVERAGE    74

..........................................................


THE BROWNSVILLE CLIMATE NORMALS FOR TOMORROW
                         NORMAL    RECORD    YEAR
 MAXIMUM TEMPERATURE (F)   90        98      1919
 MINIMUM TEMPERATURE (F)   74        61      1913


SUNRISE AND SUNSET
MAY 27 2017...........SUNRISE   639 AM CDT   SUNSET   815 PM CDT
MAY 28 2017...........SUNRISE   639 AM CDT   SUNSET   816 PM CDT


-  INDICATES NEGATIVE NUMBERS.
R  INDICATES RECORD WAS SET OR TIED.
MM INDICATES DATA IS MISSING.
T  INDICATES TRACE AMOUNT.




$$
