000
CDUS44 KBRO 250647
CLIBRO


CLIMATE REPORT
NATIONAL WEATHER SERVICE BROWNSVILLE TX
146 AM CDT MON JUL 25 2016


...................................

...THE BROWNSVILLE CLIMATE SUMMARY FOR JULY 24 2016...

CLIMATE NORMAL PERIOD 1981 TO 2010
CLIMATE RECORD PERIOD 1878 TO 2016


WEATHER ITEM   OBSERVED TIME   RECORD YEAR NORMAL DEPARTURE LAST
                VALUE   (LST)  VALUE       VALUE  FROM      YEAR
                                                  NORMAL
..................................................................
TEMPERATURE (F)
 YESTERDAY
  MAXIMUM         96    228 PM  99    1934  94      2       MM
  MINIMUM         79    533 AM  65    1915  76      3       MM
  AVERAGE         88                        85      3       MM

PRECIPITATION (IN)
  YESTERDAY        0.00          1.92 1949   0.05  -0.05     0.00
  MONTH TO DATE    0.18                      1.65  -1.47     2.36
  SINCE JUN 1      3.16                      4.22  -1.06     3.12
  SINCE JAN 1     13.15                     11.98   1.17    23.61

SNOWFALL (IN)
  YESTERDAY        0.0           0.0  2002   0.0
                                      2001
  MONTH TO DATE    0.0                       0.0
  SINCE JUN 1      0.0                       0.0
  SINCE JUL 1      0.0                       0.0

DEGREE DAYS
 HEATING
  YESTERDAY        0                         0      0       MM
  MONTH TO DATE    0                         0      0        0
  SINCE JUN 1      0                         0      0        0
  SINCE JUL 1      0                         0      0        0

 COOLING
  YESTERDAY       23                        20      3       MM
  MONTH TO DATE  536                       480     56      187
  SINCE JUN 1   1101                      1047     54      760
  SINCE JAN 1   2261                      2140    121     1822
..................................................................


WIND (MPH)
  HIGHEST WIND SPEED    24   HIGHEST WIND DIRECTION    SE (140)
  HIGHEST GUST SPEED    31   HIGHEST GUST DIRECTION    SE (130)
  AVERAGE WIND SPEED    12.4


SKY COVER
  POSSIBLE SUNSHINE  MM
  AVERAGE SKY COVER 0.1


WEATHER CONDITIONS
 THE FOLLOWING WEATHER WAS RECORDED YESTERDAY.
  NO SIGNIFICANT WEATHER WAS OBSERVED.


RELATIVE HUMIDITY (PERCENT)
 HIGHEST    91           100 AM
 LOWEST     49           400 PM
 AVERAGE    70

..........................................................


THE BROWNSVILLE CLIMATE NORMALS FOR TODAY
                         NORMAL    RECORD    YEAR
 MAXIMUM TEMPERATURE (F)   94        99      2000
                                             1943
 MINIMUM TEMPERATURE (F)   76        64      1915


SUNRISE AND SUNSET
JULY 25 2016..........SUNRISE   653 AM CDT   SUNSET   820 PM CDT
JULY 26 2016..........SUNRISE   653 AM CDT   SUNSET   819 PM CDT


-  INDICATES NEGATIVE NUMBERS.
R  INDICATES RECORD WAS SET OR TIED.
MM INDICATES DATA IS MISSING.
T  INDICATES TRACE AMOUNT.




$$
