000
CDUS44 KBRO 262130
CLIBRO


CLIMATE REPORT
NATIONAL WEATHER SERVICE BROWNSVILLE TX
430 PM CDT WED JUL 26 2017


...................................

...THE BROWNSVILLE CLIMATE SUMMARY FOR JULY 26 2017...
VALID TODAY AS OF 0400 PM LOCAL TIME.

CLIMATE NORMAL PERIOD 1981 TO 2010
CLIMATE RECORD PERIOD 1878 TO 2017


WEATHER ITEM   OBSERVED TIME   RECORD YEAR NORMAL DEPARTURE LAST
                VALUE   (LST)  VALUE       VALUE  FROM      YEAR
                                                  NORMAL
..................................................................
TEMPERATURE (F)
 TODAY
  MAXIMUM         93    129 PM 101    1954  94     -1       96
  MINIMUM         76    518 AM  65    1887  76      0       81
  AVERAGE         85                        85      0       89

PRECIPITATION (IN)
  TODAY            0.03          2.74 1890   0.06  -0.03     0.00
  MONTH TO DATE    2.31                      1.76   0.55     0.18
  SINCE JUN 1      5.80                      4.33   1.47     3.16
  SINCE JAN 1     11.66                     12.09  -0.43    13.15

SNOWFALL (IN)
  TODAY            0.0           0.0  2002   0.0
                                      2001
  MONTH TO DATE    0.0                       0.0
  SINCE JUN 1      0.0                       0.0
  SINCE JUL 1      0.0                       0.0

DEGREE DAYS
 HEATING
  TODAY            0                         0      0        0
  MONTH TO DATE    0                         0      0        0
  SINCE JUN 1      0                         0      0        0
  SINCE JUL 1      0                         0      0        0

 COOLING
  TODAY           20                        20      0       24
  MONTH TO DATE  493                       520    -27      583
  SINCE JUN 1   1106                      1087     19     1148
  SINCE JAN 1   2743                      2180    563     2308
..................................................................


WIND (MPH)
  HIGHEST WIND SPEED    28   HIGHEST WIND DIRECTION     S (190)
  HIGHEST GUST SPEED    35   HIGHEST GUST DIRECTION     S (190)
  AVERAGE WIND SPEED     8.2


SKY COVER
  POSSIBLE SUNSHINE  MM
  AVERAGE SKY COVER 0.1


WEATHER CONDITIONS
 THE FOLLOWING WEATHER WAS RECORDED TODAY.
  LIGHT RAIN


RELATIVE HUMIDITY (PERCENT)
 HIGHEST   100           700 AM
 LOWEST     52           200 PM
 AVERAGE    76

..........................................................


THE BROWNSVILLE CLIMATE NORMALS FOR TOMORROW
                         NORMAL    RECORD    YEAR
 MAXIMUM TEMPERATURE (F)   94       100      1954
 MINIMUM TEMPERATURE (F)   76        72      1987
                                             1984
                                             1961


SUNRISE AND SUNSET
JULY 26 2017..........SUNRISE   653 AM CDT   SUNSET   819 PM CDT
JULY 27 2017..........SUNRISE   654 AM CDT   SUNSET   819 PM CDT


-  INDICATES NEGATIVE NUMBERS.
R  INDICATES RECORD WAS SET OR TIED.
MM INDICATES DATA IS MISSING.
T  INDICATES TRACE AMOUNT.




$$
