000
CDUS44 KBRO 271240
CLIBRO


CLIMATE REPORT
NATIONAL WEATHER SERVICE BROWNSVILLE TX
630 AM CST TUE JAN 27 2015


...................................

...THE BROWNSVILLE CLIMATE SUMMARY FOR JANUARY 26 2015...

CLIMATE NORMAL PERIOD 1981 TO 2010
CLIMATE RECORD PERIOD 1878 TO 2015


WEATHER ITEM   OBSERVED TIME   RECORD YEAR NORMAL DEPARTURE LAST
                VALUE   (LST)  VALUE       VALUE  FROM      YEAR
                                                  NORMAL
..................................................................
TEMPERATURE (F)
 YESTERDAY
  MAXIMUM         77    257 PM  87    1912  71      6       76
  MINIMUM         50    748 AM  32    1940  52     -2       41
  AVERAGE         64                        62      2       59

PRECIPITATION (IN)
  YESTERDAY        0.00          1.42 1881   0.04  -0.04      T
  MONTH TO DATE    3.56                      1.04   2.52     0.16
  SINCE DEC 1      4.99                      2.19   2.80     3.68
  SINCE JAN 1      3.56                      1.04   2.52     0.16

SNOWFALL (IN)
  YESTERDAY        0.0           0.0  2002   0.0
                                      1998
                                      2000
  MONTH TO DATE    0.0                       0.0
  SINCE DEC 1      0.0                       0.0
  SINCE JUL 1      0.0                       0.0

DEGREE DAYS
 HEATING
  YESTERDAY        1                         5     -4        6
  MONTH TO DATE  290                       151    139      179
  SINCE DEC 1    362                       316     46      396
  SINCE JUL 1    475                       370    105      504

 COOLING
  YESTERDAY        0                         2     -2        0
  MONTH TO DATE    5                        52    -47       18
  SINCE DEC 1    114                       132    -18       95
  SINCE JAN 1      5                        52    -47       18
..................................................................


WIND (MPH)
  HIGHEST WIND SPEED    12   HIGHEST WIND DIRECTION     E (110)
  HIGHEST GUST SPEED    14   HIGHEST GUST DIRECTION     E (110)
  AVERAGE WIND SPEED     4.9


SKY COVER
  POSSIBLE SUNSHINE  MM
  AVERAGE SKY COVER 0.0


WEATHER CONDITIONS
 THE FOLLOWING WEATHER WAS RECORDED YESTERDAY.
  NO SIGNIFICANT WEATHER WAS OBSERVED.


RELATIVE HUMIDITY (PERCENT)
 HIGHEST    80          1000 PM
 LOWEST     18           200 PM
 AVERAGE    49

..........................................................


THE BROWNSVILLE CLIMATE NORMALS FOR TODAY
                         NORMAL    RECORD    YEAR
 MAXIMUM TEMPERATURE (F)   71        85      1917
 MINIMUM TEMPERATURE (F)   52        32      1948


SUNRISE AND SUNSET
JANUARY 27 2015.......SUNRISE   716 AM CST   SUNSET   609 PM CST
JANUARY 28 2015.......SUNRISE   715 AM CST   SUNSET   610 PM CST


-  INDICATES NEGATIVE NUMBERS.
R  INDICATES RECORD WAS SET OR TIED.
MM INDICATES DATA IS MISSING.
T  INDICATES TRACE AMOUNT.




$$
