000
CDUS44 KBRO 260634
CLIBRO


CLIMATE REPORT
NATIONAL WEATHER SERVICE BROWNSVILLE TX
133 AM CDT MON SEP 26 2016


...................................

...THE BROWNSVILLE CLIMATE SUMMARY FOR SEPTEMBER 25 2016...

CLIMATE NORMAL PERIOD 1981 TO 2010
CLIMATE RECORD PERIOD 1878 TO 2016


WEATHER ITEM   OBSERVED TIME   RECORD YEAR NORMAL DEPARTURE LAST
                VALUE   (LST)  VALUE       VALUE  FROM      YEAR
                                                  NORMAL
..................................................................
TEMPERATURE (F)
 YESTERDAY
  MAXIMUM         96    126 PM  98    2005  89      7       86
                                      1918
  MINIMUM         79    636 AM  58    1914  71      8       70
  AVERAGE         88                        80      8       78

PRECIPITATION (IN)
  YESTERDAY        T             5.76 1913   0.20  -0.20     0.22
  MONTH TO DATE    1.07                      4.92  -3.85     3.60
  SINCE SEP 1      1.07                      4.92  -3.85     3.60
  SINCE JAN 1     14.73                     19.73  -5.00    30.24

DEGREE DAYS
 HEATING
  YESTERDAY        0                         0      0        0
  MONTH TO DATE    0                         0      0        0
  SINCE SEP 1      0                         0      0        0
  SINCE JUL 1      0                         0      0        0

 COOLING
  YESTERDAY       23                        15      8       13
  MONTH TO DATE  536                       430    106      443
  SINCE SEP 1    536                       430    106      443
  SINCE JAN 1   3641                      3337    304     2907
..................................................................


WIND (MPH)
  HIGHEST WIND SPEED    24   HIGHEST WIND DIRECTION    SE (140)
  HIGHEST GUST SPEED    30   HIGHEST GUST DIRECTION    SE (120)
  AVERAGE WIND SPEED    12.0


SKY COVER
  POSSIBLE SUNSHINE  MM
  AVERAGE SKY COVER 0.2


WEATHER CONDITIONS
 THE FOLLOWING WEATHER WAS RECORDED YESTERDAY.
  LIGHT RAIN


RELATIVE HUMIDITY (PERCENT)
 HIGHEST    85           400 AM
 LOWEST     49           100 PM
 AVERAGE    67

..........................................................


THE BROWNSVILLE CLIMATE NORMALS FOR TODAY
                         NORMAL    RECORD    YEAR
 MAXIMUM TEMPERATURE (F)   89        97      2005
 MINIMUM TEMPERATURE (F)   71        58      1991
                                             1989
                                             1914


SUNRISE AND SUNSET
SEPTEMBER 26 2016.....SUNRISE   720 AM CDT   SUNSET   721 PM CDT
SEPTEMBER 27 2016.....SUNRISE   721 AM CDT   SUNSET   720 PM CDT


-  INDICATES NEGATIVE NUMBERS.
R  INDICATES RECORD WAS SET OR TIED.
MM INDICATES DATA IS MISSING.
T  INDICATES TRACE AMOUNT.

$$
