510
CDUS44 KBRO 020731
CLIBRO


CLIMATE REPORT
NATIONAL WEATHER SERVICE BROWNSVILLE TX
129 AM CST FRI DEC 2 2016


...................................

...THE BROWNSVILLE CLIMATE SUMMARY FOR DECEMBER 1 2016...

CLIMATE NORMAL PERIOD 1981 TO 2010
CLIMATE RECORD PERIOD 1878 TO 2016


WEATHER ITEM   OBSERVED TIME   RECORD YEAR NORMAL DEPARTURE LAST
                VALUE   (LST)  VALUE       VALUE  FROM      YEAR
                                                  NORMAL
..................................................................
TEMPERATURE (F)
 YESTERDAY
  MAXIMUM         74    450 PM  88    1942  75     -1       65
  MINIMUM         56    240 AM  34    1911  56      0       58
  AVERAGE         65                        65      0       62

PRECIPITATION (IN)
  YESTERDAY        0.00          2.35 1915   0.04  -0.04     0.06
  MONTH TO DATE    0.00                      0.04  -0.04     0.06
  SINCE DEC 1      0.00                      0.04  -0.04     0.06
  SINCE JAN 1     21.14                     26.33  -5.19    46.76

SNOWFALL (IN)
  YESTERDAY        0.0           0.0  2001   0.0
  MONTH TO DATE    0.0                       0.0
  SINCE DEC 1      0.0                       0.0
  SINCE JUL 1      0.0                       0.0

DEGREE DAYS
 HEATING
  YESTERDAY        0                         4     -4        3
  MONTH TO DATE    0                         4     -4        3
  SINCE DEC 1      0                         4     -4        3
  SINCE JUL 1      8                        58    -50       25

 COOLING
  YESTERDAY        0                         4     -4        0
  MONTH TO DATE    0                         4     -4        0
  SINCE DEC 1      0                         4     -4        0
  SINCE JAN 1   4467                      3949    518     3675
..................................................................


WIND (MPH)
  HIGHEST WIND SPEED    14   HIGHEST WIND DIRECTION     E (90)
  HIGHEST GUST SPEED    19   HIGHEST GUST DIRECTION     E (80)
  AVERAGE WIND SPEED     6.6


SKY COVER
  POSSIBLE SUNSHINE  MM
  AVERAGE SKY COVER 0.6


WEATHER CONDITIONS
 THE FOLLOWING WEATHER WAS RECORDED YESTERDAY.
  NO SIGNIFICANT WEATHER WAS OBSERVED.


RELATIVE HUMIDITY (PERCENT)
 HIGHEST    93           400 AM
 LOWEST     64          1100 AM
 AVERAGE    79

..........................................................


THE BROWNSVILLE CLIMATE NORMALS FOR TODAY
                         NORMAL    RECORD    YEAR
 MAXIMUM TEMPERATURE (F)   75        89      1904
 MINIMUM TEMPERATURE (F)   55        35      1902


SUNRISE AND SUNSET
DECEMBER  2 2016......SUNRISE   701 AM CST   SUNSET   538 PM CST
DECEMBER  3 2016......SUNRISE   701 AM CST   SUNSET   538 PM CST


-  INDICATES NEGATIVE NUMBERS.
R  INDICATES RECORD WAS SET OR TIED.
MM INDICATES DATA IS MISSING.
T  INDICATES TRACE AMOUNT.




$$
