000
CDUS44 KBRO 210727
CLIBRO


CLIMATE REPORT
NATIONAL WEATHER SERVICE BROWNSVILLE TX
126 AM CST FRI NOV 21 2014


...................................

...THE BROWNSVILLE CLIMATE SUMMARY FOR NOVEMBER 20 2014...

CLIMATE NORMAL PERIOD 1981 TO 2010
CLIMATE RECORD PERIOD 1878 TO 2014


WEATHER ITEM   OBSERVED TIME   RECORD YEAR NORMAL DEPARTURE LAST
                VALUE   (LST)  VALUE       VALUE  FROM      YEAR
                                                  NORMAL
..................................................................
TEMPERATURE (F)
 YESTERDAY
  MAXIMUM         76   1202 PM  88    2013  78     -2       88
                                      1900
  MINIMUM         63    538 AM  36    1969  58      5       71
  AVERAGE         70                        68      2       80

PRECIPITATION (IN)
  YESTERDAY        0.05          0.64 1888   0.06  -0.01     0.00
  MONTH TO DATE    3.31                      1.34   1.97     0.33
  SINCE SEP 1     17.49                     11.00   6.49    13.84
  SINCE JAN 1     27.01                     25.81   1.20    23.89

SNOWFALL (IN)
  YESTERDAY        0.0           0.0  2001   0.0
  MONTH TO DATE    0.0                       0.0
  SINCE SEP 1      0.0                       0.0
  SINCE JUL 1      0.0                       0.0

DEGREE DAYS
 HEATING
  YESTERDAY        0                         2     -2        0
  MONTH TO DATE   93                        24     69       11
  SINCE SEP 1     93                        28     65       11
  SINCE JUL 1     93                        28     65       11

 COOLING
  YESTERDAY        5                         5      0       15
  MONTH TO DATE   75                       136    -61      154
  SINCE SEP 1   1044                       994     50     1068
  SINCE JAN 1   3864                      3901    -37     4101
..................................................................


WIND (MPH)
  HIGHEST WIND SPEED    24   HIGHEST WIND DIRECTION    SE (150)
  HIGHEST GUST SPEED    30   HIGHEST GUST DIRECTION    SE (150)
  AVERAGE WIND SPEED     9.3


SKY COVER
  POSSIBLE SUNSHINE  MM
  AVERAGE SKY COVER 0.9


WEATHER CONDITIONS
 THE FOLLOWING WEATHER WAS RECORDED YESTERDAY.
  LIGHT RAIN
  FOG


RELATIVE HUMIDITY (PERCENT)
 HIGHEST   100           500 AM
 LOWEST     79           300 PM
 AVERAGE    90

..........................................................


THE BROWNSVILLE CLIMATE NORMALS FOR TODAY
                         NORMAL    RECORD    YEAR
 MAXIMUM TEMPERATURE (F)   78        89      1977
                                             1900
 MINIMUM TEMPERATURE (F)   58        38      1906


SUNRISE AND SUNSET
NOVEMBER 21 2014......SUNRISE   652 AM CST   SUNSET   539 PM CST
NOVEMBER 22 2014......SUNRISE   653 AM CST   SUNSET   539 PM CST


-  INDICATES NEGATIVE NUMBERS.
R  INDICATES RECORD WAS SET OR TIED.
MM INDICATES DATA IS MISSING.
T  INDICATES TRACE AMOUNT.




$$
