000
CDUS44 KBRO 120726
CLIBRO


CLIMATE REPORT
NATIONAL WEATHER SERVICE BROWNSVILLE TX
125 AM CST FRI FEB 12 2016


...................................

...THE BROWNSVILLE CLIMATE SUMMARY FOR FEBRUARY 11 2016...

CLIMATE NORMAL PERIOD 1981 TO 2010
CLIMATE RECORD PERIOD 1878 TO 2016


WEATHER ITEM   OBSERVED TIME   RECORD YEAR NORMAL DEPARTURE LAST
                VALUE   (LST)  VALUE       VALUE  FROM      YEAR
                                                  NORMAL
..................................................................
TEMPERATURE (F)
 YESTERDAY
  MAXIMUM         78    239 PM  93    1995  73      5       77
  MINIMUM         51    730 AM  32    1973  54     -3       54
  AVERAGE         65                        64      1       66

PRECIPITATION (IN)
  YESTERDAY        0.00          1.41 1999   0.04  -0.04     0.00
  MONTH TO DATE    0.00                      0.50  -0.50     0.47
  SINCE DEC 1      2.04                      2.92  -0.88     5.46
  SINCE JAN 1      1.88                      1.77   0.11     4.03

SNOWFALL (IN)
  YESTERDAY        0.0           0.0  2002   0.0
                                      2000
  MONTH TO DATE    0.0                       0.0
  SINCE DEC 1      0.0                       0.0
  SINCE JUL 1      0.0                       0.0

DEGREE DAYS
 HEATING
  YESTERDAY        0                         4     -4        0
  MONTH TO DATE   55                        51      4       40
  SINCE DEC 1    320                       396    -76      403
  SINCE JUL 1    342                       450   -108      516

 COOLING
  YESTERDAY        0                         3     -3        1
  MONTH TO DATE    9                        28    -19       13
  SINCE DEC 1    164                       167     -3      135
  SINCE JAN 1     30                        87    -57       26
..................................................................


WIND (MPH)
  HIGHEST WIND SPEED    26   HIGHEST WIND DIRECTION     S (160)
  HIGHEST GUST SPEED    35   HIGHEST GUST DIRECTION    SE (150)
  AVERAGE WIND SPEED    14.2


SKY COVER
  POSSIBLE SUNSHINE  MM
  AVERAGE SKY COVER 0.0


WEATHER CONDITIONS
 THE FOLLOWING WEATHER WAS RECORDED YESTERDAY.
  NO SIGNIFICANT WEATHER WAS OBSERVED.


RELATIVE HUMIDITY (PERCENT)
 HIGHEST   100           800 AM
 LOWEST     38           100 PM
 AVERAGE    69

..........................................................


THE BROWNSVILLE CLIMATE NORMALS FOR TODAY
                         NORMAL    RECORD    YEAR
 MAXIMUM TEMPERATURE (F)   73        89      1978
 MINIMUM TEMPERATURE (F)   54        16      1899


SUNRISE AND SUNSET
FEBRUARY 12 2016......SUNRISE   707 AM CST   SUNSET   621 PM CST
FEBRUARY 13 2016......SUNRISE   707 AM CST   SUNSET   621 PM CST


-  INDICATES NEGATIVE NUMBERS.
R  INDICATES RECORD WAS SET OR TIED.
MM INDICATES DATA IS MISSING.
T  INDICATES TRACE AMOUNT.




$$
