000
CDUS44 KBRO 280626
CLIBRO


CLIMATE REPORT
NATIONAL WEATHER SERVICE BROWNSVILLE TX
126 AM CDT FRI AUG 28 2015


...................................

...THE BROWNSVILLE CLIMATE SUMMARY FOR AUGUST 27 2015...

CLIMATE NORMAL PERIOD 1981 TO 2010
CLIMATE RECORD PERIOD 1878 TO 2015


WEATHER ITEM   OBSERVED TIME   RECORD YEAR NORMAL DEPARTURE LAST
                VALUE   (LST)  VALUE       VALUE  FROM      YEAR
                                                  NORMAL
..................................................................
TEMPERATURE (F)
 YESTERDAY
  MAXIMUM         91    337 PM 100    1990  94     -3       99
                                      1919
  MINIMUM         73    611 AM  69    1961  76     -3       78
                                      1908
                                      1897
  AVERAGE         82                        85     -3       89

PRECIPITATION (IN)
  YESTERDAY        0.00          2.83 1979   0.11  -0.11     0.00
  MONTH TO DATE    1.38                      1.97  -0.59     0.21
  SINCE JUN 1      4.50                      6.58  -2.08     2.49
  SINCE JAN 1     24.99                     14.34  10.65     7.82

SNOWFALL (IN)
  YESTERDAY        0.0           0.0  2002   0.0
                                      2001
  MONTH TO DATE    0.0                       0.0
  SINCE JUN 1      0.0                       0.0
  SINCE JUL 1      0.0                       0.0

DEGREE DAYS
 HEATING
  YESTERDAY        0                         0      0        0
  MONTH TO DATE    0                         0      0        0
  SINCE JUN 1      0                         0      0        0
  SINCE JUL 1      0                         0      0        0

 COOLING
  YESTERDAY       17                        20     -3       24
  MONTH TO DATE  557                       556      1      598
  SINCE JUN 1   1335                      1741   -406     1819
  SINCE JAN 1   2397                      2834   -437     2741
..................................................................


WIND (MPH)
  HIGHEST WIND SPEED    16   HIGHEST WIND DIRECTION    NE (50)
  HIGHEST GUST SPEED    21   HIGHEST GUST DIRECTION    NE (50)
  AVERAGE WIND SPEED     7.2


SKY COVER
  POSSIBLE SUNSHINE  MM
  AVERAGE SKY COVER 0.2


WEATHER CONDITIONS
 THE FOLLOWING WEATHER WAS RECORDED YESTERDAY.
  NO SIGNIFICANT WEATHER WAS OBSERVED.


RELATIVE HUMIDITY (PERCENT)
 HIGHEST   100           400 AM
 LOWEST     41           300 PM
 AVERAGE    71

..........................................................


THE BROWNSVILLE CLIMATE NORMALS FOR TODAY
                         NORMAL    RECORD    YEAR
 MAXIMUM TEMPERATURE (F)   94       101      2011
 MINIMUM TEMPERATURE (F)   76        63      1896


SUNRISE AND SUNSET
AUGUST 28 2015........SUNRISE   708 AM CDT   SUNSET   753 PM CDT
AUGUST 29 2015........SUNRISE   709 AM CDT   SUNSET   752 PM CDT


-  INDICATES NEGATIVE NUMBERS.
R  INDICATES RECORD WAS SET OR TIED.
MM INDICATES DATA IS MISSING.
T  INDICATES TRACE AMOUNT.




$$
