072
CDAK49 PAFG 270948
CLIBRW

CLIMATE REPORT
NATIONAL WEATHER SERVICE FAIRBANKS AK
148 AM AKDT THU APR 27 2017


...................................

...THE BARROW AK CLIMATE SUMMARY FOR APRIL 26 2017...

CLIMATE NORMAL PERIOD 1981 TO 2010
CLIMATE RECORD PERIOD 1920 TO 2017


WEATHER ITEM   OBSERVED TIME   RECORD YEAR NORMAL DEPARTURE LAST
                VALUE   (LST)  VALUE       VALUE  FROM      YEAR
                                                  NORMAL
..................................................................
TEMPERATURE (F)
 YESTERDAY
  MAXIMUM          9    320 PM  39    2009  15     -6       26
  MINIMUM          5   1159 PM -27    1924   3      2       23
  AVERAGE          7                         9     -2       25

PRECIPITATION (IN)
  YESTERDAY        T             0.06 2002   0.01  -0.01     0.01
                                      1973
  MONTH TO DATE    T                         0.14  -0.14     0.07
  SINCE MAR 1      0.30                      0.23   0.07     0.21
  SINCE JAN 1      1.17                      0.50   0.67     3.27

SNOWFALL (IN)
  YESTERDAY        T             1.2  1973   0.1   -0.1     MM
  MONTH TO DATE    0.6                       2.8   -2.2      0.4
  SINCE MAR 1      3.0                       4.9   -1.9      0.6
  SINCE JUL 1     29.9                      33.9   -4.0      9.4
  SNOW DEPTH       6

DEGREE DAYS
 HEATING
  YESTERDAY       58                        56      2       40
  MONTH TO DATE 1501                      1678   -177     1422
  SINCE MAR 1   3738                      4085   -347     3438
  SINCE JUL 1  14700                     16942  -2242    14834

 COOLING
  YESTERDAY        0                         0      0        0
  MONTH TO DATE    0                         0      0        0
  SINCE MAR 1      0                         0      0        0
  SINCE JAN 1      0                         0      0        0
..................................................................


WIND (MPH)
  HIGHEST GUST SPEED    18   HIGHEST GUST DIRECTION     E (100)


SKY COVER
  AVERAGE SKY COVER 1.0


WEATHER CONDITIONS
 THE FOLLOWING WEATHER WAS RECORDED YESTERDAY.
  LIGHT SNOW
  FOG
  HAZE


RELATIVE HUMIDITY (PERCENT)
 HIGHEST    80
 LOWEST     73
 AVERAGE    77

..........................................................


THE BARROW AK CLIMATE NORMALS FOR TODAY
                         NORMAL    RECORD    YEAR
 MAXIMUM TEMPERATURE (F)   16        37      1967
 MINIMUM TEMPERATURE (F)    3       -22      1949


SUNRISE AND SUNSET
APRIL 27 2017.........SUNRISE   459 AM AKDT  SUNSET  1156 PM AKDT
APRIL 28 2017.........SUNRISE   453 AM AKDT  SUNSET  1203 AM AKDT

-  INDICATES NEGATIVE NUMBERS.
R  INDICATES RECORD WAS SET OR TIED.
MM INDICATES DATA IS MISSING.
T  INDICATES TRACE AMOUNT.

&&

SNOW DEPTH IS MEASURED AT 3AM AKST/4AM AKDT.

----------------------------
AVAILABLE DAYLIGHT

AMOUNT OF DAYLIGHT TODAY  (HOUR:MIN)........18:57
GAIN/LOSS SINCE YESTERDAY (HOUR:MIN:SEC)....+0:12:46

$$
SDB APR 17
