706
CDAK49 PAFG 180957
CLIBRW

CLIMATE REPORT
NATIONAL WEATHER SERVICE FAIRBANKS AK
1257 AM AKST THU JAN 18 2018


...................................

...THE BARROW AK CLIMATE SUMMARY FOR JANUARY 17 2018...

CLIMATE NORMAL PERIOD 1981 TO 2010
CLIMATE RECORD PERIOD 1920 TO 2018


WEATHER ITEM   OBSERVED TIME   RECORD YEAR NORMAL DEPARTURE LAST
                VALUE   (LST)  VALUE       VALUE  FROM      YEAR
                                                  NORMAL
..................................................................
TEMPERATURE (F)
 YESTERDAY
  MAXIMUM         22   1145 PM  33    1963  -8     30       -9
                                      1922
  MINIMUM          2   1200 AM -48    1989 -20     22      -19
  AVERAGE         12                       -14     26      -14

PRECIPITATION (IN)
  YESTERDAY        0.14          0.17 1962   0.00   0.14     0.00
  MONTH TO DATE    0.16                      0.07   0.09     0.46
  SINCE DEC 1      0.54                      0.21   0.33     0.76
  SINCE JAN 1      0.16                      0.07   0.09     0.46

SNOWFALL (IN)
  YESTERDAY       MM             1.7  1962   0.1   MM        0.0
  MONTH TO DATE    0.2                       1.5   -1.3      4.2
  SINCE DEC 1      6.8                       5.0    1.8      8.4
  SINCE JUL 1     23.5                      25.3   -1.8     21.5
  SNOW DEPTH      MM

DEGREE DAYS
 HEATING
  YESTERDAY       53                        79    -26       79
  MONTH TO DATE 1125                      1323   -198      991
  SINCE DEC 1   2957                      3580   -623     2995
  SINCE JUL 1   7885                      9532  -1647     7950

 COOLING
  YESTERDAY        0                         0      0        0
  MONTH TO DATE    0                         0      0        0
  SINCE DEC 1      0                         0      0        0
  SINCE JAN 1      0                         0      0        0
..................................................................


WIND (MPH)
  HIGHEST GUST SPEED    28   HIGHEST GUST DIRECTION    NE (50)


SKY COVER
  AVERAGE SKY COVER 0.8


WEATHER CONDITIONS
 THE FOLLOWING WEATHER WAS RECORDED YESTERDAY.
  LIGHT SNOW
  FOG
  BLOWING SNOW


RELATIVE HUMIDITY (PERCENT)
 HIGHEST    92
 LOWEST     80
 AVERAGE    86

..........................................................


THE BARROW AK CLIMATE NORMALS FOR TODAY
                         NORMAL    RECORD    YEAR
 MAXIMUM TEMPERATURE (F)   -8        31      1962
                                             1922
 MINIMUM TEMPERATURE (F)  -20       -47      1951


SUNRISE AND SUNSET
JANUARY 18 2018.......SUN BELOW VISIBLE HORIZON.
JANUARY 19 2018.......SUN BELOW VISIBLE HORIZON.

-  INDICATES NEGATIVE NUMBERS.
R  INDICATES RECORD WAS SET OR TIED.
MM INDICATES DATA IS MISSING.
T  INDICATES TRACE AMOUNT.

&&

SNOW DEPTH IS MEASURED AT 3AM AKST/4AM AKDT.

----------------------------
AVAILABLE DAYLIGHT

AMOUNT OF DAYLIGHT TODAY  (HOUR:MIN)........0:00
GAIN/LOSS SINCE YESTERDAY (HOUR:MIN:SEC)....+0:00:00

$$
CCC JAN 18
