557
CDAK49 PAFG 230942
CLIBRW

CLIMATE REPORT
NATIONAL WEATHER SERVICE FAIRBANKS AK
142 AM AKDT WED AUG 23 2017


...................................

...THE BARROW AK CLIMATE SUMMARY FOR AUGUST 22 2017...

CLIMATE NORMAL PERIOD 1981 TO 2010
CLIMATE RECORD PERIOD 1920 TO 2017


WEATHER ITEM   OBSERVED TIME   RECORD YEAR NORMAL DEPARTURE LAST
                VALUE   (LST)  VALUE       VALUE  FROM      YEAR
                                                  NORMAL
..................................................................
TEMPERATURE (F)
 YESTERDAY
  MAXIMUM         45    224 PM  63    2012  43      2       37
                                      1972
  MINIMUM         37   1249 AM  22    1933  34      3       33
  AVERAGE         41                        38      3       35

PRECIPITATION (IN)
  YESTERDAY        T             0.34 1937   0.04  -0.04     0.02
  MONTH TO DATE    1.30                      0.76   0.54     0.82
  SINCE JUN 1      3.16                      2.06   1.10     2.30
  SINCE JAN 1      5.27                      2.76   2.51     5.65

SNOWFALL (IN)
  YESTERDAY        0.0           1.5  1955   0.1   -0.1      0.2
  MONTH TO DATE    T                         0.5   -0.5      1.8
  SINCE JUN 1      0.5                       1.4   -0.9      3.7
  SINCE JUL 1      T                         0.7   -0.7      1.8
  SNOW DEPTH       0

DEGREE DAYS
 HEATING
  YESTERDAY       24                        27     -3       30
  MONTH TO DATE  506                       560    -54      570
  SINCE JUN 1   1989                      2190   -201     2032
  SINCE JUL 1   1088                      1309   -221     1223

 COOLING
  YESTERDAY        0                         0      0        0
  MONTH TO DATE    0                         0      0        0
  SINCE JUN 1      0                         0      0        0
  SINCE JAN 1      0                         0      0        0
..................................................................


WIND (MPH)
  HIGHEST GUST SPEED    23   HIGHEST GUST DIRECTION     E (70)


SKY COVER
  AVERAGE SKY COVER 1.0


WEATHER CONDITIONS
 THE FOLLOWING WEATHER WAS RECORDED YESTERDAY.
  LIGHT RAIN
  FOG
  FOG W/VISIBILITY <= 1/4 MILE


RELATIVE HUMIDITY (PERCENT)
 HIGHEST   100
 LOWEST     83
 AVERAGE    92

..........................................................


THE BARROW AK CLIMATE NORMALS FOR TODAY
                         NORMAL    RECORD    YEAR
 MAXIMUM TEMPERATURE (F)   43        65      1954
 MINIMUM TEMPERATURE (F)   34        22      1956


SUNRISE AND SUNSET
AUGUST 23 2017........SUNRISE   553 AM AKDT  SUNSET  1103 PM AKDT
AUGUST 24 2017........SUNRISE   558 AM AKDT  SUNSET  1058 PM AKDT

-  INDICATES NEGATIVE NUMBERS.
R  INDICATES RECORD WAS SET OR TIED.
MM INDICATES DATA IS MISSING.
T  INDICATES TRACE AMOUNT.

&&

SNOW DEPTH IS MEASURED AT 3AM AKST/4AM AKDT.

----------------------------
AVAILABLE DAYLIGHT

AMOUNT OF DAYLIGHT TODAY  (HOUR:MIN)........17:10
GAIN/LOSS SINCE YESTERDAY (HOUR:MIN:SEC)....-0:10:51

$$
SDB AUG 17
