000
CDAK49 PABR 170928
CLIBRW

CLIMATE REPORT
NATIONAL WEATHER SERVICE BARROW, AK
128 AM AKDT THU APR 17 2014

...................................
...THE BARROW WSO AP CLIMATE SUMMARY FOR APRIL 16 2014...

CLIMATE NORMAL PERIOD  1981 TO  2010
CLIMATE RECORD PERIOD  1915 TO  2014

WEATHER ITEM   OBSERVED TIME    RECORD YEAR NORMAL DEPARTURE LAST
               VALUE    (LST)   VALUE       VALUE  FROM      YEAR
                                                   NORMAL
...................................................................
TEMPERATURE
YESTERDAY
 MAXIMUM            27   151 AM    31  1988      9      18      4
 MINIMUM            18   927 PM   -28  1959     -5      23    -15
 AVERAGE            23                           2      21     -6

PRECIPITATION
(INCHES)
 YESTERDAY           T           0.15  1963   0.01   -0.01   0.00
 MONTH TO DATE    0.20                        0.09    0.11   0.04
 SINCE MAR 1      0.25                        0.18    0.07   0.54
 SINCE JAN 1      0.62                        0.45    0.17   0.67

SNOWFALL
(INCHES)
 YESTERDAY           T            2.0  1963    0.1    -0.1    0.0
 MONTH TO DATE     1.1                         1.7    -0.6    1.5
 SINCE MAR 1       2.9                         3.8    -0.9    9.4
 SINCE JUL 1      45.5                        32.8    12.7   53.4
 SNOW DEPTH (IN)     7                                          6

DEGREE DAYS
 HEATING
  YESTERDAY         42                          63     -21     71
  MONTH TO DATE   1082                        1087      -5   1145
  SINCE MAR 1     3235                        3491    -256   3372
  SINCE JUL 1    14906                       16339   -1433  15416

 COOLING
  YESTERDAY          0                           0       0      0
  MONTH TO DATE      0                           0       0      0
  SINCE MAR 1        0                           0       0      0
  SINCE JAN 1        0                           0       0      0
...................................................................

WIND (MPH)
 HIGHEST WIND SPEED    17     HIGHEST WIND DIRECTION    270
 HIGHEST GUST SPEED    22     HIGHEST GUST DIRECTION    330
 AVERAGE WIND SPEED  11.4

SKY COVER
  POSSIBLE SUNSHINE    MM          AVERAGE SKY COVER     MM

WEATHER CONDITIONS
 THE FOLLOWING WEATHER WAS RECORDED YESTERDAY.
 FOG
 SNOW


RELATIVE HUMIDITY
 HIGHEST RH    100 PERCENT       753 PM
 LOWEST  RH     92 PERCENT       653 PM
 AVERAGE RH     99 PERCENT
...................................................................

THE BARROW CLIMATE NORMALS FOR TODAY
                           NORMAL    RECORD   YEAR
 MAXIMUM TEMPERATURE (F)     10        35     1951
 MINIMUM TEMPERATURE (F)     -4       -26     2002

SUNRISE AND SUNSET
 APR 17 2014..........SUNRISE  6:00 AM      SUNSET 10:58 PM
 APR 18 2014..........SUNRISE  5:55 AM      SUNSET 11:03 PM

-  INDICATES NEGATIVE NUMBERS.
R  INDICATES RECORD HAS BEEN SET OR TIED.
MM INDICATES DATA IS MISSING.
T  INDICATES TRACE OF PRECIPITATION.

&&
-------------------------------------------------------------------

AMOUNT OF DAYLIGHT TODAY  (HOUR:MIN)........16 HOURS 58 MINUTES
GAIN/LOSS SINCE YESTERDAY (HOUR:MIN:SEC)....+0:10:43

$$
JML APR 14
