978
CDAK49 PAFG 260942
CLIBRW

CLIMATE REPORT
NATIONAL WEATHER SERVICE FAIRBANKS AK
142 AM AKDT SUN MAR 26 2017


...................................

...THE BARROW AK CLIMATE SUMMARY FOR MARCH 25 2017...

CLIMATE NORMAL PERIOD 1981 TO 2010
CLIMATE RECORD PERIOD 1920 TO 2017


WEATHER ITEM   OBSERVED TIME   RECORD YEAR NORMAL DEPARTURE LAST
                VALUE   (LST)  VALUE       VALUE  FROM      YEAR
                                                  NORMAL
..................................................................
TEMPERATURE (F)
 YESTERDAY
  MAXIMUM          4    207 PM  30    1996  -4      8        2
  MINIMUM         -8   1159 PM -50    1925 -18     10       -3
  AVERAGE         -2                       -11      9        0

PRECIPITATION (IN)
  YESTERDAY        T             0.70 1963   0.00   0.00     0.01
  MONTH TO DATE    0.30                      0.07   0.23     0.12
  SINCE MAR 1      0.30                      0.07   0.23     0.12
  SINCE JAN 1      1.17                      0.34   0.83     3.18

SNOWFALL (IN)
  YESTERDAY        T             7.0  1963   0.1   -0.1     MM
  MONTH TO DATE    2.4                       1.7    0.7      0.2
  SINCE MAR 1      2.4                       1.7    0.7      0.2
  SINCE JUL 1     29.3                      30.7   -1.4      9.0
  SNOW DEPTH       9

DEGREE DAYS
 HEATING
  YESTERDAY       67                        76     -9       65
  MONTH TO DATE 1789                      1958   -169     1560
  SINCE MAR 1   1789                      1958   -169     1560
  SINCE JUL 1  12751                     14815  -2064    12956

 COOLING
  YESTERDAY        0                         0      0        0
  MONTH TO DATE    0                         0      0        0
  SINCE MAR 1      0                         0      0        0
  SINCE JAN 1      0                         0      0        0
..................................................................


WIND (MPH)
  HIGHEST GUST SPEED    22   HIGHEST GUST DIRECTION     W (260)


SKY COVER
  AVERAGE SKY COVER 0.3


WEATHER CONDITIONS
 THE FOLLOWING WEATHER WAS RECORDED YESTERDAY.
  FOG
  HAZE
  BLOWING SNOW


RELATIVE HUMIDITY (PERCENT)
 HIGHEST    87
 LOWEST     72
 AVERAGE    80

..........................................................


THE BARROW AK CLIMATE NORMALS FOR TODAY
                         NORMAL    RECORD    YEAR
 MAXIMUM TEMPERATURE (F)   -4        30      1996
 MINIMUM TEMPERATURE (F)  -17       -45      1962


SUNRISE AND SUNSET
MARCH 26 2017.........SUNRISE   754 AM AKDT  SUNSET   915 PM AKDT
MARCH 27 2017.........SUNRISE   749 AM AKDT  SUNSET   920 PM AKDT

-  INDICATES NEGATIVE NUMBERS.
R  INDICATES RECORD WAS SET OR TIED.
MM INDICATES DATA IS MISSING.
T  INDICATES TRACE AMOUNT.

&&

SNOW DEPTH IS MEASURED AT 3AM AKST/4AM AKDT.

----------------------------
AVAILABLE DAYLIGHT

AMOUNT OF DAYLIGHT TODAY  (HOUR:MIN)........13:22
GAIN/LOSS SINCE YESTERDAY (HOUR:MIN:SEC)....+0:09:24

$$
MAR 17
