617
CDAK49 PAFG 231151
CLIBRW

CLIMATE REPORT
NATIONAL WEATHER SERVICE FAIRBANKS AK
351 AM AKDT MON OCT 23 2017


...................................

...THE BARROW AK CLIMATE SUMMARY FOR OCTOBER 22 2017...

CLIMATE NORMAL PERIOD 1981 TO 2010
CLIMATE RECORD PERIOD 1920 TO 2017


WEATHER ITEM   OBSERVED TIME   RECORD YEAR NORMAL DEPARTURE LAST
                VALUE   (LST)  VALUE       VALUE  FROM      YEAR
                                                  NORMAL
..................................................................
TEMPERATURE (F)
 YESTERDAY
  MAXIMUM         27   1044 AM  42    1957  19      8       32
  MINIMUM          3   1132 PM -22    1983   9     -6       26
  AVERAGE         15                        14      1       29

PRECIPITATION (IN)
  YESTERDAY       MM             0.10 2009   0.01  MM        0.03
                                      1923
  MONTH TO DATE    0.58                      0.31   0.27     0.16
  SINCE SEP 1      1.27                      1.03   0.24     0.93
  SINCE JAN 1      6.94                      4.08   2.86     6.58

SNOWFALL (IN)
  YESTERDAY       MM             1.7  2011   0.3   MM        0.4
                                      1944
  MONTH TO DATE    1.2                       6.5   -5.3      2.3
  SINCE SEP 1      3.7                      10.9   -7.2      4.3
  SINCE JUL 1      4.5                      12.0   -7.5      6.1
  SNOW DEPTH       2

DEGREE DAYS
 HEATING
  YESTERDAY       50                        51     -1       36
  MONTH TO DATE  851                       991   -140      729
  SINCE SEP 1   1747                      1977   -230     1635
  SINCE JUL 1   3090                      3532   -442     3064

 COOLING
  YESTERDAY        0                         0      0        0
  MONTH TO DATE    0                         0      0        0
  SINCE SEP 1      0                         0      0        0
  SINCE JAN 1      0                         0      0        0
..................................................................


WIND (MPH)
  HIGHEST GUST SPEED    24   HIGHEST GUST DIRECTION    SW (240)


SKY COVER
  AVERAGE SKY COVER 1.0


WEATHER CONDITIONS
 THE FOLLOWING WEATHER WAS RECORDED YESTERDAY.
  LIGHT SNOW
  FOG


RELATIVE HUMIDITY (PERCENT)
 HIGHEST    92
 LOWEST     84
 AVERAGE    88

..........................................................


THE BARROW AK CLIMATE NORMALS FOR TODAY
                         NORMAL    RECORD    YEAR
 MAXIMUM TEMPERATURE (F)   18        37      1957
 MINIMUM TEMPERATURE (F)    8       -21      1983


SUNRISE AND SUNSET
OCTOBER 23 2017.......SUNRISE  1029 AM AKDT  SUNSET   553 PM AKDT
OCTOBER 24 2017.......SUNRISE  1034 AM AKDT  SUNSET   548 PM AKDT

-  INDICATES NEGATIVE NUMBERS.
R  INDICATES RECORD WAS SET OR TIED.
MM INDICATES DATA IS MISSING.
T  INDICATES TRACE AMOUNT.

&&

SNOW DEPTH IS MEASURED AT 3AM AKST/4AM AKDT.

----------------------------
AVAILABLE DAYLIGHT

AMOUNT OF DAYLIGHT TODAY  (HOUR:MIN)........7:24
GAIN/LOSS SINCE YESTERDAY (HOUR:MIN:SEC)....-0:10:18

$$
OCT 17
