000
CDAK49 PABR 230909
CLIBRW

CLIMATE REPORT
NATIONAL WEATHER SERVICE BARROW, AK
109 AM AKDT SAT JUL 23 2016

...................................
...THE BARROW WSO AP CLIMATE SUMMARY FOR JULY 22 2016...

CLIMATE NORMAL PERIOD  1981 TO  2010
CLIMATE RECORD PERIOD  1915 TO  2016

WEATHER ITEM   OBSERVED TIME    RECORD YEAR NORMAL DEPARTURE LAST
               VALUE    (LST)   VALUE       VALUE  FROM      YEAR
                                                   NORMAL
...................................................................
TEMPERATURE
YESTERDAY
 MAXIMUM            43   615 AM    67  2000     47      -4     48
 MINIMUM            33  1159 PM    26  1924     35      -2     33
 AVERAGE            38                          41      -3     41

PRECIPITATION
(INCHES)
 YESTERDAY           T           0.27  1930   0.04   -0.04      T
 MONTH TO DATE    0.14                        0.67   -0.53   0.09
 SINCE JUN 1      0.84                        0.99   -0.15   0.93
 SINCE JAN 1      2.17                        1.69    0.48   2.89

SNOWFALL
(INCHES)
 YESTERDAY           T            0.4  1922    0.0       T    0.0
 MONTH TO DATE       T                         0.1    -0.1    0.0
 SINCE JUN 1       2.7                         0.8     1.9    1.0
 SINCE JUL 1         T                         0.1    -0.1    0.0
 SNOW DEPTH (IN)     0                                          0

DEGREE DAYS
 HEATING
  YESTERDAY         27                          24       3     24
  MONTH TO DATE    448                         531     -83    507
  SINCE JUN 1     1258                        1411    -153   1249
  SINCE JUL 1      448                         531     -83    507

 COOLING
  YESTERDAY          0                           0       0      0
  MONTH TO DATE      0                           0       0      0
  SINCE JUN 1        0                           0       0      0
  SINCE JAN 1        0                           0       0      0
...................................................................

WIND (MPH)
 HIGHEST WIND SPEED    15     HIGHEST WIND DIRECTION     40
 HIGHEST GUST SPEED    19     HIGHEST GUST DIRECTION     40
 AVERAGE WIND SPEED   9.1

SKY COVER
  POSSIBLE SUNSHINE    MM          AVERAGE SKY COVER     MM

WEATHER CONDITIONS
 THE FOLLOWING WEATHER WAS RECORDED YESTERDAY.
  FOG
  SNOW

...................................................................

THE BARROW CLIMATE NORMALS FOR TODAY
                           NORMAL    RECORD   YEAR
 MAXIMUM TEMPERATURE (F)     47        70     2004
 MINIMUM TEMPERATURE (F)     35        26     1945

SUNRISE AND SUNSET
 SUN ABOVE VISIBLE HORIZON

-  INDICATES NEGATIVE NUMBERS.
R  INDICATES RECORD HAS BEEN SET OR TIED.
MM INDICATES DATA IS MISSING.
T  INDICATES TRACE OF PRECIPITATION.

&&
-------------------------------------------------------------------

AMOUNT OF DAYLIGHT TODAY  (HOUR:MIN)........24 HOURS 00 MINUTES
GAIN/LOSS SINCE YESTERDAY (HOUR:MIN:SEC)....+0:00:00

$$
*** JUL 16
