000
CDAK49 PABR 280904
CLIBRW

CLIMATE REPORT
NATIONAL WEATHER SERVICE BARROW, AK
104 AM AKDT SUN AUG 28 2016

...................................
...THE BARROW WSO AP CLIMATE SUMMARY FOR AUGUST 27 2016...

CLIMATE NORMAL PERIOD  1981 TO  2010
CLIMATE RECORD PERIOD  1915 TO  2016

WEATHER ITEM   OBSERVED TIME    RECORD YEAR NORMAL DEPARTURE LAST
               VALUE    (LST)   VALUE       VALUE  FROM      YEAR
                                                   NORMAL
...................................................................
TEMPERATURE
YESTERDAY
 MAXIMUM            64  0418 PM    64  2016     42      22     38
 MINIMUM            42  0103 AM    22  1932     33       9     35
 AVERAGE            53                          38      15     37

PRECIPITATION
(INCHES)
 YESTERDAY        0.00           0.36  1997   0.03   -0.03      T
 MONTH TO DATE    0.84                        0.92   -0.08   1.46
 SINCE JUN 1      2.33                        2.22    0.11   2.52
 SINCE JAN 1      3.66                        2.92    0.74   4.48

SNOWFALL
(INCHES)
 YESTERDAY         0.0            1.6  1988    0.1    -0.1      T
 MONTH TO DATE     2.1                         0.7     1.4    0.2
 SINCE JUN 1       4.8                         1.6     3.2    1.2
 SINCE JUL 1       2.1                         0.9     1.2    0.2
 SNOW DEPTH (IN)     0                                          0

DEGREE DAYS
 HEATING
  YESTERDAY         12                          27     -15     28
  MONTH TO DATE    674                         695     -21    708
  SINCE JUN 1     2137                        2322    -185   2201
  SINCE JUL 1     1327                        1442    -115   1459

 COOLING
  YESTERDAY          0                           0       0      0
  MONTH TO DATE      0                           0       0      0
  SINCE JUN 1        0                           0       0      0
  SINCE JAN 1        0                           0       0      0
...................................................................

WIND (MPH)
 HIGHEST WIND SPEED    20     HIGHEST WIND DIRECTION    250
 HIGHEST GUST SPEED    24     HIGHEST GUST DIRECTION    250
 AVERAGE WIND SPEED  11.2

WEATHER CONDITIONS
 THE FOLLOWING WEATHER WAS RECORDED YESTERDAY.
  FOG

RELATIVE HUMIDITY
 HIGHEST RH     93 PERCENT  AT 435 AM AKST
 LOWEST  RH     63 PERCENT  AT 400 PM AKST
 AVERAGE RH     78 PERCENT
...................................................................

THE BARROW CLIMATE NORMALS FOR TODAY
                           NORMAL    RECORD   YEAR
 MAXIMUM TEMPERATURE (F)     42        58     1985
 MINIMUM TEMPERATURE (F)     33        21     1922

SUNRISE AND SUNSET
 AUG 28 2016..........SUNRISE  6:19 AM      SUNSET 10:35 PM
 AUG 29 2016..........SUNRISE  6:24 AM      SUNSET 10:29 PM

-  INDICATES NEGATIVE NUMBERS.
R  INDICATES RECORD HAS BEEN SET OR TIED.
MM INDICATES DATA IS MISSING.
T  INDICATES TRACE OF PRECIPITATION.

&&
-------------------------------------------------------------------

AMOUNT OF DAYLIGHT TODAY  (HOUR:MIN)........16 HOURS 16 MINUTES
GAIN/LOSS SINCE YESTERDAY (HOUR:MIN:SEC)....-0:10:14

$$
RFL AUG 16
