000
CDAK49 PABR 270930
CLIBRW

CLIMATE REPORT
NATIONAL WEATHER SERVICE BARROW, AK
131 AM AKDT WED MAY 27 2015

...................................
...THE BARROW WSO AP CLIMATE SUMMARY FOR MAY 26 2015...

CLIMATE NORMAL PERIOD  1981 TO  2010
CLIMATE RECORD PERIOD  1915 TO  2015

WEATHER ITEM   OBSERVED TIME    RECORD YEAR NORMAL DEPARTURE LAST
               VALUE    (LST)   VALUE       VALUE  FROM      YEAR
                                                   NORMAL
...................................................................
TEMPERATURE
YESTERDAY
 MAXIMUM            32  0712 PM    41  1990     31       1     25
 MINIMUM            29  1159 PM     5  2001     23       6     19
 AVERAGE            31                          27       4     22

PRECIPITATION
(INCHES)
 YESTERDAY           T           0.13  1945   0.01   -0.01   0.03
 MONTH TO DATE    0.15                        0.14    0.01   0.83
 SINCE MAR 1      0.89                        0.39    0.50   1.18
 SINCE JAN 1      1.46                        0.66    0.80   1.55

SNOWFALL
(INCHES)
 YESTERDAY         0.0            1.6  1945    0.0     0.0    0.4
 MONTH TO DATE     1.0                         2.3    -1.3    3.8
 SINCE MAR 1      11.6                         7.6     4.0    9.4
 SINCE JUL 1      54.7                        36.6    18.1   52.0
 SNOW DEPTH (IN)     0                                          T

DEGREE DAYS
 HEATING
  YESTERDAY         34                          38      -4     43
  MONTH TO DATE    979                        1176    -197    987
  SINCE MAR 1     5068                        5475    -407   4971
  SINCE JUL 1    17211                       18323   -1112  16694

 COOLING
  YESTERDAY          0                           0       0      0
  MONTH TO DATE      0                           0       0      0
  SINCE MAR 1        0                           0       0      0
  SINCE JAN 1        0                           0       0      0
...................................................................

WIND (MPH)
 HIGHEST WIND SPEED     9     HIGHEST WIND DIRECTION     30
 HIGHEST GUST SPEED    12     HIGHEST GUST DIRECTION    350
 AVERAGE WIND SPEED   5.4

WEATHER CONDITIONS
 THE FOLLOWING WEATHER WAS RECORDED YESTERDAY.
  FREEZING RAIN
  GLAZE
  FOG AND FREEZING FOG WITH VISIBILITY AS LOW AS ONE QUARTER MILE.

RELATIVE HUMIDITY
 HIGHEST RH     100 PERCENT   AT 1153 PM AST
 LOWEST  RH      92 PERCENT   AT 1017 PM AST
 AVERAGE RH      99 PERCENT
...................................................................

THE BARROW CLIMATE NORMALS FOR TODAY
                           NORMAL    RECORD   YEAR
 MAXIMUM TEMPERATURE (F)     31        43     1989
 MINIMUM TEMPERATURE (F)     23         2     1926

SUNRISE AND SUNSET
 THE SUN IS CONTINUOUSLY ABOVE THE HORIZON ALL DAY.

-  INDICATES NEGATIVE NUMBERS.
R  INDICATES RECORD HAS BEEN SET OR TIED.
MM INDICATES DATA IS MISSING.
T  INDICATES TRACE OF PRECIPITATION.

&&
-------------------------------------------------------------------

AMOUNT OF DAYLIGHT TODAY  (HOUR:MIN)........24 HOURS 00 MINUTES
GAIN/LOSS SINCE YESTERDAY (HOUR:MIN:SEC)....+0:00:00

$$
RFL MAY 15
