000
CDUS43 KGRR 311342
CLIBTL


CLIMATE REPORT
NATIONAL WEATHER SERVICE GRAND RAPIDS, MI
934 AM EDT THU JUL 31 2014


...................................

...THE BATTLE CREEK MI CLIMATE SUMMARY FOR JULY 31 2014...
VALID AS OF 0900 AM LOCAL TIME.

CLIMATE NORMAL PERIOD 1981 TO 2010
CLIMATE RECORD PERIOD 9999 TO 9999


WEATHER ITEM   OBSERVED TIME   RECORD YEAR NORMAL DEPARTURE LAST
                VALUE   (LST)  VALUE       VALUE  FROM      YEAR
                                                  NORMAL
..................................................................
TEMPERATURE (F)
 TODAY
  MAXIMUM         64    755 AM  MM      MM  82    -18       71
  MINIMUM         54    153 AM  MM      MM  59     -5       64
  AVERAGE         59                        70    -11       68

PRECIPITATION (IN)
  TODAY            0.00         MM      MM   0.11  -0.11     0.24
  MONTH TO DATE    4.21                      3.36   0.85     4.90
  SINCE JUN 1      9.78                      6.59   3.19     8.64
  SINCE JAN 1     17.74                     18.07  -0.33    21.42

DEGREE DAYS
 HEATING
  TODAY            6                         1      5        0
  MONTH TO DATE   24                         7     17       17
  SINCE JUN 1     42                        72    -30       59

 COOLING
  TODAY            0                         6     -6        3
  MONTH TO DATE  103                       197    -94      229
  SINCE JUN 1    279                       323    -44      375
..................................................................


WIND (MPH)
  HIGHEST WIND SPEED    12   HIGHEST WIND DIRECTION    SW (230)
  HIGHEST GUST SPEED    13   HIGHEST GUST DIRECTION    SW (240)



WEATHER CONDITIONS
 THE FOLLOWING WEATHER WAS RECORDED TODAY.
  NO SIGNIFICANT WEATHER WAS OBSERVED.


..........................................................




SUNRISE AND SUNSET
JULY 31 2014..........SUNRISE   633 AM EDT   SUNSET   901 PM EDT
AUGUST  1 2014........SUNRISE   634 AM EDT   SUNSET   900 PM EDT


-  INDICATES NEGATIVE NUMBERS.
R  INDICATES RECORD WAS SET OR TIED.
MM INDICATES DATA IS MISSING.
T  INDICATES TRACE AMOUNT.




$$

63
