000
CDUS43 KGRR 190528
CLIBTL


CLIMATE REPORT
NATIONAL WEATHER SERVICE GRAND RAPIDS, MI
1228 AM EST SUN NOV 19 2017


...................................

...THE BATTLE CREEK MI CLIMATE SUMMARY FOR NOVEMBER 18 2017...

CLIMATE NORMAL PERIOD 1981 TO 2010
CLIMATE RECORD PERIOD 1998 TO 2017


WEATHER ITEM   OBSERVED TIME   NORMAL DEPARTURE LAST
                VALUE   (LST)  VALUE  FROM      YEAR
                                      NORMAL
......................................................
TEMPERATURE (F)
 YESTERDAY
  MAXIMUM         45   1140 AM  47     -2       70
  MINIMUM         36    651 PM  30      6       45
  AVERAGE         41            38      3       58

PRECIPITATION (IN)
  YESTERDAY        0.69          0.10   0.59     0.24
  MONTH TO DATE    3.48          1.78   1.70     0.47
  SINCE SEP 1     15.02          8.57   6.45     5.68
  SINCE JAN 1     36.62         30.11   6.51    29.14

DEGREE DAYS
 HEATING
  YESTERDAY       24            27     -3        7
  MONTH TO DATE  475           418     57      177
  SINCE SEP 1    865          1039   -174      511
  SINCE JUL 1    885          1080   -195      519

 COOLING
  YESTERDAY        0             0      0        0
  MONTH TO DATE    0             0      0        0
  SINCE SEP 1    148            60     88      111
  SINCE JAN 1    735           578    157      727
......................................................


WIND (MPH)
  RESULTANT WIND SPEED   4   RESULTANT WIND DIRECTION  NW (330)
  HIGHEST WIND SPEED    23   HIGHEST WIND DIRECTION     N (360)
  HIGHEST GUST SPEED    30   HIGHEST GUST DIRECTION     N (360)
  AVERAGE WIND SPEED     9.8


SKY COVER
  AVERAGE SKY COVER 1.0


WEATHER CONDITIONS
 THE FOLLOWING WEATHER WAS RECORDED YESTERDAY.
  RAIN
  LIGHT RAIN
  FOG
  FOG W/VISIBILITY <= 1/4 MILE


RELATIVE HUMIDITY (PERCENT)
 HIGHEST   100           400 AM
 LOWEST     85           700 PM
 AVERAGE    93

..........................................................


THE BATTLE CREEK MI CLIMATE NORMALS FOR TODAY
                         NORMAL
 MAXIMUM TEMPERATURE (F)   46
 MINIMUM TEMPERATURE (F)   29


SUNRISE AND SUNSET
NOVEMBER 19 2017......SUNRISE   737 AM EST   SUNSET   516 PM EST
NOVEMBER 20 2017......SUNRISE   738 AM EST   SUNSET   515 PM EST


-  INDICATES NEGATIVE NUMBERS.
R  INDICATES RECORD WAS SET OR TIED.
MM INDICATES DATA IS MISSING.
T  INDICATES TRACE AMOUNT.




$$
