000
CDUS43 KGRR 280520
CLIBTL


CLIMATE REPORT
NATIONAL WEATHER SERVICE GRAND RAPIDS, MI
120 AM EDT SUN MAY 28 2017


...................................

...THE BATTLE CREEK MI CLIMATE SUMMARY FOR MAY 27 2017...

CLIMATE NORMAL PERIOD 1981 TO 2010
CLIMATE RECORD PERIOD 1998 TO 2017


WEATHER ITEM   OBSERVED TIME   NORMAL DEPARTURE LAST
                VALUE   (LST)  VALUE  FROM      YEAR
                                      NORMAL
......................................................
TEMPERATURE (F)
 YESTERDAY
  MAXIMUM         74    301 PM  74      0       82
  MINIMUM         57    551 AM  49      8       62
  AVERAGE         66            61      5       72

PRECIPITATION (IN)
  YESTERDAY        0.00          0.12  -0.12     0.00
  MONTH TO DATE    2.88          3.27  -0.39     2.79
  SINCE MAR 1     10.01          7.98   2.03     8.23
  SINCE JAN 1     15.48         10.98   4.50     9.83

DEGREE DAYS
 HEATING
  YESTERDAY        0             5     -5        0
  MONTH TO DATE  233           227      6      241
  SINCE MAR 1   1500          1651   -151     1500
  SINCE JUL 1   5403          6616  -1213     5415

 COOLING
  YESTERDAY        1             2     -1        7
  MONTH TO DATE   24            24      0       24
  SINCE MAR 1     33            31      2       26
  SINCE JAN 1     33            31      2       26
......................................................


WIND (MPH)
  RESULTANT WIND SPEED   2   RESULTANT WIND DIRECTION  SE (120)
  HIGHEST WIND SPEED     9   HIGHEST WIND DIRECTION     S (160)
  HIGHEST GUST SPEED    11   HIGHEST GUST DIRECTION    SE (130)
  AVERAGE WIND SPEED     2.9


SKY COVER
  AVERAGE SKY COVER 0.6


WEATHER CONDITIONS
 THE FOLLOWING WEATHER WAS RECORDED YESTERDAY.
  NO SIGNIFICANT WEATHER WAS OBSERVED.


RELATIVE HUMIDITY (PERCENT)
 HIGHEST   100           500 AM
 LOWEST     57           300 PM
 AVERAGE    79

..........................................................


THE BATTLE CREEK MI CLIMATE NORMALS FOR TODAY
                         NORMAL
 MAXIMUM TEMPERATURE (F)   74
 MINIMUM TEMPERATURE (F)   50


SUNRISE AND SUNSET
MAY 28 2017...........SUNRISE   609 AM EDT   SUNSET   908 PM EDT
MAY 29 2017...........SUNRISE   608 AM EDT   SUNSET   909 PM EDT


-  INDICATES NEGATIVE NUMBERS.
R  INDICATES RECORD WAS SET OR TIED.
MM INDICATES DATA IS MISSING.
T  INDICATES TRACE AMOUNT.




$$
