541
CDUS43 KGRR 230608
CLIBTL


CLIMATE REPORT
NATIONAL WEATHER SERVICE GRAND RAPIDS, MI
207 AM EDT SUN JUL 23 2017


...................................

...THE BATTLE CREEK MI CLIMATE SUMMARY FOR JULY 22 2017...

CLIMATE NORMAL PERIOD 1981 TO 2010
CLIMATE RECORD PERIOD 1998 TO 2017


WEATHER ITEM   OBSERVED TIME   NORMAL DEPARTURE LAST
                VALUE   (LST)  VALUE  FROM      YEAR
                                      NORMAL
......................................................
TEMPERATURE (F)
 YESTERDAY
  MAXIMUM         84    319 PM  82      2       86
  MINIMUM         69   1159 PM  59     10       67
  AVERAGE         77            71      6       77

PRECIPITATION (IN)
  YESTERDAY        0.07          0.11  -0.04     0.00
  MONTH TO DATE    2.68          2.36   0.32     1.90
  SINCE JUN 1      4.06          5.59  -1.53     3.30
  SINCE JAN 1     19.54         17.07   2.47    13.14

DEGREE DAYS
 HEATING
  YESTERDAY        0             0      0        0
  MONTH TO DATE    0             6     -6        5
  SINCE JUN 1     23            63    -40       39
  SINCE JUL 1      0             6     -6        5

 COOLING
  YESTERDAY       12             6      6       12
  MONTH TO DATE  186           144     42      148
  SINCE JUN 1    351           270     81      284
  SINCE JAN 1    388           308     80      339
......................................................


WIND (MPH)
  RESULTANT WIND SPEED   6   RESULTANT WIND DIRECTION   W (260)
  HIGHEST WIND SPEED    20   HIGHEST WIND DIRECTION     W (290)
  HIGHEST GUST SPEED    26   HIGHEST GUST DIRECTION     W (290)
  AVERAGE WIND SPEED     9.1


SKY COVER
  AVERAGE SKY COVER 0.6


WEATHER CONDITIONS
 THE FOLLOWING WEATHER WAS RECORDED YESTERDAY.
  RAIN
  LIGHT RAIN


RELATIVE HUMIDITY (PERCENT)
 HIGHEST   100          1100 PM
 LOWEST     63           300 PM
 AVERAGE    82

..........................................................


THE BATTLE CREEK MI CLIMATE NORMALS FOR TODAY
                         NORMAL
 MAXIMUM TEMPERATURE (F)   82
 MINIMUM TEMPERATURE (F)   59


SUNRISE AND SUNSET
JULY 23 2017..........SUNRISE   625 AM EDT   SUNSET   909 PM EDT
JULY 24 2017..........SUNRISE   626 AM EDT   SUNSET   908 PM EDT


-  INDICATES NEGATIVE NUMBERS.
R  INDICATES RECORD WAS SET OR TIED.
MM INDICATES DATA IS MISSING.
T  INDICATES TRACE AMOUNT.




$$
