000
CDUS43 KGRR 280517
CLIBTL


CLIMATE REPORT
NATIONAL WEATHER SERVICE GRAND RAPIDS, MI
113 AM EDT THU AUG 28 2014


...................................

...THE BATTLE CREEK MI CLIMATE SUMMARY FOR AUGUST 27 2014...

CLIMATE NORMAL PERIOD 1981 TO 2010
CLIMATE RECORD PERIOD 1998 TO 2014


WEATHER ITEM   OBSERVED TIME   NORMAL DEPARTURE LAST
                VALUE   (LST)  VALUE  FROM      YEAR
                                      NORMAL
......................................................
TEMPERATURE (F)
 YESTERDAY
  MAXIMUM         78    317 PM  80     -2       89
  MINIMUM         61    621 AM  57      4       73
  AVERAGE         70            68      2       81

PRECIPITATION (IN)
  YESTERDAY        0.00          0.11  -0.11     0.04
  MONTH TO DATE    2.05          3.01  -0.96     4.56
  SINCE JUN 1     11.83          9.60   2.23    13.20
  SINCE JAN 1     19.79         21.08  -1.29    25.98

DEGREE DAYS
 HEATING
  YESTERDAY        0             1     -1        0
  MONTH TO DATE   11            27    -16       21
  SINCE JUN 1     47            99    -52       80
  SINCE JUL 1     29            42    -13       38

 COOLING
  YESTERDAY        5             4      1       16
  MONTH TO DATE  173           144     29      111
  SINCE JUN 1    454           467    -13      486
  SINCE JAN 1    506           505      1      563
......................................................


WIND (MPH)
  RESULTANT WIND SPEED   5   RESULTANT WIND DIRECTION   N (350)
  HIGHEST WIND SPEED    14   HIGHEST WIND DIRECTION     N (360)
  HIGHEST GUST SPEED    17   HIGHEST GUST DIRECTION     N (350)
  AVERAGE WIND SPEED     5.5


SKY COVER
  AVERAGE SKY COVER 0.2


WEATHER CONDITIONS
 THE FOLLOWING WEATHER WAS RECORDED YESTERDAY.
  NO SIGNIFICANT WEATHER WAS OBSERVED.


RELATIVE HUMIDITY (PERCENT)
 HIGHEST    90           400 AM
 LOWEST     48           300 PM
 AVERAGE    69

..........................................................


THE BATTLE CREEK MI CLIMATE NORMALS FOR TODAY
                         NORMAL
 MAXIMUM TEMPERATURE (F)   80
 MINIMUM TEMPERATURE (F)   56


SUNRISE AND SUNSET
AUGUST 28 2014........SUNRISE   702 AM EDT   SUNSET   822 PM EDT
AUGUST 29 2014........SUNRISE   703 AM EDT   SUNSET   820 PM EDT


-  INDICATES NEGATIVE NUMBERS.
R  INDICATES RECORD WAS SET OR TIED.
MM INDICATES DATA IS MISSING.
T  INDICATES TRACE AMOUNT.




$$
