000
CDUS43 KGRR 201342
CLIBTL


CLIMATE REPORT
NATIONAL WEATHER SERVICE GRAND RAPIDS, MI
941 AM EDT SUN APR 20 2014


...................................

...THE BATTLE CREEK MI CLIMATE SUMMARY FOR APRIL 20 2014...
VALID AS OF 0900 AM LOCAL TIME.

CLIMATE NORMAL PERIOD 1981 TO 2010
CLIMATE RECORD PERIOD 9999 TO 9999


WEATHER ITEM   OBSERVED TIME   RECORD YEAR NORMAL DEPARTURE LAST
                VALUE   (LST)  VALUE       VALUE  FROM      YEAR
                                                  NORMAL
..................................................................
TEMPERATURE (F)
 TODAY
  MAXIMUM         47    759 AM  MM      MM  62    -15       38
  MINIMUM         39    620 AM  MM      MM  38      1       25
  AVERAGE         43                        50     -7       32

PRECIPITATION (IN)
  TODAY            0.00         MM      MM   0.10  -0.10      T
  MONTH TO DATE    1.42                      1.85  -0.43     4.32
  SINCE MAR 1      2.38                      3.76  -1.38     4.86
  SINCE JAN 1      3.91                      6.76  -2.85     9.59

DEGREE DAYS
 HEATING
  TODAY           22                        15      7       33
  MONTH TO DATE  401                       378     23      438
  SINCE MAR 1   1570                      1288    282     1480

 COOLING
  TODAY            0                         0      0        0
  MONTH TO DATE    0                         0      0        0
  SINCE MAR 1      0                         0      0        0
..................................................................


WIND (MPH)
  HIGHEST WIND SPEED    13   HIGHEST WIND DIRECTION     S (160)
  HIGHEST GUST SPEED    16   HIGHEST GUST DIRECTION    SE (150)



WEATHER CONDITIONS
 THE FOLLOWING WEATHER WAS RECORDED TODAY.
  NO SIGNIFICANT WEATHER WAS OBSERVED.


..........................................................




SUNRISE AND SUNSET
APRIL 20 2014.........SUNRISE   652 AM EDT   SUNSET   828 PM EDT
APRIL 21 2014.........SUNRISE   651 AM EDT   SUNSET   829 PM EDT


-  INDICATES NEGATIVE NUMBERS.
R  INDICATES RECORD WAS SET OR TIED.
MM INDICATES DATA IS MISSING.
T  INDICATES TRACE AMOUNT.




$$

JAM
