000
CDUS43 KGRR 292143
CLIBTL


CLIMATE REPORT
NATIONAL WEATHER SERVICE GRAND RAPIDS, MI
541 PM EDT WED JUL 29 2015


...................................

...THE BATTLE CREEK MI CLIMATE SUMMARY FOR JULY 29 2015...
VALID TODAY AS OF 0500 PM LOCAL TIME.

CLIMATE NORMAL PERIOD 1981 TO 2010
CLIMATE RECORD PERIOD 1998 TO 2015


WEATHER ITEM   OBSERVED TIME   NORMAL DEPARTURE LAST
                VALUE   (LST)  VALUE  FROM      YEAR
                                      NORMAL
......................................................
TEMPERATURE (F)
 TODAY
  MAXIMUM         87    323 PM  82      5       75
  MINIMUM         72    625 AM  59     13       51
  AVERAGE         80            70     10       63

PRECIPITATION (IN)
  TODAY            0.00          0.11  -0.11     0.08
  MONTH TO DATE    4.21          3.14   1.07     4.21
  SINCE JUN 1     12.78          6.37   6.41     9.78
  SINCE JAN 1     21.03         17.85   3.18    17.74

DEGREE DAYS
 HEATING
  TODAY            0             0      0        2
  MONTH TO DATE    7             6      1       18
  SINCE JUN 1     30            63    -33       36
  SINCE JUL 1      7             6      1       18

 COOLING
  TODAY           15             6      9        0
  MONTH TO DATE  186           186      0      101
  SINCE JUN 1    326           312     14      277
  SINCE JAN 1    399           350     49      329
......................................................


WIND (MPH)
  RESULTANT WIND SPEED   5   RESULTANT WIND DIRECTION  SW (240)
  HIGHEST WIND SPEED    20   HIGHEST WIND DIRECTION    NW (300)
  HIGHEST GUST SPEED    26   HIGHEST GUST DIRECTION    NW (300)
  AVERAGE WIND SPEED     8.7


SKY COVER
  AVERAGE SKY COVER 0.4


WEATHER CONDITIONS
 THE FOLLOWING WEATHER WAS RECORDED TODAY.
  NO SIGNIFICANT WEATHER WAS OBSERVED.


RELATIVE HUMIDITY (PERCENT)
 HIGHEST    79           800 AM
 LOWEST     48           400 PM
 AVERAGE    64

..........................................................


THE BATTLE CREEK MI CLIMATE NORMALS FOR TOMORROW
                         NORMAL
 MAXIMUM TEMPERATURE (F)   82
 MINIMUM TEMPERATURE (F)   59


SUNRISE AND SUNSET
JULY 29 2015..........SUNRISE   630 AM EDT   SUNSET   904 PM EDT
JULY 30 2015..........SUNRISE   631 AM EDT   SUNSET   903 PM EDT


-  INDICATES NEGATIVE NUMBERS.
R  INDICATES RECORD WAS SET OR TIED.
MM INDICATES DATA IS MISSING.
T  INDICATES TRACE AMOUNT.




$$

JAM
