391
CDUS43 KGRR 240520
CLIBTL


CLIMATE REPORT
NATIONAL WEATHER SERVICE GRAND RAPIDS, MI
119 AM EDT WED AUG 24 2016


...................................

...THE BATTLE CREEK MI CLIMATE SUMMARY FOR AUGUST 23 2016...

CLIMATE NORMAL PERIOD 1981 TO 2010
CLIMATE RECORD PERIOD 1998 TO 2016


WEATHER ITEM   OBSERVED TIME   NORMAL DEPARTURE LAST
                VALUE   (LST)  VALUE  FROM      YEAR
                                      NORMAL
......................................................
TEMPERATURE (F)
 YESTERDAY
  MAXIMUM         77    444 PM  80     -3       81
  MINIMUM         56    630 AM  57     -1       57
  AVERAGE         67            69     -2       69

PRECIPITATION (IN)
  YESTERDAY        0.00          0.11  -0.11     0.38
  MONTH TO DATE    7.47          2.58   4.89     1.90
  SINCE JUN 1     13.01          9.17   3.84    14.68
  SINCE JAN 1     22.85         20.65   2.20    22.93

DEGREE DAYS
 HEATING
  YESTERDAY        0             1     -1        0
  MONTH TO DATE    3            23    -20        1
  SINCE JUN 1     42            95    -53       31
  SINCE JUL 1      8            38    -30        8

 COOLING
  YESTERDAY        2             5     -3        4
  MONTH TO DATE  154           127     27      146
  SINCE JUN 1    509           450     59      490
  SINCE JAN 1    564           488     76      563
......................................................


WIND (MPH)
  RESULTANT WIND SPEED   7   RESULTANT WIND DIRECTION   S (190)
  HIGHEST WIND SPEED    17   HIGHEST WIND DIRECTION    SW (220)
  HIGHEST GUST SPEED    21   HIGHEST GUST DIRECTION    SW (230)
  AVERAGE WIND SPEED     7.2


SKY COVER
  AVERAGE SKY COVER 0.1


WEATHER CONDITIONS
 THE FOLLOWING WEATHER WAS RECORDED YESTERDAY.
  NO SIGNIFICANT WEATHER WAS OBSERVED.


RELATIVE HUMIDITY (PERCENT)
 HIGHEST   100           100 AM
 LOWEST     58           300 PM
 AVERAGE    79

..........................................................


THE BATTLE CREEK MI CLIMATE NORMALS FOR TODAY
                         NORMAL
 MAXIMUM TEMPERATURE (F)   80
 MINIMUM TEMPERATURE (F)   57


SUNRISE AND SUNSET
AUGUST 24 2016........SUNRISE   658 AM EDT   SUNSET   827 PM EDT
AUGUST 25 2016........SUNRISE   659 AM EDT   SUNSET   826 PM EDT


-  INDICATES NEGATIVE NUMBERS.
R  INDICATES RECORD WAS SET OR TIED.
MM INDICATES DATA IS MISSING.
T  INDICATES TRACE AMOUNT.




$$
