000
CDUS43 KGRR 241336
CLIBTL


CLIMATE REPORT
NATIONAL WEATHER SERVICE GRAND RAPIDS, MI
936 AM EDT SUN MAY 24 2015


...................................

...THE BATTLE CREEK MI CLIMATE SUMMARY FOR MAY 24 2015...
VALID AS OF 0900 AM LOCAL TIME.

CLIMATE NORMAL PERIOD 1981 TO 2010
CLIMATE RECORD PERIOD 1998 TO 2015


WEATHER ITEM   OBSERVED TIME   NORMAL DEPARTURE LAST
                VALUE   (LST)  VALUE  FROM      YEAR
                                      NORMAL
......................................................
TEMPERATURE (F)
 TODAY
  MAXIMUM         67    759 AM  73     -6       77
  MINIMUM         52    412 AM  48      4       46
  AVERAGE         60            60      0       62

PRECIPITATION (IN)
  TODAY            0.00          0.13  -0.13     0.00
  MONTH TO DATE    2.59          2.89  -0.30     2.29
  SINCE MAR 1      4.66          7.60  -2.94     5.58
  SINCE JAN 1      5.67         10.60  -4.93     7.11

DEGREE DAYS
 HEATING
  TODAY            5             6     -1        3
  MONTH TO DATE  136           210    -74      213
  SINCE MAR 1   1572          1634    -62     1899
  SINCE JUL 1   6777          6599    178     7353

 COOLING
  TODAY            0             1     -1        0
  MONTH TO DATE   40            18     22       27
  SINCE MAR 1     40            25     15       27
  SINCE JAN 1     40            25     15       27
......................................................


WIND (MPH)
  RESULTANT WIND SPEED   3   RESULTANT WIND DIRECTION   S (170)
  HIGHEST WIND SPEED     7   HIGHEST WIND DIRECTION     S (200)
  HIGHEST GUST SPEED    10   HIGHEST GUST DIRECTION    SW (210)
  AVERAGE WIND SPEED     3.1


SKY COVER
  AVERAGE SKY COVER 0.0


WEATHER CONDITIONS
 THE FOLLOWING WEATHER WAS RECORDED TODAY.
  NO SIGNIFICANT WEATHER WAS OBSERVED.


RELATIVE HUMIDITY (PERCENT)
 HIGHEST    77           400 AM
 LOWEST     58           800 AM
 AVERAGE    68

..........................................................


THE BATTLE CREEK MI CLIMATE NORMALS FOR TOMORROW
                         NORMAL
 MAXIMUM TEMPERATURE (F)   73
 MINIMUM TEMPERATURE (F)   49


SUNRISE AND SUNSET
MAY 24 2015...........SUNRISE   612 AM EDT   SUNSET   904 PM EDT
MAY 25 2015...........SUNRISE   611 AM EDT   SUNSET   905 PM EDT


-  INDICATES NEGATIVE NUMBERS.
R  INDICATES RECORD WAS SET OR TIED.
MM INDICATES DATA IS MISSING.
T  INDICATES TRACE AMOUNT.




$$
