000
CDUS43 KGRR 242125
CLIBTL


CLIMATE REPORT
NATIONAL WEATHER SERVICE GRAND RAPIDS, MI
525 PM EDT THU APR 24 2014


...................................

...THE BATTLE CREEK MI CLIMATE SUMMARY FOR APRIL 24 2014...
VALID TODAY AS OF 0500 PM LOCAL TIME.

CLIMATE NORMAL PERIOD 1981 TO 2010
CLIMATE RECORD PERIOD 9999 TO 9999


WEATHER ITEM   OBSERVED TIME   RECORD YEAR NORMAL DEPARTURE LAST
                VALUE   (LST)  VALUE       VALUE  FROM      YEAR
                                                  NORMAL
..................................................................
TEMPERATURE (F)
 TODAY
  MAXIMUM         58    301 PM  MM      MM  64     -6       44
  MINIMUM         46    629 AM  MM      MM  39      7       34
  AVERAGE         52                        51      1       39

PRECIPITATION (IN)
  TODAY            T            MM      MM   0.09  -0.09     0.10
  MONTH TO DATE    1.53                      2.22  -0.69     5.07
  SINCE MAR 1      2.49                      4.13  -1.64     5.61
  SINCE JAN 1      4.02                      7.13  -3.11    10.34

DEGREE DAYS
 HEATING
  TODAY           13                        14     -1       26
  MONTH TO DATE  440                       436      4      519
  SINCE MAR 1   1609                      1346    263     1561
  SINCE JUL 1   7063                      6311    752     6156

 COOLING
  TODAY            0                         0      0        0
  MONTH TO DATE    0                         0      0        0
  SINCE MAR 1      0                         0      0        0
  SINCE JAN 1      0                         0      0        0
..................................................................


WIND (MPH)
  RESULTANT WIND SPEED   9   RESULTANT WIND DIRECTION  SE (140)
  HIGHEST WIND SPEED    22   HIGHEST WIND DIRECTION     S (160)
  HIGHEST GUST SPEED    31   HIGHEST GUST DIRECTION     E (110)
  AVERAGE WIND SPEED     9.6



WEATHER CONDITIONS
 THE FOLLOWING WEATHER WAS RECORDED TODAY.
  NO SIGNIFICANT WEATHER WAS OBSERVED.


RELATIVE HUMIDITY (PERCENT)
 HIGHEST    53          1200 AM
 LOWEST     23           200 PM
 AVERAGE    38

..........................................................




SUNRISE AND SUNSET
APRIL 24 2014.........SUNRISE   646 AM EDT   SUNSET   833 PM EDT
APRIL 25 2014.........SUNRISE   645 AM EDT   SUNSET   834 PM EDT


-  INDICATES NEGATIVE NUMBERS.
R  INDICATES RECORD WAS SET OR TIED.
MM INDICATES DATA IS MISSING.
T  INDICATES TRACE AMOUNT.




$$
