000
CDUS43 KGRR 311338
CLIBTL


CLIMATE REPORT
NATIONAL WEATHER SERVICE GRAND RAPIDS, MI
936 AM EDT FRI OCT 31 2014


...................................

...THE BATTLE CREEK MI CLIMATE SUMMARY FOR OCTOBER 31 2014...
VALID AS OF 0900 AM LOCAL TIME.

CLIMATE NORMAL PERIOD 1981 TO 2010
CLIMATE RECORD PERIOD 1998 TO 2014


WEATHER ITEM   OBSERVED TIME   RECORD YEAR NORMAL DEPARTURE LAST
                VALUE   (LST)  VALUE       VALUE  FROM      YEAR
                                                  NORMAL
..................................................................
TEMPERATURE (F)
 TODAY
  MAXIMUM         45    414 AM  MM      MM  55    -10       63
  MINIMUM         39    752 AM  MM      MM  36      3       52
  AVERAGE         42                        45     -3       58

PRECIPITATION (IN)
  TODAY            0.04         MM      MM   0.10  -0.06     1.72
  MONTH TO DATE    3.57                      3.14   0.43     4.05
  SINCE SEP 1      5.94                      6.79  -0.85     5.73
  SINCE JAN 1     25.88                     28.33  -2.45    31.90

DEGREE DAYS
 HEATING
  TODAY           23                        20      3        7
  MONTH TO DATE  440                       465    -25      396
  SINCE SEP 1    580                       621    -41      532

 COOLING
  TODAY            0                         0      0        0
  MONTH TO DATE    0                         5     -5       14
  SINCE SEP 1     56                        60     -4       84
..................................................................


WIND (MPH)
  HIGHEST WIND SPEED    16   HIGHEST WIND DIRECTION    NW (310)
  HIGHEST GUST SPEED    22   HIGHEST GUST DIRECTION    NW (310)



WEATHER CONDITIONS
 THE FOLLOWING WEATHER WAS RECORDED TODAY.
  LIGHT RAIN


..........................................................




SUNRISE AND SUNSET
OCTOBER 31 2014.......SUNRISE   813 AM EDT   SUNSET   636 PM EDT
NOVEMBER  1 2014......SUNRISE   814 AM EDT   SUNSET   634 PM EDT


-  INDICATES NEGATIVE NUMBERS.
R  INDICATES RECORD WAS SET OR TIED.
MM INDICATES DATA IS MISSING.
T  INDICATES TRACE AMOUNT.




$$

63
