000
CDUS45 KMSO 290737
CLIBTM


CLIMATE REPORT
NATIONAL WEATHER SERVICE MISSOULA, MT
137 AM MDT SAT AUG 29 2015


...................................

...THE BUTTE MT CLIMATE SUMMARY FOR AUGUST 28 2015...

CLIMATE NORMAL PERIOD 1981 TO 2010
CLIMATE RECORD PERIOD 1895 TO 2015


WEATHER ITEM   OBSERVED TIME   RECORD YEAR NORMAL DEPARTURE LAST
                VALUE   (LST)  VALUE       VALUE  FROM      YEAR
                                                  NORMAL
..................................................................
TEMPERATURE (F)
 YESTERDAY
  MAXIMUM         83    419 PM  93    1934  76      7       81
  MINIMUM         43    531 AM  26    1960  41      2       43
  AVERAGE         63                        59      4       62

PRECIPITATION (IN)
  YESTERDAY        0.00          1.07 1964   0.04  -0.04     0.00
  MONTH TO DATE    0.32                      1.23  -0.91     2.93
  SINCE OCT 1      8.85                     11.64  -2.79    12.37
  SINCE JAN 1      6.46                      9.75  -3.29    11.33

SNOWFALL (IN)
  YESTERDAY       MM
  MONTH TO DATE   MM
  SINCE JAN 1     MM
  SINCE JUL 1     MM
  SNOW DEPTH      MM

DEGREE DAYS
 HEATING
  YESTERDAY        2                         7     -5        3
  MONTH TO DATE  115                       106      9      105
  SINCE JUN 1    367                       493   -126      493
  SINCE JUL 1    219                       206     13      140

 COOLING
  YESTERDAY        0                         0      0        0
  MONTH TO DATE   29                        24      5       16
  SINCE JUN 1     96                        75     21       77
  SINCE JAN 1     96                        75     21       77
..................................................................


WIND (MPH)
  HIGHEST WIND SPEED    20   HIGHEST WIND DIRECTION    NW (300)
  HIGHEST GUST SPEED    25   HIGHEST GUST DIRECTION     N (340)
  AVERAGE WIND SPEED     4.8


SKY COVER
  POSSIBLE SUNSHINE  MM
  AVERAGE SKY COVER 0.7


WEATHER CONDITIONS
 THE FOLLOWING WEATHER WAS RECORDED YESTERDAY.
  FOG
  HAZE


RELATIVE HUMIDITY (PERCENT)
 HIGHEST    89           500 AM
 LOWEST     15           400 PM
 AVERAGE    52

..........................................................


THE BUTTE MT CLIMATE NORMALS FOR TODAY
                         NORMAL    RECORD    YEAR
 MAXIMUM TEMPERATURE (F)   76        91      2005
                                             1998
 MINIMUM TEMPERATURE (F)   41        27      1937


SUNRISE AND SUNSET
AUGUST 29 2015........SUNRISE   647 AM MDT   SUNSET   814 PM MDT
AUGUST 30 2015........SUNRISE   648 AM MDT   SUNSET   812 PM MDT


-  INDICATES NEGATIVE NUMBERS.
R  INDICATES RECORD WAS SET OR TIED.
MM INDICATES DATA IS MISSING.
T  INDICATES TRACE AMOUNT.




$$
