000
CDUS45 KMSO 050739
CLIBTM


CLIMATE REPORT
NATIONAL WEATHER SERVICE MISSOULA, MT
138 AM MDT WED AUG 5 2015


...................................

...THE BUTTE MT CLIMATE SUMMARY FOR AUGUST 4 2015...

CLIMATE NORMAL PERIOD 1981 TO 2010
CLIMATE RECORD PERIOD 1895 TO 2015


WEATHER ITEM   OBSERVED TIME   RECORD YEAR NORMAL DEPARTURE LAST
                VALUE   (LST)  VALUE       VALUE  FROM      YEAR
                                                  NORMAL
..................................................................
TEMPERATURE (F)
 YESTERDAY
  MAXIMUM         79    501 PM  96    1961  82     -3       74
  MINIMUM         53   1159 PM  33    1996  46      7       50
  AVERAGE         66                        64      2       62

PRECIPITATION (IN)
  YESTERDAY        0.03          0.65 1922   0.04  -0.01      T
  MONTH TO DATE    0.03                      0.16  -0.13     0.24
  SINCE OCT 1      8.56                     10.57  -2.01     9.68
  SINCE JAN 1      6.17                      8.68  -2.51     8.64

SNOWFALL (IN)
  YESTERDAY       MM
  MONTH TO DATE   MM
  SINCE JAN 1     MM
  SINCE JUL 1     MM
  SNOW DEPTH      MM

DEGREE DAYS
 HEATING
  YESTERDAY        0                         2     -2        3
  MONTH TO DATE    0                         8     -8        3
  SINCE JUN 1    252                       395   -143      391
  SINCE JUL 1    104                       108     -4       38

 COOLING
  YESTERDAY        1                         1      0        0
  MONTH TO DATE    9                         6      3        5
  SINCE JUN 1     76                        57     19       66
  SINCE JAN 1     76                        57     19       66
..................................................................


WIND (MPH)
  HIGHEST WIND SPEED    20   HIGHEST WIND DIRECTION    NW (320)
  HIGHEST GUST SPEED    28   HIGHEST GUST DIRECTION     S (160)
  AVERAGE WIND SPEED     6.4


SKY COVER
  POSSIBLE SUNSHINE  MM
  AVERAGE SKY COVER 0.5


WEATHER CONDITIONS
 THE FOLLOWING WEATHER WAS RECORDED YESTERDAY.
  THUNDERSTORM
  LIGHT RAIN


RELATIVE HUMIDITY (PERCENT)
 HIGHEST    77          1100 PM
 LOWEST     23           500 PM
 AVERAGE    50

..........................................................


THE BUTTE MT CLIMATE NORMALS FOR TODAY
                         NORMAL    RECORD    YEAR
 MAXIMUM TEMPERATURE (F)   82        99      1961
 MINIMUM TEMPERATURE (F)   46        34      1935


SUNRISE AND SUNSET
AUGUST  5 2015........SUNRISE   617 AM MDT   SUNSET   854 PM MDT
AUGUST  6 2015........SUNRISE   618 AM MDT   SUNSET   853 PM MDT


-  INDICATES NEGATIVE NUMBERS.
R  INDICATES RECORD WAS SET OR TIED.
MM INDICATES DATA IS MISSING.
T  INDICATES TRACE AMOUNT.




$$
