000
CDUS45 KMSO 190737
CLIBTM


CLIMATE REPORT
NATIONAL WEATHER SERVICE MISSOULA, MT
137 AM MDT FRI SEP 19 2014


...................................

...THE BUTTE MT CLIMATE SUMMARY FOR SEPTEMBER 18 2014...

CLIMATE NORMAL PERIOD 1981 TO 2010
CLIMATE RECORD PERIOD 1895 TO 2014


WEATHER ITEM   OBSERVED TIME   RECORD YEAR NORMAL DEPARTURE LAST
                VALUE   (LST)  VALUE       VALUE  FROM      YEAR
                                                  NORMAL
..................................................................
TEMPERATURE (F)
 YESTERDAY
  MAXIMUM         73    350 PM  91    1981  67      6       52
  MINIMUM         46   1159 PM   6    1965  35     11       41
  AVERAGE         60                        51      9       47

PRECIPITATION (IN)
  YESTERDAY        0.01          0.74 1976   0.03  -0.02     0.12
  MONTH TO DATE    0.07                      0.63  -0.56     1.07
  SINCE OCT 1     12.58                     12.40   0.18     9.99
  SINCE JAN 1     11.54                     10.51   1.03     8.36

SNOWFALL (IN)
  YESTERDAY       MM
  MONTH TO DATE   MM
  SINCE JAN 1     MM
  SINCE JUL 1     MM
  SNOW DEPTH       0

DEGREE DAYS
 HEATING
  YESTERDAY        5                        14     -9       18
  MONTH TO DATE  252                       194     58       71
  SINCE SEP 1    252                       194     58       71
  SINCE JUL 1    415                       422     -7      138

 COOLING
  YESTERDAY        0                         0      0        0
  MONTH TO DATE    0                         0      0        8
  SINCE SEP 1      0                         0      0        8
  SINCE JAN 1     77                        79     -2      104
..................................................................


WIND (MPH)
  HIGHEST WIND SPEED    26   HIGHEST WIND DIRECTION    NW (300)
  HIGHEST GUST SPEED    37   HIGHEST GUST DIRECTION     W (290)
  AVERAGE WIND SPEED     5.2


SKY COVER
  POSSIBLE SUNSHINE  MM
  AVERAGE SKY COVER 0.4


WEATHER CONDITIONS
 THE FOLLOWING WEATHER WAS RECORDED YESTERDAY.
  LIGHT RAIN


RELATIVE HUMIDITY (PERCENT)
 HIGHEST    80          1100 PM
 LOWEST     31           400 PM
 AVERAGE    56

..........................................................


THE BUTTE MT CLIMATE NORMALS FOR TODAY
                         NORMAL    RECORD    YEAR
 MAXIMUM TEMPERATURE (F)   67        86      2009
                                             1956
 MINIMUM TEMPERATURE (F)   34        16      1983


SUNRISE AND SUNSET
SEPTEMBER 19 2014.....SUNRISE   713 AM MDT   SUNSET   733 PM MDT
SEPTEMBER 20 2014.....SUNRISE   714 AM MDT   SUNSET   731 PM MDT


-  INDICATES NEGATIVE NUMBERS.
R  INDICATES RECORD WAS SET OR TIED.
MM INDICATES DATA IS MISSING.
T  INDICATES TRACE AMOUNT.




$$
