000
CDUS45 KMSO 192231
CLIBTM


CLIMATE REPORT
NATIONAL WEATHER SERVICE MISSOULA, MT
431 PM MDT SAT APR 19 2014


...................................

...THE BUTTE MT CLIMATE SUMMARY FOR APRIL 19 2014...
VALID TODAY AS OF 0400 PM LOCAL TIME.

CLIMATE NORMAL PERIOD 1981 TO 2010
CLIMATE RECORD PERIOD 1895 TO 2014


WEATHER ITEM   OBSERVED TIME   RECORD YEAR NORMAL DEPARTURE LAST
                VALUE   (LST)  VALUE       VALUE  FROM      YEAR
                                                  NORMAL
..................................................................
TEMPERATURE (F)
 TODAY
  MAXIMUM         59    254 PM  78    1962  53      6       49
  MINIMUM         20    640 AM  -3    1941  27     -7       30
  AVERAGE         40                        40      0       40

PRECIPITATION (IN)
  TODAY            0.00          0.45 1929   0.04  -0.04     0.01
  MONTH TO DATE    0.21                      0.70  -0.49     0.18
  SINCE OCT 1      3.36                      4.25  -0.89     2.47
  SINCE JAN 1      2.32                      2.36  -0.04     0.84

SNOWFALL (IN)
  TODAY           MM
  MONTH TO DATE   MM
  SINCE JAN 1     MM
  SINCE JUL 1     MM
  SNOW DEPTH      MM

DEGREE DAYS
 HEATING
  TODAY           25                        25      0       25
  MONTH TO DATE  506                       520    -14      572
  SINCE MAR 1   1574                      1562     12     1609
  SINCE JUL 1   7952                      8131   -179     7987

 COOLING
  TODAY            0                         0      0        0
  MONTH TO DATE    0                         0      0        0
  SINCE MAR 1      0                         0      0        0
  SINCE JAN 1      0                         0      0        0
..................................................................


WIND (MPH)
  HIGHEST WIND SPEED    17   HIGHEST WIND DIRECTION     W (270)
  HIGHEST GUST SPEED    36   HIGHEST GUST DIRECTION    SW (240)
  AVERAGE WIND SPEED     4.5


SKY COVER
  POSSIBLE SUNSHINE  MM
  AVERAGE SKY COVER 0.0


WEATHER CONDITIONS
 THE FOLLOWING WEATHER WAS RECORDED TODAY.
  NO SIGNIFICANT WEATHER WAS OBSERVED.


RELATIVE HUMIDITY (PERCENT)
 HIGHEST    81           700 AM
 LOWEST     13          1200 PM
 AVERAGE    47

..........................................................


THE BUTTE MT CLIMATE NORMALS FOR TOMORROW
                         NORMAL    RECORD    YEAR
 MAXIMUM TEMPERATURE (F)   53        77      1989
 MINIMUM TEMPERATURE (F)   27         1      2008


SUNRISE AND SUNSET
APRIL 19 2014.........SUNRISE   637 AM MDT   SUNSET   822 PM MDT
APRIL 20 2014.........SUNRISE   635 AM MDT   SUNSET   824 PM MDT


-  INDICATES NEGATIVE NUMBERS.
R  INDICATES RECORD WAS SET OR TIED.
MM INDICATES DATA IS MISSING.
T  INDICATES TRACE AMOUNT.




$$
