000
CDUS45 KMSO 282231
CLIBTM


CLIMATE REPORT
NATIONAL WEATHER SERVICE MISSOULA, MT
431 PM MDT WED SEP 28 2016


...................................

...THE BUTTE MT CLIMATE SUMMARY FOR SEPTEMBER 28 2016...
VALID TODAY AS OF 0400 PM LOCAL TIME.

CLIMATE NORMAL PERIOD 1981 TO 2010
CLIMATE RECORD PERIOD 1895 TO 2016


WEATHER ITEM   OBSERVED TIME   RECORD YEAR NORMAL DEPARTURE LAST
                VALUE   (LST)  VALUE       VALUE  FROM      YEAR
                                                  NORMAL
..................................................................
TEMPERATURE (F)
 TODAY
  MAXIMUM         75    259 PM  82    2010  63     12       69
                                      1970
  MINIMUM         36    656 AM  17    1985  32      4       31
  AVERAGE         56                        47      9       50

PRECIPITATION (IN)
  TODAY            0.00          0.96 1940   0.03  -0.03     0.00
  MONTH TO DATE    1.22                      0.94   0.28     2.36
  SINCE OCT 1     10.02                     12.71  -2.69    11.56
  SINCE JAN 1      7.28                     10.82  -3.54     9.17

SNOWFALL (IN)
  TODAY           MM
  MONTH TO DATE    0.0
  SINCE JAN 1      0.0
  SINCE JUL 1      0.0
  SNOW DEPTH      MM

DEGREE DAYS
 HEATING
  TODAY            9                        18     -9       15
  MONTH TO DATE  406                       356     50      305
  SINCE SEP 1    406                       356     50      305
  SINCE JUL 1    704                       584    120      535

 COOLING
  TODAY            0                         0      0        0
  MONTH TO DATE    3                         0      3        0
  SINCE SEP 1      3                         0      3        0
  SINCE JAN 1     57                        79    -22      101
..................................................................


WIND (MPH)
  HIGHEST WIND SPEED    17   HIGHEST WIND DIRECTION    SE (150)
  HIGHEST GUST SPEED    21   HIGHEST GUST DIRECTION    SE (140)
  AVERAGE WIND SPEED     4.8


SKY COVER
  POSSIBLE SUNSHINE  MM
  AVERAGE SKY COVER 0.0


WEATHER CONDITIONS
 THE FOLLOWING WEATHER WAS RECORDED TODAY.
  NO SIGNIFICANT WEATHER WAS OBSERVED.


RELATIVE HUMIDITY (PERCENT)
 HIGHEST    92           700 AM
 LOWEST     29           200 PM
 AVERAGE    61

..........................................................


THE BUTTE MT CLIMATE NORMALS FOR TOMORROW
                         NORMAL    RECORD    YEAR
 MAXIMUM TEMPERATURE (F)   62        84      1963
 MINIMUM TEMPERATURE (F)   31        10      1985


SUNRISE AND SUNSET
SEPTEMBER 28 2016.....SUNRISE   725 AM MDT   SUNSET   715 PM MDT
SEPTEMBER 29 2016.....SUNRISE   727 AM MDT   SUNSET   713 PM MDT


-  INDICATES NEGATIVE NUMBERS.
R  INDICATES RECORD WAS SET OR TIED.
MM INDICATES DATA IS MISSING.
T  INDICATES TRACE AMOUNT.




$$
