000
CDUS44 KLIX 210713
CLIBTR


CLIMATE REPORT
NATIONAL WEATHER SERVICE NEW ORLEANS
203 AM CDT MON APR 21 2014


...................................

...THE BATON ROUGE  ASOS CLIMATE SUMMARY FOR APRIL 20 2014...

CLIMATE NORMAL PERIOD 1981 TO 2010
CLIMATE RECORD PERIOD 1894 TO 2014


WEATHER ITEM   OBSERVED TIME   RECORD YEAR NORMAL DEPARTURE LAST
                VALUE   (LST)  VALUE       VALUE  FROM      YEAR
                                                  NORMAL
..................................................................
TEMPERATURE (F)
 YESTERDAY
  MAXIMUM         85    415 PM  93    1908  80      5       70
  MINIMUM         53    534 AM  39    2013  58     -5       39
  AVERAGE         69                        69      0       55

PRECIPITATION (IN)
  YESTERDAY        0.00          3.23 1935   0.15  -0.15     0.00
  MONTH TO DATE    3.51                      3.07   0.44     4.30
  SINCE MAR 1      6.73                      7.48  -0.75     7.21
  SINCE JAN 1     16.00                     18.24  -2.24    29.25

SNOWFALL (IN)
  YESTERDAY        0.0
  MONTH TO DATE    0.0
  SINCE MAR 1      0.0
  SINCE JUL 1      0.4
  SNOW DEPTH       0

DEGREE DAYS
 HEATING
  YESTERDAY        0                         1     -1       10
  MONTH TO DATE   51                        44      7       63
  SINCE MAR 1    272                       211     61      339
  SINCE JUL 1   1978                      1546    432     1511

 COOLING
  YESTERDAY        4                         5     -1        0
  MONTH TO DATE   68                        80    -12       77
  SINCE MAR 1     94                       138    -44       96
  SINCE JAN 1    114                       169    -55      121
..................................................................


WIND (MPH)
  HIGHEST WIND SPEED     9   HIGHEST WIND DIRECTION    SW (230)
  HIGHEST GUST SPEED    12   HIGHEST GUST DIRECTION    SW (220)
  AVERAGE WIND SPEED     3.4


SKY COVER
  POSSIBLE SUNSHINE  MM
  AVERAGE SKY COVER 0.0


WEATHER CONDITIONS
 THE FOLLOWING WEATHER WAS RECORDED YESTERDAY.
  NO SIGNIFICANT WEATHER WAS OBSERVED.


RELATIVE HUMIDITY (PERCENT)
 HIGHEST    93           400 AM
 LOWEST     29           300 PM
 AVERAGE    61

..........................................................


THE BATON ROUGE  ASOS CLIMATE NORMALS FOR TODAY
                         NORMAL    RECORD    YEAR
 MAXIMUM TEMPERATURE (F)   80        92      1987
 MINIMUM TEMPERATURE (F)   58        41      1953
                                             1934
                                             1901


SUNRISE AND SUNSET
APRIL 21 2014.........SUNRISE   631 AM CDT   SUNSET   736 PM CDT
APRIL 22 2014.........SUNRISE   630 AM CDT   SUNSET   737 PM CDT


-  INDICATES NEGATIVE NUMBERS.
R  INDICATES RECORD WAS SET OR TIED.
MM INDICATES DATA IS MISSING.
T  INDICATES TRACE AMOUNT.




$$
