000
CDUS44 KLIX 230708
CLIBTR


CLIMATE REPORT
NATIONAL WEATHER SERVICE NEW ORLEANS
207 AM CDT MON OCT 23 2017


...................................

...THE BATON ROUGE  ASOS CLIMATE SUMMARY FOR OCTOBER 22 2017...

CLIMATE NORMAL PERIOD 1981 TO 2010
CLIMATE RECORD PERIOD 1894 TO 2017


WEATHER ITEM   OBSERVED TIME   RECORD YEAR NORMAL DEPARTURE LAST
                VALUE   (LST)  VALUE       VALUE  FROM      YEAR
                                                  NORMAL
..................................................................
TEMPERATURE (F)
 YESTERDAY
  MAXIMUM         77    859 AM  90    1941  79     -2       76
                                      1934
  MINIMUM         60   1159 PM  39    1976  56      4       47
  AVERAGE         69                        68      1       62

PRECIPITATION (IN)
  YESTERDAY        0.40          4.70 1984   0.16   0.24     0.00
  MONTH TO DATE    3.17                      3.31  -0.14     0.61
  SINCE SEP 1      3.25                      7.85  -4.60     3.09
  SINCE JAN 1     58.64                     49.56   9.08    78.24

SNOWFALL (IN)
  YESTERDAY        0.0
  MONTH TO DATE    0.0
  SINCE SEP 1      0.0
  SINCE JUL 1      0.0
  SNOW DEPTH       0

DEGREE DAYS
 HEATING
  YESTERDAY        0                         2     -2        3
  MONTH TO DATE    2                        21    -19        4
  SINCE SEP 1      2                        23    -21        4
  SINCE JUL 1      2                        23    -21        4

 COOLING
  YESTERDAY        4                         4      0        0
  MONTH TO DATE  235                       145     90      217
  SINCE SEP 1    637                       555     82      724
  SINCE JAN 1   2896                      2716    180     3000
..................................................................


WIND (MPH)
  HIGHEST WIND SPEED    28   HIGHEST WIND DIRECTION     N (340)
  HIGHEST GUST SPEED    37   HIGHEST GUST DIRECTION     N (340)
  AVERAGE WIND SPEED     5.4


SKY COVER
  POSSIBLE SUNSHINE  MM
  AVERAGE SKY COVER 0.7


WEATHER CONDITIONS
 THE FOLLOWING WEATHER WAS RECORDED YESTERDAY.
  THUNDERSTORM
  HEAVY RAIN
  RAIN
  LIGHT RAIN
  FOG


RELATIVE HUMIDITY (PERCENT)
 HIGHEST   100           400 AM
 LOWEST     66           400 PM
 AVERAGE    83

..........................................................


THE BATON ROUGE  ASOS CLIMATE NORMALS FOR TODAY
                         NORMAL    RECORD    YEAR
 MAXIMUM TEMPERATURE (F)   79        91      1939
 MINIMUM TEMPERATURE (F)   56        37      1937


SUNRISE AND SUNSET
OCTOBER 23 2017.......SUNRISE   713 AM CDT   SUNSET   625 PM CDT
OCTOBER 24 2017.......SUNRISE   713 AM CDT   SUNSET   624 PM CDT


-  INDICATES NEGATIVE NUMBERS.
R  INDICATES RECORD WAS SET OR TIED.
MM INDICATES DATA IS MISSING.
T  INDICATES TRACE AMOUNT.




$$
