000
CDUS44 KLIX 140801
CLIBTR


CLIMATE REPORT
NATIONAL WEATHER SERVICE NEW ORLEANS
200 AM CST SUN FEB 14 2016


...................................

...THE BATON ROUGE  ASOS CLIMATE SUMMARY FOR FEBRUARY 13 2016...

CLIMATE NORMAL PERIOD 1981 TO 2010
CLIMATE RECORD PERIOD 1894 TO 2016


WEATHER ITEM   OBSERVED TIME   RECORD YEAR NORMAL DEPARTURE LAST
                VALUE   (LST)  VALUE       VALUE  FROM      YEAR
                                                  NORMAL
..................................................................
TEMPERATURE (F)
 YESTERDAY
  MAXIMUM         64    444 PM  81    1959  65     -1       59
  MINIMUM         44    638 AM   2    1899  44      0       31
  AVERAGE         54                        55     -1       45

PRECIPITATION (IN)
  YESTERDAY        0.00          2.96 1927   0.18  -0.18     0.00
  MONTH TO DATE    1.85                      2.42  -0.57     0.78
  SINCE DEC 1     13.91                     13.74   0.17    12.82
  SINCE JAN 1      7.58                      8.14  -0.56     7.15

SNOWFALL (IN)
  YESTERDAY        0.0
  MONTH TO DATE    0.0
  SINCE DEC 1      0.0
  SINCE JUL 1      0.0
  SNOW DEPTH       0

DEGREE DAYS
 HEATING
  YESTERDAY       11                        11      0       20
  MONTH TO DATE  152                       156     -4      177
  SINCE DEC 1    768                       961   -193      954
  SINCE JUL 1    879                      1196   -317     1295

 COOLING
  YESTERDAY        0                         1     -1        0
  MONTH TO DATE    7                        11     -4        2
  SINCE DEC 1     98                        46     52       17
  SINCE JAN 1     11                        24    -13        3
..................................................................


WIND (MPH)
  HIGHEST WIND SPEED    16   HIGHEST WIND DIRECTION    NE (40)
  HIGHEST GUST SPEED    21   HIGHEST GUST DIRECTION    NE (40)
  AVERAGE WIND SPEED     6.2


SKY COVER
  POSSIBLE SUNSHINE  MM
  AVERAGE SKY COVER 0.0


WEATHER CONDITIONS
 THE FOLLOWING WEATHER WAS RECORDED YESTERDAY.
  NO SIGNIFICANT WEATHER WAS OBSERVED.


RELATIVE HUMIDITY (PERCENT)
 HIGHEST    71          1100 PM
 LOWEST     31           400 PM
 AVERAGE    51

..........................................................


THE BATON ROUGE  ASOS CLIMATE NORMALS FOR TODAY
                         NORMAL    RECORD    YEAR
 MAXIMUM TEMPERATURE (F)   65        84      1989
 MINIMUM TEMPERATURE (F)   44         7      1899


SUNRISE AND SUNSET
FEBRUARY 14 2016......SUNRISE   646 AM CST   SUNSET   552 PM CST
FEBRUARY 15 2016......SUNRISE   645 AM CST   SUNSET   552 PM CST


-  INDICATES NEGATIVE NUMBERS.
R  INDICATES RECORD WAS SET OR TIED.
MM INDICATES DATA IS MISSING.
T  INDICATES TRACE AMOUNT.




$$
