000
CDUS44 KLIX 230720
CLIBTR


CLIMATE REPORT
NATIONAL WEATHER SERVICE NEW ORLEANS
210 AM CDT WED JUL 23 2014


...................................

...THE BATON ROUGE  ASOS CLIMATE SUMMARY FOR JULY 22 2014...

CLIMATE NORMAL PERIOD 1981 TO 2010
CLIMATE RECORD PERIOD 1894 TO 2014


WEATHER ITEM   OBSERVED TIME   RECORD YEAR NORMAL DEPARTURE LAST
                VALUE   (LST)  VALUE       VALUE  FROM      YEAR
                                                  NORMAL
..................................................................
TEMPERATURE (F)
 YESTERDAY
  MAXIMUM         92    235 PM  99    1924  92      0       90
  MINIMUM         71    558 AM  63    1915  74     -3       76
  AVERAGE         82                        83     -1       83

PRECIPITATION (IN)
  YESTERDAY        0.03          2.00 1921   0.14  -0.11      T
  MONTH TO DATE    5.74                      3.57   2.17     3.36
  SINCE JUN 1     17.10                      9.98   7.12     9.83
  SINCE JAN 1     41.44                     34.50   6.94    48.01

SNOWFALL (IN)
  YESTERDAY        0.0
  MONTH TO DATE    0.0
  SINCE JUN 1      0.0
  SINCE JUL 1      0.0
  SNOW DEPTH       0

DEGREE DAYS
 HEATING
  YESTERDAY        0                         0      0        0
  MONTH TO DATE    0                         0      0        0
  SINCE JUN 1      0                         0      0        0
  SINCE JUL 1      0                         0      0        0

 COOLING
  YESTERDAY       17                        18     -1       18
  MONTH TO DATE  347                       396    -49      352
  SINCE JUN 1    816                       880    -64      854
  SINCE JAN 1   1322                      1445   -123     1277
..................................................................


WIND (MPH)
  HIGHEST WIND SPEED    17   HIGHEST WIND DIRECTION    NE (60)
  HIGHEST GUST SPEED    21   HIGHEST GUST DIRECTION    NE (60)
  AVERAGE WIND SPEED     3.5


SKY COVER
  POSSIBLE SUNSHINE  MM
  AVERAGE SKY COVER 0.2


WEATHER CONDITIONS
 THE FOLLOWING WEATHER WAS RECORDED YESTERDAY.
  THUNDERSTORM
  LIGHT RAIN
  FOG


RELATIVE HUMIDITY (PERCENT)
 HIGHEST    94           700 PM
 LOWEST     44           300 PM
 AVERAGE    69

..........................................................


THE BATON ROUGE  ASOS CLIMATE NORMALS FOR TODAY
                         NORMAL    RECORD    YEAR
 MAXIMUM TEMPERATURE (F)   92        99      1924
 MINIMUM TEMPERATURE (F)   74        59      1947


SUNRISE AND SUNSET
JULY 23 2014..........SUNRISE   617 AM CDT   SUNSET   805 PM CDT
JULY 24 2014..........SUNRISE   618 AM CDT   SUNSET   804 PM CDT


-  INDICATES NEGATIVE NUMBERS.
R  INDICATES RECORD WAS SET OR TIED.
MM INDICATES DATA IS MISSING.
T  INDICATES TRACE AMOUNT.




$$
