000
CDUS44 KLIX 290720
CLIBTR


CLIMATE REPORT
NATIONAL WEATHER SERVICE NEW ORLEANS
220 AM CDT FRI MAY 29 2015


...................................

...THE BATON ROUGE  ASOS CLIMATE SUMMARY FOR MAY 28 2015...

CLIMATE NORMAL PERIOD 1981 TO 2010
CLIMATE RECORD PERIOD 1894 TO 2015


WEATHER ITEM   OBSERVED TIME   RECORD YEAR NORMAL DEPARTURE LAST
                VALUE   (LST)  VALUE       VALUE  FROM      YEAR
                                                  NORMAL
..................................................................
TEMPERATURE (F)
 YESTERDAY
  MAXIMUM         91    354 PM  98    1953  89      2       78
  MINIMUM         64    527 AM  47    1961  68     -4       67
  AVERAGE         78                        78      0       73

PRECIPITATION (IN)
  YESTERDAY        0.00          3.34 2014   0.17  -0.17     3.34
  MONTH TO DATE    5.96                      4.39   1.57     8.22
  SINCE MAR 1     17.42                     13.26   4.16    14.97
  SINCE JAN 1     27.17                     24.02   3.15    24.24

SNOWFALL (IN)
  YESTERDAY        0.0
  MONTH TO DATE    0.0
  SINCE MAR 1      T
  SINCE JUL 1      T
  SNOW DEPTH       0

DEGREE DAYS
 HEATING
  YESTERDAY        0                         0      0        0
  MONTH TO DATE    0                         0      0        6
  SINCE MAR 1     99                       218   -119      278
  SINCE JUL 1   1641                      1553     88     1984

 COOLING
  YESTERDAY       13                        13      0        8
  MONTH TO DATE  319                       292     27      255
  SINCE MAR 1    626                       492    134      448
  SINCE JAN 1    630                       523    107      468
..................................................................


WIND (MPH)
  HIGHEST WIND SPEED     9   HIGHEST WIND DIRECTION    SE (150)
  HIGHEST GUST SPEED    14   HIGHEST GUST DIRECTION    SE (130)
  AVERAGE WIND SPEED     2.3


SKY COVER
  POSSIBLE SUNSHINE  MM
  AVERAGE SKY COVER 0.2


WEATHER CONDITIONS
 THE FOLLOWING WEATHER WAS RECORDED YESTERDAY.
  FOG


RELATIVE HUMIDITY (PERCENT)
 HIGHEST   100           200 AM
 LOWEST     47           400 PM
 AVERAGE    74

..........................................................


THE BATON ROUGE  ASOS CLIMATE NORMALS FOR TODAY
                         NORMAL    RECORD    YEAR
 MAXIMUM TEMPERATURE (F)   89        95      1982
                                             1921
 MINIMUM TEMPERATURE (F)   68        51      1961


SUNRISE AND SUNSET
MAY 29 2015...........SUNRISE   604 AM CDT   SUNSET   801 PM CDT
MAY 30 2015...........SUNRISE   603 AM CDT   SUNSET   801 PM CDT


-  INDICATES NEGATIVE NUMBERS.
R  INDICATES RECORD WAS SET OR TIED.
MM INDICATES DATA IS MISSING.
T  INDICATES TRACE AMOUNT.




$$
