000
CDUS44 KLIX 300710
CLIBTR


CLIMATE REPORT
NATIONAL WEATHER SERVICE NEW ORLEANS
210 AM CDT THU MAR 30 2017


...................................

...THE BATON ROUGE  ASOS CLIMATE SUMMARY FOR MARCH 29 2017...

CLIMATE NORMAL PERIOD 1981 TO 2010
CLIMATE RECORD PERIOD 1894 TO 2017


WEATHER ITEM   OBSERVED TIME   RECORD YEAR NORMAL DEPARTURE LAST
                VALUE   (LST)  VALUE       VALUE  FROM      YEAR
                                                  NORMAL
..................................................................
TEMPERATURE (F)
 YESTERDAY
  MAXIMUM         86    229 PM  88    1924  76     10       75
  MINIMUM         67    628 AM  32    1899  53     14       56
  AVERAGE         77                        64     13       66

PRECIPITATION (IN)
  YESTERDAY        0.04          3.25 1995   0.15  -0.11     0.01
  MONTH TO DATE    2.53                      4.10  -1.57    10.00
  SINCE MAR 1      2.53                      4.10  -1.57    10.00
  SINCE JAN 1     13.96                     14.86  -0.90    19.31

SNOWFALL (IN)
  YESTERDAY        0.0
  MONTH TO DATE    0.0
  SINCE MAR 1      0.0
  SINCE JUL 1      0.0
  SNOW DEPTH       0

DEGREE DAYS
 HEATING
  YESTERDAY        0                         3     -3        0
  MONTH TO DATE   84                       161    -77       69
  SINCE MAR 1     84                       161    -77       69
  SINCE JUL 1    788                      1496   -708     1060

 COOLING
  YESTERDAY       12                         3      9        1
  MONTH TO DATE  131                        53     78       79
  SINCE MAR 1    131                        53     78       79
  SINCE JAN 1    274                        84    190       96
..................................................................


WIND (MPH)
  HIGHEST WIND SPEED    20   HIGHEST WIND DIRECTION    SE (140)
  HIGHEST GUST SPEED    27   HIGHEST GUST DIRECTION    SE (130)
  AVERAGE WIND SPEED    10.8


SKY COVER
  POSSIBLE SUNSHINE  MM
  AVERAGE SKY COVER 0.6


WEATHER CONDITIONS
 THE FOLLOWING WEATHER WAS RECORDED YESTERDAY.
  THUNDERSTORM
  RAIN
  LIGHT RAIN
  FOG


RELATIVE HUMIDITY (PERCENT)
 HIGHEST    93           200 AM
 LOWEST     51           100 PM
 AVERAGE    72

..........................................................


THE BATON ROUGE  ASOS CLIMATE NORMALS FOR TODAY
                         NORMAL    RECORD    YEAR
 MAXIMUM TEMPERATURE (F)   76        90      1946
 MINIMUM TEMPERATURE (F)   53        33      1944


SUNRISE AND SUNSET
MARCH 30 2017.........SUNRISE   656 AM CDT   SUNSET   723 PM CDT
MARCH 31 2017.........SUNRISE   655 AM CDT   SUNSET   723 PM CDT


-  INDICATES NEGATIVE NUMBERS.
R  INDICATES RECORD WAS SET OR TIED.
MM INDICATES DATA IS MISSING.
T  INDICATES TRACE AMOUNT.




$$
