000
CDUS44 KLIX 262223
CLIBTR


CLIMATE REPORT
NATIONAL WEATHER SERVICE NEW ORLEANS
423 PM CST SUN FEB 26 2017


...................................

...THE BATON ROUGE  ASOS CLIMATE SUMMARY FOR FEBRUARY 26 2017...
VALID TODAY AS OF 0400 PM LOCAL TIME.

CLIMATE NORMAL PERIOD 1981 TO 2010
CLIMATE RECORD PERIOD 1894 TO 2017


WEATHER ITEM   OBSERVED TIME   RECORD YEAR NORMAL DEPARTURE LAST
                VALUE   (LST)  VALUE       VALUE  FROM      YEAR
                                                  NORMAL
..................................................................
TEMPERATURE (F)
 TODAY
  MAXIMUM         70    256 PM  84    1996  68      2       59
  MINIMUM         40    544 AM  23    1914  47     -7       35
  AVERAGE         55

PRECIPITATION (IN)
  TODAY            0.00          2.34 1984   0.16  -0.16     0.00
  MONTH TO DATE    1.28                      4.71  -3.43     3.58
  SINCE DEC 1     20.67                     16.03   4.64    15.64
  SINCE JAN 1     10.96                     10.43   0.53     9.31

SNOWFALL (IN)
  TODAY            0.0
  MONTH TO DATE    0.0
  SINCE DEC 1      0.0
  SINCE JUL 1      0.0
  SNOW DEPTH       0

DEGREE DAYS
 HEATING
  TODAY           10                         8      2       18
  MONTH TO DATE   98                       279   -181      236
  SINCE DEC 1    591                      1084   -493      852
  SINCE JUL 1    704                      1319   -615      963

 COOLING
  TODAY            0                         1     -1        0
  MONTH TO DATE   70                        24     46       13
  SINCE DEC 1    189                        59    130      104
  SINCE JAN 1    124                        37     87       17
..................................................................


WIND (MPH)
  HIGHEST WIND SPEED    18   HIGHEST WIND DIRECTION     E (80)
  HIGHEST GUST SPEED    24   HIGHEST GUST DIRECTION    NE (60)
  AVERAGE WIND SPEED    10.0


SKY COVER
  POSSIBLE SUNSHINE  MM
  AVERAGE SKY COVER 0.0


WEATHER CONDITIONS
 THE FOLLOWING WEATHER WAS RECORDED TODAY.
  NO SIGNIFICANT WEATHER WAS OBSERVED.


RELATIVE HUMIDITY (PERCENT)
 HIGHEST    76           500 AM
 LOWEST     36          1100 AM
 AVERAGE    56

..........................................................


THE BATON ROUGE  ASOS CLIMATE NORMALS FOR TOMORROW
                         NORMAL    RECORD    YEAR
 MAXIMUM TEMPERATURE (F)   69        85      2011
                                             1962
 MINIMUM TEMPERATURE (F)   47        25      1935


SUNRISE AND SUNSET
FEBRUARY 26 2017......SUNRISE   634 AM CST   SUNSET   601 PM CST
FEBRUARY 27 2017......SUNRISE   633 AM CST   SUNSET   602 PM CST


-  INDICATES NEGATIVE NUMBERS.
R  INDICATES RECORD WAS SET OR TIED.
MM INDICATES DATA IS MISSING.
T  INDICATES TRACE AMOUNT.




$$
