000
CDUS44 KLIX 230801
CLIBTR


CLIMATE REPORT
NATIONAL WEATHER SERVICE NEW ORLEANS
200 AM CST SUN NOV 23 2014


...................................

...THE BATON ROUGE  ASOS CLIMATE SUMMARY FOR NOVEMBER 22 2014...

CLIMATE NORMAL PERIOD 1981 TO 2010
CLIMATE RECORD PERIOD 1894 TO 2014


WEATHER ITEM   OBSERVED TIME   RECORD YEAR NORMAL DEPARTURE LAST
                VALUE   (LST)  VALUE       VALUE  FROM      YEAR
                                                  NORMAL
..................................................................
TEMPERATURE (F)
 YESTERDAY
  MAXIMUM         70    135 PM  88    1900  70      0       73
  MINIMUM         50    654 AM  27    2000  47      3       62
  AVERAGE         60                        58      2       68

PRECIPITATION (IN)
  YESTERDAY        0.00          2.31 1980   0.13  -0.13     0.10
  MONTH TO DATE    3.10                      2.98   0.12     0.45
  SINCE SEP 1      8.51                     12.22  -3.71    11.22
  SINCE JAN 1     55.63                     53.93   1.70    63.88

SNOWFALL (IN)
  YESTERDAY        0.0
  MONTH TO DATE    0.0
  SINCE SEP 1      0.0
  SINCE JUL 1      0.0
  SNOW DEPTH       0

DEGREE DAYS
 HEATING
  YESTERDAY        5                         8     -3        0
  MONTH TO DATE  251                       120    131      110
  SINCE SEP 1    266                       166    100      129
  SINCE JUL 1    266                       166    100      129

 COOLING
  YESTERDAY        0                         1     -1        3
  MONTH TO DATE   11                        41    -30       36
  SINCE SEP 1    644                       630     14      698
  SINCE JAN 1   2672                      2791   -119     2666
..................................................................


WIND (MPH)
  HIGHEST WIND SPEED    23   HIGHEST WIND DIRECTION     E (110)
  HIGHEST GUST SPEED    30   HIGHEST GUST DIRECTION     E (100)
  AVERAGE WIND SPEED    11.4


SKY COVER
  POSSIBLE SUNSHINE  MM
  AVERAGE SKY COVER 0.6


WEATHER CONDITIONS
 THE FOLLOWING WEATHER WAS RECORDED YESTERDAY.
  NO SIGNIFICANT WEATHER WAS OBSERVED.


RELATIVE HUMIDITY (PERCENT)
 HIGHEST    93           300 AM
 LOWEST     66           200 PM
 AVERAGE    80

..........................................................


THE BATON ROUGE  ASOS CLIMATE NORMALS FOR TODAY
                         NORMAL    RECORD    YEAR
 MAXIMUM TEMPERATURE (F)   70        85      1973
                                             1955
 MINIMUM TEMPERATURE (F)   47        28      1956


SUNRISE AND SUNSET
NOVEMBER 23 2014......SUNRISE   637 AM CST   SUNSET   504 PM CST
NOVEMBER 24 2014......SUNRISE   638 AM CST   SUNSET   504 PM CST


-  INDICATES NEGATIVE NUMBERS.
R  INDICATES RECORD WAS SET OR TIED.
MM INDICATES DATA IS MISSING.
T  INDICATES TRACE AMOUNT.




$$
