761
CDUS41 KBTV 240540
CLIBTV


CLIMATE REPORT
NATIONAL WEATHER SERVICE BURLINGTON VT
140 AM EDT MON APR 24 2017


...................................

...THE BURLINGTON VT CLIMATE SUMMARY FOR APRIL 23 2017...

CLIMATE NORMAL PERIOD 1981 TO 2010
CLIMATE RECORD PERIOD 1884 TO 2017


WEATHER ITEM   OBSERVED TIME   RECORD YEAR NORMAL DEPARTURE LAST
                VALUE   (LST)  VALUE       VALUE  FROM      YEAR
                                                  NORMAL
..................................................................
TEMPERATURE (F)
 YESTERDAY
  MAXIMUM         67    536 PM  85    1885  59      8       53
  MINIMUM         36    535 AM  23    1930  38     -2       40
  AVERAGE         52                        48      4       47

PRECIPITATION (IN)
  YESTERDAY        0.00          1.08 2012   0.09  -0.09      T
  MONTH TO DATE    3.62                      2.12   1.50     1.38
  SINCE MAR 1      6.89                      4.34   2.55     3.64
  SINCE JAN 1     11.56                      8.16   3.40     7.97

SNOWFALL (IN)
  YESTERDAY        0.0           4.9  1993   0.1   -0.1     MM
  MONTH TO DATE    4.4                       4.1    0.3      1.4
  SINCE MAR 1     41.2                      19.9   21.3      3.2
  SINCE JUL 1    100.4                      80.7   19.7     32.2
  SNOW DEPTH       0

DEGREE DAYS
 HEATING
  YESTERDAY       13                        17     -4       18
  MONTH TO DATE  400                       503   -103      530
  SINCE MAR 1   1557                      1557      0     1397
  SINCE JUL 1   5935                      6967  -1032     5781

 COOLING
  YESTERDAY        0                         0      0        0
  MONTH TO DATE    6                         0      6        0
  SINCE MAR 1      6                         0      6        0
  SINCE JAN 1      6                         0      6        0
..................................................................


WIND (MPH)
  HIGHEST WIND SPEED    16   HIGHEST WIND DIRECTION     S (190)
  HIGHEST GUST SPEED    20   HIGHEST GUST DIRECTION     S (190)
  AVERAGE WIND SPEED     4.5


SKY COVER
  POSSIBLE SUNSHINE  MM
  AVERAGE SKY COVER 0.3


WEATHER CONDITIONS
 THE FOLLOWING WEATHER WAS RECORDED YESTERDAY.
  FOG W/VISIBILITY <= 1/4 MILE


RELATIVE HUMIDITY (PERCENT)
 HIGHEST    92           400 AM
 LOWEST     22          1000 PM
 AVERAGE    57

..........................................................


THE BURLINGTON VT CLIMATE NORMALS FOR TODAY
                         NORMAL    RECORD    YEAR
 MAXIMUM TEMPERATURE (F)   59        80      2001
 MINIMUM TEMPERATURE (F)   38        23      1930


SUNRISE AND SUNSET
APRIL 24 2017.........SUNRISE   553 AM EDT   SUNSET   749 PM EDT
APRIL 25 2017.........SUNRISE   552 AM EDT   SUNSET   750 PM EDT


-  INDICATES NEGATIVE NUMBERS.
R  INDICATES RECORD WAS SET OR TIED.
MM INDICATES DATA IS MISSING.
T  INDICATES TRACE AMOUNT.

&&

LAKE CHAMPLAIN DATA:
LAKE LEVEL..........99.72 FEET
WATER TEMPERATURE...39 DEGREES

MOUNT MANSFIELD DATA:
HIGH TEMPERATURE...47 DEGREES
LOW TEMPERATURE....26 DEGREES
PRECIPITATION......0.12 INCHES
NEW SNOW...........NONE
SNOW AT STAKE......68 INCHES

$$
