000
CDUS41 KBTV 010552
CLIBTV


CLIMATE REPORT
NATIONAL WEATHER SERVICE BURLINGTON VT
1249 AM EST SUN MAR 1 2015


...................................

...THE BURLINGTON VT CLIMATE SUMMARY FOR FEBRUARY 28 2015...

CLIMATE NORMAL PERIOD 1981 TO 2010
CLIMATE RECORD PERIOD 1884 TO 2015


WEATHER ITEM   OBSERVED TIME   RECORD YEAR NORMAL DEPARTURE LAST
                VALUE   (LST)  VALUE       VALUE  FROM      YEAR
                                                  NORMAL
..................................................................
TEMPERATURE (F)
 YESTERDAY
  MAXIMUM         24    446 PM  55    1903  34    -10       16
  MINIMUM         -8    613 AM -17    1920  16    -24        2
  AVERAGE          8                        25    -17        9

PRECIPITATION (IN)
  YESTERDAY        0.00          0.92 1984   0.07  -0.07      T
  MONTH TO DATE    1.09                      1.76  -0.67     1.83
  SINCE DEC 1      5.23                      6.20  -0.97     6.82
  SINCE JAN 1      2.38                      3.82  -1.44     4.28

SNOWFALL (IN)
  YESTERDAY        0.0           5.8  1948   0.6   -0.6       T
  MONTH TO DATE   22.7                      16.4    6.3     24.1
  SINCE DEC 1     65.3                      55.4    9.9     51.9
  SINCE JUL 1     75.9                      60.8   15.1     58.3
  SNOW DEPTH       7

DEGREE DAYS
 HEATING
  YESTERDAY       57                        40     17       56
  MONTH TO DATE 1599                      1217    382     1249
  SINCE DEC 1   4192                      3865    327     3972
  SINCE JUL 1   5517                      5410    107     5465

 COOLING
  YESTERDAY        0                         0      0        0
  MONTH TO DATE    0                         0      0        0
  SINCE DEC 1      0                         0      0        0
  SINCE JAN 1      0                         0      0        0
..................................................................


WIND (MPH)
  HIGHEST WIND SPEED    14   HIGHEST WIND DIRECTION     S (200)
  HIGHEST GUST SPEED    16   HIGHEST GUST DIRECTION     S (200)
  AVERAGE WIND SPEED     4.6


SKY COVER
  POSSIBLE SUNSHINE  MM
  AVERAGE SKY COVER 0.0


WEATHER CONDITIONS
 THE FOLLOWING WEATHER WAS RECORDED YESTERDAY.
  NO SIGNIFICANT WEATHER WAS OBSERVED.


RELATIVE HUMIDITY (PERCENT)
 HIGHEST    76          1100 PM
 LOWEST     35           400 PM
 AVERAGE    56

..........................................................


THE BURLINGTON VT CLIMATE NORMALS FOR TODAY
                         NORMAL    RECORD    YEAR
 MAXIMUM TEMPERATURE (F)   34        59      1954
 MINIMUM TEMPERATURE (F)   16       -14      1948


SUNRISE AND SUNSET
MARCH  1 2015.........SUNRISE   630 AM EST   SUNSET   540 PM EST
MARCH  2 2015.........SUNRISE   629 AM EST   SUNSET   541 PM EST


-  INDICATES NEGATIVE NUMBERS.
R  INDICATES RECORD WAS SET OR TIED.
MM INDICATES DATA IS MISSING.
T  INDICATES TRACE AMOUNT.

&&

LAKE CHAMPLAIN DATA:
LEVEL...............94.87 FEET
TEMPERATURE.........34 DEGREES

MOUNT MANSFIELD DATA:
HIGH................8 DEGREES
LOW.................-6 DEGREES
PRECIPITATION.......NONE
NEW SNOW............NONE
SNOW AT STAKE.......74 INCHES

$$
