000
CDUS41 KBTV 190543
CLIBTV


CLIMATE REPORT
NATIONAL WEATHER SERVICE BURLINGTON VT
1240 AM EST THU JAN 19 2017


...................................

...THE BURLINGTON VT CLIMATE SUMMARY FOR JANUARY 18 2017...

CLIMATE NORMAL PERIOD 1981 TO 2010
CLIMATE RECORD PERIOD 1884 TO 2017


WEATHER ITEM   OBSERVED TIME   RECORD YEAR NORMAL DEPARTURE LAST
                VALUE   (LST)  VALUE       VALUE  FROM      YEAR
                                                  NORMAL
..................................................................
TEMPERATURE (F)
 YESTERDAY
  MAXIMUM         37   1135 PM  53    1996  27     10       27
  MINIMUM         33    134 AM -24    1974  10     23       12
  AVERAGE         35                        18     17       20

PRECIPITATION (IN)
  YESTERDAY        0.10          1.61 2006   0.07   0.03     0.16
  MONTH TO DATE    0.88                      1.19  -0.31     0.91
  SINCE DEC 1      3.23                      3.57  -0.34     5.35
  SINCE JAN 1      0.88                      1.19  -0.31     0.91

SNOWFALL (IN)
  YESTERDAY        0.8           9.7  1978   0.6    0.2      2.0
  MONTH TO DATE    4.1                      12.2   -8.1      8.9
  SINCE DEC 1     20.8                      30.1   -9.3     16.0
  SINCE JUL 1     25.1                      35.5  -10.4     16.2
  SNOW DEPTH       3

DEGREE DAYS
 HEATING
  YESTERDAY       30                        47    -17       45
  MONTH TO DATE  671                       831   -160      708
  SINCE DEC 1   1779                      2045   -266     1502
  SINCE JUL 1   2984                      3590   -606     2741

 COOLING
  YESTERDAY        0                         0      0        0
  MONTH TO DATE    0                         0      0        0
  SINCE DEC 1      0                         0      0        0
  SINCE JAN 1      0                         0      0        0
..................................................................


WIND (MPH)
  HIGHEST WIND SPEED    14   HIGHEST WIND DIRECTION     S (170)
  HIGHEST GUST SPEED    20   HIGHEST GUST DIRECTION     S (200)
  AVERAGE WIND SPEED     7.7


SKY COVER
  POSSIBLE SUNSHINE  MM
  AVERAGE SKY COVER 1.0


WEATHER CONDITIONS
 THE FOLLOWING WEATHER WAS RECORDED YESTERDAY.
  LIGHT RAIN
  LIGHT SNOW
  FOG


RELATIVE HUMIDITY (PERCENT)
 HIGHEST    96          1200 AM
 LOWEST     76          1100 AM
 AVERAGE    86

..........................................................


THE BURLINGTON VT CLIMATE NORMALS FOR TODAY
                         NORMAL    RECORD    YEAR
 MAXIMUM TEMPERATURE (F)   27        65      1996
 MINIMUM TEMPERATURE (F)   10       -24      1976


SUNRISE AND SUNSET
JANUARY 19 2017.......SUNRISE   723 AM EST   SUNSET   444 PM EST
JANUARY 20 2017.......SUNRISE   722 AM EST   SUNSET   446 PM EST


-  INDICATES NEGATIVE NUMBERS.
R  INDICATES RECORD WAS SET OR TIED.
MM INDICATES DATA IS MISSING.
T  INDICATES TRACE AMOUNT.

&&

LAKE CHAMPLAIN DATA:
LEVEL...............95.06 FEET
TEMPERATURE.........37 DEGREES

MOUNT MANSFIELD DATA:
HIGH................22 DEGREES
LOW.................18 DEGREES
PRECIPITATION.......0.34 INCHES
NEW SNOW............3.5 INCHES
SNOW AT STAKE.......51 INCHES

$$
