000
CDUS41 KBUF 030705
CLIBUF


CLIMATE REPORT
NATIONAL WEATHER SERVICE BUFFALO NY
305 AM EDT TUE MAY 3 2016


...................................

...THE BUFFALO NY CLIMATE SUMMARY FOR MAY 2 2016...

CLIMATE NORMAL PERIOD 1981 TO 2010
CLIMATE RECORD PERIOD 1871 TO 2016


WEATHER ITEM   OBSERVED TIME   RECORD YEAR NORMAL DEPARTURE LAST
                VALUE   (LST)  VALUE       VALUE  FROM      YEAR
                                                  NORMAL
..................................................................
TEMPERATURE (F)
 YESTERDAY
  MAXIMUM         49    543 PM  84    1954  62    -13       68
                                      1887
  MINIMUM         41   1159 PM  30    1903  43     -2       44
                                      1882
  AVERAGE         45                        52     -7       56

PRECIPITATION (IN)
  YESTERDAY        0.38          1.22 1929   0.10   0.28     0.00
  MONTH TO DATE    0.68                      0.20   0.48     0.00
  SINCE MAR 1      5.43                      6.08  -0.65     4.14
  SINCE JAN 1     10.71                     11.75  -1.04     9.13

SNOWFALL (IN)
  YESTERDAY        0.0           5.1  1909   0.0    0.0      0.0
  MONTH TO DATE    0.0                       0.0    0.0      0.0
  SINCE MAR 1      8.0                      15.6   -7.6      9.9
  SINCE JUL 1     55.1                      94.4  -39.3    112.9
  SNOW DEPTH       0

DEGREE DAYS
 HEATING
  YESTERDAY       20                        13      7        9
  MONTH TO DATE   35                        26      9       18
  SINCE MAR 1   1455                      1563   -108     1690
  SINCE JUL 1   5393                      6307   -914     6838

 COOLING
  YESTERDAY        0                         0      0        0
  MONTH TO DATE    0                         0      0        0
  SINCE MAR 1      0                         3     -3        0
  SINCE JAN 1      0                         3     -3        0
..................................................................


WIND (MPH)
  HIGHEST WIND SPEED    14   HIGHEST WIND DIRECTION    NE (50)
  HIGHEST GUST SPEED    18   HIGHEST GUST DIRECTION    NE (40)
  AVERAGE WIND SPEED     6.7


SKY COVER
  AVERAGE SKY COVER 0.9


WEATHER CONDITIONS
 THE FOLLOWING WEATHER WAS RECORDED YESTERDAY.
  RAIN
  LIGHT RAIN
  FOG


RELATIVE HUMIDITY (PERCENT)
 HIGHEST   100           600 AM
 LOWEST     71           700 PM
 AVERAGE    86

..........................................................


THE BUFFALO NY CLIMATE NORMALS FOR TODAY
                         NORMAL    RECORD    YEAR
 MAXIMUM TEMPERATURE (F)   62        85      1944
 MINIMUM TEMPERATURE (F)   43        29      1926
                                             1911


SUNRISE AND SUNSET
MAY  3 2016...........SUNRISE   606 AM EDT   SUNSET   819 PM EDT
MAY  4 2016...........SUNRISE   604 AM EDT   SUNSET   820 PM EDT


-  INDICATES NEGATIVE NUMBERS.
R  INDICATES RECORD WAS SET OR TIED.
MM INDICATES DATA IS MISSING.
T  INDICATES TRACE AMOUNT.




$$
