000
CDUS41 KBUF 231022
CLIBUF


CLIMATE REPORT
NATIONAL WEATHER SERVICE BUFFALO NY
521 AM EST THU NOV 23 2017


...................................

...THE BUFFALO NY CLIMATE SUMMARY FOR NOVEMBER 22 2017...

CLIMATE NORMAL PERIOD 1981 TO 2010
CLIMATE RECORD PERIOD 1871 TO 2017


WEATHER ITEM   OBSERVED TIME   RECORD YEAR NORMAL DEPARTURE LAST
                VALUE   (LST)  VALUE       VALUE  FROM      YEAR
                                                  NORMAL
..................................................................
TEMPERATURE (F)
 YESTERDAY
  MAXIMUM         39   1248 AM  69    1953  45     -6       37
                                      1934
  MINIMUM         26   1159 PM   6    1880  32     -6       28
  AVERAGE         33                        38     -5       33

PRECIPITATION (IN)
  YESTERDAY        0.17          1.71 1909   0.14   0.03      T
  MONTH TO DATE    4.89                      2.96   1.93     2.07
  SINCE SEP 1     13.07                     10.38   2.69    10.01
  SINCE JAN 1     45.35                     35.54   9.81    28.53

SNOWFALL (IN)
  YESTERDAY        T             3.3  1997   0.3   -0.3       T
  MONTH TO DATE    0.1                       4.6   -4.5      0.9
  SINCE SEP 1      0.2                       5.5   -5.3      0.9
  SINCE JUL 1      0.2                       5.5   -5.3      0.9
  SNOW DEPTH       0

DEGREE DAYS
 HEATING
  YESTERDAY       32                        27      5       32
  MONTH TO DATE  551                       503     48      412
  SINCE SEP 1    903                      1081   -178      791
  SINCE JUL 1    919                      1108   -189      791

 COOLING
  YESTERDAY        0                         0      0        0
  MONTH TO DATE    0                         0      0        0
  SINCE SEP 1    133                        57     76      121
  SINCE JAN 1    603                       544     59      939
..................................................................


WIND (MPH)
  HIGHEST WIND SPEED    20   HIGHEST WIND DIRECTION    NW (310)
  HIGHEST GUST SPEED    25   HIGHEST GUST DIRECTION    NW (300)
  AVERAGE WIND SPEED    10.1


SKY COVER
  AVERAGE SKY COVER 0.9


WEATHER CONDITIONS
 THE FOLLOWING WEATHER WAS RECORDED YESTERDAY.
  RAIN
  LIGHT RAIN
  LIGHT SNOW
  FOG


RELATIVE HUMIDITY (PERCENT)
 HIGHEST   100           200 AM
 LOWEST     58           500 PM
 AVERAGE    79

..........................................................


THE BUFFALO NY CLIMATE NORMALS FOR TODAY
                         NORMAL    RECORD    YEAR
 MAXIMUM TEMPERATURE (F)   45        70      2003
                                             1979
 MINIMUM TEMPERATURE (F)   32         6      1880


SUNRISE AND SUNSET
NOVEMBER 23 2017......SUNRISE   717 AM EST   SUNSET   445 PM EST
NOVEMBER 24 2017......SUNRISE   719 AM EST   SUNSET   445 PM EST


-  INDICATES NEGATIVE NUMBERS.
R  INDICATES RECORD WAS SET OR TIED.
MM INDICATES DATA IS MISSING.
T  INDICATES TRACE AMOUNT.




$$
