000
CDUS41 KBUF 261025
CLIBUF


CLIMATE REPORT
NATIONAL WEATHER SERVICE BUFFALO NY
621 AM EDT TUE MAY 26 2015


...................................

...THE BUFFALO NY CLIMATE SUMMARY FOR MAY 25 2015...

CLIMATE NORMAL PERIOD 1981 TO 2010
CLIMATE RECORD PERIOD 1871 TO 2015


WEATHER ITEM   OBSERVED TIME   RECORD YEAR NORMAL DEPARTURE LAST
                VALUE   (LST)  VALUE       VALUE  FROM      YEAR
                                                  NORMAL
..................................................................
TEMPERATURE (F)
 YESTERDAY
  MAXIMUM         82   1105 AM  86    2012  69     13       72
                                      1975
                                      1944
  MINIMUM         62    236 AM  35    1992  50     12       47
                                      1956
  AVERAGE         72                        60     12       60

PRECIPITATION (IN)
  YESTERDAY        0.04          1.21 1874   0.12  -0.08     0.00
  MONTH TO DATE    0.75                      2.74  -1.99     2.92
  SINCE MAR 1      4.89                      8.62  -3.73    10.55
  SINCE JAN 1      9.88                     14.29  -4.41    17.33

SNOWFALL (IN)
  YESTERDAY        0.0           0.0    MM   0.0    0.0      0.0
  MONTH TO DATE    0.0                       0.3   -0.3      0.0
  SINCE MAR 1      9.9                      15.9   -6.0     25.7
  SINCE JUL 1    112.9                      94.7   18.2    129.9
  SNOW DEPTH       0

DEGREE DAYS
 HEATING
  YESTERDAY        0                         6     -6        5
  MONTH TO DATE  147                       240    -93      229
  SINCE MAR 1   1819                      1777     42     1978
  SINCE JUL 1   6967                      6521    446     7084

 COOLING
  YESTERDAY        7                         1      6        0
  MONTH TO DATE   61                        13     48       21
  SINCE MAR 1     61                        16     45       21
  SINCE JAN 1     61                        16     45       21
..................................................................


WIND (MPH)
  HIGHEST WIND SPEED    26   HIGHEST WIND DIRECTION     W (250)
  HIGHEST GUST SPEED    39   HIGHEST GUST DIRECTION     W (260)
  AVERAGE WIND SPEED     9.7


SKY COVER
  AVERAGE SKY COVER 0.8


WEATHER CONDITIONS
 THE FOLLOWING WEATHER WAS RECORDED YESTERDAY.
  LIGHT RAIN
  FOG
  HAZE


RELATIVE HUMIDITY (PERCENT)
 HIGHEST    93          1100 PM
 LOWEST     36          1000 AM
 AVERAGE    65

..........................................................


THE BUFFALO NY CLIMATE NORMALS FOR TODAY
                         NORMAL    RECORD    YEAR
 MAXIMUM TEMPERATURE (F)   70        88      1944
 MINIMUM TEMPERATURE (F)   51        37      1997
                                             1961


SUNRISE AND SUNSET
MAY 26 2015...........SUNRISE   543 AM EDT   SUNSET   842 PM EDT
MAY 27 2015...........SUNRISE   542 AM EDT   SUNSET   843 PM EDT


-  INDICATES NEGATIVE NUMBERS.
R  INDICATES RECORD WAS SET OR TIED.
MM INDICATES DATA IS MISSING.
T  INDICATES TRACE AMOUNT.




$$
