000
CDUS46 KLOX 270858
CLIBUR


CLIMATE REPORT
NATIONAL WEATHER SERVICE LOS ANGELES/OXNARD CA
158 AM PDT FRI MAY 27 2016


...................................

...THE BOB HOPE AIRPORT (BURBANK) CA CLIMATE SUMMARY FOR MAY 26 2016...

CLIMATE NORMAL PERIOD 1981 TO 2010
CLIMATE RECORD PERIOD 1939 TO 2016


WEATHER ITEM   OBSERVED TIME   RECORD YEAR NORMAL DEPARTURE LAST
                VALUE   (LST)  VALUE       VALUE  FROM      YEAR
                                                  NORMAL
..................................................................
TEMPERATURE (F)
 YESTERDAY
  MAXIMUM         73    249 PM 100    1974  77     -4       71
  MINIMUM         53    502 AM  42    1977  56     -3       57
  AVERAGE         63                        66     -3       64

PRECIPITATION (IN)
  YESTERDAY        0.00          0.01 1985   0.01  -0.01     0.00
  MONTH TO DATE    0.02                      0.32  -0.30     0.30
  SINCE OCT 1      7.66                     16.85  -9.19     7.58
  SINCE JAN 1      6.56                     12.41  -5.85     3.08

SNOWFALL (IN)
  YESTERDAY        0.0
  MONTH TO DATE    0.0
  SINCE MAR 1      0.0
  SINCE JUL 1      0.0

DEGREE DAYS
 HEATING
  YESTERDAY        2                         1      1        1
  MONTH TO DATE   48                        52     -4       65
  SINCE MAR 1    220                       408   -188      177
  SINCE JUL 1   1127                      1549   -422      734

 COOLING
  YESTERDAY        0                         3     -3        0
  MONTH TO DATE   29                        55    -26       26
  SINCE MAR 1    118                       100     18      221
  SINCE JAN 1    173                       106     67      247
..................................................................


WIND (MPH)
  HIGHEST WIND SPEED    15   HIGHEST WIND DIRECTION     S (170)
  HIGHEST GUST SPEED    18   HIGHEST GUST DIRECTION     E (90)
  AVERAGE WIND SPEED     5.1


SKY COVER
  POSSIBLE SUNSHINE  MM
  AVERAGE SKY COVER 0.1


WEATHER CONDITIONS
 THE FOLLOWING WEATHER WAS RECORDED YESTERDAY.
  NO SIGNIFICANT WEATHER WAS OBSERVED.


RELATIVE HUMIDITY (PERCENT)
 HIGHEST    83           100 AM
 LOWEST     47          1100 AM
 AVERAGE    65

..........................................................


THE BOB HOPE AIRPORT (BURBANK) CA CLIMATE NORMALS FOR TODAY
                         NORMAL    RECORD    YEAR
 MAXIMUM TEMPERATURE (F)   77       100      1973
 MINIMUM TEMPERATURE (F)   56        46      1946


SUNRISE AND SUNSET
MAY 27 2016...........SUNRISE   544 AM PDT   SUNSET   757 PM PDT
MAY 28 2016...........SUNRISE   544 AM PDT   SUNSET   758 PM PDT


-  INDICATES NEGATIVE NUMBERS.
R  INDICATES RECORD WAS SET OR TIED.
MM INDICATES DATA IS MISSING.
T  INDICATES TRACE AMOUNT.




$$
