000
CDUS46 KLOX 200910
CLIBUR


CLIMATE REPORT
NATIONAL WEATHER SERVICE LOS ANGELES/OXNARD CA
110 AM PST SAT JAN 20 2018


...................................

...THE BOB HOPE AIRPORT (BURBANK) CA CLIMATE SUMMARY FOR JANUARY 19 2018...

CLIMATE NORMAL PERIOD 1981 TO 2010
CLIMATE RECORD PERIOD 1939 TO 2018


WEATHER ITEM   OBSERVED TIME   RECORD YEAR NORMAL DEPARTURE LAST
                VALUE   (LST)  VALUE       VALUE  FROM      YEAR
                                                  NORMAL
..................................................................
TEMPERATURE (F)
 YESTERDAY
  MAXIMUM         62   1241 PM  88    1994  68     -6       62
  MINIMUM         52   1142 PM  29    1943  42     10       50
  AVERAGE         57                        55      2       56

PRECIPITATION (IN)
  YESTERDAY        T             2.18 1954   0.12  -0.12     0.44
  MONTH TO DATE    2.33                      2.14   0.19     2.87
  SINCE OCT 1      2.41                      6.58  -4.17     7.13
  SINCE JAN 1      2.33                      2.14   0.19     2.87

SNOWFALL (IN)
  YESTERDAY        0.0
  MONTH TO DATE    0.0
  SINCE DEC 1      0.0
  SINCE JUL 1      0.0

DEGREE DAYS
 HEATING
  YESTERDAY        8                        10     -2        9
  MONTH TO DATE   54                       196   -142      207
  SINCE DEC 1    184                       535   -351      503
  SINCE JUL 1    223                       763   -540      621

 COOLING
  YESTERDAY        0                         0      0        0
  MONTH TO DATE    4                         0      4        0
  SINCE DEC 1     13                         1     12        0
  SINCE JAN 1      4                         0      4        0
..................................................................


WIND (MPH)
  HIGHEST WIND SPEED    13   HIGHEST WIND DIRECTION     S (190)
  HIGHEST GUST SPEED    21   HIGHEST GUST DIRECTION    SE (130)
  AVERAGE WIND SPEED     6.5


SKY COVER
  POSSIBLE SUNSHINE  MM
  AVERAGE SKY COVER 0.7


WEATHER CONDITIONS
 THE FOLLOWING WEATHER WAS RECORDED YESTERDAY.
  LIGHT RAIN
  FOG
  HAZE


RELATIVE HUMIDITY (PERCENT)
 HIGHEST   100           300 AM
 LOWEST     46          1100 PM
 AVERAGE    73

..........................................................


THE BOB HOPE AIRPORT (BURBANK) CA CLIMATE NORMALS FOR TODAY
                         NORMAL    RECORD    YEAR
 MAXIMUM TEMPERATURE (F)   68        84      2014
 MINIMUM TEMPERATURE (F)   42        31      1943


SUNRISE AND SUNSET
JANUARY 20 2018.......SUNRISE   657 AM PST   SUNSET   512 PM PST
JANUARY 21 2018.......SUNRISE   657 AM PST   SUNSET   513 PM PST


-  INDICATES NEGATIVE NUMBERS.
R  INDICATES RECORD WAS SET OR TIED.
MM INDICATES DATA IS MISSING.
T  INDICATES TRACE AMOUNT.




$$
