000
CDUS41 KLWX 220535
CLIBWI


CLIMATE REPORT
NATIONAL WEATHER SERVICE BALTIMORE MD/WASHINGTON DC
1230 AM EST THU FEB 22 2018


...................................

...THE BALTIMORE MD CLIMATE SUMMARY FOR FEBRUARY 21 2018...

CLIMATE NORMAL PERIOD 1981 TO 2010
CLIMATE RECORD PERIOD 1871 TO 2018


WEATHER ITEM   OBSERVED TIME   RECORD YEAR NORMAL DEPARTURE LAST
                VALUE   (LST)  VALUE       VALUE  FROM      YEAR
                                                  NORMAL
..................................................................
TEMPERATURE (F)
 YESTERDAY
  MAXIMUM         79R   506 PM  74    1930  46     33       54
  MINIMUM         52    220 AM   2    2015  28     24       35
  AVERAGE         66                        37     29       45

PRECIPITATION (IN)
  YESTERDAY        0.00          2.13 1902   0.10  -0.10     0.00
  MONTH TO DATE    4.62                      2.16   2.46     0.46
  SINCE DEC 1      6.57                      8.58  -2.01     5.92
  SINCE JAN 1      5.62                      5.21   0.41     3.15

SNOWFALL (IN)
  YESTERDAY        0.0          10.3  1929   0.3   -0.3
  MONTH TO DATE    2.2                       6.5   -4.3
  SINCE JUL 1      8.7                      16.7   -8.0
  SNOW DEPTH       0

DEGREE DAYS
 HEATING
  YESTERDAY        0                        28    -28       20
  MONTH TO DATE  517                       629   -112      484
  SINCE DEC 1   2439                      2501    -62     2100
  SINCE JUL 1   3186                      3405   -219     2799

 COOLING
  YESTERDAY        1                         0      1        0
  MONTH TO DATE    1                         0      1        0
  SINCE DEC 1      1                         0      1        0
  SINCE JAN 1      1                         0      1        0
..................................................................


WIND (MPH)
  HIGHEST WIND SPEED    22   HIGHEST WIND DIRECTION    SW (220)
  HIGHEST GUST SPEED    32   HIGHEST GUST DIRECTION    SW (220)
  AVERAGE WIND SPEED     9.0


SKY COVER
  POSSIBLE SUNSHINE  MM
  AVERAGE SKY COVER 0.5


WEATHER CONDITIONS
 THE FOLLOWING WEATHER WAS RECORDED YESTERDAY.
  NO SIGNIFICANT WEATHER WAS OBSERVED.


RELATIVE HUMIDITY (PERCENT)
 HIGHEST   100          1200 AM
 LOWEST     54           500 PM
 AVERAGE    77

..........................................................


THE BALTIMORE MD CLIMATE NORMALS FOR TODAY
                         NORMAL    RECORD    YEAR
 MAXIMUM TEMPERATURE (F)   47        74      1874
 MINIMUM TEMPERATURE (F)   28         7      1963


SUNRISE AND SUNSET
FEBRUARY 22 2018......SUNRISE   649 AM EST   SUNSET   552 PM EST
FEBRUARY 23 2018......SUNRISE   648 AM EST   SUNSET   553 PM EST


-  INDICATES NEGATIVE NUMBERS.
R  INDICATES RECORD WAS SET OR TIED.
MM INDICATES DATA IS MISSING.
T  INDICATES TRACE AMOUNT.




$$
