000
CDUS41 KLWX 310526
CLIBWI


CLIMATE REPORT
NATIONAL WEATHER SERVICE BALTIMORE MD/WASHINGTON DC
126 AM EDT FRI JUL 31 2015


...................................

...THE BALTIMORE MD CLIMATE SUMMARY FOR JULY 30 2015...

CLIMATE NORMAL PERIOD 1981 TO 2010
CLIMATE RECORD PERIOD 1870 TO 2015


WEATHER ITEM   OBSERVED TIME   RECORD YEAR NORMAL DEPARTURE LAST
                VALUE   (LST)  VALUE       VALUE  FROM      YEAR
                                                  NORMAL
..................................................................
TEMPERATURE (F)
 YESTERDAY
  MAXIMUM         90   1235 PM  98    1940  87      3       81
  MINIMUM         73   1037 PM  55    2014  67      6       55
  AVERAGE         82                        77      5       68

PRECIPITATION (IN)
  YESTERDAY        1.28          3.14 1876   0.14   1.14     0.00
  MONTH TO DATE    3.49                      3.94  -0.45     2.80
  SINCE JUN 1     16.58                      7.40   9.18     6.75
  SINCE JAN 1     33.78                     24.43   9.35    30.37

SNOWFALL (IN)
  YESTERDAY        0.0          MM      MM   0.0    0.0
  MONTH TO DATE    0.0                       0.0    0.0
  SINCE JUL 1      0.0                       0.0    0.0
  SNOW DEPTH       0

DEGREE DAYS
 HEATING
  YESTERDAY        0                         0      0        0
  MONTH TO DATE    0                         0      0        0
  SINCE JUN 1     14                        15     -1        2
  SINCE JUL 1      0                         0      0        0

 COOLING
  YESTERDAY       17                        12      5        3
  MONTH TO DATE  370                       358     12      327
  SINCE JUN 1    666                       596     70      583
  SINCE JAN 1    855                       680    175      668
..................................................................


WIND (MPH)
  HIGHEST WIND SPEED    18   HIGHEST WIND DIRECTION    NW (320)
  HIGHEST GUST SPEED    23   HIGHEST GUST DIRECTION    NW (320)
  AVERAGE WIND SPEED     4.0


SKY COVER
  POSSIBLE SUNSHINE  MM
  AVERAGE SKY COVER 0.7


WEATHER CONDITIONS
 THE FOLLOWING WEATHER WAS RECORDED YESTERDAY.
  THUNDERSTORM
  HEAVY RAIN
  RAIN
  LIGHT RAIN
  FOG


RELATIVE HUMIDITY (PERCENT)
 HIGHEST   100          1100 PM
 LOWEST     63          1100 AM
 AVERAGE    82

..........................................................


THE BALTIMORE MD CLIMATE NORMALS FOR TODAY
                         NORMAL    RECORD    YEAR
 MAXIMUM TEMPERATURE (F)   87       102      1954
 MINIMUM TEMPERATURE (F)   67        54      1997
                                             1956


SUNRISE AND SUNSET
JULY 31 2015..........SUNRISE   606 AM EDT   SUNSET   820 PM EDT
AUGUST  1 2015........SUNRISE   607 AM EDT   SUNSET   819 PM EDT


-  INDICATES NEGATIVE NUMBERS.
R  INDICATES RECORD WAS SET OR TIED.
MM INDICATES DATA IS MISSING.
T  INDICATES TRACE AMOUNT.




$$
