000
CDUS41 KLWX 010522
CLIBWI


CLIMATE REPORT
NATIONAL WEATHER SERVICE BALTIMORE MD/WASHINGTON DC
122 AM EDT WED OCT 1 2014


...................................

...THE BALTIMORE MD CLIMATE SUMMARY FOR SEPTEMBER 30 2014...

CLIMATE NORMAL PERIOD 1981 TO 2010
CLIMATE RECORD PERIOD 1870 TO 2014


WEATHER ITEM   OBSERVED TIME   RECORD YEAR NORMAL DEPARTURE LAST
                VALUE   (LST)  VALUE       VALUE  FROM      YEAR
                                                  NORMAL
..................................................................
TEMPERATURE (F)
 YESTERDAY
  MAXIMUM         77    302 PM  92    1986  72      5       76
  MINIMUM         64   1158 PM  39    1888  52     12       49
  AVERAGE         71                        62      9       63

PRECIPITATION (IN)
  YESTERDAY        0.89          6.02 2010   0.14   0.75     0.00
  MONTH TO DATE    3.21                      4.03  -0.82     1.65
  SINCE SEP 1      3.21                      4.03  -0.82     1.65
  SINCE JAN 1     41.48                     31.88   9.60    27.22

SNOWFALL (IN)
  YESTERDAY        0.0          MM      MM   0.0    0.0
  MONTH TO DATE    0.0                       0.0    0.0
  SINCE JUL 1      0.0                       0.0    0.0
  SNOW DEPTH       0

DEGREE DAYS
 HEATING
  YESTERDAY        0                         5     -5        2
  MONTH TO DATE   37                        50    -13       52
  SINCE SEP 1     37                        52    -15       52
  SINCE JUL 1     37                        53    -16       52

 COOLING
  YESTERDAY        6                         2      4        0
  MONTH TO DATE  155                       135     20      143
  SINCE SEP 1    155                       135     20      143
  SINCE JAN 1   1072                      1145    -73     1288
..................................................................


WIND (MPH)
  HIGHEST WIND SPEED    14   HIGHEST WIND DIRECTION     E (80)
  HIGHEST GUST SPEED    15   HIGHEST GUST DIRECTION     E (100)
  AVERAGE WIND SPEED     3.5


SKY COVER
  POSSIBLE SUNSHINE  MM
  AVERAGE SKY COVER 0.8


WEATHER CONDITIONS
 THE FOLLOWING WEATHER WAS RECORDED YESTERDAY.
  THUNDERSTORM
  HEAVY RAIN
  RAIN
  LIGHT RAIN
  FOG


RELATIVE HUMIDITY (PERCENT)
 HIGHEST   100           300 AM
 LOWEST     54           400 PM
 AVERAGE    77

..........................................................


THE BALTIMORE MD CLIMATE NORMALS FOR TODAY
                         NORMAL    RECORD    YEAR
 MAXIMUM TEMPERATURE (F)   72        91      1941
 MINIMUM TEMPERATURE (F)   51        36      1947


SUNRISE AND SUNSET
OCTOBER  1 2014.......SUNRISE   703 AM EDT   SUNSET   649 PM EDT
OCTOBER  2 2014.......SUNRISE   704 AM EDT   SUNSET   648 PM EDT


-  INDICATES NEGATIVE NUMBERS.
R  INDICATES RECORD WAS SET OR TIED.
MM INDICATES DATA IS MISSING.
T  INDICATES TRACE AMOUNT.




$$
