000
CDUS41 KLWX 290522
CLIBWI


CLIMATE REPORT
NATIONAL WEATHER SERVICE BALTIMORE MD/WASHINGTON DC
122 AM EDT SUN MAY 29 2016


...................................

...THE BALTIMORE MD CLIMATE SUMMARY FOR MAY 28 2016...

CLIMATE NORMAL PERIOD 1981 TO 2010
CLIMATE RECORD PERIOD 1870 TO 2016


WEATHER ITEM   OBSERVED TIME   RECORD YEAR NORMAL DEPARTURE LAST
                VALUE   (LST)  VALUE       VALUE  FROM      YEAR
                                                  NORMAL
..................................................................
TEMPERATURE (F)
 YESTERDAY
  MAXIMUM         88    306 PM  97    1941  77     11       91
  MINIMUM         66    513 AM  38    1961  56     10       65
  AVERAGE         77                        67     10       78

PRECIPITATION (IN)
  YESTERDAY        0.00          2.46 1968   0.13  -0.13     0.00
  MONTH TO DATE    4.92                      3.59   1.33     2.08
  SINCE MAR 1      8.33                     10.68  -2.35    11.05
  SINCE JAN 1     17.53                     16.63   0.90    17.18

SNOWFALL (IN)
  YESTERDAY        0.0          MM      MM   0.0    0.0
  MONTH TO DATE    0.0                       0.0    0.0
  SINCE JUL 1     35.1                      20.1   15.0
  SNOW DEPTH       0

DEGREE DAYS
 HEATING
  YESTERDAY        0                         2     -2        0
  MONTH TO DATE  175                       128     47       48
  SINCE MAR 1    979                      1148   -169     1135
  SINCE JUL 1   4000                      4743   -743     4950

 COOLING
  YESTERDAY       12                         4      8       13
  MONTH TO DATE   47                        58    -11      143
  SINCE MAR 1     74                        72      2      148
  SINCE JAN 1     74                        72      2      148
..................................................................


WIND (MPH)
  HIGHEST WIND SPEED    15   HIGHEST WIND DIRECTION    SE (140)
  HIGHEST GUST SPEED    20   HIGHEST GUST DIRECTION    SE (150)
  AVERAGE WIND SPEED     4.6


SKY COVER
  POSSIBLE SUNSHINE  MM
  AVERAGE SKY COVER 0.3


WEATHER CONDITIONS
 THE FOLLOWING WEATHER WAS RECORDED YESTERDAY.
  NO SIGNIFICANT WEATHER WAS OBSERVED.


RELATIVE HUMIDITY (PERCENT)
 HIGHEST    93           400 AM
 LOWEST     48           700 PM
 AVERAGE    71

..........................................................


THE BALTIMORE MD CLIMATE NORMALS FOR TODAY
                         NORMAL    RECORD    YEAR
 MAXIMUM TEMPERATURE (F)   78        97      1969
 MINIMUM TEMPERATURE (F)   56        41      1997


SUNRISE AND SUNSET
MAY 29 2016...........SUNRISE   543 AM EDT   SUNSET   825 PM EDT
MAY 30 2016...........SUNRISE   543 AM EDT   SUNSET   826 PM EDT


-  INDICATES NEGATIVE NUMBERS.
R  INDICATES RECORD WAS SET OR TIED.
MM INDICATES DATA IS MISSING.
T  INDICATES TRACE AMOUNT.




$$
