000
CDUS41 KLWX 282149
CLIBWI


CLIMATE REPORT
NATIONAL WEATHER SERVICE BALTIMORE MD/WASHINGTON DC
449 PM EST SAT FEB 28 2015


...................................

...THE BALTIMORE MD CLIMATE SUMMARY FOR FEBRUARY 28 2015...
VALID TODAY AS OF 0400 PM LOCAL TIME.

CLIMATE NORMAL PERIOD 1981 TO 2010
CLIMATE RECORD PERIOD 1870 TO 2015


WEATHER ITEM   OBSERVED TIME   RECORD YEAR NORMAL DEPARTURE LAST
                VALUE   (LST)  VALUE       VALUE  FROM      YEAR
                                                  NORMAL
..................................................................
TEMPERATURE (F)
 TODAY
  MAXIMUM         31    314 PM  71    1903  48    -17       27
  MINIMUM         14    619 AM   5    1934  29    -15       11
  AVERAGE         23                        39    -16       19

PRECIPITATION (IN)
  TODAY            0.00          1.27 1939   0.10  -0.10     0.00
  MONTH TO DATE    2.24                      2.90  -0.66     4.58
  SINCE DEC 1      9.71                      9.32   0.39    12.56
  SINCE JAN 1      6.13                      5.95   0.18     7.29

SNOWFALL (IN)
  TODAY            0.0           5.2  1949   0.2   -0.2
  MONTH TO DATE   14.6                       8.0    6.6
  SINCE JUL 1     21.0                      18.2    2.8
  SNOW DEPTH       1

DEGREE DAYS
 HEATING
  TODAY           42                        26     16       46
  MONTH TO DATE 1102                       819    283      892
  SINCE DEC 1   2923                      2691    232     2832
  SINCE JUL 1   3815                      3595    220     3757

 COOLING
  TODAY            0                         0      0        0
  MONTH TO DATE    0                         0      0        0
  SINCE DEC 1      0                         0      0        2
  SINCE JAN 1      0                         0      0        0
..................................................................


WIND (MPH)
  HIGHEST WIND SPEED     9   HIGHEST WIND DIRECTION    NW (320)
  HIGHEST GUST SPEED    15   HIGHEST GUST DIRECTION    NW (310)
  AVERAGE WIND SPEED     3.5


SKY COVER
  POSSIBLE SUNSHINE  MM
  AVERAGE SKY COVER 0.5


WEATHER CONDITIONS
 THE FOLLOWING WEATHER WAS RECORDED TODAY.
  NO SIGNIFICANT WEATHER WAS OBSERVED.


RELATIVE HUMIDITY (PERCENT)
 HIGHEST    47           200 AM
 LOWEST     27           200 PM
 AVERAGE    37

..........................................................


THE BALTIMORE MD CLIMATE NORMALS FOR TOMORROW
                         NORMAL    RECORD    YEAR
 MAXIMUM TEMPERATURE (F)   49        80      1972
 MINIMUM TEMPERATURE (F)   29        11      1980


SUNRISE AND SUNSET
FEBRUARY 28 2015......SUNRISE   641 AM EST   SUNSET   558 PM EST
MARCH  1 2015.........SUNRISE   640 AM EST   SUNSET   559 PM EST


-  INDICATES NEGATIVE NUMBERS.
R  INDICATES RECORD WAS SET OR TIED.
MM INDICATES DATA IS MISSING.
T  INDICATES TRACE AMOUNT.




$$
