000
CDUS45 KRIW 310740
CLIBYG


CLIMATE REPORT
NATIONAL WEATHER SERVICE RIVERTON WY
139 AM MDT THU JUL 31 2014


...................................

...THE BUFFALO WY CLIMATE SUMMARY FOR JULY 30 2014...

CLIMATE NORMAL PERIOD 1981 TO 2010
CLIMATE RECORD PERIOD 1998 TO 2014


WEATHER ITEM   OBSERVED TIME   RECORD YEAR NORMAL DEPARTURE LAST
                VALUE   (LST)  VALUE       VALUE  FROM      YEAR
                                                  NORMAL
..................................................................
TEMPERATURE (F)
 YESTERDAY
  MAXIMUM         84   1233 PM  98    2000  86     -2       79
  MINIMUM         55    305 AM  44    2009  58     -3       56
  AVERAGE         70                        72     -2       68

PRECIPITATION (IN)
  YESTERDAY        0.00          T    2010   0.05  -0.05     0.09
                                      2005
                                      1999
  MONTH TO DATE    0.94                      1.60  -0.66     0.09
  SINCE JUN 1      3.85                      3.88  -0.03     1.04
  SINCE JAN 1      7.61                      9.40  -1.79     4.17

DEGREE DAYS
 HEATING
  YESTERDAY        0                         1     -1        0
  MONTH TO DATE   11                        33    -22        1
  SINCE JUN 1    217                       196     21      101
  SINCE JUL 1     11                        33    -22        1

 COOLING
  YESTERDAY        5                         8     -3        3
  MONTH TO DATE  181                       198    -17      254
  SINCE JUN 1    186                       249    -63      331
  SINCE JAN 1    197                       256    -59      341
..................................................................


WIND (MPH)
  HIGHEST WIND SPEED    18   HIGHEST WIND DIRECTION     N (10)
  HIGHEST GUST SPEED    22   HIGHEST GUST DIRECTION     N (340)
  AVERAGE WIND SPEED     6.8


SKY COVER
  POSSIBLE SUNSHINE  MM
  AVERAGE SKY COVER 0.0


WEATHER CONDITIONS
 THE FOLLOWING WEATHER WAS RECORDED YESTERDAY.
  NO SIGNIFICANT WEATHER WAS OBSERVED.


RELATIVE HUMIDITY (PERCENT)
 HIGHEST    61           100 AM
 LOWEST     15           500 PM
 AVERAGE    38

..........................................................


THE BUFFALO WY CLIMATE NORMALS FOR TODAY
                         NORMAL    RECORD    YEAR
 MAXIMUM TEMPERATURE (F)   86        94      2007
 MINIMUM TEMPERATURE (F)   58        51      2013
                                             2009


SUNRISE AND SUNSET
JULY 31 2014..........SUNRISE   553 AM MDT   SUNSET   833 PM MDT
AUGUST  1 2014........SUNRISE   554 AM MDT   SUNSET   832 PM MDT


-  INDICATES NEGATIVE NUMBERS.
R  INDICATES RECORD WAS SET OR TIED.
MM INDICATES DATA IS MISSING.
T  INDICATES TRACE AMOUNT.




$$
