000
CDUS45 KRIW 200744
CLIBYG


CLIMATE REPORT
NATIONAL WEATHER SERVICE RIVERTON WY
131 AM MDT THU JUL 20 2017


...................................

...THE BUFFALO WY CLIMATE SUMMARY FOR JULY 19 2017...

CLIMATE NORMAL PERIOD 1981 TO 2010
CLIMATE RECORD PERIOD 1998 TO 2017


WEATHER ITEM   OBSERVED TIME   RECORD YEAR NORMAL DEPARTURE LAST
                VALUE   (LST)  VALUE       VALUE  FROM      YEAR
                                                  NORMAL
..................................................................
TEMPERATURE (F)
 YESTERDAY
  MAXIMUM         88    428 PM  97    2016  86      2       97
                                      2012
  MINIMUM         65    307 AM  49    2015  58      7       60
  AVERAGE         77                        72      5       79

PRECIPITATION (IN)
  YESTERDAY        0.00          0.09 2011   0.05  -0.05      T
  MONTH TO DATE    0.84                      1.04  -0.20     0.14
  SINCE JUN 1      2.54                      3.32  -0.78     0.53
  SINCE JAN 1     10.82                      8.84   1.98     5.45

DEGREE DAYS
 HEATING
  YESTERDAY        0                         1     -1        0
  MONTH TO DATE    0                        22    -22        1
  SINCE JUN 1     98                       185    -87       16
  SINCE JUL 1      0                        22    -22        1

 COOLING
  YESTERDAY       12                         7      5       14
  MONTH TO DATE  201                       111     90      118
  SINCE JUN 1    248                       162     86      253
  SINCE JAN 1    259                       169     90      258
..................................................................


WIND (MPH)
  HIGHEST WIND SPEED    31   HIGHEST WIND DIRECTION     N (340)
  HIGHEST GUST SPEED    40   HIGHEST GUST DIRECTION     N (350)
  AVERAGE WIND SPEED    10.2


SKY COVER
  POSSIBLE SUNSHINE  MM
  AVERAGE SKY COVER 0.0


WEATHER CONDITIONS
 THE FOLLOWING WEATHER WAS RECORDED YESTERDAY.
  NO SIGNIFICANT WEATHER WAS OBSERVED.


RELATIVE HUMIDITY (PERCENT)
 HIGHEST    48           200 AM
 LOWEST     21           400 PM
 AVERAGE    35

..........................................................


THE BUFFALO WY CLIMATE NORMALS FOR TODAY
                         NORMAL    RECORD    YEAR
 MAXIMUM TEMPERATURE (F)   86        99      2016
 MINIMUM TEMPERATURE (F)   58        52      2000


SUNRISE AND SUNSET
JULY 20 2017..........SUNRISE   542 AM MDT   SUNSET   844 PM MDT
JULY 21 2017..........SUNRISE   543 AM MDT   SUNSET   843 PM MDT


-  INDICATES NEGATIVE NUMBERS.
R  INDICATES RECORD WAS SET OR TIED.
MM INDICATES DATA IS MISSING.
T  INDICATES TRACE AMOUNT.




$$
