000
CDUS45 KRIW 170745
CLIBYG


CLIMATE REPORT
NATIONAL WEATHER SERVICE RIVERTON WY
1242 AM MST TUE JAN 17 2017


...................................

...THE BUFFALO WY CLIMATE SUMMARY FOR JANUARY 16 2017...

CLIMATE NORMAL PERIOD 1981 TO 2010
CLIMATE RECORD PERIOD 1998 TO 2017


WEATHER ITEM   OBSERVED TIME   RECORD YEAR NORMAL DEPARTURE LAST
                VALUE   (LST)  VALUE       VALUE  FROM      YEAR
                                                  NORMAL
..................................................................
TEMPERATURE (F)
 YESTERDAY
  MAXIMUM         35    234 PM  60    2010  39     -4       23
  MINIMUM         18    748 AM  -6    2012  17      1       12
  AVERAGE         27                        28     -1       18

PRECIPITATION (IN)
  YESTERDAY        0.00          0.02 2012   0.01  -0.01     0.02
                                      2012
                                      2016
  MONTH TO DATE    T                         0.18  -0.18     0.02
  SINCE DEC 1      0.25                      0.58  -0.33     0.12
  SINCE JAN 1      T                         0.18  -0.18     0.02

DEGREE DAYS
 HEATING
  YESTERDAY       38                        37      1       47
  MONTH TO DATE  794                       598    196      574
  SINCE DEC 1   2215                      1811    404     1684
  SINCE JUL 1   3397                      3645   -248     3113

 COOLING
  YESTERDAY        0                         0      0        0
  MONTH TO DATE    0                         0      0        0
  SINCE DEC 1      0                         0      0        0
  SINCE JAN 1      0                         0      0        0
..................................................................


WIND (MPH)
  HIGHEST WIND SPEED    14   HIGHEST WIND DIRECTION    NW (330)
  HIGHEST GUST SPEED    17   HIGHEST GUST DIRECTION    NW (330)
  AVERAGE WIND SPEED     4.5


SKY COVER
  POSSIBLE SUNSHINE  MM
  AVERAGE SKY COVER 0.0


WEATHER CONDITIONS
 THE FOLLOWING WEATHER WAS RECORDED YESTERDAY.
  NO SIGNIFICANT WEATHER WAS OBSERVED.


RELATIVE HUMIDITY (PERCENT)
 HIGHEST    54           800 PM
 LOWEST     31          1200 AM
 AVERAGE    43

..........................................................


THE BUFFALO WY CLIMATE NORMALS FOR TODAY
                         NORMAL    RECORD    YEAR
 MAXIMUM TEMPERATURE (F)   39        51      2010
 MINIMUM TEMPERATURE (F)   17        -7      2012


SUNRISE AND SUNSET
JANUARY 17 2017.......SUNRISE   738 AM MST   SUNSET   456 PM MST
JANUARY 18 2017.......SUNRISE   737 AM MST   SUNSET   458 PM MST


-  INDICATES NEGATIVE NUMBERS.
R  INDICATES RECORD WAS SET OR TIED.
MM INDICATES DATA IS MISSING.
T  INDICATES TRACE AMOUNT.




$$
