000
CDUS45 KRIW 220735
CLIBYG


CLIMATE REPORT
NATIONAL WEATHER SERVICE RIVERTON WY
127 AM MDT TUE JUL 22 2014


...................................

...THE BUFFALO WY CLIMATE SUMMARY FOR JULY 21 2014...

CLIMATE NORMAL PERIOD 1981 TO 2010
CLIMATE RECORD PERIOD 1998 TO 2014


WEATHER ITEM   OBSERVED TIME   RECORD YEAR NORMAL DEPARTURE LAST
                VALUE   (LST)  VALUE       VALUE  FROM      YEAR
                                                  NORMAL
..................................................................
TEMPERATURE (F)
 YESTERDAY
  MAXIMUM         91    206 PM  99    2007  86      5       92
  MINIMUM         60   1111 PM  50    2009  58      2       63
  AVERAGE         76                        72      4       78

PRECIPITATION (IN)
  YESTERDAY        0.02          0.15 2002   0.05  -0.03    MM
  MONTH TO DATE    0.94                      1.14  -0.20     0.00
  SINCE JUN 1      3.85                      3.42   0.43     0.95
  SINCE JAN 1      7.61                      8.94  -1.33     4.08

DEGREE DAYS
 HEATING
  YESTERDAY        0                         1     -1        0
  MONTH TO DATE   11                        24    -13        0
  SINCE JUN 1    217                       187     30      100
  SINCE JUL 1     11                        24    -13        0

 COOLING
  YESTERDAY       11                         8      3       13
  MONTH TO DATE  111                       126    -15      200
  SINCE JUN 1    116                       177    -61      277
  SINCE JAN 1    127                       184    -57      287
..................................................................


WIND (MPH)
  HIGHEST WIND SPEED    32   HIGHEST WIND DIRECTION     N (350)
  HIGHEST GUST SPEED    44   HIGHEST GUST DIRECTION     N (350)
  AVERAGE WIND SPEED     9.8


SKY COVER
  POSSIBLE SUNSHINE  MM
  AVERAGE SKY COVER 0.2


WEATHER CONDITIONS
 THE FOLLOWING WEATHER WAS RECORDED YESTERDAY.
  THUNDERSTORM
  LIGHT RAIN


RELATIVE HUMIDITY (PERCENT)
 HIGHEST    64          1100 PM
 LOWEST     19           100 PM
 AVERAGE    42

..........................................................


THE BUFFALO WY CLIMATE NORMALS FOR TODAY
                         NORMAL    RECORD    YEAR
 MAXIMUM TEMPERATURE (F)   86        99      2013
 MINIMUM TEMPERATURE (F)   58        51      2010


SUNRISE AND SUNSET
JULY 22 2014..........SUNRISE   543 AM MDT   SUNSET   843 PM MDT
JULY 23 2014..........SUNRISE   544 AM MDT   SUNSET   842 PM MDT


-  INDICATES NEGATIVE NUMBERS.
R  INDICATES RECORD WAS SET OR TIED.
MM INDICATES DATA IS MISSING.
T  INDICATES TRACE AMOUNT.




$$
