000
CDUS45 KRIW 260739
CLIBYG


CLIMATE REPORT
NATIONAL WEATHER SERVICE RIVERTON WY
139 AM MDT TUE JUL 26 2016


...................................

...THE BUFFALO WY CLIMATE SUMMARY FOR JULY 25 2016...

CLIMATE NORMAL PERIOD 1981 TO 2010
CLIMATE RECORD PERIOD 1998 TO 2016


WEATHER ITEM   OBSERVED TIME   RECORD YEAR NORMAL DEPARTURE LAST
                VALUE   (LST)  VALUE       VALUE  FROM      YEAR
                                                  NORMAL
..................................................................
TEMPERATURE (F)
 YESTERDAY
  MAXIMUM         97R   358 PM  97    2011  86     11       87
  MINIMUM         60    347 AM  48    2004  58      2       56
  AVERAGE         79                        72      7       72

PRECIPITATION (IN)
  YESTERDAY        0.00          1.24 2005   0.05  -0.05     0.00
  MONTH TO DATE    0.14                      1.33  -1.19     0.75
  SINCE JUN 1      0.53                      3.61  -3.08     3.98
  SINCE JAN 1      5.45                      9.13  -3.68    11.24

DEGREE DAYS
 HEATING
  YESTERDAY        0                         1     -1        0
  MONTH TO DATE    1                        28    -27       22
  SINCE JUN 1     16                       191   -175       76
  SINCE JUL 1      1                        28    -27       22

 COOLING
  YESTERDAY       14                         8      6        7
  MONTH TO DATE  201                       158     43      118
  SINCE JUN 1    336                       209    127      188
  SINCE JAN 1    341                       216    125      188
..................................................................


WIND (MPH)
  HIGHEST WIND SPEED    23   HIGHEST WIND DIRECTION     N (350)
  HIGHEST GUST SPEED    28   HIGHEST GUST DIRECTION     N (360)
  AVERAGE WIND SPEED     6.3


SKY COVER
  POSSIBLE SUNSHINE  MM
  AVERAGE SKY COVER 0.0


WEATHER CONDITIONS
 THE FOLLOWING WEATHER WAS RECORDED YESTERDAY.
  THUNDERSTORM


RELATIVE HUMIDITY (PERCENT)
 HIGHEST    43           200 AM
 LOWEST     11           300 PM
 AVERAGE    27

..........................................................


THE BUFFALO WY CLIMATE NORMALS FOR TODAY
                         NORMAL    RECORD    YEAR
 MAXIMUM TEMPERATURE (F)   86        96      2010
                                             2008
 MINIMUM TEMPERATURE (F)   58        47      2005


SUNRISE AND SUNSET
JULY 26 2016..........SUNRISE   548 AM MDT   SUNSET   838 PM MDT
JULY 27 2016..........SUNRISE   549 AM MDT   SUNSET   837 PM MDT


-  INDICATES NEGATIVE NUMBERS.
R  INDICATES RECORD WAS SET OR TIED.
MM INDICATES DATA IS MISSING.
T  INDICATES TRACE AMOUNT.




$$
