000
CDUS45 KRIW 260744
CLIBYG


CLIMATE REPORT
NATIONAL WEATHER SERVICE RIVERTON WY
143 AM MDT TUE SEP 26 2017


...................................

...THE BUFFALO WY CLIMATE SUMMARY FOR SEPTEMBER 25 2017...

CLIMATE NORMAL PERIOD 1981 TO 2010
CLIMATE RECORD PERIOD 1998 TO 2017


WEATHER ITEM   OBSERVED TIME   RECORD YEAR NORMAL DEPARTURE LAST
                VALUE   (LST)  VALUE       VALUE  FROM      YEAR
                                                  NORMAL
..................................................................
TEMPERATURE (F)
 YESTERDAY
  MAXIMUM         47   1239 PM  93    2014  66    -19       61
  MINIMUM         37   1128 PM  33    2007  41     -4       46
                                      2002
                                      2000
  AVERAGE         42                        54    -12       54

PRECIPITATION (IN)
  YESTERDAY        0.23R         0.11 2013   0.05   0.18     0.00
  MONTH TO DATE    1.79                      1.02   0.77     3.24
  SINCE SEP 1      1.79                      1.02   0.77     3.24
  SINCE JAN 1     13.69                     11.29   2.40     9.56

DEGREE DAYS
 HEATING
  YESTERDAY       23                        12     11       11
  MONTH TO DATE  227                       183     44      166
  SINCE SEP 1    227                       183     44      166
  SINCE JUL 1    249                       248      1      205

 COOLING
  YESTERDAY        0                         0      0        0
  MONTH TO DATE   90                        44     46       30
  SINCE SEP 1     90                        44     46       30
  SINCE JAN 1    622                       490    132      624
..................................................................


WIND (MPH)
  HIGHEST WIND SPEED     9   HIGHEST WIND DIRECTION     S (190)
  HIGHEST GUST SPEED    11   HIGHEST GUST DIRECTION     N (20)
  AVERAGE WIND SPEED     4.6


SKY COVER
  POSSIBLE SUNSHINE  MM
  AVERAGE SKY COVER 0.9


WEATHER CONDITIONS
 THE FOLLOWING WEATHER WAS RECORDED YESTERDAY.
  LIGHT RAIN
  FOG


RELATIVE HUMIDITY (PERCENT)
 HIGHEST    92           300 AM
 LOWEST     70          1100 PM
 AVERAGE    81

..........................................................


THE BUFFALO WY CLIMATE NORMALS FOR TODAY
                         NORMAL    RECORD    YEAR
 MAXIMUM TEMPERATURE (F)   66        94      2015
 MINIMUM TEMPERATURE (F)   41        29      1999


SUNRISE AND SUNSET
SEPTEMBER 26 2017.....SUNRISE   659 AM MDT   SUNSET   656 PM MDT
SEPTEMBER 27 2017.....SUNRISE   700 AM MDT   SUNSET   654 PM MDT


-  INDICATES NEGATIVE NUMBERS.
R  INDICATES RECORD WAS SET OR TIED.
MM INDICATES DATA IS MISSING.
T  INDICATES TRACE AMOUNT.




$$
