000
CDUS45 KRIW 310911
CLIBYG


CLIMATE REPORT
NATIONAL WEATHER SERVICE RIVERTON WY
310 AM MDT FRI JUL 31 2015


...................................

...THE BUFFALO WY CLIMATE SUMMARY FOR JULY 30 2015...

CLIMATE NORMAL PERIOD 1981 TO 2010
CLIMATE RECORD PERIOD 1998 TO 2015


WEATHER ITEM   OBSERVED TIME   RECORD YEAR NORMAL DEPARTURE LAST
                VALUE   (LST)  VALUE       VALUE  FROM      YEAR
                                                  NORMAL
..................................................................
TEMPERATURE (F)
 YESTERDAY
  MAXIMUM         87    410 PM  98    2000  86      1       84
  MINIMUM         56    322 AM  44    2009  58     -2       55
  AVERAGE         72                        72      0       70

PRECIPITATION (IN)
  YESTERDAY        0.00          T    2010   0.05  -0.05     0.00
                                      2005
                                      1999
  MONTH TO DATE    0.77                      1.60  -0.83     0.94
  SINCE JUN 1      4.00                      3.88   0.12     3.85
  SINCE JAN 1     11.26                      9.40   1.86     7.61

DEGREE DAYS
 HEATING
  YESTERDAY        0                         1     -1        0
  MONTH TO DATE   30                        33     -3       11
  SINCE JUN 1     84                       196   -112      217
  SINCE JUL 1     30                        33     -3       11

 COOLING
  YESTERDAY        7                         8     -1        5
  MONTH TO DATE  138                       198    -60      181
  SINCE JUN 1    208                       249    -41      186
  SINCE JAN 1    208                       256    -48      197
..................................................................


WIND (MPH)
  HIGHEST WIND SPEED    15   HIGHEST WIND DIRECTION     N (340)
  HIGHEST GUST SPEED    19   HIGHEST GUST DIRECTION    NW (330)
  AVERAGE WIND SPEED     7.3


SKY COVER
  POSSIBLE SUNSHINE  MM
  AVERAGE SKY COVER 0.0


WEATHER CONDITIONS
 THE FOLLOWING WEATHER WAS RECORDED YESTERDAY.
  NO SIGNIFICANT WEATHER WAS OBSERVED.


RELATIVE HUMIDITY (PERCENT)
 HIGHEST    47          1200 AM
 LOWEST     17           100 PM
 AVERAGE    32

..........................................................


THE BUFFALO WY CLIMATE NORMALS FOR TODAY
                         NORMAL    RECORD    YEAR
 MAXIMUM TEMPERATURE (F)   86        94      2007
 MINIMUM TEMPERATURE (F)   58        51      2013
                                             2009


SUNRISE AND SUNSET
JULY 31 2015..........SUNRISE   553 AM MDT   SUNSET   833 PM MDT
AUGUST  1 2015........SUNRISE   554 AM MDT   SUNSET   832 PM MDT


-  INDICATES NEGATIVE NUMBERS.
R  INDICATES RECORD WAS SET OR TIED.
MM INDICATES DATA IS MISSING.
T  INDICATES TRACE AMOUNT.




$$
