000
CDUS45 KPIH 010731
CLIBYI


CLIMATE REPORT
NATIONAL WEATHER SERVICE POCATELLO ID
129 AM MDT WED OCT 1 2014


...................................

...THE BURLEY ID CLIMATE SUMMARY FOR SEPTEMBER 30 2014...

CLIMATE NORMAL PERIOD 1981 TO 2010
CLIMATE RECORD PERIOD 1948 TO 2014


WEATHER ITEM   OBSERVED TIME   RECORD YEAR NORMAL DEPARTURE LAST
                VALUE   (LST)  VALUE       VALUE  FROM      YEAR
                                                  NORMAL
..................................................................
TEMPERATURE (F)
 YESTERDAY
  MAXIMUM         60    213 PM  92    1992  68     -8       71
  MINIMUM         44   1159 PM  23    1950  39      5       40
  AVERAGE         52                        53     -1       56

PRECIPITATION (IN)
  YESTERDAY        0.05          0.73 1994   0.02   0.03     0.01
  MONTH TO DATE    0.44                      0.55  -0.11     1.38
  SINCE OCT 1     10.53                     10.14   0.39     7.68
  SINCE JAN 1      9.92                      7.31   2.61     4.08

SNOWFALL (IN)
  YESTERDAY       MM
  MONTH TO DATE   MM
  SINCE SEP 1     MM
  SINCE JUL 1     MM
  SNOW DEPTH      MM

DEGREE DAYS
 HEATING
  YESTERDAY       13                        12      1        9
  MONTH TO DATE  125                       212    -87      143
  SINCE SEP 1    125                       213    -88      143
  SINCE JUL 1    155                       270   -115      143

 COOLING
  YESTERDAY        0                         0      0        0
  MONTH TO DATE   27                        21      6       54
  SINCE SEP 1     27                        21      6       54
  SINCE JAN 1    428                       365     63      642
..................................................................


WIND (MPH)
  HIGHEST WIND SPEED    28   HIGHEST WIND DIRECTION     W (280)
  HIGHEST GUST SPEED    40   HIGHEST GUST DIRECTION     W (280)
  AVERAGE WIND SPEED    13.2


SKY COVER
  POSSIBLE SUNSHINE  MM
  AVERAGE SKY COVER 0.4


WEATHER CONDITIONS
 THE FOLLOWING WEATHER WAS RECORDED YESTERDAY.
  RAIN
  LIGHT RAIN
  FOG


RELATIVE HUMIDITY (PERCENT)
 HIGHEST    86           400 AM
 LOWEST     52           700 PM
 AVERAGE    69

..........................................................


THE BURLEY ID CLIMATE NORMALS FOR TODAY
                         NORMAL    RECORD    YEAR
 MAXIMUM TEMPERATURE (F)   68        91      2010
                                             1992
 MINIMUM TEMPERATURE (F)   38        19      1950


SUNRISE AND SUNSET
OCTOBER  1 2014.......SUNRISE   732 AM MDT   SUNSET   716 PM MDT
OCTOBER  2 2014.......SUNRISE   733 AM MDT   SUNSET   715 PM MDT


-  INDICATES NEGATIVE NUMBERS.
R  INDICATES RECORD WAS SET OR TIED.
MM INDICATES DATA IS MISSING.
T  INDICATES TRACE AMOUNT.




$$
