000
CDUS45 KPIH 300752
CLIBYI


CLIMATE REPORT
NATIONAL WEATHER SERVICE POCATELLO ID
150 AM MDT FRI SEP 30 2016


...................................

...THE BURLEY ID CLIMATE SUMMARY FOR SEPTEMBER 29 2016...

CLIMATE NORMAL PERIOD 1981 TO 2010
CLIMATE RECORD PERIOD 1948 TO 2016


WEATHER ITEM   OBSERVED TIME   RECORD YEAR NORMAL DEPARTURE LAST
                VALUE   (LST)  VALUE       VALUE  FROM      YEAR
                                                  NORMAL
..................................................................
TEMPERATURE (F)
 YESTERDAY
  MAXIMUM         80    318 PM  89    1992  68     12       83
  MINIMUM         52    712 AM  23    1984  39     13       46
  AVERAGE         66                        54     12       65

PRECIPITATION (IN)
  YESTERDAY        0.00          0.30 1977   0.02  -0.02     0.00
  MONTH TO DATE    3.31                      0.53   2.78     0.43
  SINCE OCT 1     11.50                     10.12   1.38     8.92
  SINCE JAN 1      8.70                      7.29   1.41     6.87

SNOWFALL (IN)
  YESTERDAY       MM
  MONTH TO DATE   MM
  SINCE SEP 1     MM
  SINCE JUL 1     MM
  SNOW DEPTH      MM

DEGREE DAYS
 HEATING
  YESTERDAY        0                        12    -12        0
  MONTH TO DATE  215                       200     15      120
  SINCE SEP 1    215                       200     15      120
  SINCE JUL 1    271                       257     14      149

 COOLING
  YESTERDAY        1                         0      1        0
  MONTH TO DATE   10                        19     -9       17
  SINCE SEP 1     10                        19     -9       17
  SINCE JAN 1    353                       363    -10      463
..................................................................


WIND (MPH)
  HIGHEST WIND SPEED    21   HIGHEST WIND DIRECTION     S (200)
  HIGHEST GUST SPEED    26   HIGHEST GUST DIRECTION     S (190)
  AVERAGE WIND SPEED     7.0


SKY COVER
  POSSIBLE SUNSHINE  MM
  AVERAGE SKY COVER 0.1


WEATHER CONDITIONS
 THE FOLLOWING WEATHER WAS RECORDED YESTERDAY.
  NO SIGNIFICANT WEATHER WAS OBSERVED.


RELATIVE HUMIDITY (PERCENT)
 HIGHEST    64           200 AM
 LOWEST     30           200 PM
 AVERAGE    47

..........................................................


THE BURLEY ID CLIMATE NORMALS FOR TODAY
                         NORMAL    RECORD    YEAR
 MAXIMUM TEMPERATURE (F)   68        92      1992
 MINIMUM TEMPERATURE (F)   39        23      1950


SUNRISE AND SUNSET
SEPTEMBER 30 2016.....SUNRISE   732 AM MDT   SUNSET   717 PM MDT
OCTOBER  1 2016.......SUNRISE   733 AM MDT   SUNSET   715 PM MDT


-  INDICATES NEGATIVE NUMBERS.
R  INDICATES RECORD WAS SET OR TIED.
MM INDICATES DATA IS MISSING.
T  INDICATES TRACE AMOUNT.




$$
