000
CDUS45 KPIH 112334
CLIBYI


CLIMATE REPORT
NATIONAL WEATHER SERVICE POCATELLO ID
430 PM MST MON DEC 11 2017


...................................

...THE BURLEY ID CLIMATE SUMMARY FOR DECEMBER 11 2017...
VALID TODAY AS OF 0400 PM LOCAL TIME.

CLIMATE NORMAL PERIOD 1981 TO 2010
CLIMATE RECORD PERIOD 1948 TO 2017


WEATHER ITEM   OBSERVED TIME   RECORD YEAR NORMAL DEPARTURE LAST
                VALUE   (LST)  VALUE       VALUE  FROM      YEAR
                                                  NORMAL
..................................................................
TEMPERATURE (F)
 TODAY
  MAXIMUM         38    359 PM  61    2014  35      3       38
  MINIMUM         15    428 AM -23    1972  19     -4       27
  AVERAGE         27                        27      0       33

PRECIPITATION (IN)
  TODAY            0.00          0.47 1948   0.03  -0.03     0.00
  MONTH TO DATE    0.05                      0.41  -0.36     1.01
  SINCE OCT 1      1.30                      2.11  -0.81     4.27
  SINCE JAN 1     11.49                      9.42   2.07    12.97

SNOWFALL (IN)
  TODAY           MM
  MONTH TO DATE   MM
  SINCE DEC 1     MM
  SINCE JUL 1     MM
  SNOW DEPTH       0

DEGREE DAYS
 HEATING
  TODAY           38                        38      0       32
  MONTH TO DATE  312                       408    -96      421
  SINCE DEC 1    312                       408    -96      421
  SINCE JUL 1   1866                      2096   -230     1819

 COOLING
  TODAY            0                         0      0        0
  MONTH TO DATE    0                         0      0        0
  SINCE DEC 1      0                         0      0        0
  SINCE JAN 1    601                       365    236      353
..................................................................


WIND (MPH)
  HIGHEST WIND SPEED     7   HIGHEST WIND DIRECTION    SW (210)
  HIGHEST GUST SPEED     7   HIGHEST GUST DIRECTION    NE (60)
  AVERAGE WIND SPEED     0.8


SKY COVER
  POSSIBLE SUNSHINE  MM
  AVERAGE SKY COVER 0.5


WEATHER CONDITIONS
 THE FOLLOWING WEATHER WAS RECORDED TODAY.
  FOG
  FOG W/VISIBILITY <= 1/4 MILE
  HAZE


RELATIVE HUMIDITY (PERCENT)
 HIGHEST    92           300 AM
 LOWEST     54           300 PM
 AVERAGE    73

..........................................................


THE BURLEY ID CLIMATE NORMALS FOR TOMORROW
                         NORMAL    RECORD    YEAR
 MAXIMUM TEMPERATURE (F)   35        62      2014
 MINIMUM TEMPERATURE (F)   18        -7      1985


SUNRISE AND SUNSET
DECEMBER 11 2017......SUNRISE   755 AM MST   SUNSET   502 PM MST
DECEMBER 12 2017......SUNRISE   756 AM MST   SUNSET   502 PM MST


-  INDICATES NEGATIVE NUMBERS.
R  INDICATES RECORD WAS SET OR TIED.
MM INDICATES DATA IS MISSING.
T  INDICATES TRACE AMOUNT.




$$
