000
CDUS45 KPIH 260734
CLIBYI


CLIMATE REPORT
NATIONAL WEATHER SERVICE POCATELLO ID
132 AM MDT FRI AUG 26 2016


...................................

...THE BURLEY ID CLIMATE SUMMARY FOR AUGUST 25 2016...

CLIMATE NORMAL PERIOD 1981 TO 2010
CLIMATE RECORD PERIOD 1948 TO 2016


WEATHER ITEM   OBSERVED TIME   RECORD YEAR NORMAL DEPARTURE LAST
                VALUE   (LST)  VALUE       VALUE  FROM      YEAR
                                                  NORMAL
..................................................................
TEMPERATURE (F)
 YESTERDAY
  MAXIMUM         79    342 PM 100    1981  83     -4       92
  MINIMUM         47   1253 AM  35    1951  50     -3       49
  AVERAGE         63                        66     -3       71

PRECIPITATION (IN)
  YESTERDAY        0.00          0.30 1977   0.02  -0.02     0.00
  MONTH TO DATE    0.02                      0.31  -0.29     0.17
  SINCE OCT 1      8.19                      9.50  -1.31     8.49
  SINCE JAN 1      5.39                      6.67  -1.28     6.44

SNOWFALL (IN)
  YESTERDAY       MM
  MONTH TO DATE   MM
  SINCE JUN 1     MM
  SINCE JUL 1     MM
  SNOW DEPTH      MM

DEGREE DAYS
 HEATING
  YESTERDAY        2                         2      0        0
  MONTH TO DATE   24                        20      4        6
  SINCE JUN 1    100                       176    -76       51
  SINCE JUL 1     50                        42      8       25

 COOLING
  YESTERDAY        0                         3     -3        6
  MONTH TO DATE   87                       117    -30      123
  SINCE JUN 1    324                       324      0      426
  SINCE JAN 1    328                       330     -2      431
..................................................................


WIND (MPH)
  HIGHEST WIND SPEED    18   HIGHEST WIND DIRECTION     E (90)
  HIGHEST GUST SPEED    26   HIGHEST GUST DIRECTION     E (80)
  AVERAGE WIND SPEED     8.7


SKY COVER
  POSSIBLE SUNSHINE  MM
  AVERAGE SKY COVER 0.0


WEATHER CONDITIONS
 THE FOLLOWING WEATHER WAS RECORDED YESTERDAY.
  NO SIGNIFICANT WEATHER WAS OBSERVED.


RELATIVE HUMIDITY (PERCENT)
 HIGHEST    55          1000 PM
 LOWEST     16           300 PM
 AVERAGE    36

..........................................................


THE BURLEY ID CLIMATE NORMALS FOR TODAY
                         NORMAL    RECORD    YEAR
 MAXIMUM TEMPERATURE (F)   82       100      2010
 MINIMUM TEMPERATURE (F)   49        40      1993


SUNRISE AND SUNSET
AUGUST 26 2016........SUNRISE   654 AM MDT   SUNSET   818 PM MDT
AUGUST 27 2016........SUNRISE   655 AM MDT   SUNSET   817 PM MDT


-  INDICATES NEGATIVE NUMBERS.
R  INDICATES RECORD WAS SET OR TIED.
MM INDICATES DATA IS MISSING.
T  INDICATES TRACE AMOUNT.




$$
