000
CDUS45 KPIH 280809
CLIBYI


CLIMATE REPORT
NATIONAL WEATHER SERVICE POCATELLO ID
206 AM MDT TUE JUL 28 2015


...................................

...THE BURLEY ID CLIMATE SUMMARY FOR JULY 27 2015...

CLIMATE NORMAL PERIOD 1981 TO 2010
CLIMATE RECORD PERIOD 1948 TO 2015


WEATHER ITEM   OBSERVED TIME   RECORD YEAR NORMAL DEPARTURE LAST
                VALUE   (LST)  VALUE       VALUE  FROM      YEAR
                                                  NORMAL
..................................................................
TEMPERATURE (F)
 YESTERDAY
  MAXIMUM         69    514 PM 103    1999  87    -18       96
  MINIMUM         46   1157 PM  43    1963  55     -9       51
  AVERAGE         58                        71    -13       74

PRECIPITATION (IN)
  YESTERDAY        0.07R         0.04 1982   0.01   0.06     0.00
  MONTH TO DATE    1.10                      0.26   0.84     0.01
  SINCE OCT 1      8.32                      9.15  -0.83     7.38
  SINCE JAN 1      6.27                      6.32  -0.05     6.77

SNOWFALL (IN)
  YESTERDAY       MM
  MONTH TO DATE   MM
  SINCE JUN 1     MM
  SINCE JUL 1     MM
  SNOW DEPTH      MM

DEGREE DAYS
 HEATING
  YESTERDAY        7                         0      7        0
  MONTH TO DATE    9                        20    -11        3
  SINCE JUN 1     35                       154   -119      107
  SINCE JUL 1      9                        20    -11        3

 COOLING
  YESTERDAY        0                         6     -6        9
  MONTH TO DATE  145                       136      9      220
  SINCE JUN 1    293                       183    110      239
  SINCE JAN 1    298                       189    109      240
..................................................................


WIND (MPH)
  HIGHEST WIND SPEED    28   HIGHEST WIND DIRECTION     W (260)
  HIGHEST GUST SPEED    38   HIGHEST GUST DIRECTION     W (260)
  AVERAGE WIND SPEED    15.8


SKY COVER
  POSSIBLE SUNSHINE  MM
  AVERAGE SKY COVER 0.1


WEATHER CONDITIONS
 THE FOLLOWING WEATHER WAS RECORDED YESTERDAY.
  LIGHT RAIN
  FOG


RELATIVE HUMIDITY (PERCENT)
 HIGHEST    83           900 AM
 LOWEST     27           500 PM
 AVERAGE    55

..........................................................


THE BURLEY ID CLIMATE NORMALS FOR TODAY
                         NORMAL    RECORD    YEAR
 MAXIMUM TEMPERATURE (F)   87       102      1995
 MINIMUM TEMPERATURE (F)   55        46      1963


SUNRISE AND SUNSET
JULY 28 2015..........SUNRISE   623 AM MDT   SUNSET   900 PM MDT
JULY 29 2015..........SUNRISE   624 AM MDT   SUNSET   859 PM MDT


-  INDICATES NEGATIVE NUMBERS.
R  INDICATES RECORD WAS SET OR TIED.
MM INDICATES DATA IS MISSING.
T  INDICATES TRACE AMOUNT.




$$
