000
CDUS45 KPIH 220730
CLIBYI


CLIMATE REPORT
NATIONAL WEATHER SERVICE POCATELLO ID
129 AM MDT TUE JUL 22 2014


...................................

...THE BURLEY ID CLIMATE SUMMARY FOR JULY 21 2014...

CLIMATE NORMAL PERIOD 1981 TO 2010
CLIMATE RECORD PERIOD 1948 TO 2014


WEATHER ITEM   OBSERVED TIME   RECORD YEAR NORMAL DEPARTURE LAST
                VALUE   (LST)  VALUE       VALUE  FROM      YEAR
                                                  NORMAL
..................................................................
TEMPERATURE (F)
 YESTERDAY
  MAXIMUM         83    403 PM  99    2000  87     -4       92
  MINIMUM         58    523 AM  38    1983  55      3       52
  AVERAGE         71                        70      1       72

PRECIPITATION (IN)
  YESTERDAY        0.01          0.66 1984   0.01   0.00     0.00
  MONTH TO DATE    0.01                      0.21  -0.20     0.03
  SINCE OCT 1      7.38                      9.10  -1.72     5.92
  SINCE JAN 1      6.77                      6.27   0.50     2.32

SNOWFALL (IN)
  YESTERDAY       MM
  MONTH TO DATE   MM
  SINCE JUN 1     MM
  SINCE JUL 1     MM
  SNOW DEPTH      MM

DEGREE DAYS
 HEATING
  YESTERDAY        0                         0      0        0
  MONTH TO DATE    0                        20    -20        0
  SINCE JUN 1    104                       154    -50      101
  SINCE JUL 1      0                        20    -20        0

 COOLING
  YESTERDAY        6                         6      0        7
  MONTH TO DATE  188                       100     88      193
  SINCE JUN 1    207                       147     60      279
  SINCE JAN 1    208                       153     55      289
..................................................................


WIND (MPH)
  HIGHEST WIND SPEED    17   HIGHEST WIND DIRECTION     W (270)
  HIGHEST GUST SPEED    26   HIGHEST GUST DIRECTION     W (260)
  AVERAGE WIND SPEED     8.0


SKY COVER
  POSSIBLE SUNSHINE  MM
  AVERAGE SKY COVER 0.1


WEATHER CONDITIONS
 THE FOLLOWING WEATHER WAS RECORDED YESTERDAY.
  THUNDERSTORM
  LIGHT RAIN


RELATIVE HUMIDITY (PERCENT)
 HIGHEST    80           500 AM
 LOWEST     34           400 PM
 AVERAGE    57

..........................................................


THE BURLEY ID CLIMATE NORMALS FOR TODAY
                         NORMAL    RECORD    YEAR
 MAXIMUM TEMPERATURE (F)   87       102      1994
 MINIMUM TEMPERATURE (F)   55        37      1954


SUNRISE AND SUNSET
JULY 22 2014..........SUNRISE   617 AM MDT   SUNSET   905 PM MDT
JULY 23 2014..........SUNRISE   618 AM MDT   SUNSET   904 PM MDT


-  INDICATES NEGATIVE NUMBERS.
R  INDICATES RECORD WAS SET OR TIED.
MM INDICATES DATA IS MISSING.
T  INDICATES TRACE AMOUNT.




$$
