000
CDUS45 KPIH 270732
CLIBYI


CLIMATE REPORT
NATIONAL WEATHER SERVICE POCATELLO ID
130 AM MDT TUE JUN 27 2017


...................................

...THE BURLEY ID CLIMATE SUMMARY FOR JUNE 26 2017...

CLIMATE NORMAL PERIOD 1981 TO 2010
CLIMATE RECORD PERIOD 1948 TO 2017


WEATHER ITEM   OBSERVED TIME   RECORD YEAR NORMAL DEPARTURE LAST
                VALUE   (LST)  VALUE       VALUE  FROM      YEAR
                                                  NORMAL
..................................................................
TEMPERATURE (F)
 YESTERDAY
  MAXIMUM         95    257 PM  98    1970  80     15       87
  MINIMUM         52    521 AM  34    1976  50      2       44
  AVERAGE         74                        65      9       66

PRECIPITATION (IN)
  YESTERDAY        0.04          0.87 1988   0.02   0.02     0.00
  MONTH TO DATE    0.76                      0.81  -0.05     0.03
  SINCE OCT 1     13.17                      8.83   4.34     7.93
  SINCE JAN 1      8.38                      6.00   2.38     5.13

SNOWFALL (IN)
  YESTERDAY       MM
  MONTH TO DATE   MM
  SINCE JUN 1     MM
  SINCE JUL 1     MM
  SNOW DEPTH      MM

DEGREE DAYS
 HEATING
  YESTERDAY        0                         2     -2        0
  MONTH TO DATE   72                       127    -55       50
  SINCE JUN 1     72                       127    -55       50
  SINCE JUL 1   6314                      6858   -544     5958

 COOLING
  YESTERDAY        9                         2      7        1
  MONTH TO DATE   62                        36     26       69
  SINCE JUN 1     62                        36     26       69
  SINCE JAN 1     67                        42     25       73
..................................................................


WIND (MPH)
  HIGHEST WIND SPEED    25   HIGHEST WIND DIRECTION    SW (220)
  HIGHEST GUST SPEED    37   HIGHEST GUST DIRECTION    SW (220)
  AVERAGE WIND SPEED     7.3


SKY COVER
  POSSIBLE SUNSHINE  MM
  AVERAGE SKY COVER 0.0


WEATHER CONDITIONS
 THE FOLLOWING WEATHER WAS RECORDED YESTERDAY.
  THUNDERSTORM
  LIGHT RAIN


RELATIVE HUMIDITY (PERCENT)
 HIGHEST    80           200 AM
 LOWEST     17           300 PM
 AVERAGE    49

..........................................................


THE BURLEY ID CLIMATE NORMALS FOR TODAY
                         NORMAL    RECORD    YEAR
 MAXIMUM TEMPERATURE (F)   80        98      2015
 MINIMUM TEMPERATURE (F)   50        35      1976


SUNRISE AND SUNSET
JUNE 27 2017..........SUNRISE   600 AM MDT   SUNSET   917 PM MDT
JUNE 28 2017..........SUNRISE   600 AM MDT   SUNSET   917 PM MDT


-  INDICATES NEGATIVE NUMBERS.
R  INDICATES RECORD WAS SET OR TIED.
MM INDICATES DATA IS MISSING.
T  INDICATES TRACE AMOUNT.




$$
