000
CDUS45 KPIH 230739
CLIBYI


CLIMATE REPORT
NATIONAL WEATHER SERVICE POCATELLO ID
138 AM MDT THU MAR 23 2017


...................................

...THE BURLEY ID CLIMATE SUMMARY FOR MARCH 22 2017...

CLIMATE NORMAL PERIOD 1981 TO 2010
CLIMATE RECORD PERIOD 1948 TO 2017


WEATHER ITEM   OBSERVED TIME   RECORD YEAR NORMAL DEPARTURE LAST
                VALUE   (LST)  VALUE       VALUE  FROM      YEAR
                                                  NORMAL
..................................................................
TEMPERATURE (F)
 YESTERDAY
  MAXIMUM         56    330 PM  75    1972  52      4       46
  MINIMUM         42   1159 PM  18    2008  30     12       35
  AVERAGE         49                        41      8       41

PRECIPITATION (IN)
  YESTERDAY        0.04          0.55 2009   0.03   0.01      T
  MONTH TO DATE    0.23                      0.73  -0.50     1.24
  SINCE OCT 1      8.91                      5.24   3.67     5.37
  SINCE JAN 1      4.12                      2.41   1.71     2.57

SNOWFALL (IN)
  YESTERDAY       MM
  MONTH TO DATE   MM
  SINCE MAR 1     MM
  SINCE JUL 1     MM
  SNOW DEPTH      MM

DEGREE DAYS
 HEATING
  YESTERDAY       16                        24     -8       24
  MONTH TO DATE  401                       589   -188      467
  SINCE MAR 1    401                       589   -188      467
  SINCE JUL 1   5207                      5611   -404     4974

 COOLING
  YESTERDAY        0                         0      0        0
  MONTH TO DATE    0                         0      0        0
  SINCE MAR 1      0                         0      0        0
  SINCE JAN 1      0                         0      0        0
..................................................................


WIND (MPH)
  HIGHEST WIND SPEED    23   HIGHEST WIND DIRECTION    SW (240)
  HIGHEST GUST SPEED    28   HIGHEST GUST DIRECTION    SW (240)
  AVERAGE WIND SPEED     7.5


SKY COVER
  POSSIBLE SUNSHINE  MM
  AVERAGE SKY COVER 0.8


WEATHER CONDITIONS
 THE FOLLOWING WEATHER WAS RECORDED YESTERDAY.
  LIGHT RAIN


RELATIVE HUMIDITY (PERCENT)
 HIGHEST    92           300 AM
 LOWEST     46           200 PM
 AVERAGE    69

..........................................................


THE BURLEY ID CLIMATE NORMALS FOR TODAY
                         NORMAL    RECORD    YEAR
 MAXIMUM TEMPERATURE (F)   53        71      2004
                                             1993
 MINIMUM TEMPERATURE (F)   30        12      1964


SUNRISE AND SUNSET
MARCH 23 2017.........SUNRISE   733 AM MDT   SUNSET   751 PM MDT
MARCH 24 2017.........SUNRISE   731 AM MDT   SUNSET   752 PM MDT


-  INDICATES NEGATIVE NUMBERS.
R  INDICATES RECORD WAS SET OR TIED.
MM INDICATES DATA IS MISSING.
T  INDICATES TRACE AMOUNT.




$$
