000
CDUS45 KPIH 190732
CLIBYI


CLIMATE REPORT
NATIONAL WEATHER SERVICE POCATELLO ID
1230 AM MST MON FEB 19 2018


...................................

...THE BURLEY ID CLIMATE SUMMARY FOR FEBRUARY 18 2018...

CLIMATE NORMAL PERIOD 1981 TO 2010
CLIMATE RECORD PERIOD 1948 TO 2018


WEATHER ITEM   OBSERVED TIME   RECORD YEAR NORMAL DEPARTURE LAST
                VALUE   (LST)  VALUE       VALUE  FROM      YEAR
                                                  NORMAL
..................................................................
TEMPERATURE (F)
 YESTERDAY
  MAXIMUM         50   1214 AM  62    1958  41      9       52
  MINIMUM         21   1056 PM   4    1984  22     -1       39
  AVERAGE         36                        32      4       46

PRECIPITATION (IN)
  YESTERDAY        0.52R         0.32 1980   0.03   0.49     0.09
  MONTH TO DATE    0.65                      0.47   0.18     1.35
  SINCE OCT 1      3.53                      4.21  -0.68     8.19
  SINCE JAN 1      1.91                      1.38   0.53     3.40

SNOWFALL (IN)
  YESTERDAY       MM
  MONTH TO DATE   MM
  SINCE DEC 1     MM
  SINCE JUL 1     MM
  SNOW DEPTH      MM

DEGREE DAYS
 HEATING
  YESTERDAY       29                        33     -4       19
  MONTH TO DATE  478                       638   -160      497
  SINCE DEC 1   2348                      3016   -668     3096
  SINCE JUL 1   3902                      4704   -802     4494

 COOLING
  YESTERDAY        0                         0      0        0
  MONTH TO DATE    0                         0      0        0
  SINCE DEC 1      0                         0      0        0
  SINCE JAN 1      0                         0      0        0
..................................................................


WIND (MPH)
  HIGHEST WIND SPEED    24   HIGHEST WIND DIRECTION     W (290)
  HIGHEST GUST SPEED    37   HIGHEST GUST DIRECTION     W (280)
  AVERAGE WIND SPEED    10.8


SKY COVER
  POSSIBLE SUNSHINE  MM
  AVERAGE SKY COVER 0.7


WEATHER CONDITIONS
 THE FOLLOWING WEATHER WAS RECORDED YESTERDAY.
  RAIN
  LIGHT RAIN
  HEAVY SNOW
  SNOW
  LIGHT SNOW
  FOG


RELATIVE HUMIDITY (PERCENT)
 HIGHEST   100           600 AM
 LOWEST     75           100 PM
 AVERAGE    88

..........................................................


THE BURLEY ID CLIMATE NORMALS FOR TODAY
                         NORMAL    RECORD    YEAR
 MAXIMUM TEMPERATURE (F)   41        64      1995
 MINIMUM TEMPERATURE (F)   22        -3      1984


SUNRISE AND SUNSET
FEBRUARY 19 2018......SUNRISE   726 AM MST   SUNSET   612 PM MST
FEBRUARY 20 2018......SUNRISE   724 AM MST   SUNSET   614 PM MST


-  INDICATES NEGATIVE NUMBERS.
R  INDICATES RECORD WAS SET OR TIED.
MM INDICATES DATA IS MISSING.
T  INDICATES TRACE AMOUNT.




$$
