000
CDUS45 KPIH 290730
CLIBYI


CLIMATE REPORT
NATIONAL WEATHER SERVICE POCATELLO ID
130 AM MDT SUN MAR 29 2015


...................................

...THE BURLEY ID CLIMATE SUMMARY FOR MARCH 28 2015...

CLIMATE NORMAL PERIOD 1981 TO 2010
CLIMATE RECORD PERIOD 1948 TO 2015


WEATHER ITEM   OBSERVED TIME   RECORD YEAR NORMAL DEPARTURE LAST
                VALUE   (LST)  VALUE       VALUE  FROM      YEAR
                                                  NORMAL
..................................................................
TEMPERATURE (F)
 YESTERDAY
  MAXIMUM         60    824 AM  77    1986  54      6       57
  MINIMUM         40   1159 PM  10    1975  31      9       28
  AVERAGE         50                        42      8       43

PRECIPITATION (IN)
  YESTERDAY        0.00          0.47 1963   0.04  -0.04     0.00
  MONTH TO DATE    0.25                      0.94  -0.69     0.98
  SINCE OCT 1      3.35                      5.45  -2.10     3.43
  SINCE JAN 1      1.30                      2.62  -1.32     2.82

SNOWFALL (IN)
  YESTERDAY       MM
  MONTH TO DATE   MM
  SINCE MAR 1     MM
  SINCE JUL 1     MM
  SNOW DEPTH      MM

DEGREE DAYS
 HEATING
  YESTERDAY       15                        23     -8       22
  MONTH TO DATE  556                       729   -173      625
  SINCE MAR 1    556                       729   -173      625
  SINCE JUL 1   4533                      5751  -1218     5320

 COOLING
  YESTERDAY        0                         0      0        0
  MONTH TO DATE    0                         0      0        0
  SINCE MAR 1      0                         0      0        0
  SINCE JAN 1      0                         0      0        0
..................................................................


WIND (MPH)
  HIGHEST WIND SPEED    33   HIGHEST WIND DIRECTION     W (250)
  HIGHEST GUST SPEED    45   HIGHEST GUST DIRECTION     W (250)
  AVERAGE WIND SPEED    19.0


SKY COVER
  POSSIBLE SUNSHINE  MM
  AVERAGE SKY COVER 0.0


WEATHER CONDITIONS
 THE FOLLOWING WEATHER WAS RECORDED YESTERDAY.
  LIGHT RAIN


RELATIVE HUMIDITY (PERCENT)
 HIGHEST    51          1000 AM
 LOWEST     23           400 PM
 AVERAGE    37

..........................................................


THE BURLEY ID CLIMATE NORMALS FOR TODAY
                         NORMAL    RECORD    YEAR
 MAXIMUM TEMPERATURE (F)   54        78      1978
 MINIMUM TEMPERATURE (F)   31        16      1987


SUNRISE AND SUNSET
MARCH 29 2015.........SUNRISE   723 AM MDT   SUNSET   757 PM MDT
MARCH 30 2015.........SUNRISE   721 AM MDT   SUNSET   759 PM MDT


-  INDICATES NEGATIVE NUMBERS.
R  INDICATES RECORD WAS SET OR TIED.
MM INDICATES DATA IS MISSING.
T  INDICATES TRACE AMOUNT.




$$
