000
CDUS45 KTFX 240822
CLIBZN


CLIMATE REPORT
NATIONAL WEATHER SERVICE GREAT FALLS MT
121 AM MST WED JAN 24 2018


...................................

...THE BOZEMAN/GALLATIN FIELD MT CLIMATE SUMMARY FOR JANUARY 23 2018...

CLIMATE NORMAL PERIOD 1981 TO 2010
CLIMATE RECORD PERIOD 1935 TO 2018


WEATHER ITEM   OBSERVED TIME   RECORD YEAR NORMAL DEPARTURE LAST
                VALUE   (LST)  VALUE       VALUE  FROM      YEAR
                                                  NORMAL
..................................................................
TEMPERATURE (F)
 YESTERDAY
  MAXIMUM         32    327 PM  54    2005  37     -5       25
  MINIMUM          4   1029 PM -43    1969  12     -8        3
  AVERAGE         18                        24     -6       14

PRECIPITATION (IN)
  YESTERDAY        0.00          0.53 1989   0.01  -0.01      T
  MONTH TO DATE    0.93                      0.36   0.57     0.15
  SINCE OCT 1      3.88                      2.74   1.14     3.48
  SINCE JAN 1      0.93                      0.36   0.57     0.15

SNOWFALL (IN)
  YESTERDAY        0.0           7.4  1954   0.2   -0.2       T
  MONTH TO DATE    4.0                       2.9    1.1      6.1
  SINCE DEC 1     25.4                       8.9   16.5     20.2
  SINCE JUL 1     41.6                      16.3   25.3     24.1
  SNOW DEPTH       6

DEGREE DAYS
 HEATING
  YESTERDAY       47                        41      6       51
  MONTH TO DATE 1028                       965     63     1333
  SINCE DEC 1   2532                      2319    213     2928
  SINCE JUL 1   4663                      4200    463     4705

 COOLING
  YESTERDAY        0                         0      0        0
  MONTH TO DATE    0                         0      0        0
  SINCE DEC 1      0                         0      0        0
  SINCE JAN 1      0                         0      0        0
..................................................................


WIND (MPH)
  HIGHEST WIND SPEED     8   HIGHEST WIND DIRECTION     S (180)
  HIGHEST GUST SPEED     9   HIGHEST GUST DIRECTION    SW (210)
  AVERAGE WIND SPEED     3.0


SKY COVER
  AVERAGE SKY COVER 0.3


WEATHER CONDITIONS
 THE FOLLOWING WEATHER WAS RECORDED YESTERDAY.
  NO SIGNIFICANT WEATHER WAS OBSERVED.


RELATIVE HUMIDITY (PERCENT)
 HIGHEST    88
 LOWEST     53
 AVERAGE    71

..........................................................


THE BOZEMAN/GALLATIN FIELD MT CLIMATE NORMALS FOR TODAY
                         NORMAL    RECORD    YEAR
 MAXIMUM TEMPERATURE (F)   37        60      1953
 MINIMUM TEMPERATURE (F)   12       -44      1969


SUNRISE AND SUNSET
JANUARY 24 2018.......SUNRISE   755 AM MST   SUNSET   519 PM MST
JANUARY 25 2018.......SUNRISE   754 AM MST   SUNSET   521 PM MST


-  INDICATES NEGATIVE NUMBERS.
R  INDICATES RECORD WAS SET OR TIED.
MM INDICATES DATA IS MISSING.
T  INDICATES TRACE AMOUNT.




$$
