000
CDUS45 KTFX 181026
CLIBZN


CLIMATE REPORT
NATIONAL WEATHER SERVICE GREAT FALLS MT
325 AM MST WED JAN 18 2017


...................................

...THE BOZEMAN/GALLATIN FIELD MT CLIMATE SUMMARY FOR JANUARY 17 2017...

CLIMATE NORMAL PERIOD 1981 TO 2010
CLIMATE RECORD PERIOD 1935 TO 2017


WEATHER ITEM   OBSERVED TIME   RECORD YEAR NORMAL DEPARTURE LAST
                VALUE   (LST)  VALUE       VALUE  FROM      YEAR
                                                  NORMAL
..................................................................
TEMPERATURE (F)
 YESTERDAY
  MAXIMUM         27    230 PM  53    1961  36     -9       35
  MINIMUM         -3    223 AM -29    1943  11    -14       23
  AVERAGE         12                        24    -12       29

PRECIPITATION (IN)
  YESTERDAY        0.00          0.36 1953   0.02  -0.02      T
  MONTH TO DATE    0.15                      0.27  -0.12     0.17
  SINCE OCT 1      3.48                      2.65   0.83     3.02
  SINCE JAN 1      0.15                      0.27  -0.12     0.17

SNOWFALL (IN)
  YESTERDAY        0.0           4.1  1948   0.1   -0.1       T
  MONTH TO DATE    6.1                       2.1    4.0      5.0
  SINCE DEC 1     20.2                       8.1   12.1     14.5
  SINCE JUL 1     24.1                      15.5    8.6     21.1
  SNOW DEPTH       8

DEGREE DAYS
 HEATING
  YESTERDAY       53                        41     12       36
  MONTH TO DATE 1056                       719    337      826
  SINCE DEC 1   2651                      2073    578     2166
  SINCE JUL 1   4428                      3954    474     4130

 COOLING
  YESTERDAY        0                         0      0        0
  MONTH TO DATE    0                         0      0        0
  SINCE DEC 1      0                         0      0        0
  SINCE JAN 1      0                         0      0        0
..................................................................


WIND (MPH)
  HIGHEST WIND SPEED    14   HIGHEST WIND DIRECTION    SE (150)
  HIGHEST GUST SPEED    14   HIGHEST GUST DIRECTION    SE (150)
  AVERAGE WIND SPEED     3.6


SKY COVER
  AVERAGE SKY COVER 0.0


WEATHER CONDITIONS
 THE FOLLOWING WEATHER WAS RECORDED YESTERDAY.
  FOG


RELATIVE HUMIDITY (PERCENT)
 HIGHEST    87
 LOWEST     60
 AVERAGE    74

..........................................................


THE BOZEMAN/GALLATIN FIELD MT CLIMATE NORMALS FOR TODAY
                         NORMAL    RECORD    YEAR
 MAXIMUM TEMPERATURE (F)   36        54      1994
 MINIMUM TEMPERATURE (F)   12       -42      1963


SUNRISE AND SUNSET
JANUARY 18 2017.......SUNRISE   800 AM MST   SUNSET   511 PM MST
JANUARY 19 2017.......SUNRISE   759 AM MST   SUNSET   513 PM MST


-  INDICATES NEGATIVE NUMBERS.
R  INDICATES RECORD WAS SET OR TIED.
MM INDICATES DATA IS MISSING.
T  INDICATES TRACE AMOUNT.




$$
