951
CDUS45 KTFX 201329
CLIBZN


CLIMATE REPORT
NATIONAL WEATHER SERVICE GREAT FALLS MT
728 AM MDT THU JUL 20 2017


...................................

...THE BOZEMAN/GALLATIN FIELD MT CLIMATE SUMMARY FOR JULY 19 2017...

CLIMATE NORMAL PERIOD 1981 TO 2010
CLIMATE RECORD PERIOD 1935 TO 2017


WEATHER ITEM   OBSERVED TIME   RECORD YEAR NORMAL DEPARTURE LAST
                VALUE   (LST)  VALUE       VALUE  FROM      YEAR
                                                  NORMAL
..................................................................
TEMPERATURE (F)
 YESTERDAY
  MAXIMUM         92    401 PM 105    2007  89      3       96
  MINIMUM         52    501 AM  37    1993  52      0       49
  AVERAGE         72                        70      2       73

PRECIPITATION (IN)
  YESTERDAY        0.00          0.66 1952   0.04  -0.04     0.00
  MONTH TO DATE    0.13                      0.77  -0.64     1.25
  SINCE OCT 1     11.58                     11.45   0.13    10.17
  SINCE JAN 1      8.25                      9.07  -0.82     7.32

SNOWFALL (IN)
  YESTERDAY        0.0           T    1952   0.0    0.0      0.0
                                      2001
                                      1994
  MONTH TO DATE    0.0                       0.0    0.0      0.0
  SINCE JUN 1      0.0                       0.0    0.0      0.0
  SINCE JUL 1      0.0                       0.0    0.0      0.0
  SNOW DEPTH       0

DEGREE DAYS
 HEATING
  YESTERDAY        0                         1     -1        0
  MONTH TO DATE    0                        25    -25       41
  SINCE JUN 1    164                       166     -2      140
  SINCE JUL 1      0                        25    -25       41

 COOLING
  YESTERDAY        7                         6      1        8
  MONTH TO DATE  129                        90     39       43
  SINCE JUN 1    150                       128     22       98
  SINCE JAN 1    150                       132     18       98
..................................................................


WIND (MPH)
  HIGHEST WIND SPEED    15   HIGHEST WIND DIRECTION     S (170)
  HIGHEST GUST SPEED    17   HIGHEST GUST DIRECTION     S (170)
  AVERAGE WIND SPEED     6.1


SKY COVER
  AVERAGE SKY COVER 0.0


WEATHER CONDITIONS
 THE FOLLOWING WEATHER WAS RECORDED YESTERDAY.
  NO SIGNIFICANT WEATHER WAS OBSERVED.


RELATIVE HUMIDITY (PERCENT)
 HIGHEST    71
 LOWEST     14
 AVERAGE    43

..........................................................


THE BOZEMAN/GALLATIN FIELD MT CLIMATE NORMALS FOR TODAY
                         NORMAL    RECORD    YEAR
 MAXIMUM TEMPERATURE (F)   89       104      2007
 MINIMUM TEMPERATURE (F)   52        39      1987


SUNRISE AND SUNSET
JULY 20 2017..........SUNRISE   555 AM MDT   SUNSET   907 PM MDT
JULY 21 2017..........SUNRISE   556 AM MDT   SUNSET   906 PM MDT


-  INDICATES NEGATIVE NUMBERS.
R  INDICATES RECORD WAS SET OR TIED.
MM INDICATES DATA IS MISSING.
T  INDICATES TRACE AMOUNT.




$$
