000
CDUS45 KTFX 272238
CLIBZN


CLIMATE REPORT
NATIONAL WEATHER SERVICE GREAT FALLS MT
436 PM MDT WED AUG 27 2014


...................................

...THE BOZEMAN/GALLATIN FIELD MT CLIMATE SUMMARY FOR AUGUST 27 2014...
VALID TODAY AS OF 0400 PM LOCAL TIME.

CLIMATE NORMAL PERIOD 1981 TO 2010
CLIMATE RECORD PERIOD 1935 TO 2014


WEATHER ITEM   OBSERVED TIME   RECORD YEAR NORMAL DEPARTURE LAST
                VALUE   (LST)  VALUE       VALUE  FROM      YEAR
                                                  NORMAL
..................................................................
TEMPERATURE (F)
 TODAY
  MAXIMUM         80    259 PM  95    2011  84     -4       88
                                      1971
  MINIMUM         45    440 AM  30    1976  47     -2       49
  AVERAGE         63                        65     -2       69

PRECIPITATION (IN)
  TODAY            0.00          0.42 1970   0.03  -0.03     0.00
  MONTH TO DATE    2.43                      0.93   1.50     0.69
  SINCE OCT 1     12.86                     12.73   0.13    10.30
  SINCE JAN 1     11.81                     10.35   1.46     7.99

SNOWFALL (IN)
  TODAY            0.0           0.0         0.0    0.0      0.0

  MONTH TO DATE    0.0                       0.0    0.0      0.0
  SINCE JUN 1      0.0                       0.0    0.0      0.0
  SINCE JUL 1      0.0                       0.0    0.0      0.0
  SNOW DEPTH       0

DEGREE DAYS
 HEATING
  TODAY            2                         2      0        0
  MONTH TO DATE   62                        27     35        1
  SINCE JUN 1    311                       196    115      170
  SINCE JUL 1     75                        55     20        3

 COOLING
  TODAY            0                         3     -3        4
  MONTH TO DATE   59                       129    -70       84
  SINCE JUN 1    182                       333   -151      246
  SINCE JAN 1    182                       337   -155      248
..................................................................


WIND (MPH)
  HIGHEST WIND SPEED    14   HIGHEST WIND DIRECTION     N (340)
  HIGHEST GUST SPEED    21   HIGHEST GUST DIRECTION    NW (300)
  AVERAGE WIND SPEED     5.3


SKY COVER
  AVERAGE SKY COVER 0.0


WEATHER CONDITIONS
 THE FOLLOWING WEATHER WAS RECORDED TODAY.
  NO SIGNIFICANT WEATHER WAS OBSERVED.


RELATIVE HUMIDITY (PERCENT)
 HIGHEST    86           200 AM
 LOWEST     28           300 PM
 AVERAGE    57

..........................................................


THE BOZEMAN/GALLATIN FIELD MT CLIMATE NORMALS FOR TOMORROW
                         NORMAL    RECORD    YEAR
 MAXIMUM TEMPERATURE (F)   84        98      2012
 MINIMUM TEMPERATURE (F)   47        33      1960


SUNRISE AND SUNSET
AUGUST 27 2014........SUNRISE   639 AM MDT   SUNSET   812 PM MDT
AUGUST 28 2014........SUNRISE   641 AM MDT   SUNSET   810 PM MDT


-  INDICATES NEGATIVE NUMBERS.
R  INDICATES RECORD WAS SET OR TIED.
MM INDICATES DATA IS MISSING.
T  INDICATES TRACE AMOUNT.




$$
