000
CDUS45 KTFX 201001
CLIBZN


CLIMATE REPORT
NATIONAL WEATHER SERVICE GREAT FALLS MT
300 AM MST SAT DEC 20 2014


...................................

...THE BOZEMAN/GALLATIN FIELD MT CLIMATE SUMMARY FOR DECEMBER 19 2014...

CLIMATE NORMAL PERIOD 1981 TO 2010
CLIMATE RECORD PERIOD 1935 TO 2014


WEATHER ITEM   OBSERVED TIME   RECORD YEAR NORMAL DEPARTURE
                VALUE   (LST)  VALUE       VALUE  FROM
                                                  NORMAL
...............................................................
TEMPERATURE (F)
 YESTERDAY
  MAXIMUM         39    218 PM  55    2004  32      7
  MINIMUM         20    810 AM -25    1949   8     12
  AVERAGE         30                        20     10

PRECIPITATION (IN)
  YESTERDAY        T             0.22 1951   0.01  -0.01
  MONTH TO DATE    0.16                      0.34  -0.18
  SINCE OCT 1      1.50                      2.20  -0.70
  SINCE JAN 1     15.11                     13.81   1.30

SNOWFALL (IN)
  YESTERDAY        T             3.2  1949   0.2   -0.2
  MONTH TO DATE    1.1                       4.1   -3.0
  SINCE DEC 1      1.1                       4.1   -3.0
  SINCE JUL 1     16.7                      11.5    5.2
  SNOW DEPTH       T

DEGREE DAYS
 HEATING
  YESTERDAY       35                              -10
  MONTH TO DATE  702                             -122
  SINCE DEC 1    702                             -122
  SINCE JUL 1   2829                              124

 COOLING
  YESTERDAY        0                                0
  MONTH TO DATE    0                                0
  SINCE DEC 1      0                                0
  SINCE JAN 1    187                             -181
...............................................................


WIND (MPH)
  HIGHEST WIND SPEED    15   HIGHEST WIND DIRECTION    NE (50)
  HIGHEST GUST SPEED    17   HIGHEST GUST DIRECTION    NE (50)
  AVERAGE WIND SPEED     4.0



WEATHER CONDITIONS
 THE FOLLOWING WEATHER WAS RECORDED YESTERDAY.
  LIGHT SNOW


RELATIVE HUMIDITY (PERCENT)
 HIGHEST    92
 LOWEST     59
 AVERAGE    76

..........................................................


THE BOZEMAN/GALLATIN FIELD MT CLIMATE NORMALS FOR TODAY
                         NORMAL    RECORD    YEAR
 MAXIMUM TEMPERATURE (F)   32        54      1941
 MINIMUM TEMPERATURE (F)    8       -36      1983


SUNRISE AND SUNSET
DECEMBER 20 2014......SUNRISE   802 AM MST   SUNSET   442 PM MST
DECEMBER 21 2014......SUNRISE   803 AM MST   SUNSET   443 PM MST


-  INDICATES NEGATIVE NUMBERS.
R  INDICATES RECORD WAS SET OR TIED.
MM INDICATES DATA IS MISSING.
T  INDICATES TRACE AMOUNT.




$$
