000
CDUS45 KTFX 172330
CLIBZN


CLIMATE REPORT
NATIONAL WEATHER SERVICE GREAT FALLS MT
430 PM MST FRI NOV 17 2017


...................................

...THE BOZEMAN/GALLATIN FIELD MT CLIMATE SUMMARY FOR NOVEMBER 17 2017...
VALID TODAY AS OF 0400 PM LOCAL TIME.

CLIMATE NORMAL PERIOD 1981 TO 2010
CLIMATE RECORD PERIOD 1935 TO 2017


WEATHER ITEM   OBSERVED TIME   RECORD YEAR NORMAL DEPARTURE LAST
                VALUE   (LST)  VALUE       VALUE  FROM      YEAR
                                                  NORMAL
..................................................................
TEMPERATURE (F)
 TODAY
  MAXIMUM         38    301 PM  66    1976  44     -6       37
  MINIMUM         25    515 AM -15    1955  19      6       23
  AVERAGE         32                        31      1       30

PRECIPITATION (IN)
  TODAY            T             0.57 1941   0.02  -0.02      T
  MONTH TO DATE    1.50                      0.45   1.05     0.39
  SINCE OCT 1      1.91                      1.55   0.36     2.84
  SINCE JAN 1     12.01                     13.16  -1.15    12.73

SNOWFALL (IN)
  TODAY           MM             4.0  1975   0.2   MM         T
  MONTH TO DATE   15.9                       2.4   13.5      0.2
  SINCE SEP 1     16.2                       4.6   11.6      3.2
  SINCE JUL 1     16.2                       4.6   11.6      3.2

DEGREE DAYS
 HEATING
  TODAY           33                        34     -1       35
  MONTH TO DATE  721                       498    223      382
  SINCE SEP 1   1734                      1328    406     1247
  SINCE JUL 1   1745                      1395    350     1356

 COOLING
  TODAY            0                         0      0        0
  MONTH TO DATE    0                         0      0        0
  SINCE SEP 1     27                        22      5       10
  SINCE JAN 1    327                       368    -41      232
..................................................................


WIND (MPH)
  HIGHEST WIND SPEED    32   HIGHEST WIND DIRECTION    NW (310)
  HIGHEST GUST SPEED    38   HIGHEST GUST DIRECTION    NW (300)
  AVERAGE WIND SPEED     6.6


SKY COVER
  AVERAGE SKY COVER 0.6


WEATHER CONDITIONS
 THE FOLLOWING WEATHER WAS RECORDED TODAY.
  NO SIGNIFICANT WEATHER WAS OBSERVED.


RELATIVE HUMIDITY (PERCENT)
 HIGHEST    92           400 AM
 LOWEST     44           300 PM
 AVERAGE    68

..........................................................


THE BOZEMAN/GALLATIN FIELD MT CLIMATE NORMALS FOR TOMORROW
                         NORMAL    RECORD    YEAR
 MAXIMUM TEMPERATURE (F)   43        73      2008
 MINIMUM TEMPERATURE (F)   19        -4      1958


SUNRISE AND SUNSET
NOVEMBER 17 2017......SUNRISE   728 AM MST   SUNSET   451 PM MST
NOVEMBER 18 2017......SUNRISE   729 AM MST   SUNSET   450 PM MST


-  INDICATES NEGATIVE NUMBERS.
R  INDICATES RECORD WAS SET OR TIED.
MM INDICATES DATA IS MISSING.
T  INDICATES TRACE AMOUNT.




$$
