000
CDUS45 KTFX 310859
CLIBZN


CLIMATE REPORT
NATIONAL WEATHER SERVICE GREAT FALLS MT
156 AM MST SAT JAN 31 2015


...................................

...THE BOZEMAN/GALLATIN FIELD MT CLIMATE SUMMARY FOR JANUARY 30 2015...

CLIMATE NORMAL PERIOD 1981 TO 2010
CLIMATE RECORD PERIOD 1935 TO 2015


WEATHER ITEM   OBSERVED TIME   RECORD YEAR NORMAL DEPARTURE LAST
                VALUE   (LST)  VALUE       VALUE  FROM      YEAR
                                                  NORMAL
..................................................................
TEMPERATURE (F)
 YESTERDAY
  MAXIMUM         42    344 PM  57    1971  37      5       35
  MINIMUM         19    816 AM -37    1951  13      6       11
  AVERAGE         31                        25      6       23

PRECIPITATION (IN)
  YESTERDAY        0.00          0.14 1958   0.02  -0.02     0.08
  MONTH TO DATE    0.22                      0.47  -0.25     0.26
  SINCE OCT 1      2.15                      2.85  -0.70     1.31
  SINCE JAN 1      0.22                      0.47  -0.25     0.26

SNOWFALL (IN)
  YESTERDAY        0.0           3.0  1968   0.2   -0.2      1.5
  MONTH TO DATE    4.8                       3.9    0.9      4.5
  SINCE DEC 1     12.9                       9.9    3.0     11.0
  SINCE JUL 1     28.5                      17.3   11.2     11.5
  SNOW DEPTH       0

DEGREE DAYS
 HEATING
  YESTERDAY       34                        40     -6       42
  MONTH TO DATE 1218                      1247    -29     1127
  SINCE DEC 1   2507                      2601    -94     2600
  SINCE JUL 1   4634                      4482    152     4572

 COOLING
  YESTERDAY        0                         0      0        0
  MONTH TO DATE    0                         0      0        0
  SINCE DEC 1      0                         0      0        0
  SINCE JAN 1      0                         0      0        0
..................................................................


WIND (MPH)
  HIGHEST WIND SPEED     9   HIGHEST WIND DIRECTION     S (160)
  HIGHEST GUST SPEED     9   HIGHEST GUST DIRECTION     S (160)
  AVERAGE WIND SPEED     3.7


SKY COVER
  AVERAGE SKY COVER 0.0


WEATHER CONDITIONS
 THE FOLLOWING WEATHER WAS RECORDED YESTERDAY.
  NO SIGNIFICANT WEATHER WAS OBSERVED.


RELATIVE HUMIDITY (PERCENT)
 HIGHEST    88
 LOWEST     43
 AVERAGE    66

..........................................................


THE BOZEMAN/GALLATIN FIELD MT CLIMATE NORMALS FOR TODAY
                         NORMAL    RECORD    YEAR
 MAXIMUM TEMPERATURE (F)   37        58      1992
 MINIMUM TEMPERATURE (F)   13       -35      1937


SUNRISE AND SUNSET
JANUARY 31 2015.......SUNRISE   748 AM MST   SUNSET   529 PM MST
FEBRUARY  1 2015......SUNRISE   746 AM MST   SUNSET   530 PM MST


-  INDICATES NEGATIVE NUMBERS.
R  INDICATES RECORD WAS SET OR TIED.
MM INDICATES DATA IS MISSING.
T  INDICATES TRACE AMOUNT.




$$
