000
CDUS45 KTFX 202330
CLIBZN


CLIMATE REPORT
NATIONAL WEATHER SERVICE GREAT FALLS MT
430 PM MST MON FEB 20 2017


...................................

...THE BOZEMAN/GALLATIN FIELD MT CLIMATE SUMMARY FOR FEBRUARY 20 2017...
VALID TODAY AS OF 0400 PM LOCAL TIME.

CLIMATE NORMAL PERIOD 1981 TO 2010
CLIMATE RECORD PERIOD 1935 TO 2017


WEATHER ITEM   OBSERVED TIME   RECORD YEAR NORMAL DEPARTURE LAST
                VALUE   (LST)  VALUE       VALUE  FROM      YEAR
                                                  NORMAL
..................................................................
TEMPERATURE (F)
 TODAY
  MAXIMUM         52    356 PM  64    1995  41     11       43
  MINIMUM         28    433 AM -20    1952  16     12       20
  AVERAGE         40                        28     12       32

PRECIPITATION (IN)
  TODAY            0.00          0.20 1968   0.01  -0.01      T
  MONTH TO DATE    0.24                      0.28  -0.04     0.17
  SINCE OCT 1      3.87                      3.14   0.73     3.38
  SINCE JAN 1      0.54                      0.76  -0.22     0.53

SNOWFALL (IN)
  TODAY            0.0           3.1  1950   0.3   -0.3       T
  MONTH TO DATE    7.0                       3.4    3.6       T
  SINCE DEC 1     33.7                      13.4   20.3     17.0
  SINCE JUL 1     37.6                      20.8   16.8     23.6

DEGREE DAYS
 HEATING
  TODAY           25                        37    -12       33
  MONTH TO DATE  822                       775     47      706
  SINCE DEC 1   4127                      3416    711     3457
  SINCE JUL 1   5904                      5297    607     5421

 COOLING
  TODAY            0                         0      0        0
  MONTH TO DATE    0                         0      0        0
  SINCE DEC 1      0                         0      0        0
  SINCE JAN 1      0                         0      0        0
..................................................................


WIND (MPH)
  HIGHEST WIND SPEED    29   HIGHEST WIND DIRECTION    SW (210)
  HIGHEST GUST SPEED    30   HIGHEST GUST DIRECTION    SW (230)
  AVERAGE WIND SPEED     6.5


SKY COVER
  AVERAGE SKY COVER 0.7


WEATHER CONDITIONS
 THE FOLLOWING WEATHER WAS RECORDED TODAY.
  HAZE


RELATIVE HUMIDITY (PERCENT)
 HIGHEST    78           700 AM
 LOWEST     49           100 PM
 AVERAGE    64

..........................................................


THE BOZEMAN/GALLATIN FIELD MT CLIMATE NORMALS FOR TOMORROW
                         NORMAL    RECORD    YEAR
 MAXIMUM TEMPERATURE (F)   41        63      1982
 MINIMUM TEMPERATURE (F)   16       -19      1993


SUNRISE AND SUNSET
FEBRUARY 20 2017......SUNRISE   718 AM MST   SUNSET   559 PM MST
FEBRUARY 21 2017......SUNRISE   716 AM MST   SUNSET   600 PM MST


-  INDICATES NEGATIVE NUMBERS.
R  INDICATES RECORD WAS SET OR TIED.
MM INDICATES DATA IS MISSING.
T  INDICATES TRACE AMOUNT.




$$
