000
CDUS45 KTFX 011014
CLIBZN


CLIMATE REPORT
NATIONAL WEATHER SERVICE GREAT FALLS MT
414 AM MDT SAT AUG 1 2015


...................................

...THE BOZEMAN/GALLATIN FIELD MT CLIMATE SUMMARY FOR JULY 31 2015...

CLIMATE NORMAL PERIOD 1981 TO 2010
CLIMATE RECORD PERIOD 1935 TO 2015


WEATHER ITEM   OBSERVED TIME   RECORD YEAR NORMAL DEPARTURE LAST
                VALUE   (LST)  VALUE       VALUE  FROM      YEAR
                                                  NORMAL
..................................................................
TEMPERATURE (F)
 YESTERDAY
  MAXIMUM         90    505 PM 102    1989  90      0       88
  MINIMUM         47    528 AM  32    1968  52     -5       48
  AVERAGE         69                        71     -2       68

PRECIPITATION (IN)
  YESTERDAY        0.00          0.70 1948   0.03  -0.03     0.00
  MONTH TO DATE    1.78                      1.12   0.66     0.38
  SINCE OCT 1     10.27                     11.80  -1.53    10.43
  SINCE JAN 1      8.34                      9.42  -1.08     9.38

SNOWFALL (IN)
  YESTERDAY        0.0           0.0  1999   0.0    0.0      0.0
                                      2001
                                      1994
  MONTH TO DATE    0.0                       0.0    0.0      0.0
  SINCE JUN 1      0.0                       0.0    0.0      0.0
  SINCE JUL 1      0.0                       0.0    0.0      0.0
  SNOW DEPTH       0

DEGREE DAYS
 HEATING
  YESTERDAY        0                         0      0        0
  MONTH TO DATE   31                        27      4       13
  SINCE JUN 1    103                       169    -66      249
  SINCE JUL 1     31                        28      3       13

 COOLING
  YESTERDAY        4                         6     -2        3
  MONTH TO DATE   78                       166    -88      123
  SINCE JUN 1    148                       204    -56      123
  SINCE JAN 1    148                       208    -60      123
..................................................................


WIND (MPH)
  HIGHEST WIND SPEED    14   HIGHEST WIND DIRECTION    SE (150)
  HIGHEST GUST SPEED    17   HIGHEST GUST DIRECTION     N (350)
  AVERAGE WIND SPEED     4.6


SKY COVER
  AVERAGE SKY COVER 0.0


WEATHER CONDITIONS
 THE FOLLOWING WEATHER WAS RECORDED YESTERDAY.
  NO SIGNIFICANT WEATHER WAS OBSERVED.


RELATIVE HUMIDITY (PERCENT)
 HIGHEST    80
 LOWEST     12
 AVERAGE    46

..........................................................


THE BOZEMAN/GALLATIN FIELD MT CLIMATE NORMALS FOR TODAY
                         NORMAL    RECORD    YEAR
 MAXIMUM TEMPERATURE (F)   90        99      2008
 MINIMUM TEMPERATURE (F)   52        37      2002
                                             2001


SUNRISE AND SUNSET
AUGUST  1 2015........SUNRISE   607 AM MDT   SUNSET   854 PM MDT
AUGUST  2 2015........SUNRISE   609 AM MDT   SUNSET   852 PM MDT


-  INDICATES NEGATIVE NUMBERS.
R  INDICATES RECORD WAS SET OR TIED.
MM INDICATES DATA IS MISSING.
T  INDICATES TRACE AMOUNT.




$$
