000
CDUS45 KTFX 220826
CLIBZN


CLIMATE REPORT
NATIONAL WEATHER SERVICE GREAT FALLS MT
225 AM MDT MON SEP 22 2014


...................................

...THE BOZEMAN/GALLATIN FIELD MT CLIMATE SUMMARY FOR SEPTEMBER 21 2014...

CLIMATE NORMAL PERIOD 1981 TO 2010
CLIMATE RECORD PERIOD 1935 TO 2014


WEATHER ITEM   OBSERVED TIME   RECORD YEAR NORMAL DEPARTURE
                VALUE   (LST)  VALUE       VALUE  FROM
                                                  NORMAL
...............................................................
TEMPERATURE (F)
 YESTERDAY
  MAXIMUM         76    411 PM  87    1967  72      4
  MINIMUM         36    635 AM  19    1995  39     -3
  AVERAGE         56                        56      0

PRECIPITATION (IN)
  YESTERDAY        0.00          0.99 1984   0.04  -0.04
  MONTH TO DATE    0.40                      0.75  -0.35
  SINCE OCT 1     13.76                     13.63   0.13
  SINCE JAN 1     12.71                     11.25   1.46

SNOWFALL (IN)
  YESTERDAY        0.0           1.0  1968   0.0    0.0
  MONTH TO DATE    T                         0.1   -0.1
  SINCE SEP 1      T                         0.1   -0.1
  SINCE JUL 1      T                         0.1   -0.1
  SNOW DEPTH       0

DEGREE DAYS
 HEATING
  YESTERDAY        9                               -1
  MONTH TO DATE  235                              101
  SINCE SEP 1    235                              101
  SINCE JUL 1    321                              120

 COOLING
  YESTERDAY        0                                0
  MONTH TO DATE    0                              -20
  SINCE SEP 1      0                              -20
  SINCE JAN 1    182                             -184
...............................................................


WIND (MPH)
  HIGHEST WIND SPEED    10   HIGHEST WIND DIRECTION    SE (140)
  HIGHEST GUST SPEED    12   HIGHEST GUST DIRECTION    SE (150)
  AVERAGE WIND SPEED     3.3



WEATHER CONDITIONS
 THE FOLLOWING WEATHER WAS RECORDED YESTERDAY.
  NO SIGNIFICANT WEATHER WAS OBSERVED.


RELATIVE HUMIDITY (PERCENT)
 HIGHEST    93
 LOWEST     33
 AVERAGE    63

..........................................................


THE BOZEMAN/GALLATIN FIELD MT CLIMATE NORMALS FOR TODAY
                         NORMAL    RECORD    YEAR
 MAXIMUM TEMPERATURE (F)   72        87      1966
 MINIMUM TEMPERATURE (F)   38        22      1960


SUNRISE AND SUNSET
SEPTEMBER 22 2014.....SUNRISE   712 AM MDT   SUNSET   722 PM MDT
SEPTEMBER 23 2014.....SUNRISE   713 AM MDT   SUNSET   720 PM MDT


-  INDICATES NEGATIVE NUMBERS.
R  INDICATES RECORD WAS SET OR TIED.
MM INDICATES DATA IS MISSING.
T  INDICATES TRACE AMOUNT.




$$
