000
CDUS45 KTFX 291033
CLIBZN


CLIMATE REPORT
NATIONAL WEATHER SERVICE GREAT FALLS MT
431 AM MDT SAT AUG 29 2015


...................................

...THE BOZEMAN/GALLATIN FIELD MT CLIMATE SUMMARY FOR AUGUST 28 2015...

CLIMATE NORMAL PERIOD 1981 TO 2010
CLIMATE RECORD PERIOD 1935 TO 2015


WEATHER ITEM   OBSERVED TIME   RECORD YEAR NORMAL DEPARTURE LAST
                VALUE   (LST)  VALUE       VALUE  FROM      YEAR
                                                  NORMAL
..................................................................
TEMPERATURE (F)
 YESTERDAY
  MAXIMUM         88    332 PM  98    2012  84      4       85
  MINIMUM         48    609 AM  33    1960  47      1       45
  AVERAGE         68                        65      3       65

PRECIPITATION (IN)
  YESTERDAY        T             1.61 1964   0.04  -0.04     0.01
  MONTH TO DATE    0.65                      0.97  -0.32     2.44
  SINCE OCT 1     10.92                     12.77  -1.85    12.87
  SINCE JAN 1      8.99                     10.39  -1.40    11.82

SNOWFALL (IN)
  YESTERDAY        0.0           T    1964   0.0    0.0      0.0
                                      1994
  MONTH TO DATE    0.0                       0.0    0.0      0.0
  SINCE JUN 1      0.0                       0.0    0.0      0.0
  SINCE JUL 1      0.0                       0.0    0.0      0.0
  SNOW DEPTH       0

DEGREE DAYS
 HEATING
  YESTERDAY        0                         3     -3        0
  MONTH TO DATE   62                        30     32       62
  SINCE JUN 1    165                       199    -34      311
  SINCE JUL 1     93                        58     35       75

 COOLING
  YESTERDAY        3                         3      0        0
  MONTH TO DATE   75                       132    -57       59
  SINCE JUN 1    223                       336   -113      182
  SINCE JAN 1    223                       340   -117      182
..................................................................


WIND (MPH)
  HIGHEST WIND SPEED    15   HIGHEST WIND DIRECTION    SW (210)
  HIGHEST GUST SPEED    17   HIGHEST GUST DIRECTION    NW (330)
  AVERAGE WIND SPEED     4.2


SKY COVER
  AVERAGE SKY COVER 0.2


WEATHER CONDITIONS
 THE FOLLOWING WEATHER WAS RECORDED YESTERDAY.
  HAZE


RELATIVE HUMIDITY (PERCENT)
 HIGHEST    86
 LOWEST     22
 AVERAGE    54

..........................................................


THE BOZEMAN/GALLATIN FIELD MT CLIMATE NORMALS FOR TODAY
                         NORMAL    RECORD    YEAR
 MAXIMUM TEMPERATURE (F)   83        97      2005
 MINIMUM TEMPERATURE (F)   46        34      1992


SUNRISE AND SUNSET
AUGUST 29 2015........SUNRISE   642 AM MDT   SUNSET   809 PM MDT
AUGUST 30 2015........SUNRISE   643 AM MDT   SUNSET   807 PM MDT


-  INDICATES NEGATIVE NUMBERS.
R  INDICATES RECORD WAS SET OR TIED.
MM INDICATES DATA IS MISSING.
T  INDICATES TRACE AMOUNT.




$$
