000
CDUS42 KCAE 210558
CLICAE


CLIMATE REPORT
NATIONAL WEATHER SERVICE COLUMBIA SC
1257 AM EST TUE NOV 21 2017


...................................

...THE COLUMBIA METRO AIRPORT SC CLIMATE SUMMARY FOR NOVEMBER 20 2017...

CLIMATE NORMAL PERIOD 1981 TO 2010
CLIMATE RECORD PERIOD 1887 TO 2017


WEATHER ITEM   OBSERVED TIME   RECORD YEAR NORMAL DEPARTURE LAST
                VALUE   (LST)  VALUE       VALUE  FROM      YEAR
                                                  NORMAL
..................................................................
TEMPERATURE (F)
 YESTERDAY
  MAXIMUM         62    358 PM  83    1991  66     -4       61
  MINIMUM         30    712 AM  17    1951  41    -11       30
  AVERAGE         46                        54     -8       46

PRECIPITATION (IN)
  YESTERDAY        0.00          1.33 1986   0.09  -0.09     0.00
  MONTH TO DATE    1.02                      1.77  -0.75     0.85
  SINCE SEP 1      7.14                      8.48  -1.34    12.11
  SINCE JAN 1     43.89                     40.40   3.49    35.04

SNOWFALL (IN)
  YESTERDAY        0.0          MM      MM   0.0             0.0
  MONTH TO DATE    0.0                       0.0             0.0
  SINCE SEP 1      0.0                       0.0             0.0
  SINCE JUL 1      0.0                       0.0             0.0

DEGREE DAYS
 HEATING
  YESTERDAY       19                        12      7       19
  MONTH TO DATE  171                       186    -15      167
  SINCE SEP 1    249                       306    -57      202
  SINCE JUL 1    249                       306    -57      202

 COOLING
  YESTERDAY        0                         0      0        0
  MONTH TO DATE   25                        14     11        4
  SINCE SEP 1    576                       398    178      589
  SINCE JAN 1   2684                      2166    518     2876
..................................................................


WIND (MPH)
  HIGHEST WIND SPEED     9   HIGHEST WIND DIRECTION    SE (120)
  HIGHEST GUST SPEED    13   HIGHEST GUST DIRECTION    SE (120)
  AVERAGE WIND SPEED     1.9


SKY COVER
  AVERAGE SKY COVER 0.2


WEATHER CONDITIONS
 THE FOLLOWING WEATHER WAS RECORDED YESTERDAY.
  NO SIGNIFICANT WEATHER WAS OBSERVED.


RELATIVE HUMIDITY (PERCENT)
 HIGHEST    92           300 AM
 LOWEST     25           400 PM
 AVERAGE    59

..........................................................


THE COLUMBIA METRO AIRPORT SC CLIMATE NORMALS FOR TODAY
                         NORMAL    RECORD    YEAR
 MAXIMUM TEMPERATURE (F)   66        81      2011
                                             1942
 MINIMUM TEMPERATURE (F)   41        19      1951


SUNRISE AND SUNSET
NOVEMBER 21 2017......SUNRISE   703 AM EST   SUNSET   518 PM EST
NOVEMBER 22 2017......SUNRISE   704 AM EST   SUNSET   517 PM EST


-  INDICATES NEGATIVE NUMBERS.
R  INDICATES RECORD WAS SET OR TIED.
MM INDICATES DATA IS MISSING.
T  INDICATES TRACE AMOUNT.




$$
