000
CDUS42 KCAE 302123
CLICAE


CLIMATE REPORT
NATIONAL WEATHER SERVICE COLUMBIA SC
523 PM EDT SAT AUG 30 2014


...................................

...THE COLUMBIA METRO AIRPORT SC CLIMATE SUMMARY FOR AUGUST 30 2014...
VALID TODAY AS OF 0500 PM LOCAL TIME.

CLIMATE NORMAL PERIOD 1981 TO 2010
CLIMATE RECORD PERIOD 1887 TO 2014


WEATHER ITEM   OBSERVED TIME   RECORD YEAR NORMAL DEPARTURE LAST
                VALUE   (LST)  VALUE       VALUE  FROM      YEAR
                                                  NORMAL
..................................................................
TEMPERATURE (F)
 TODAY
  MAXIMUM         96    330 PM 102    1948  89      7       88
  MINIMUM         72    547 AM  56    1896  69      3       74
                                      1891
  AVERAGE         84                        79      5       81

PRECIPITATION (IN)
  TODAY            0.00          3.00 1988   0.14  -0.14     0.00
  MONTH TO DATE    4.79                      5.12  -0.33     7.51
  SINCE JUN 1      9.03                     15.27  -6.24    24.89
  SINCE JAN 1     27.99                     31.78  -3.79    43.51

SNOWFALL (IN)
  TODAY            0.0          MM      MM   0.0             0.0
  MONTH TO DATE    0.0                       0.0             0.0
  SINCE JUN 1      0.0                       0.0             0.0
  SINCE JUL 1      0.0                       0.0             0.0

DEGREE DAYS
 HEATING
  TODAY            0                         0      0        0
  MONTH TO DATE    0                         0      0        0
  SINCE JUN 1      0                         1     -1        0
  SINCE JUL 1      0                         0      0        0

 COOLING
  TODAY           19                        14      5       16
  MONTH TO DATE  510                       479     31      436
  SINCE JUN 1   1597                      1435    162     1358
  SINCE JAN 1   2011                      1756    255     1678
..................................................................


WIND (MPH)
  HIGHEST WIND SPEED    13   HIGHEST WIND DIRECTION     E (100)
  HIGHEST GUST SPEED    17   HIGHEST GUST DIRECTION     E (110)
  AVERAGE WIND SPEED     3.5


SKY COVER
  AVERAGE SKY COVER 0.4


WEATHER CONDITIONS
 THE FOLLOWING WEATHER WAS RECORDED TODAY.
  FOG
  HAZE


RELATIVE HUMIDITY (PERCENT)
 HIGHEST    93           700 AM
 LOWEST     30           300 PM
 AVERAGE    62

..........................................................


THE COLUMBIA METRO AIRPORT SC CLIMATE NORMALS FOR TOMORROW
                         NORMAL    RECORD    YEAR
 MAXIMUM TEMPERATURE (F)   89       101      1993
 MINIMUM TEMPERATURE (F)   69        56      1891
                                             1887


SUNRISE AND SUNSET
AUGUST 30 2014........SUNRISE   657 AM EDT   SUNSET   753 PM EDT
AUGUST 31 2014........SUNRISE   657 AM EDT   SUNSET   752 PM EDT


-  INDICATES NEGATIVE NUMBERS.
R  INDICATES RECORD WAS SET OR TIED.
MM INDICATES DATA IS MISSING.
T  INDICATES TRACE AMOUNT.




$$
