000
CDUS42 KCAE 270620
CLICAE


CLIMATE REPORT
NATIONAL WEATHER SERVICE COLUMBIA SC
119 AM EST SAT DEC 27 2014


...................................

...THE COLUMBIA METRO AIRPORT SC CLIMATE SUMMARY FOR DECEMBER 26 2014...

CLIMATE NORMAL PERIOD 1981 TO 2010
CLIMATE RECORD PERIOD 1887 TO 2014


WEATHER ITEM   OBSERVED TIME   RECORD YEAR NORMAL DEPARTURE LAST
                VALUE   (LST)  VALUE       VALUE  FROM      YEAR
                                                  NORMAL
..................................................................
TEMPERATURE (F)
 YESTERDAY
  MAXIMUM         61    405 PM  77    1964  56      5       53
  MINIMUM         32    819 AM   6    1983  34     -2       35
  AVERAGE         47                        45      2       44

PRECIPITATION (IN)
  YESTERDAY        0.00          2.86 1964   0.11  -0.11      T
  MONTH TO DATE    3.51                      2.69   0.82     4.15
  SINCE DEC 1      3.51                      2.69   0.82     4.15
  SINCE JAN 1     41.82                     44.06  -2.24    53.74

SNOWFALL (IN)
  YESTERDAY        0.0          MM      MM   0.0             0.0
  MONTH TO DATE    0.0                       0.1             0.0
  SINCE DEC 1      0.0                       0.1             0.0
  SINCE JUL 1      T                         0.1              T

DEGREE DAYS
 HEATING
  YESTERDAY       18                        20     -2       21
  MONTH TO DATE  387                       467    -80      338
  SINCE DEC 1    387                       467    -80      338
  SINCE JUL 1    892                       908    -16      785

 COOLING
  YESTERDAY        0                         0      0        0
  MONTH TO DATE    0                         0      0       14
  SINCE DEC 1      0                         0      0       14
  SINCE JAN 1   2535                      2167    368     2186
..................................................................


WIND (MPH)
  HIGHEST WIND SPEED     6   HIGHEST WIND DIRECTION     W (260)
  HIGHEST GUST SPEED     7   HIGHEST GUST DIRECTION     E (70)
  AVERAGE WIND SPEED     1.5


SKY COVER
  AVERAGE SKY COVER 0.2


WEATHER CONDITIONS
 THE FOLLOWING WEATHER WAS RECORDED YESTERDAY.
  FOG
  FOG W/VISIBILITY <= 1/4 MILE


RELATIVE HUMIDITY (PERCENT)
 HIGHEST    96           700 AM
 LOWEST     39           300 PM
 AVERAGE    68

..........................................................


THE COLUMBIA METRO AIRPORT SC CLIMATE NORMALS FOR TODAY
                         NORMAL    RECORD    YEAR
 MAXIMUM TEMPERATURE (F)   56        77      1971
 MINIMUM TEMPERATURE (F)   34        12      1948


SUNRISE AND SUNSET
DECEMBER 27 2014......SUNRISE   728 AM EST   SUNSET   523 PM EST
DECEMBER 28 2014......SUNRISE   729 AM EST   SUNSET   523 PM EST


-  INDICATES NEGATIVE NUMBERS.
R  INDICATES RECORD WAS SET OR TIED.
MM INDICATES DATA IS MISSING.
T  INDICATES TRACE AMOUNT.




$$
