000
CDUS42 KCAE 012122
CLICAE


CLIMATE REPORT
NATIONAL WEATHER SERVICE COLUMBIA SC
522 PM EDT FRI AUG 1 2014


...................................

...THE COLUMBIA METRO AIRPORT SC CLIMATE SUMMARY FOR AUGUST 1 2014...
VALID TODAY AS OF 0500 PM LOCAL TIME.

CLIMATE NORMAL PERIOD 1981 TO 2010
CLIMATE RECORD PERIOD 1887 TO 2014


WEATHER ITEM   OBSERVED TIME   RECORD YEAR NORMAL DEPARTURE LAST
                VALUE   (LST)  VALUE       VALUE  FROM      YEAR
                                                  NORMAL
..................................................................
TEMPERATURE (F)
 TODAY
  MAXIMUM         82    318 PM 104    1999  92    -10       87
  MINIMUM         72    911 AM  57    1997  72      0       73
  AVERAGE         77                        82     -5       80

PRECIPITATION (IN)
  TODAY            T             2.71 1973   0.19  -0.19     0.56
  MONTH TO DATE    T                         0.19  -0.19     0.56
  SINCE JUN 1      4.24                     10.34  -6.10    17.94
  SINCE JAN 1     23.20                     26.85  -3.65    36.56

SNOWFALL (IN)
  TODAY            0.0          MM      MM   0.0             0.0
  MONTH TO DATE    0.0                       0.0             0.0
  SINCE JUN 1      0.0                       0.0             0.0
  SINCE JUL 1      0.0                       0.0             0.0

DEGREE DAYS
 HEATING
  TODAY            0                         0      0        0
  MONTH TO DATE    0                         0      0        0
  SINCE JUN 1      0                         1     -1        0
  SINCE JUL 1      0                         0      0        0

 COOLING
  TODAY           12                        17     -5       15
  MONTH TO DATE   12                        17     -5       15
  SINCE JUN 1   1099                       973    126      937
  SINCE JAN 1   1513                      1294    219     1257
..................................................................


WIND (MPH)
  HIGHEST WIND SPEED    14   HIGHEST WIND DIRECTION    NW (300)
  HIGHEST GUST SPEED    16   HIGHEST GUST DIRECTION    NW (300)
  AVERAGE WIND SPEED     5.0


SKY COVER
  AVERAGE SKY COVER 0.9


WEATHER CONDITIONS
 THE FOLLOWING WEATHER WAS RECORDED TODAY.
  LIGHT RAIN
  FOG
  HAZE


RELATIVE HUMIDITY (PERCENT)
 HIGHEST    87           500 AM
 LOWEST     65          1100 AM
 AVERAGE    76

..........................................................


THE COLUMBIA METRO AIRPORT SC CLIMATE NORMALS FOR TOMORROW
                         NORMAL    RECORD    YEAR
 MAXIMUM TEMPERATURE (F)   92       100      2011
                                             1954
                                             1953
 MINIMUM TEMPERATURE (F)   72        59      1997


SUNRISE AND SUNSET
AUGUST  1 2014........SUNRISE   636 AM EDT   SUNSET   825 PM EDT
AUGUST  2 2014........SUNRISE   637 AM EDT   SUNSET   824 PM EDT


-  INDICATES NEGATIVE NUMBERS.
R  INDICATES RECORD WAS SET OR TIED.
MM INDICATES DATA IS MISSING.
T  INDICATES TRACE AMOUNT.




$$
