000
CDUS42 KCAE 010548
CLICAE


CLIMATE REPORT
NATIONAL WEATHER SERVICE COLUMBIA SC
1248 AM EST SUN FEB 1 2015


...................................

...THE COLUMBIA METRO AIRPORT SC CLIMATE SUMMARY FOR JANUARY 31 2015...

CLIMATE NORMAL PERIOD 1981 TO 2010
CLIMATE RECORD PERIOD 1887 TO 2015


WEATHER ITEM   OBSERVED TIME   RECORD YEAR NORMAL DEPARTURE LAST
                VALUE   (LST)  VALUE       VALUE  FROM      YEAR
                                                  NORMAL
..................................................................
TEMPERATURE (F)
 YESTERDAY
  MAXIMUM         56    352 PM  84    1975  57     -1       57
  MINIMUM         23    720 AM  10    1966  35    -12       16
  AVERAGE         40                        46     -6       37

PRECIPITATION (IN)
  YESTERDAY        0.00          1.76 1908   0.12  -0.12     0.00
  MONTH TO DATE    2.60                      3.58  -0.98     3.40
  SINCE DEC 1      6.50                      6.80  -0.30     9.28
  SINCE JAN 1      2.60                      3.58  -0.98     3.40

SNOWFALL (IN)
  YESTERDAY        0.0           0.1  1965   0.0             0.0
  MONTH TO DATE    0.0                       0.8             2.1
  SINCE DEC 1      0.0                       0.9             2.1
  SINCE JUL 1      T                         0.9             2.1

DEGREE DAYS
 HEATING
  YESTERDAY       25                        19      6       28
  MONTH TO DATE  620                       628     -8      759
  SINCE DEC 1   1078                      1195   -117     1184
  SINCE JUL 1   1583                      1636    -53     1631

 COOLING
  YESTERDAY        0                         0      0        0
  MONTH TO DATE    0                         1     -1        0
  SINCE DEC 1      0                         4     -4       14
  SINCE JAN 1      0                         1     -1        0
..................................................................


WIND (MPH)
  HIGHEST WIND SPEED     7   HIGHEST WIND DIRECTION    NE (30)
  HIGHEST GUST SPEED    11   HIGHEST GUST DIRECTION     S (160)
  AVERAGE WIND SPEED     1.1


SKY COVER
  AVERAGE SKY COVER 0.3


WEATHER CONDITIONS
 THE FOLLOWING WEATHER WAS RECORDED YESTERDAY.
  NO SIGNIFICANT WEATHER WAS OBSERVED.


RELATIVE HUMIDITY (PERCENT)
 HIGHEST    81           500 AM
 LOWEST     18           400 PM
 AVERAGE    50

..........................................................


THE COLUMBIA METRO AIRPORT SC CLIMATE NORMALS FOR TODAY
                         NORMAL    RECORD    YEAR
 MAXIMUM TEMPERATURE (F)   58        80      2002
                                             1950
 MINIMUM TEMPERATURE (F)   35        16      1936
                                             1900


SUNRISE AND SUNSET
FEBRUARY  1 2015......SUNRISE   722 AM EST   SUNSET   555 PM EST
FEBRUARY  2 2015......SUNRISE   721 AM EST   SUNSET   556 PM EST


-  INDICATES NEGATIVE NUMBERS.
R  INDICATES RECORD WAS SET OR TIED.
MM INDICATES DATA IS MISSING.
T  INDICATES TRACE AMOUNT.




$$
