000
CDUS45 KGJT 282354
CLICAG


CLIMATE REPORT
NATIONAL WEATHER SERVICE GRAND JUNCTION CO
450 PM MST SAT FEB 28 2015


...................................

...THE CRAIG CO CLIMATE SUMMARY FOR FEBRUARY 28 2015...
VALID TODAY AS OF 0400 PM LOCAL TIME.

CLIMATE NORMAL PERIOD 1981 TO 2010
CLIMATE RECORD PERIOD 9999 TO 9999


WEATHER ITEM   OBSERVED TIME   RECORD YEAR NORMAL DEPARTURE LAST
                VALUE   (LST)  VALUE       VALUE  FROM      YEAR
                                                  NORMAL
..................................................................
TEMPERATURE (F)
 TODAY
  MAXIMUM         42    302 PM  MM      MM  38      4       47
  MINIMUM         17    516 AM  MM      MM  12      5       33
  AVERAGE         30                        25      5       40

PRECIPITATION (IN)
  TODAY            0.00         MM      MM   0.03  -0.03     0.02
  MONTH TO DATE    0.44                      0.82  -0.38     0.28
  SINCE DEC 1      1.69                      2.70  -1.01     2.79
  SINCE JAN 1      0.85                      1.70  -0.85     1.31

SNOWFALL (IN)
  TODAY           MM            MM      MM  MM     MM       MM
  MONTH TO DATE   MM                        MM     MM       MM
  SINCE DEC 1     MM                        MM     MM       MM
  SINCE JUL 1     MM                        MM     MM       MM
  SNOW DEPTH      MM

DEGREE DAYS
 HEATING
  TODAY           35                        40     -5       25
  MONTH TO DATE  911                      1241   -330     1084
  SINCE DEC 1   3558                      4241   -683     4284
  SINCE JUL 1   5461                      6326   -865     6188

 COOLING
  TODAY            0                         0      0        0
  MONTH TO DATE    0                         0      0        0
  SINCE DEC 1      0                         0      0        0
  SINCE JAN 1      0                         0      0        0
..................................................................


WIND (MPH)
  HIGHEST WIND SPEED    17   HIGHEST WIND DIRECTION     E (70)
  HIGHEST GUST SPEED    23   HIGHEST GUST DIRECTION     E (70)
  AVERAGE WIND SPEED     8.2


SKY COVER
  POSSIBLE SUNSHINE  MM
  AVERAGE SKY COVER 0.2


WEATHER CONDITIONS
 THE FOLLOWING WEATHER WAS RECORDED TODAY.
  NO SIGNIFICANT WEATHER WAS OBSERVED.


RELATIVE HUMIDITY (PERCENT)
 HIGHEST    74           400 AM
 LOWEST     32           200 PM
 AVERAGE    53

..........................................................


THE CRAIG CO CLIMATE NORMALS FOR TOMORROW
                         NORMAL    RECORD    YEAR
 MAXIMUM TEMPERATURE (F)   39        MM        MM
 MINIMUM TEMPERATURE (F)   13        MM        MM


SUNRISE AND SUNSET
FEBRUARY 28 2015......SUNRISE   646 AM MST   SUNSET   600 PM MST
MARCH  1 2015.........SUNRISE   644 AM MST   SUNSET   601 PM MST


-  INDICATES NEGATIVE NUMBERS.
R  INDICATES RECORD WAS SET OR TIED.
MM INDICATES DATA IS MISSING.
T  INDICATES TRACE AMOUNT.




$$
