000
CDUS45 KGJT 190736
CLICAG


CLIMATE REPORT
NATIONAL WEATHER SERVICE GRAND JUNCTION CO
134 AM MDT SAT AUG 19 2017


...................................

...THE CRAIG CO CLIMATE SUMMARY FOR AUGUST 18 2017...

CLIMATE NORMAL PERIOD 1981 TO 2010
CLIMATE RECORD PERIOD 9999 TO 9999


WEATHER ITEM   OBSERVED TIME   RECORD YEAR NORMAL DEPARTURE LAST
                VALUE   (LST)  VALUE       VALUE  FROM      YEAR
                                                  NORMAL
..................................................................
TEMPERATURE (F)
 YESTERDAY
  MAXIMUM         89    259 PM  MM      MM  84      5       83
  MINIMUM         40    552 AM  MM      MM  46     -6       45
  AVERAGE         65                        65      0       64

PRECIPITATION (IN)
  YESTERDAY        0.00         MM      MM   0.05  -0.05     0.25
  MONTH TO DATE    0.49                      0.75  -0.26     0.52
  SINCE JUN 1      2.04                      3.23  -1.19     1.49
  SINCE JAN 1      9.83                      9.42   0.41     7.87

SNOWFALL (IN)
  YESTERDAY       MM            MM      MM  MM     MM       MM
  MONTH TO DATE   MM                        MM     MM       MM
  SINCE JUN 1     MM                        MM     MM       MM
  SINCE JUL 1     MM                        MM     MM       MM
  SNOW DEPTH      MM

DEGREE DAYS
 HEATING
  YESTERDAY        0                         2     -2        1
  MONTH TO DATE   11                        17     -6       12
  SINCE JUN 1    105                       217   -112       85
  SINCE JUL 1     14                        42    -28       26

 COOLING
  YESTERDAY        0                         1     -1        0
  MONTH TO DATE   35                        44     -9       43
  SINCE JUN 1    253                       133    120      190
  SINCE JAN 1    253                       133    120      190
..................................................................


WIND (MPH)
  HIGHEST WIND SPEED    18   HIGHEST WIND DIRECTION    NW (300)
  HIGHEST GUST SPEED    25   HIGHEST GUST DIRECTION     W (270)
  AVERAGE WIND SPEED     4.3


SKY COVER
  POSSIBLE SUNSHINE  MM
  AVERAGE SKY COVER 0.0


WEATHER CONDITIONS
 THE FOLLOWING WEATHER WAS RECORDED YESTERDAY.
  NO SIGNIFICANT WEATHER WAS OBSERVED.


RELATIVE HUMIDITY (PERCENT)
 HIGHEST    82           400 AM
 LOWEST     10           300 PM
 AVERAGE    46

..........................................................


THE CRAIG CO CLIMATE NORMALS FOR TODAY
                         NORMAL    RECORD    YEAR
 MAXIMUM TEMPERATURE (F)   84        MM        MM
 MINIMUM TEMPERATURE (F)   46        MM        MM


SUNRISE AND SUNSET
AUGUST 19 2017........SUNRISE   625 AM MDT   SUNSET   801 PM MDT
AUGUST 20 2017........SUNRISE   626 AM MDT   SUNSET   800 PM MDT


-  INDICATES NEGATIVE NUMBERS.
R  INDICATES RECORD WAS SET OR TIED.
MM INDICATES DATA IS MISSING.
T  INDICATES TRACE AMOUNT.




$$
