000
CDUS45 KGJT 282334
CLICAG


CLIMATE REPORT
NATIONAL WEATHER SERVICE GRAND JUNCTION CO
530 PM MDT FRI AUG 28 2015


...................................

...THE CRAIG CO CLIMATE SUMMARY FOR AUGUST 28 2015...
VALID TODAY AS OF 0500 PM LOCAL TIME.

CLIMATE NORMAL PERIOD 1981 TO 2010
CLIMATE RECORD PERIOD 9999 TO 9999


WEATHER ITEM   OBSERVED TIME   RECORD YEAR NORMAL DEPARTURE LAST
                VALUE   (LST)  VALUE       VALUE  FROM      YEAR
                                                  NORMAL
..................................................................
TEMPERATURE (F)
 TODAY
  MAXIMUM         83    317 PM  MM      MM  81      2       73
  MINIMUM         44    441 AM  MM      MM  43      1       50
  AVERAGE         64                        62      2       62

PRECIPITATION (IN)
  TODAY            0.00         MM      MM   0.06  -0.06     0.10
  MONTH TO DATE    1.34                      1.24   0.10     3.69
  SINCE JUN 1      3.49                      3.72  -0.23     5.56
  SINCE JAN 1     10.71                      9.91   0.80     9.88

SNOWFALL (IN)
  TODAY           MM            MM      MM  MM     MM       MM
  MONTH TO DATE   MM                        MM     MM       MM
  SINCE JUN 1     MM                        MM     MM       MM
  SINCE JUL 1     MM                        MM     MM       MM
  SNOW DEPTH      MM

DEGREE DAYS
 HEATING
  TODAY            1                         3     -2        3
  MONTH TO DATE   27                        41    -14       48
  SINCE JUN 1    125                       241   -116      278
  SINCE JUL 1     52                        66    -14       92

 COOLING
  TODAY            0                         0      0        0
  MONTH TO DATE   65                        51     14       29
  SINCE JUN 1    182                       140     42       70
  SINCE JAN 1    182                       140     42       70
..................................................................


WIND (MPH)
  HIGHEST WIND SPEED     9   HIGHEST WIND DIRECTION    NE (60)
  HIGHEST GUST SPEED    14   HIGHEST GUST DIRECTION     E (80)
  AVERAGE WIND SPEED     2.2


SKY COVER
  POSSIBLE SUNSHINE  MM
  AVERAGE SKY COVER 0.0


WEATHER CONDITIONS
 THE FOLLOWING WEATHER WAS RECORDED TODAY.
  FOG


RELATIVE HUMIDITY (PERCENT)
 HIGHEST    93           300 AM
 LOWEST     22           400 PM
 AVERAGE    58

..........................................................


THE CRAIG CO CLIMATE NORMALS FOR TOMORROW
                         NORMAL    RECORD    YEAR
 MAXIMUM TEMPERATURE (F)   80        MM        MM
 MINIMUM TEMPERATURE (F)   43        MM        MM


SUNRISE AND SUNSET
AUGUST 28 2015........SUNRISE   633 AM MDT   SUNSET   749 PM MDT
AUGUST 29 2015........SUNRISE   634 AM MDT   SUNSET   747 PM MDT


-  INDICATES NEGATIVE NUMBERS.
R  INDICATES RECORD WAS SET OR TIED.
MM INDICATES DATA IS MISSING.
T  INDICATES TRACE AMOUNT.




$$
