000
CDUS45 KGJT 302330
CLICAG


CLIMATE REPORT
NATIONAL WEATHER SERVICE GRAND JUNCTION CO
530 PM MDT SAT AUG 30 2014


...................................

...THE CRAIG CO CLIMATE SUMMARY FOR AUGUST 30 2014...
VALID TODAY AS OF 0500 PM LOCAL TIME.

CLIMATE NORMAL PERIOD 1981 TO 2010
CLIMATE RECORD PERIOD 9999 TO 9999


WEATHER ITEM   OBSERVED TIME   RECORD YEAR NORMAL DEPARTURE LAST
                VALUE   (LST)  VALUE       VALUE  FROM      YEAR
                                                  NORMAL
..................................................................
TEMPERATURE (F)
 TODAY
  MAXIMUM         83    130 PM  MM      MM  80      3       91
  MINIMUM         43    514 AM  MM      MM  43      0       50
  AVERAGE         63                        61      2       71

PRECIPITATION (IN)
  TODAY            0.02         MM      MM   0.05  -0.03      T
  MONTH TO DATE    3.71                      1.34   2.37     0.39
  SINCE JUN 1      5.58                      3.82   1.76     0.86
  SINCE JAN 1      9.90                     10.01  -0.11     6.11

SNOWFALL (IN)
  TODAY           MM            MM      MM  MM     MM       MM
  MONTH TO DATE   MM                        MM     MM       MM
  SINCE JUN 1     MM                        MM     MM       MM
  SINCE JUL 1     MM                        MM     MM       MM
  SNOW DEPTH      MM

DEGREE DAYS
 HEATING
  TODAY            2                         4     -2        0
  MONTH TO DATE   53                        49      4        5
  SINCE JUN 1    283                       249     34       93
  SINCE JUL 1     97                        74     23        5

 COOLING
  TODAY            0                         0      0        6
  MONTH TO DATE   29                        51    -22       94
  SINCE JUN 1     70                       140    -70      326
  SINCE JAN 1     70                       140    -70      326
..................................................................


WIND (MPH)
  HIGHEST WIND SPEED    32   HIGHEST WIND DIRECTION     W (250)
  HIGHEST GUST SPEED    43   HIGHEST GUST DIRECTION     W (250)
  AVERAGE WIND SPEED     6.4


SKY COVER
  POSSIBLE SUNSHINE  MM
  AVERAGE SKY COVER 0.2


WEATHER CONDITIONS
 THE FOLLOWING WEATHER WAS RECORDED TODAY.
  THUNDERSTORM
  LIGHT RAIN


RELATIVE HUMIDITY (PERCENT)
 HIGHEST    93           300 AM
 LOWEST     31          1200 PM
 AVERAGE    62

..........................................................


THE CRAIG CO CLIMATE NORMALS FOR TOMORROW
                         NORMAL    RECORD    YEAR
 MAXIMUM TEMPERATURE (F)   80        MM        MM
 MINIMUM TEMPERATURE (F)   43        MM        MM


SUNRISE AND SUNSET
AUGUST 30 2014........SUNRISE   635 AM MDT   SUNSET   745 PM MDT
AUGUST 31 2014........SUNRISE   636 AM MDT   SUNSET   744 PM MDT


-  INDICATES NEGATIVE NUMBERS.
R  INDICATES RECORD WAS SET OR TIED.
MM INDICATES DATA IS MISSING.
T  INDICATES TRACE AMOUNT.




$$
