000
CDUS41 KCLE 252118
CLICAK


CLIMATE REPORT
NATIONAL WEATHER SERVICE CLEVELAND OH
518 PM EDT MON MAY 25 2015


...................................

...THE AKRON CANTON OH CLIMATE SUMMARY FOR MAY 25 2015...
VALID TODAY AS OF 0500 PM LOCAL TIME.

CLIMATE NORMAL PERIOD 1981 TO 2010
CLIMATE RECORD PERIOD 1887 TO 2015


WEATHER ITEM   OBSERVED TIME   RECORD YEAR NORMAL DEPARTURE LAST
                VALUE   (LST)  VALUE       VALUE  FROM      YEAR
                                                  NORMAL
..................................................................
TEMPERATURE (F)
 TODAY
  MAXIMUM         85    327 PM  88    2012  72     13       82
                                      1914
                                      1904
  MINIMUM         61    429 AM  29    2013  51     10       49
  AVERAGE         73                        62     11       66

PRECIPITATION (IN)
  TODAY            T                         0.14  -0.14     0.00
  MONTH TO DATE    0.47                      3.42  -2.95     3.31
  SINCE MAR 1      7.07                      9.95  -2.88    12.13
  SINCE JAN 1     12.55                     14.87  -2.32    15.64

SNOWFALL (IN)
  TODAY            0.0                       0.0    0.0      0.0
  MONTH TO DATE    0.0                       0.1   -0.1       T
  SINCE MAR 1      6.9                      11.0   -4.1     10.6
  SINCE JUL 1     59.8                      47.5   12.3     69.9
  SNOW DEPTH       0

DEGREE DAYS
 HEATING
  TODAY            0                         5     -5        0
  MONTH TO DATE  101                       199    -98      156
  SINCE MAR 1   1431                      1531   -100     1584
  SINCE JUL 1   6274                      6075    199     6407

 COOLING
  TODAY            8                         2      6        1
  MONTH TO DATE   97                        23     74       45
  SINCE MAR 1     99                        29     70       48
  SINCE JAN 1     99                        29     70       48
..................................................................


WIND (MPH)
  HIGHEST WIND SPEED    28   HIGHEST WIND DIRECTION    SW (240)
  HIGHEST GUST SPEED    36   HIGHEST GUST DIRECTION    SW (220)


SKY COVER
  POSSIBLE SUNSHINE  MM
  AVERAGE SKY COVER 0.5


WEATHER CONDITIONS
 THE FOLLOWING WEATHER WAS RECORDED TODAY.
  LIGHT RAIN


RELATIVE HUMIDITY (PERCENT)
 HIGHEST    67           300 AM
 LOWEST     46           400 PM
 AVERAGE    57

..........................................................


THE AKRON CANTON OH CLIMATE NORMALS FOR TOMORROW
                         NORMAL    RECORD    YEAR
 MAXIMUM TEMPERATURE (F)   72        89      1939
                                             1914
 MINIMUM TEMPERATURE (F)   52        32      1961
                                             1925


SUNRISE AND SUNSET
MAY 25 2015...........SUNRISE   600 AM EDT   SUNSET   846 PM EDT
MAY 26 2015...........SUNRISE   600 AM EDT   SUNSET   846 PM EDT


-  INDICATES NEGATIVE NUMBERS.
R  INDICATES RECORD WAS SET OR TIED.
MM INDICATES DATA IS MISSING.
T  INDICATES TRACE AMOUNT.




$$
