005
CDUS45 KABQ 190832
CLICAO


CLIMATE REPORT
NATIONAL WEATHER SERVICE ALBUQUERQUE NM
131 AM MST SUN NOV 19 2017


...................................

...THE CLAYTON  NM CLIMATE SUMMARY FOR NOVEMBER 18 2017...

CLIMATE NORMAL PERIOD 1981 TO 2010
CLIMATE RECORD PERIOD 1896 TO 2017


WEATHER ITEM   OBSERVED TIME   RECORD YEAR NORMAL DEPARTURE
                VALUE   (LST)  VALUE       VALUE  FROM
                                                  NORMAL
...............................................................
TEMPERATURE (F)
 YESTERDAY
  MAXIMUM         54   1201 AM  79    1942  56     -2
  MINIMUM         28   1053 PM   6    1958  29     -1
  AVERAGE         41                        42     -1

PRECIPITATION (IN)
  YESTERDAY        T             0.89 1975   0.01  -0.01
  MONTH TO DATE    0.04                      0.32  -0.28
  SINCE SEP 1      5.45                      3.10   2.35
  SINCE JAN 1     20.37                     15.30   5.07

SNOWFALL (IN)
  YESTERDAY        0.0
  MONTH TO DATE    0.5
  SINCE SEP 1      0.5
  SINCE JUL 1      0.5

DEGREE DAYS
 HEATING
  YESTERDAY       24                        23      1
  MONTH TO DATE  270                       338    -68
  SINCE SEP 1    682                       742    -60
  SINCE JUL 1    686                       748    -62

 COOLING
  YESTERDAY        0                         0      0
  MONTH TO DATE    0                         0      0
  SINCE SEP 1    117                       112      5
  SINCE JAN 1    827                       909    -82
...............................................................


WIND (MPH)
  HIGHEST WIND SPEED    39   HIGHEST WIND DIRECTION     N (10)
  HIGHEST GUST SPEED    46   HIGHEST GUST DIRECTION     N (10)
  AVERAGE WIND SPEED    15.5


SKY COVER
  AVERAGE SKY COVER 0.2


WEATHER CONDITIONS
 THE FOLLOWING WEATHER WAS RECORDED YESTERDAY.
  LIGHT RAIN
  LIGHT SNOW


RELATIVE HUMIDITY (PERCENT)
 HIGHEST    89           400 AM
 LOWEST     23           400 PM
 AVERAGE    56

..........................................................


THE CLAYTON  NM CLIMATE NORMALS FOR TODAY
                         NORMAL    RECORD    YEAR
 MAXIMUM TEMPERATURE (F)   56        81      1996
 MINIMUM TEMPERATURE (F)   28         4      1928


SUNRISE AND SUNSET
NOVEMBER 19 2017......SUNRISE   634 AM MST   SUNSET   441 PM MST
NOVEMBER 20 2017......SUNRISE   635 AM MST   SUNSET   441 PM MST


-  INDICATES NEGATIVE NUMBERS.
R  INDICATES RECORD WAS SET OR TIED.
MM INDICATES DATA IS MISSING.
T  INDICATES TRACE AMOUNT.




$$
