000
CDUS45 KABQ 200829
CLICAO


CLIMATE REPORT
NATIONAL WEATHER SERVICE ALBUQUERQUE NM
227 AM MDT WED AUG 20 2014


...................................

...THE CLAYTON  NM CLIMATE SUMMARY FOR AUGUST 19 2014...

CLIMATE NORMAL PERIOD 1981 TO 2010
CLIMATE RECORD PERIOD 1896 TO 2014


WEATHER ITEM   OBSERVED TIME   RECORD YEAR NORMAL DEPARTURE
                VALUE   (LST)  VALUE       VALUE  FROM
                                                  NORMAL
...............................................................
TEMPERATURE (F)
 YESTERDAY
  MAXIMUM         94    152 PM  99    2007  86      8
                                      1911
  MINIMUM         65    538 AM  49    1950  60      5
  AVERAGE         80                        73      7

PRECIPITATION (IN)
  YESTERDAY        0.00          1.55 1941   0.09  -0.09
  MONTH TO DATE    0.61                      2.00  -1.39
  SINCE JUN 1      5.35                      6.79  -1.44
  SINCE JAN 1      7.12                     11.26  -4.14

SNOWFALL (IN)
  YESTERDAY        0.0
  MONTH TO DATE    0.0
  SINCE JUN 1      0.0
  SINCE JUL 1      0.0

DEGREE DAYS
 HEATING
  YESTERDAY        0                         0      0
  MONTH TO DATE    0                         0      0
  SINCE JUN 1     14                        25    -11
  SINCE JUL 1      0                         2     -2

 COOLING
  YESTERDAY       15                         8      7
  MONTH TO DATE  195                       169     26
  SINCE JUN 1    776                       655    121
  SINCE JAN 1    871                       706    165
...............................................................


WIND (MPH)
  HIGHEST WIND SPEED    23   HIGHEST WIND DIRECTION    SE (150)
  HIGHEST GUST SPEED    28   HIGHEST GUST DIRECTION     S (160)
  AVERAGE WIND SPEED    13.5


SKY COVER
  AVERAGE SKY COVER 0.0


WEATHER CONDITIONS
 THE FOLLOWING WEATHER WAS RECORDED YESTERDAY.
  NO SIGNIFICANT WEATHER WAS OBSERVED.


RELATIVE HUMIDITY (PERCENT)
 HIGHEST    57          1100 PM
 LOWEST     15           300 PM
 AVERAGE    36

..........................................................


THE CLAYTON  NM CLIMATE NORMALS FOR TODAY
                         NORMAL    RECORD    YEAR
 MAXIMUM TEMPERATURE (F)   86       102      2007
 MINIMUM TEMPERATURE (F)   60        48      1950


SUNRISE AND SUNSET
AUGUST 20 2014........SUNRISE   614 AM MDT   SUNSET   737 PM MDT
AUGUST 21 2014........SUNRISE   615 AM MDT   SUNSET   736 PM MDT


-  INDICATES NEGATIVE NUMBERS.
R  INDICATES RECORD WAS SET OR TIED.
MM INDICATES DATA IS MISSING.
T  INDICATES TRACE AMOUNT.

$$
