000
CDUS45 KABQ 230832
CLICAO


CLIMATE REPORT
NATIONAL WEATHER SERVICE ALBUQUERQUE NM
231 AM MDT SAT SEP 23 2017


...................................

...THE CLAYTON  NM CLIMATE SUMMARY FOR SEPTEMBER 22 2017...

CLIMATE NORMAL PERIOD 1981 TO 2010
CLIMATE RECORD PERIOD 1896 TO 2017


WEATHER ITEM   OBSERVED TIME   RECORD YEAR NORMAL DEPARTURE
                VALUE   (LST)  VALUE       VALUE  FROM
                                                  NORMAL
...............................................................
TEMPERATURE (F)
 YESTERDAY
  MAXIMUM         89    225 PM  94    1898  77     12
  MINIMUM         54    336 AM  34    1970  50      4
  AVERAGE         72                        63      9

PRECIPITATION (IN)
  YESTERDAY        0.00          3.74 1941   0.05  -0.05
  MONTH TO DATE    0.34                      1.29  -0.95
  SINCE SEP 1      0.34                      1.29  -0.95
  SINCE JAN 1     15.26                     13.49   1.77

SNOWFALL (IN)
  YESTERDAY        0.0
  MONTH TO DATE    0.0
  SINCE SEP 1      0.0
  SINCE JUL 1      0.0

DEGREE DAYS
 HEATING
  YESTERDAY        0                         4     -4
  MONTH TO DATE   10                        39    -29
  SINCE SEP 1     10                        39    -29
  SINCE JUL 1     14                        45    -31

 COOLING
  YESTERDAY        7                         2      5
  MONTH TO DATE  111                        91     20
  SINCE SEP 1    111                        91     20
  SINCE JAN 1    821                       888    -67
...............................................................


WIND (MPH)
  HIGHEST WIND SPEED    33   HIGHEST WIND DIRECTION     S (200)
  HIGHEST GUST SPEED    42   HIGHEST GUST DIRECTION     S (200)
  AVERAGE WIND SPEED    18.5


SKY COVER
  AVERAGE SKY COVER 0.1


WEATHER CONDITIONS
 THE FOLLOWING WEATHER WAS RECORDED YESTERDAY.
  NO SIGNIFICANT WEATHER WAS OBSERVED.


RELATIVE HUMIDITY (PERCENT)
 HIGHEST    90          1100 PM
 LOWEST     18           200 PM
 AVERAGE    54

..........................................................


THE CLAYTON  NM CLIMATE NORMALS FOR TODAY
                         NORMAL    RECORD    YEAR
 MAXIMUM TEMPERATURE (F)   77        94      1898
 MINIMUM TEMPERATURE (F)   49        34      1985
                                             1970


SUNRISE AND SUNSET
SEPTEMBER 23 2017.....SUNRISE   641 AM MDT   SUNSET   647 PM MDT
SEPTEMBER 24 2017.....SUNRISE   642 AM MDT   SUNSET   646 PM MDT


-  INDICATES NEGATIVE NUMBERS.
R  INDICATES RECORD WAS SET OR TIED.
MM INDICATES DATA IS MISSING.
T  INDICATES TRACE AMOUNT.




$$
