000
CDUS45 KABQ 200828
CLICAO


CLIMATE REPORT
NATIONAL WEATHER SERVICE ALBUQUERQUE NM
127 AM MST MON FEB 20 2017


...................................

...THE CLAYTON  NM CLIMATE SUMMARY FOR FEBRUARY 19 2017...

CLIMATE NORMAL PERIOD 1981 TO 2010
CLIMATE RECORD PERIOD 1896 TO 2017


WEATHER ITEM   OBSERVED TIME   RECORD YEAR NORMAL DEPARTURE
                VALUE   (LST)  VALUE       VALUE  FROM
                                                  NORMAL
...............................................................
TEMPERATURE (F)
 YESTERDAY
  MAXIMUM         56    304 PM  78    1898  52      4
  MINIMUM         38   1158 PM   3    1955  24     14
                                      1929
  AVERAGE         47                        38      9

PRECIPITATION (IN)
  YESTERDAY        0.00          0.55 1919   0.01  -0.01
  MONTH TO DATE    0.25                      0.21   0.04
  SINCE DEC 1      1.59                      0.85   0.74
  SINCE JAN 1      1.38                      0.49   0.89

SNOWFALL (IN)
  YESTERDAY        0.0
  MONTH TO DATE    1.0
  SINCE DEC 1     11.4
  SINCE JUL 1     11.4

DEGREE DAYS
 HEATING
  YESTERDAY       18                        27     -9
  MONTH TO DATE  360                       538   -178
  SINCE DEC 1   2174                      2392   -218
  SINCE JUL 1   2842                      3444   -602

 COOLING
  YESTERDAY        0                         0      0
  MONTH TO DATE    2                         0      2
  SINCE DEC 1      2                         0      2
  SINCE JAN 1      2                         0      2
...............................................................


WIND (MPH)
  HIGHEST WIND SPEED    23   HIGHEST WIND DIRECTION     S (180)
  HIGHEST GUST SPEED    28   HIGHEST GUST DIRECTION     S (190)
  AVERAGE WIND SPEED    13.3


SKY COVER
  AVERAGE SKY COVER 0.3


WEATHER CONDITIONS
 THE FOLLOWING WEATHER WAS RECORDED YESTERDAY.
  NO SIGNIFICANT WEATHER WAS OBSERVED.


RELATIVE HUMIDITY (PERCENT)
 HIGHEST    82           600 AM
 LOWEST     44           600 PM
 AVERAGE    63

..........................................................


THE CLAYTON  NM CLIMATE NORMALS FOR TODAY
                         NORMAL    RECORD    YEAR
 MAXIMUM TEMPERATURE (F)   52        76      1981
                                             1930
 MINIMUM TEMPERATURE (F)   24        -4      1918


SUNRISE AND SUNSET
FEBRUARY 20 2017......SUNRISE   634 AM MST   SUNSET   539 PM MST
FEBRUARY 21 2017......SUNRISE   633 AM MST   SUNSET   540 PM MST


-  INDICATES NEGATIVE NUMBERS.
R  INDICATES RECORD WAS SET OR TIED.
MM INDICATES DATA IS MISSING.
T  INDICATES TRACE AMOUNT.




$$
