000
CDUS45 KABQ 310833
CLICAO


CLIMATE REPORT
NATIONAL WEATHER SERVICE ALBUQUERQUE NM
232 AM MDT THU JUL 31 2014


...................................

...THE CLAYTON  NM CLIMATE SUMMARY FOR JULY 30 2014...

CLIMATE NORMAL PERIOD 1981 TO 2010
CLIMATE RECORD PERIOD 1896 TO 2014


WEATHER ITEM   OBSERVED TIME   RECORD YEAR NORMAL DEPARTURE
                VALUE   (LST)  VALUE       VALUE  FROM
                                                  NORMAL
...............................................................
TEMPERATURE (F)
 YESTERDAY
  MAXIMUM         74   1112 AM 105    1934  88    -14
  MINIMUM         60   1159 PM  52    1971  61     -1
                                      1925
  AVERAGE         67                        74     -7

PRECIPITATION (IN)
  YESTERDAY        0.62          1.08 1982   0.10   0.52
  MONTH TO DATE    2.83                      2.56   0.27
  SINCE JUN 1      4.72                      4.69   0.03
  SINCE JAN 1      6.49                      9.16  -2.67

SNOWFALL (IN)
  YESTERDAY        0.0
  MONTH TO DATE    0.0
  SINCE JUN 1      0.0
  SINCE JUL 1      0.0

DEGREE DAYS
 HEATING
  YESTERDAY        0                         0      0
  MONTH TO DATE    0                         0      0
  SINCE JUN 1     14                        23     -9
  SINCE JUL 1      0                         0      0

 COOLING
  YESTERDAY        2                        10     -8
  MONTH TO DATE  336                       296     40
  SINCE JUN 1    581                       479    102
  SINCE JAN 1    676                       530    146
...............................................................


WIND (MPH)
  HIGHEST WIND SPEED    29   HIGHEST WIND DIRECTION     N (20)
  HIGHEST GUST SPEED    35   HIGHEST GUST DIRECTION     N (10)
  AVERAGE WIND SPEED    16.3


SKY COVER
  AVERAGE SKY COVER 0.9


WEATHER CONDITIONS
 THE FOLLOWING WEATHER WAS RECORDED YESTERDAY.
  THUNDERSTORM
  HEAVY RAIN
  LIGHT RAIN
  FOG


RELATIVE HUMIDITY (PERCENT)
 HIGHEST    87           200 AM
 LOWEST     61           900 AM
 AVERAGE    74

..........................................................


THE CLAYTON  NM CLIMATE NORMALS FOR TODAY
                         NORMAL    RECORD    YEAR
 MAXIMUM TEMPERATURE (F)   88       101      1923
 MINIMUM TEMPERATURE (F)   61        47      1925


SUNRISE AND SUNSET
JULY 31 2014..........SUNRISE   558 AM MDT   SUNSET   759 PM MDT
AUGUST  1 2014........SUNRISE   559 AM MDT   SUNSET   758 PM MDT


-  INDICATES NEGATIVE NUMBERS.
R  INDICATES RECORD WAS SET OR TIED.
MM INDICATES DATA IS MISSING.
T  INDICATES TRACE AMOUNT.

$$
