000
CDUS45 KABQ 270834
CLICAO


CLIMATE REPORT
NATIONAL WEATHER SERVICE ALBUQUERQUE NM
134 AM MST THU NOV 27 2014


...................................

...THE CLAYTON  NM CLIMATE SUMMARY FOR NOVEMBER 26 2014...

CLIMATE NORMAL PERIOD 1981 TO 2010
CLIMATE RECORD PERIOD 1896 TO 2014


WEATHER ITEM   OBSERVED TIME   RECORD YEAR NORMAL DEPARTURE
                VALUE   (LST)  VALUE       VALUE  FROM
                                                  NORMAL
...............................................................
TEMPERATURE (F)
 YESTERDAY
  MAXIMUM         48    223 PM  78    1977  52     -4
  MINIMUM         25    638 AM   3    1952  26     -1
  AVERAGE         37                        39     -2

PRECIPITATION (IN)
  YESTERDAY        0.00          0.40 1898   0.01  -0.01
  MONTH TO DATE    0.57                      0.41   0.16
  SINCE SEP 1      4.36                      3.19   1.17
  SINCE JAN 1     12.89                     15.39  -2.50

SNOWFALL (IN)
  YESTERDAY        0.0
  MONTH TO DATE    2.6
  SINCE SEP 1      2.6
  SINCE JUL 1      2.6

DEGREE DAYS
 HEATING
  YESTERDAY       28                        26      2
  MONTH TO DATE  644                       534    110
  SINCE SEP 1    905                       938    -33
  SINCE JUL 1    905                       944    -39

 COOLING
  YESTERDAY        0                         0      0
  MONTH TO DATE    0                         0      0
  SINCE SEP 1    126                       112     14
  SINCE JAN 1   1130                       909    221
...............................................................


WIND (MPH)
  HIGHEST WIND SPEED    28   HIGHEST WIND DIRECTION     N (10)
  HIGHEST GUST SPEED    31   HIGHEST GUST DIRECTION     N (10)
  AVERAGE WIND SPEED    10.3


SKY COVER
  AVERAGE SKY COVER 0.0


WEATHER CONDITIONS
 THE FOLLOWING WEATHER WAS RECORDED YESTERDAY.
  NO SIGNIFICANT WEATHER WAS OBSERVED.


RELATIVE HUMIDITY (PERCENT)
 HIGHEST    85           500 AM
 LOWEST     42           100 PM
 AVERAGE    64

..........................................................


THE CLAYTON  NM CLIMATE NORMALS FOR TODAY
                         NORMAL    RECORD    YEAR
 MAXIMUM TEMPERATURE (F)   52        78      1949
 MINIMUM TEMPERATURE (F)   25       -10      1976


SUNRISE AND SUNSET
NOVEMBER 27 2014......SUNRISE   642 AM MST   SUNSET   438 PM MST
NOVEMBER 28 2014......SUNRISE   643 AM MST   SUNSET   438 PM MST


-  INDICATES NEGATIVE NUMBERS.
R  INDICATES RECORD WAS SET OR TIED.
MM INDICATES DATA IS MISSING.
T  INDICATES TRACE AMOUNT.




$$
