000
CDUS45 KABQ 010829
CLICAO


CLIMATE REPORT
NATIONAL WEATHER SERVICE ALBUQUERQUE NM
226 AM MDT SUN MAY 1 2016


...................................

...THE CLAYTON  NM CLIMATE SUMMARY FOR APRIL 30 2016...

CLIMATE NORMAL PERIOD 1981 TO 2010
CLIMATE RECORD PERIOD 1896 TO 2016


WEATHER ITEM   OBSERVED TIME   RECORD YEAR NORMAL DEPARTURE
                VALUE   (LST)  VALUE       VALUE  FROM
                                                  NORMAL
...............................................................
TEMPERATURE (F)
 YESTERDAY
  MAXIMUM         56    109 PM  91    2013  71    -15
  MINIMUM         37   1159 PM  23    1909  42     -5
  AVERAGE         47                        57    -10

PRECIPITATION (IN)
  YESTERDAY        0.00          6.20 1914   0.03  -0.03
  MONTH TO DATE    1.91                      0.94   0.97
  SINCE MAR 1      2.10                      1.89   0.21
  SINCE JAN 1      2.54                      2.51   0.03

SNOWFALL (IN)
  YESTERDAY        0.0
  MONTH TO DATE    0.0
  SINCE MAR 1      1.6
  SINCE JUL 1     25.0

DEGREE DAYS
 HEATING
  YESTERDAY       18                         9      9
  MONTH TO DATE  353                       385    -32
  SINCE MAR 1    873                      1029   -156
  SINCE JUL 1   4123                      4706   -583

 COOLING
  YESTERDAY        0                         0      0
  MONTH TO DATE    0                         5     -5
  SINCE MAR 1      0                         6     -6
  SINCE JAN 1      0                         6     -6
...............................................................


WIND (MPH)
  HIGHEST WIND SPEED    32   HIGHEST WIND DIRECTION     N (350)
  HIGHEST GUST SPEED    40   HIGHEST GUST DIRECTION     N (340)
  AVERAGE WIND SPEED    15.4


SKY COVER
  AVERAGE SKY COVER 0.9


WEATHER CONDITIONS
 THE FOLLOWING WEATHER WAS RECORDED YESTERDAY.
  NO SIGNIFICANT WEATHER WAS OBSERVED.


RELATIVE HUMIDITY (PERCENT)
 HIGHEST    82           100 AM
 LOWEST     48           200 PM
 AVERAGE    65

..........................................................


THE CLAYTON  NM CLIMATE NORMALS FOR TODAY
                         NORMAL    RECORD    YEAR
 MAXIMUM TEMPERATURE (F)   72        90      1992
 MINIMUM TEMPERATURE (F)   43        22      1909


SUNRISE AND SUNSET
MAY  1 2016...........SUNRISE   559 AM MDT   SUNSET   741 PM MDT
MAY  2 2016...........SUNRISE   558 AM MDT   SUNSET   742 PM MDT


-  INDICATES NEGATIVE NUMBERS.
R  INDICATES RECORD WAS SET OR TIED.
MM INDICATES DATA IS MISSING.
T  INDICATES TRACE AMOUNT.

$$
