000
CDUS45 KABQ 300830
CLICAO


CLIMATE REPORT
NATIONAL WEATHER SERVICE ALBUQUERQUE NM
228 AM MDT FRI SEP 30 2016


...................................

...THE CLAYTON  NM CLIMATE SUMMARY FOR SEPTEMBER 29 2016...

CLIMATE NORMAL PERIOD 1981 TO 2010
CLIMATE RECORD PERIOD 1896 TO 2016


WEATHER ITEM   OBSERVED TIME   RECORD YEAR NORMAL DEPARTURE
                VALUE   (LST)  VALUE       VALUE  FROM
                                                  NORMAL
...............................................................
TEMPERATURE (F)
 YESTERDAY
  MAXIMUM         78    256 PM  94    2010  74      4
  MINIMUM         46    126 AM  26    1985  47     -1
  AVERAGE         62                        60      2

PRECIPITATION (IN)
  YESTERDAY        0.00          1.43 1945   0.04  -0.04
  MONTH TO DATE    2.63                      1.63   1.00
  SINCE SEP 1      2.63                      1.63   1.00
  SINCE JAN 1     18.39                     13.83   4.56

SNOWFALL (IN)
  YESTERDAY        0.0
  MONTH TO DATE    0.0
  SINCE SEP 1      0.0
  SINCE JUL 1      0.0

DEGREE DAYS
 HEATING
  YESTERDAY        3                         6     -3
  MONTH TO DATE   35                        73    -38
  SINCE SEP 1     35                        73    -38
  SINCE JUL 1     37                        79    -42

 COOLING
  YESTERDAY        0                         1     -1
  MONTH TO DATE  131                       102     29
  SINCE SEP 1    131                       102     29
  SINCE JAN 1   1069                       899    170
...............................................................


WIND (MPH)
  HIGHEST WIND SPEED    18   HIGHEST WIND DIRECTION     S (200)
  HIGHEST GUST SPEED    24   HIGHEST GUST DIRECTION     S (170)
  AVERAGE WIND SPEED     8.5


SKY COVER
  AVERAGE SKY COVER 0.0


WEATHER CONDITIONS
 THE FOLLOWING WEATHER WAS RECORDED YESTERDAY.
  HAZE


RELATIVE HUMIDITY (PERCENT)
 HIGHEST    89           800 AM
 LOWEST     30           300 PM
 AVERAGE    60

..........................................................


THE CLAYTON  NM CLIMATE NORMALS FOR TODAY
                         NORMAL    RECORD    YEAR
 MAXIMUM TEMPERATURE (F)   74        91      2009
                                             1928
 MINIMUM TEMPERATURE (F)   46        28      1985
                                             1984


SUNRISE AND SUNSET
SEPTEMBER 30 2016.....SUNRISE   647 AM MDT   SUNSET   637 PM MDT
OCTOBER  1 2016.......SUNRISE   648 AM MDT   SUNSET   635 PM MDT


-  INDICATES NEGATIVE NUMBERS.
R  INDICATES RECORD WAS SET OR TIED.
MM INDICATES DATA IS MISSING.
T  INDICATES TRACE AMOUNT.

$$
