000
CDUS41 KCAR 010533
CLICAR


CLIMATE REPORT
NATIONAL WEATHER SERVICE CARIBOU, ME
1232 AM EST SUN FEB 1 2015


...................................

...THE CARIBOU ME CLIMATE SUMMARY FOR JANUARY 31 2015...

CLIMATE NORMAL PERIOD 1981 TO 2010
CLIMATE RECORD PERIOD 1939 TO 2015


WEATHER ITEM   OBSERVED TIME   RECORD YEAR NORMAL DEPARTURE LAST
                VALUE   (LST)  VALUE       VALUE  FROM      YEAR
                                                  NORMAL
..................................................................
TEMPERATURE (F)
 YESTERDAY
  MAXIMUM         18   1209 AM  53    2013  20     -2       32
  MINIMUM          3   1159 PM -32    1951   1      2       12
  AVERAGE         11                        10      1       22

PRECIPITATION (IN)
  YESTERDAY        0.31          0.80 2013   0.08   0.23     0.00
  MONTH TO DATE    2.90                      2.71   0.19     3.99
  SINCE DEC 1      8.78                      5.98   2.80     7.57
  SINCE JAN 1      2.90                      2.71   0.19     3.99

SNOWFALL (IN)
  YESTERDAY        4.5           6.9  1984   0.8    3.7      0.0
  MONTH TO DATE   33.7                      25.2    8.5     17.2
  SINCE DEC 1     60.8                      48.1   12.7     62.0
  SINCE JUL 1     89.6                      60.3   29.3     72.1
  SNOW DEPTH      21

DEGREE DAYS
 HEATING
  YESTERDAY       54                        55     -1       43
  MONTH TO DATE 1741                      1701     40     1632
  SINCE DEC 1   3056                      3149    -93     3241
  SINCE JUL 1   5008                      5294   -286     5197

 COOLING
  YESTERDAY        0                         0      0        0
  MONTH TO DATE    0                         0      0        0
  SINCE DEC 1      0                         0      0        0
  SINCE JAN 1      0                         0      0        0
..................................................................


WIND (MPH)
  HIGHEST WIND SPEED    28   HIGHEST WIND DIRECTION    NW (330)
  HIGHEST GUST SPEED    38   HIGHEST GUST DIRECTION    NW (330)
  AVERAGE WIND SPEED    19.2


SKY COVER
  POSSIBLE SUNSHINE  MM
  AVERAGE SKY COVER 0.9


WEATHER CONDITIONS
 THE FOLLOWING WEATHER WAS RECORDED YESTERDAY.
  SNOW
  LIGHT SNOW
  FOG
  BLOWING SNOW


RELATIVE HUMIDITY (PERCENT)
 HIGHEST    88           100 AM
 LOWEST     68          1100 PM
 AVERAGE    78

..........................................................


THE CARIBOU ME CLIMATE NORMALS FOR TODAY
                         NORMAL    RECORD    YEAR
 MAXIMUM TEMPERATURE (F)   20        49      1988
 MINIMUM TEMPERATURE (F)    1       -41      1955


SUNRISE AND SUNSET
FEBRUARY  1 2015......SUNRISE   657 AM EST   SUNSET   435 PM EST
FEBRUARY  2 2015......SUNRISE   656 AM EST   SUNSET   436 PM EST


-  INDICATES NEGATIVE NUMBERS.
R  INDICATES RECORD WAS SET OR TIED.
MM INDICATES DATA IS MISSING.
T  INDICATES TRACE AMOUNT.




$$
