000
CDUS41 KCAR 220528
CLICAR


CLIMATE REPORT
NATIONAL WEATHER SERVICE CARIBOU, ME
1228 AM EST WED NOV 22 2017


...................................

...THE CARIBOU ME CLIMATE SUMMARY FOR NOVEMBER 21 2017...

CLIMATE NORMAL PERIOD 1981 TO 2010
CLIMATE RECORD PERIOD 1939 TO 2017


WEATHER ITEM   OBSERVED TIME   RECORD YEAR NORMAL DEPARTURE LAST
                VALUE   (LST)  VALUE       VALUE  FROM      YEAR
                                                  NORMAL
..................................................................
TEMPERATURE (F)
 YESTERDAY
  MAXIMUM         32   1018 PM  58    1954  36     -4       41
  MINIMUM         10    348 AM  -1    1959  23    -13       30
  AVERAGE         21                        29     -8       36

PRECIPITATION (IN)
  YESTERDAY        0.00          2.01 1986   0.12  -0.12     0.07
  MONTH TO DATE    3.16                      2.55   0.61     1.51
  SINCE SEP 1     12.52                      9.40   3.12     6.53
  SINCE JAN 1     38.38                     34.14   4.24    37.64

SNOWFALL (IN)
  YESTERDAY        0.0          20.9  1986   0.4   -0.4      0.4
  MONTH TO DATE    0.8                       5.9   -5.1      0.4
  SINCE SEP 1      0.8                       7.6   -6.8      0.4
  SINCE JUL 1      0.8                       7.6   -6.8      0.4
  SNOW DEPTH       0

DEGREE DAYS
 HEATING
  YESTERDAY       44                        36      8       29
  MONTH TO DATE  696                       663     33      534
  SINCE SEP 1   1256                      1649   -393     1305
  SINCE JUL 1   1380                      1803   -423     1385

 COOLING
  YESTERDAY        0                         0      0        0
  MONTH TO DATE    0                         0      0        0
  SINCE SEP 1     35                        11     24       22
  SINCE JAN 1    222                       180     42      275
..................................................................


WIND (MPH)
  HIGHEST WIND SPEED    16   HIGHEST WIND DIRECTION     S (170)
  HIGHEST GUST SPEED    20   HIGHEST GUST DIRECTION    SE (150)
  AVERAGE WIND SPEED     6.8


SKY COVER
  POSSIBLE SUNSHINE  MM
  AVERAGE SKY COVER 0.1


WEATHER CONDITIONS
 THE FOLLOWING WEATHER WAS RECORDED YESTERDAY.
  NO SIGNIFICANT WEATHER WAS OBSERVED.


RELATIVE HUMIDITY (PERCENT)
 HIGHEST    85          1000 PM
 LOWEST     50          1200 PM
 AVERAGE    68

..........................................................


THE CARIBOU ME CLIMATE NORMALS FOR TODAY
                         NORMAL    RECORD    YEAR
 MAXIMUM TEMPERATURE (F)   35        52      1999
                                             1992
 MINIMUM TEMPERATURE (F)   22         0      1978


SUNRISE AND SUNSET
NOVEMBER 22 2017......SUNRISE   645 AM EST   SUNSET   351 PM EST
NOVEMBER 23 2017......SUNRISE   647 AM EST   SUNSET   350 PM EST


-  INDICATES NEGATIVE NUMBERS.
R  INDICATES RECORD WAS SET OR TIED.
MM INDICATES DATA IS MISSING.
T  INDICATES TRACE AMOUNT.




$$
