000
CDUS41 KCAR 300526
CLICAR


CLIMATE REPORT
NATIONAL WEATHER SERVICE CARIBOU, ME
125 AM EDT TUE SEP 30 2014


...................................

...THE CARIBOU ME CLIMATE SUMMARY FOR SEPTEMBER 29 2014...

CLIMATE NORMAL PERIOD 1981 TO 2010
CLIMATE RECORD PERIOD 1939 TO 2014


WEATHER ITEM   OBSERVED TIME   RECORD YEAR NORMAL DEPARTURE LAST
                VALUE   (LST)  VALUE       VALUE  FROM      YEAR
                                                  NORMAL
..................................................................
TEMPERATURE (F)
 YESTERDAY
  MAXIMUM         65   1202 AM  80    1987  60      5       74
                                      1959
  MINIMUM         41   1149 PM  23    1980  40      1       43
  AVERAGE         53                        50      3       59

PRECIPITATION (IN)
  YESTERDAY        0.01          0.89 1997   0.11  -0.10     0.00
  MONTH TO DATE    2.59                      3.20  -0.61     7.01
  SINCE SEP 1      2.59                      3.20  -0.61     7.01
  SINCE JAN 1     31.25                     27.94   3.31    40.03

SNOWFALL (IN)
  YESTERDAY        0.0           2.1  1991   0.0    0.0      0.0
  MONTH TO DATE    0.0                       0.1   -0.1      0.0
  SINCE SEP 1      0.0                       0.1   -0.1      0.0
  SINCE JUL 1      0.0                       0.1   -0.1      0.0
  SNOW DEPTH       0

DEGREE DAYS
 HEATING
  YESTERDAY       12                        15     -3        6
  MONTH TO DATE  274                       296    -22      250
  SINCE SEP 1    274                       296    -22      250
  SINCE JUL 1    332                       450   -118      364

 COOLING
  YESTERDAY        0                         0      0        0
  MONTH TO DATE   24                        10     14       13
  SINCE SEP 1     24                        10     14       13
  SINCE JAN 1    265                       179     86      192
..................................................................


WIND (MPH)
  HIGHEST WIND SPEED    20   HIGHEST WIND DIRECTION     N (10)
  HIGHEST GUST SPEED    27   HIGHEST GUST DIRECTION     N (10)
  AVERAGE WIND SPEED    10.1


SKY COVER
  POSSIBLE SUNSHINE  MM
  AVERAGE SKY COVER 1.0


WEATHER CONDITIONS
 THE FOLLOWING WEATHER WAS RECORDED YESTERDAY.
  LIGHT RAIN
  FOG


RELATIVE HUMIDITY (PERCENT)
 HIGHEST    80           800 AM
 LOWEST     60           900 PM
 AVERAGE    70

..........................................................


THE CARIBOU ME CLIMATE NORMALS FOR TODAY
                         NORMAL    RECORD    YEAR
 MAXIMUM TEMPERATURE (F)   59        77      1950
 MINIMUM TEMPERATURE (F)   40        26      1941


SUNRISE AND SUNSET
SEPTEMBER 30 2014.....SUNRISE   629 AM EDT   SUNSET   614 PM EDT
OCTOBER  1 2014.......SUNRISE   631 AM EDT   SUNSET   612 PM EDT


-  INDICATES NEGATIVE NUMBERS.
R  INDICATES RECORD WAS SET OR TIED.
MM INDICATES DATA IS MISSING.
T  INDICATES TRACE AMOUNT.




$$
