000
CDUS41 KCAR 210527
CLICAR


CLIMATE REPORT
NATIONAL WEATHER SERVICE CARIBOU, ME
126 AM EDT FRI JUL 21 2017


...................................

...THE CARIBOU ME CLIMATE SUMMARY FOR JULY 20 2017...

CLIMATE NORMAL PERIOD 1981 TO 2010
CLIMATE RECORD PERIOD 1939 TO 2017


WEATHER ITEM   OBSERVED TIME   RECORD YEAR NORMAL DEPARTURE LAST
                VALUE   (LST)  VALUE       VALUE  FROM      YEAR
                                                  NORMAL
..................................................................
TEMPERATURE (F)
 YESTERDAY
  MAXIMUM         83    314 PM  95    1991  76      7       76
  MINIMUM         62   1140 PM  40    1943  56      6       52
  AVERAGE         73                        66      7       64

PRECIPITATION (IN)
  YESTERDAY        0.40          1.31 1980   0.13   0.27     0.00
  MONTH TO DATE    2.27                      2.70  -0.43     4.24
  SINCE JUN 1      6.66                      6.18   0.48     7.89
  SINCE JAN 1     23.23                     19.60   3.63    23.82

SNOWFALL (IN)
  YESTERDAY        0.0           0.0  2002   0.0    0.0      0.0
                                      2001
  MONTH TO DATE    0.0                       0.0    0.0      0.0
  SINCE JUN 1      0.0                       0.0    0.0      0.0
  SINCE JUL 1      0.0                       0.0    0.0      0.0
  SNOW DEPTH       0

DEGREE DAYS
 HEATING
  YESTERDAY        0                         2     -2        1
  MONTH TO DATE    6                        42    -36       48
  SINCE JUN 1    138                       207    -69      192
  SINCE JUL 1      6                        42    -36       48

 COOLING
  YESTERDAY        8                         3      5        0
  MONTH TO DATE   69                        46     23       50
  SINCE JUN 1    114                        80     34       95
  SINCE JAN 1    120                        85     35      103
..................................................................


WIND (MPH)
  HIGHEST WIND SPEED    25   HIGHEST WIND DIRECTION     N (340)
  HIGHEST GUST SPEED    34   HIGHEST GUST DIRECTION    NW (310)
  AVERAGE WIND SPEED     3.9


SKY COVER
  POSSIBLE SUNSHINE  MM
  AVERAGE SKY COVER 0.1


WEATHER CONDITIONS
 THE FOLLOWING WEATHER WAS RECORDED YESTERDAY.
  THUNDERSTORM
  HEAVY RAIN
  LIGHT RAIN
  FOG


RELATIVE HUMIDITY (PERCENT)
 HIGHEST    93           100 AM
 LOWEST     45           100 PM
 AVERAGE    69

..........................................................


THE CARIBOU ME CLIMATE NORMALS FOR TODAY
                         NORMAL    RECORD    YEAR
 MAXIMUM TEMPERATURE (F)   76        90      1994
 MINIMUM TEMPERATURE (F)   56        44      1992
                                             1989


SUNRISE AND SUNSET
JULY 21 2017..........SUNRISE   459 AM EDT   SUNSET   817 PM EDT
JULY 22 2017..........SUNRISE   500 AM EDT   SUNSET   816 PM EDT


-  INDICATES NEGATIVE NUMBERS.
R  INDICATES RECORD WAS SET OR TIED.
MM INDICATES DATA IS MISSING.
T  INDICATES TRACE AMOUNT.

-------------------------------------------------------------------
THE CARIBOU ME 4 INCH UNDER SOD SOIL TEMPERATURES FOR JULY 20 2017

MAXIMUM 80F
MINIMUM 72F


$$
