828
CDAK48 PACD 301145
CLICDB

CLIMATE REPORT
NATIONAL WEATHER SERVICE COLD BAY, AK
345 AM AKDT SAT JUL 30 2016

...................................
...THE COLD BAY AP CLIMATE SUMMARY FOR JULY 29 2016...

CLIMATE NORMAL PERIOD  1981 TO  2010
CLIMATE RECORD PERIOD  1942 TO  2016

WEATHER ITEM   OBSERVED TIME    RECORD YEAR NORMAL DEPARTURE LAST
               VALUE    (LST)   VALUE       VALUE  FROM      YEAR
                                                   NORMAL
...................................................................
TEMPERATURE
YESTERDAY
 MAXIMUM            63  0427 PM    67  1956     56       7     56
 MINIMUM            44  0526 AM    40  1949     48      -4     48
 AVERAGE            54                          52       2     52

PRECIPITATION
(INCHES)
 YESTERDAY        0.00           1.17  1943   0.09   -0.09      T
 MONTH TO DATE    1.58                        2.29   -0.71   2.44
 SINCE JUN 1      3.31                        5.01   -1.70   3.55
 SINCE JAN 1     15.73                       18.87   -3.14  16.40

SNOWFALL
(INCHES)
 YESTERDAY         0.0            0.0  2016    0.0     0.0    0.0
 MONTH TO DATE     0.0                         0.0     0.0    0.0
 SINCE JUN 1       0.0                         0.0     0.0    0.0
 SINCE JUL 1       0.0                         0.0     0.0    0.0
 SNOW DEPTH (IN)     0                                          0

DEGREE DAYS
 HEATING
  YESTERDAY         11                          13      -2     13
  MONTH TO DATE    290                         412    -122    381
  SINCE JUN 1      757                         974    -217    841
  SINCE JUL 1      290                         412    -122    381

 COOLING
  YESTERDAY          0                           0       0      0
  MONTH TO DATE      0                           0       0      0
  SINCE JUN 1        0                           0       0      0
  SINCE JAN 1        0                           0       0      0
...................................................................

WIND (MPH)
 HIGHEST WIND SPEED    24     HIGHEST WIND DIRECTION    140
 HIGHEST GUST SPEED    28     HIGHEST GUST DIRECTION    130
 AVERAGE WIND SPEED  10.8

WEATHER CONDITIONS
 THE FOLLOWING WEATHER WAS RECORDED YESTERDAY.
  NO SIGNIFICANT WEATHER WAS OBSERVED.

...................................................................

THE COLD BAY CLIMATE NORMALS FOR TODAY
                           NORMAL    RECORD   YEAR
 MAXIMUM TEMPERATURE (F)     57        70     2014
 MINIMUM TEMPERATURE (F)     48        38     1982

SUNRISE AND SUNSET
 JUL 30 2016..........SUNRISE  6:57 AM      SUNSET 10:57 PM
 JUL 31 2016..........SUNRISE  6:59 AM      SUNSET 10:55 PM

-  INDICATES NEGATIVE NUMBERS.
R  INDICATES RECORD HAS BEEN SET OR TIED.
MM INDICATES DATA IS MISSING.
T  INDICATES TRACE OF PRECIPITATION.

&&
-------------------------------------------------------------------

AMOUNT OF DAYLIGHT TODAY  (HOUR:MIN)........16 HOURS 0 MINUTES
LOSS SINCE YESTERDAY (HOUR:MIN:SEC).........-0:03:39

$$
RCS JUL 16
