000
CDAK48 PACD 011216
CLICDB

CLIMATE REPORT
NATIONAL WEATHER SERVICE COLD BAY, AK
416 AM AKDT WED JUL 1 2015

...................................
...THE COLD BAY AP CLIMATE SUMMARY FOR JUNE 30 2015...

CLIMATE NORMAL PERIOD  1981 TO  2010
CLIMATE RECORD PERIOD  1942 TO  2015

WEATHER ITEM   OBSERVED TIME    RECORD YEAR NORMAL DEPARTURE LAST
               VALUE    (LST)   VALUE       VALUE  FROM      YEAR
                                                   NORMAL
...................................................................
TEMPERATURE
YESTERDAY
 MAXIMUM            62  0308 PM    62  2015     54       8     55
 MINIMUM            47  0819 AM    37  1971     44       3     47
 AVERAGE            55                          49       6     51

PRECIPITATION
(INCHES)
 YESTERDAY        0.00           0.41  1987   0.08   -0.08   0.03
 MONTH TO DATE    1.11                        2.72   -1.61   1.05
 SINCE JUN 1      1.11                        2.72   -1.61   1.05
 SINCE JAN 1     13.96                       16.58   -2.62  13.03

SNOWFALL
(INCHES)
 YESTERDAY         0.0            0.0  2015    0.0     0.0    0.0
 MONTH TO DATE     0.0                         0.0     0.0    0.0
 SINCE JUN 1       0.0                         0.0     0.0    0.0
 SINCE JUL 1      22.3                        73.1   -50.8   37.3
 SNOW DEPTH (IN)     0                                          0

DEGREE DAYS
 HEATING
  YESTERDAY         10                          16      -6     14
  MONTH TO DATE    460                         562    -102    445
  SINCE JUN 1      460                         562    -102    445
  SINCE JUL 1     8338                        9560   -1222   7946

 COOLING
  YESTERDAY          0                           0       0      0
  MONTH TO DATE      0                           0       0      0
  SINCE JUN 1        0                           0       0      0
  SINCE JAN 1        0                           0       0      0
...................................................................

WIND (MPH)
 HIGHEST WIND SPEED    14     HIGHEST WIND DIRECTION    320
 HIGHEST GUST SPEED    19     HIGHEST GUST DIRECTION    330
 AVERAGE WIND SPEED   6.8

WEATHER CONDITIONS
 THE FOLLOWING WEATHER WAS RECORDED YESTERDAY.
   FOG

...................................................................

THE COLD BAY CLIMATE NORMALS FOR TODAY
                           NORMAL    RECORD   YEAR
 MAXIMUM TEMPERATURE (F)     54        64     2006
 MINIMUM TEMPERATURE (F)     45        38     1971

SUNRISE AND SUNSET
 JUL 1 2015..........SUNRISE  6:16 AM      SUNSET 11:35 PM
 JUL 2 2015..........SUNRISE  6:16 AM      SUNSET 11:34 PM

-  INDICATES NEGATIVE NUMBERS.
R  INDICATES RECORD HAS BEEN SET OR TIED.
MM INDICATES DATA IS MISSING.
T  INDICATES TRACE OF PRECIPITATION.

&&
-------------------------------------------------------------------

AMOUNT OF DAYLIGHT TODAY  (HOUR:MIN)........17 HOURS 19 MINUTES
LOSS SINCE YESTERDAY (HOUR:MIN:SEC).........-0:01:11

$$
DK JUL 15
