000
CDAK48 PACD 271115
CLICDB

CLIMATE REPORT
NATIONAL WEATHER SERVICE COLD BAY, AK
215 AM AKST TUE JAN 27 2015

...................................
...THE COLD BAY AP CLIMATE SUMMARY FOR JANUARY 26 2015...

CLIMATE NORMAL PERIOD  1981 TO  2010
CLIMATE RECORD PERIOD  1942 TO  2015

WEATHER ITEM   OBSERVED TIME    RECORD YEAR NORMAL DEPARTURE LAST
               VALUE    (LST)   VALUE       VALUE  FROM      YEAR
                                                   NORMAL
...................................................................
TEMPERATURE
YESTERDAY
 MAXIMUM            41  0346 PM    46  1963     33       8     44
 MINIMUM            35  0734 PM     0  2006     23      12     40
 AVERAGE            38                          28      10     42

PRECIPITATION
(INCHES)
 YESTERDAY        0.12           1.77  1972   0.10    0.02   0.16
 MONTH TO DATE    1.41                        2.66   -1.25   3.40
 SINCE DEC 1      4.33                        7.12   -2.79   7.71
 SINCE JAN 1      1.41                        2.66   -1.25   3.40

SNOWFALL
(INCHES)
 YESTERDAY           T            2.3  1956    0.4    -0.4    0.0
 MONTH TO DATE     1.5                        11.9   -10.4    3.6
 SINCE DEC 1       3.8                        24.5   -20.7   10.9
 SINCE JUL 1       7.7                        37.1   -29.4   14.5
 SNOW DEPTH (IN)     0                                          0

DEGREE DAYS
 HEATING
  YESTERDAY         27                          37     -10     23
  MONTH TO DATE    877                         954     -77    719
  SINCE DEC 1     1843                        2005    -162   1549
  SINCE JUL 1     4355                        5031    -676   4065

 COOLING
  YESTERDAY          0                           0       0      0
  MONTH TO DATE      0                           0       0      0
  SINCE DEC 1        0                           0       0      0
  SINCE JAN 1        0                           0       0      0
...................................................................

WIND (MPH)
 HIGHEST WIND SPEED    35     HIGHEST WIND DIRECTION    120
 HIGHEST GUST SPEED    43     HIGHEST GUST DIRECTION    120
 AVERAGE WIND SPEED  17.6


WEATHER CONDITIONS
 THE FOLLOWING WEATHER WAS RECORDED YESTERDAY.
  RAIN
  SNOW


...................................................................

THE COLD BAY CLIMATE NORMALS FOR TODAY
                           NORMAL    RECORD   YEAR
 MAXIMUM TEMPERATURE (F)     33        48     1963
 MINIMUM TEMPERATURE (F)     23        -5     1989

SUNRISE AND SUNSET
 JAN 27 2015..........SUNRISE  9:52 AM      SUNSET  6:17 PM
 JAN 28 2015..........SUNRISE  9:50 AM      SUNSET  6:19 PM

-  INDICATES NEGATIVE NUMBERS.
R  INDICATES RECORD HAS BEEN SET OR TIED.
MM INDICATES DATA IS MISSING.
T  INDICATES TRACE OF PRECIPITATION.

&&
-------------------------------------------------------------------

AMOUNT OF DAYLIGHT TODAY  (HOUR:MIN)........8 HOURS 25 MINUTES
GAIN SINCE YESTERDAY (HOUR:MIN:SEC).........+0:03:40

$$
JEG JAN 15
