000
CDAK48 PACD 171321
CLICDB

CLIMATE REPORT
NATIONAL WEATHER SERVICE COLD BAY, AK
521 AM AKDT THU APR 17 2014

...................................
...THE COLD BAY AP CLIMATE SUMMARY FOR APRIL 16 2014...

CLIMATE NORMAL PERIOD  1981 TO  2010
CLIMATE RECORD PERIOD  1955 TO  2014

WEATHER ITEM   OBSERVED TIME    RECORD YEAR NORMAL DEPARTURE LAST
               VALUE    (LST)   VALUE       VALUE  FROM      YEAR
                                                   NORMAL
...................................................................
TEMPERATURE
YESTERDAY
 MAXIMUM            48  0443 PM    50  1979     39       9     40
 MINIMUM            34  1111 PM    15  1956     29       5     33
 AVERAGE            41                          34       7     37

PRECIPITATION
(INCHES)
 YESTERDAY           T           0.58  1957   0.08   -0.08   0.25
 MONTH TO DATE    1.44                        1.31    0.13   1.22
 SINCE MAR 1      2.83                        4.01   -1.18   3.90
 SINCE JAN 1     11.28                       10.15    1.13   9.81

SNOWFALL
(INCHES)
 YESTERDAY         0.0            1.6  2006    0.2    -0.2      T
 MONTH TO DATE     1.0                         4.4    -3.4    2.1
 SINCE MAR 1       7.8                        17.4    -9.6   12.4
 SINCE JUL 1      36.9                        69.6   -32.7   64.2
 SNOW DEPTH (IN)     0                                          0

DEGREE DAYS
 HEATING
  YESTERDAY         24                          31      -7     28
  MONTH TO DATE    421                         519     -98    550
  SINCE MAR 1     1385                        1598    -213   1604
  SINCE JUL 1     6529                        7822   -1293     MM

 COOLING
  YESTERDAY          0                           0       0      0
  MONTH TO DATE      0                           0       0      0
  SINCE MAR 1        0                           0       0      0
  SINCE JAN 1        0                           0       0      0
...................................................................

WIND (MPH)
 HIGHEST WIND SPEED    21     HIGHEST WIND DIRECTION    160
 HIGHEST GUST SPEED    25     HIGHEST GUST DIRECTION    160
 AVERAGE WIND SPEED  15.3

WEATHER CONDITIONS
 THE FOLLOWING WEATHER WAS RECORDED YESTERDAY.
 RAIN
...................................................................

THE COLD BAY CLIMATE NORMALS FOR TODAY
                           NORMAL    RECORD   YEAR
 MAXIMUM TEMPERATURE (F)     39        53     1979
 MINIMUM TEMPERATURE (F)     29        20     1997

SUNRISE AND SUNSET
 APR 17 2014..........SUNRISE  7:42 AM      SUNSET 10:01 PM
 APR 18 2014..........SUNRISE  7:40 AM      SUNSET 10:03 PM

-  INDICATES NEGATIVE NUMBERS.
R  INDICATES RECORD HAS BEEN SET OR TIED.
MM INDICATES DATA IS MISSING.
T  INDICATES TRACE OF PRECIPITATION.

&&
-------------------------------------------------------------------

AMOUNT OF DAYLIGHT TODAY  (HOUR:MIN)........14 HOURS 19 MINUTES
GAIN SINCE YESTERDAY (HOUR:MIN:SEC)....+0:04:23

$$
STACY
