000
CDAK48 PAFC 250113
CLICDB


CLIMATE REPORT
NATIONAL WEATHER SERVICE ANCHORAGE, AK
413 PM AKST FRI NOV 24 2017


...................................

...THE COLD BAY CLIMATE SUMMARY FOR NOVEMBER 24 2017...
VALID TODAY AS OF 0400 PM LOCAL TIME.

CLIMATE NORMAL PERIOD 1981 TO 2010
CLIMATE RECORD PERIOD 1942 TO 2017


WEATHER ITEM   OBSERVED TIME   RECORD YEAR NORMAL DEPARTURE LAST
                VALUE   (LST)  VALUE       VALUE  FROM      YEAR
                                                  NORMAL
..................................................................
TEMPERATURE (F)
 TODAY
  MAXIMUM         40    259 PM  52    1970  38      2       44
  MINIMUM         33    220 AM  15    1945  29      4       24
  AVERAGE         37                        33      4       34

PRECIPITATION (IN)
  TODAY            0.05          0.83 1983   0.18  -0.13     0.06
  MONTH TO DATE    1.47                      3.95  -2.48     2.62
  SINCE SEP 1      9.96                     13.44  -3.48    15.54
  SINCE JAN 1     29.52                     36.18  -6.66    34.84

SNOWFALL (IN)
  TODAY            T             4.4  1984   0.4   -0.4       T
  MONTH TO DATE    T                         7.7   -7.7       T
  SINCE SEP 1      2.1                      10.1   -8.0      1.5
  SINCE JUL 1      2.1                      10.1   -8.0      1.5
  SNOW DEPTH       0

DEGREE DAYS
 HEATING
  TODAY           28                        32     -4       31
  MONTH TO DATE  623                       721    -98      695
  SINCE SEP 1   1819                      1989   -170     1706
  SINCE JUL 1   2570                      2828   -258     2177

 COOLING
  TODAY            0                         0      0        0
  MONTH TO DATE    0                         0      0        0
  SINCE SEP 1      0                         0      0        0
  SINCE JAN 1      0                         0      0        0
..................................................................


WIND (MPH)
  RESULTANT WIND SPEED  22   RESULTANT WIND DIRECTION  NW (310)
  HIGHEST WIND SPEED    35   HIGHEST WIND DIRECTION    NW (310)
  HIGHEST GUST SPEED    42   HIGHEST GUST DIRECTION    NW (310)
  AVERAGE WIND SPEED    22.8



WEATHER CONDITIONS
 THE FOLLOWING WEATHER WAS RECORDED TODAY.
  RAIN
  LIGHT RAIN
  LIGHT SNOW
  FOG


RELATIVE HUMIDITY (PERCENT)
 HIGHEST    92
 LOWEST     69
 AVERAGE    81

..........................................................


THE COLD BAY CLIMATE NORMALS FOR TOMORROW
                         NORMAL    RECORD    YEAR
 MAXIMUM TEMPERATURE (F)   38        53      1981
 MINIMUM TEMPERATURE (F)   29        10      1988


SUNRISE AND SUNSET
NOVEMBER 24 2017......SUNRISE   942 AM AKST  SUNSET   533 PM AKST
NOVEMBER 25 2017......SUNRISE   944 AM AKST  SUNSET   532 PM AKST


-  INDICATES NEGATIVE NUMBERS.
R  INDICATES RECORD WAS SET OR TIED.
MM INDICATES DATA IS MISSING.
T  INDICATES TRACE AMOUNT.




$$
