000
CDUS45 KSLC 281241
CLICDC


CLIMATE REPORT
NATIONAL WEATHER SERVICE SALT LAKE CITY UT
641 AM MDT WED JUN 28 2017


...................................

...THE CEDAR CITY UT CLIMATE SUMMARY FOR JUNE 27 2017...

CLIMATE NORMAL PERIOD 1981 TO 2010
CLIMATE RECORD PERIOD 1928 TO 2017


WEATHER ITEM   OBSERVED TIME   RECORD YEAR NORMAL DEPARTURE LAST
                VALUE   (LST)  VALUE       VALUE  FROM      YEAR
                                                  NORMAL
..................................................................
TEMPERATURE (F)
 YESTERDAY
  MAXIMUM         94    227 PM 100    2016  87      7      100
  MINIMUM         55    418 AM  40    1965  52      3       53
  AVERAGE         75                        70      5       77

PRECIPITATION (IN)
  YESTERDAY        0.00          0.08 1981   0.01  -0.01     0.00
  MONTH TO DATE    0.00                      0.49  -0.49     0.04
  SINCE OCT 1      8.25                      8.64  -0.39     7.98
  SINCE JAN 1      5.42                      5.53  -0.11     4.42

DEGREE DAYS
 HEATING
  YESTERDAY        0                         1     -1        0
  MONTH TO DATE   23                        75    -52        4
  SINCE JUN 1     23                        75    -52        4
  SINCE JUL 1   5447                      6254   -807     5879

 COOLING
  YESTERDAY       10                         5      5       12
  MONTH TO DATE  175                        76     99      198
  SINCE JUN 1    175                        76     99      198
  SINCE JAN 1    180                        84     96      201
..................................................................


WIND (MPH)
  RESULTANT WIND SPEED   9   RESULTANT WIND DIRECTION  SW (210)
  HIGHEST WIND SPEED    23   HIGHEST WIND DIRECTION    SW (230)
  HIGHEST GUST SPEED    32   HIGHEST GUST DIRECTION     S (200)
  AVERAGE WIND SPEED     9.9



WEATHER CONDITIONS
 THE FOLLOWING WEATHER WAS RECORDED YESTERDAY.
  NO SIGNIFICANT WEATHER WAS OBSERVED.


RELATIVE HUMIDITY (PERCENT)
 HIGHEST    25           700 AM
 LOWEST      6          1100 AM
 AVERAGE    16

..........................................................


THE CEDAR CITY UT CLIMATE NORMALS FOR TODAY
                         NORMAL    RECORD    YEAR
 MAXIMUM TEMPERATURE (F)   87       101      2013
                                             1976
 MINIMUM TEMPERATURE (F)   52        36      1991


SUNRISE AND SUNSET
JUNE 28 2017..........SUNRISE   613 AM MDT   SUNSET   858 PM MDT
JUNE 29 2017..........SUNRISE   614 AM MDT   SUNSET   858 PM MDT


-  INDICATES NEGATIVE NUMBERS.
R  INDICATES RECORD WAS SET OR TIED.
MM INDICATES DATA IS MISSING.
T  INDICATES TRACE AMOUNT.




$$
