198
CDUS45 KSLC 170032
CLICDC


CLIMATE REPORT
NATIONAL WEATHER SERVICE SALT LAKE CITY UT
531 PM MST SAT DEC 16 2017


...................................

...THE CEDAR CITY UT CLIMATE SUMMARY FOR DECEMBER 16 2017...
VALID TODAY AS OF 0500 PM LOCAL TIME.

CLIMATE NORMAL PERIOD 1981 TO 2010
CLIMATE RECORD PERIOD 1928 TO 2017


WEATHER ITEM   OBSERVED TIME   RECORD YEAR NORMAL DEPARTURE LAST
                VALUE   (LST)  VALUE       VALUE  FROM      YEAR
                                                  NORMAL
..................................................................
TEMPERATURE (F)
 TODAY
  MAXIMUM         47    141 PM  66    1958  41      6       50
  MINIMUM         25    913 AM  -1    2001  16      9       28
  AVERAGE         36                        28      8       39

PRECIPITATION (IN)
  TODAY            0.00          0.31 2016   0.03  -0.03     0.31
  MONTH TO DATE    0.00                      0.42  -0.42     0.31
  SINCE OCT 1      0.21                      2.69  -2.48     2.02
  SINCE JAN 1      9.21                     10.89  -1.68     9.94

DEGREE DAYS
 HEATING
  TODAY           29                        37     -8       26
  MONTH TO DATE  521                       567    -46      484
  SINCE DEC 1    521                       567    -46      484
  SINCE JUL 1   1720                      2009   -289     1581

 COOLING
  TODAY            0                         0      0        0
  MONTH TO DATE    0                         0      0        0
  SINCE DEC 1      0                         0      0        0
  SINCE JAN 1    865                       588    277      826
..................................................................


WIND (MPH)
  RESULTANT WIND SPEED   2   RESULTANT WIND DIRECTION  NW (330)
  HIGHEST WIND SPEED    16   HIGHEST WIND DIRECTION     N (340)
  HIGHEST GUST SPEED    20   HIGHEST GUST DIRECTION     S (190)
  AVERAGE WIND SPEED     6.9



WEATHER CONDITIONS
 THE FOLLOWING WEATHER WAS RECORDED TODAY.
  NO SIGNIFICANT WEATHER WAS OBSERVED.


RELATIVE HUMIDITY (PERCENT)
 HIGHEST    44           400 PM
 LOWEST     14          1200 AM
 AVERAGE    29

..........................................................


THE CEDAR CITY UT CLIMATE NORMALS FOR TOMORROW
                         NORMAL    RECORD    YEAR
 MAXIMUM TEMPERATURE (F)   41        64      1980
 MINIMUM TEMPERATURE (F)   16        -3      2016


SUNRISE AND SUNSET
DECEMBER 16 2017......SUNRISE   741 AM MST   SUNSET   515 PM MST
DECEMBER 17 2017......SUNRISE   742 AM MST   SUNSET   516 PM MST


-  INDICATES NEGATIVE NUMBERS.
R  INDICATES RECORD WAS SET OR TIED.
MM INDICATES DATA IS MISSING.
T  INDICATES TRACE AMOUNT.




$$
