000
CDUS45 KSLC 211227
CLICDC


CLIMATE REPORT
NATIONAL WEATHER SERVICE SALT LAKE CITY UT
626 AM MDT SAT OCT 21 2017


...................................

...THE CEDAR CITY UT CLIMATE SUMMARY FOR OCTOBER 20 2017...

CLIMATE NORMAL PERIOD 1981 TO 2010
CLIMATE RECORD PERIOD 1928 TO 2017


WEATHER ITEM   OBSERVED TIME   RECORD YEAR NORMAL DEPARTURE LAST
                VALUE   (LST)  VALUE       VALUE  FROM      YEAR
                                                  NORMAL
..................................................................
TEMPERATURE (F)
 YESTERDAY
  MAXIMUM         70    143 PM  80    2003  64      6       66
  MINIMUM         29   1158 PM  21    1996  32     -3       23
  AVERAGE         50                        48      2       45

PRECIPITATION (IN)
  YESTERDAY        0.02          1.28 2004   0.05  -0.03     0.00
  MONTH TO DATE    0.03                      0.85  -0.82     0.02
  SINCE OCT 1      0.03                      0.85  -0.82     0.02
  SINCE JAN 1      9.03                      9.05  -0.02     7.94

DEGREE DAYS
 HEATING
  YESTERDAY       15                        17     -2       20
  MONTH TO DATE  275                       266      9      206
  SINCE SEP 1    462                       400     62      319
  SINCE JUL 1    462                       409     53      323

 COOLING
  YESTERDAY        0                         0      0        0
  MONTH TO DATE    0                         0      0        2
  SINCE SEP 1     73                        39     34       33
  SINCE JAN 1    865                       588    277      826
..................................................................


WIND (MPH)
  RESULTANT WIND SPEED  10   RESULTANT WIND DIRECTION  SW (210)
  HIGHEST WIND SPEED    33   HIGHEST WIND DIRECTION     S (200)
  HIGHEST GUST SPEED    43   HIGHEST GUST DIRECTION     S (200)
  AVERAGE WIND SPEED    16.2



WEATHER CONDITIONS
 THE FOLLOWING WEATHER WAS RECORDED YESTERDAY.
  THUNDERSTORM


RELATIVE HUMIDITY (PERCENT)
 HIGHEST    71           500 PM
 LOWEST     22           100 PM
 AVERAGE    47

..........................................................


THE CEDAR CITY UT CLIMATE NORMALS FOR TODAY
                         NORMAL    RECORD    YEAR
 MAXIMUM TEMPERATURE (F)   64        82      2003
 MINIMUM TEMPERATURE (F)   32        17      2007


SUNRISE AND SUNSET
OCTOBER 21 2017.......SUNRISE   747 AM MDT   SUNSET   647 PM MDT
OCTOBER 22 2017.......SUNRISE   748 AM MDT   SUNSET   645 PM MDT


-  INDICATES NEGATIVE NUMBERS.
R  INDICATES RECORD WAS SET OR TIED.
MM INDICATES DATA IS MISSING.
T  INDICATES TRACE AMOUNT.




$$
