000
CDUS45 KSLC 250032
CLICDC


CLIMATE REPORT
NATIONAL WEATHER SERVICE SALT LAKE CITY UT
632 PM MDT TUE MAY 24 2016


...................................

...THE CEDAR CITY UT CLIMATE SUMMARY FOR MAY 24 2016...
VALID TODAY AS OF 0500 PM LOCAL TIME.

CLIMATE NORMAL PERIOD 1981 TO 2010
CLIMATE RECORD PERIOD 1928 TO 2016


WEATHER ITEM   OBSERVED TIME   RECORD YEAR NORMAL DEPARTURE LAST
                VALUE   (LST)  VALUE       VALUE  FROM      YEAR
                                                  NORMAL
..................................................................
TEMPERATURE (F)
 TODAY
  MAXIMUM         69    106 PM  90    2001  75     -6       58
  MINIMUM         44    538 AM  32    2010  41      3       44
                                      1980
  AVERAGE         57                        58     -1       51

PRECIPITATION (IN)
  TODAY            0.00          0.50 1997   0.03  -0.03     0.14
  MONTH TO DATE    0.32                      0.59  -0.27     2.76
  SINCE OCT 1      7.93                      7.97  -0.04     8.58
  SINCE JAN 1      4.37                      4.86  -0.49     6.45

DEGREE DAYS
 HEATING
  TODAY            8                         7      1       14
  MONTH TO DATE  247                       248     -1      302
  SINCE MAR 1   1412                      1572   -160     1470
  SINCE JUL 1   5826                      6134   -308     5308

 COOLING
  TODAY            0                         0      0        0
  MONTH TO DATE    3                         0      3        0
  SINCE MAR 1      3                         0      3        0
  SINCE JAN 1      3                         0      3        0
..................................................................


WIND (MPH)
  RESULTANT WIND SPEED  12   RESULTANT WIND DIRECTION   S (190)
  HIGHEST WIND SPEED    40   HIGHEST WIND DIRECTION     S (200)
  HIGHEST GUST SPEED    54   HIGHEST GUST DIRECTION     S (200)
  AVERAGE WIND SPEED    13.5



WEATHER CONDITIONS
 THE FOLLOWING WEATHER WAS RECORDED TODAY.
  NO SIGNIFICANT WEATHER WAS OBSERVED.


RELATIVE HUMIDITY (PERCENT)
 HIGHEST    45           400 AM
 LOWEST     20           400 PM
 AVERAGE    33

..........................................................


THE CEDAR CITY UT CLIMATE NORMALS FOR TOMORROW
                         NORMAL    RECORD    YEAR
 MAXIMUM TEMPERATURE (F)   76        90      2001
 MINIMUM TEMPERATURE (F)   41        27      2010


SUNRISE AND SUNSET
MAY 24 2016...........SUNRISE   616 AM MDT   SUNSET   843 PM MDT
MAY 25 2016...........SUNRISE   615 AM MDT   SUNSET   844 PM MDT


-  INDICATES NEGATIVE NUMBERS.
R  INDICATES RECORD WAS SET OR TIED.
MM INDICATES DATA IS MISSING.
T  INDICATES TRACE AMOUNT.




$$
