000
CDUS45 KSLC 291243
CLICDC


CLIMATE REPORT
NATIONAL WEATHER SERVICE SALT LAKE CITY UT
633 AM MDT FRI AUG 29 2014


...................................

...THE CEDAR CITY UT CLIMATE SUMMARY FOR AUGUST 28 2014...

CLIMATE NORMAL PERIOD 1981 TO 2010
CLIMATE RECORD PERIOD 1928 TO 2014


WEATHER ITEM   OBSERVED TIME   RECORD YEAR NORMAL DEPARTURE LAST
                VALUE   (LST)  VALUE       VALUE  FROM      YEAR
                                                  NORMAL
..................................................................
TEMPERATURE (F)
 YESTERDAY
  MAXIMUM         84    429 PM  95    2009  85     -1       84
  MINIMUM         47    545 AM  37    1973  52     -5       53
  AVERAGE         66                        69     -3       69

PRECIPITATION (IN)
  YESTERDAY        0.00          0.53 2011   0.03  -0.03     0.00
  MONTH TO DATE    1.24                      1.04   0.20     1.85
  SINCE OCT 1      7.05                     10.56  -3.51    13.88
  SINCE JAN 1      5.11                      7.45  -2.34    11.17

DEGREE DAYS
 HEATING
  YESTERDAY        0                         1     -1        0
  MONTH TO DATE    6                         1      5        3
  SINCE JUN 1     33                        80    -47       14
  SINCE JUL 1      6                         4      2        3

 COOLING
  YESTERDAY        1                         4     -3        4
  MONTH TO DATE  110                       183    -73      160
  SINCE JUN 1    505                       528    -23      612
  SINCE JAN 1    530                       536     -6      614
..................................................................


WIND (MPH)
  RESULTANT WIND SPEED   2   RESULTANT WIND DIRECTION  NE (60)
  HIGHEST WIND SPEED    12   HIGHEST WIND DIRECTION     E (70)
  HIGHEST GUST SPEED    16   HIGHEST GUST DIRECTION    NE (50)
  AVERAGE WIND SPEED     3.3



WEATHER CONDITIONS
 THE FOLLOWING WEATHER WAS RECORDED YESTERDAY.
  NO SIGNIFICANT WEATHER WAS OBSERVED.


RELATIVE HUMIDITY (PERCENT)
 HIGHEST    93           600 AM
 LOWEST     14           600 PM
 AVERAGE    54

..........................................................


THE CEDAR CITY UT CLIMATE NORMALS FOR TODAY
                         NORMAL    RECORD    YEAR
 MAXIMUM TEMPERATURE (F)   85        96      1948
 MINIMUM TEMPERATURE (F)   52        42      2004
                                             1973


SUNRISE AND SUNSET
AUGUST 29 2014........SUNRISE   700 AM MDT   SUNSET   806 PM MDT
AUGUST 30 2014........SUNRISE   701 AM MDT   SUNSET   804 PM MDT


-  INDICATES NEGATIVE NUMBERS.
R  INDICATES RECORD WAS SET OR TIED.
MM INDICATES DATA IS MISSING.
T  INDICATES TRACE AMOUNT.




$$
