000
CDUS45 KSLC 311216
CLICDC


CLIMATE REPORT
NATIONAL WEATHER SERVICE SALT LAKE CITY UT
615 AM MDT FRI JUL 31 2015


...................................

...THE CEDAR CITY UT CLIMATE SUMMARY FOR JULY 30 2015...

CLIMATE NORMAL PERIOD 1981 TO 2010
CLIMATE RECORD PERIOD 1928 TO 2015


WEATHER ITEM   OBSERVED TIME   RECORD YEAR NORMAL DEPARTURE LAST
                VALUE   (LST)  VALUE       VALUE  FROM      YEAR
                                                  NORMAL
..................................................................
TEMPERATURE (F)
 YESTERDAY
  MAXIMUM         94    312 PM  98    2002  90      4       86
  MINIMUM         58    516 AM  47    1950  57      1       55
  AVERAGE         76                        74      2       71

PRECIPITATION (IN)
  YESTERDAY        0.00          0.74 1983   0.04  -0.04     0.00
  MONTH TO DATE    0.40                      0.80  -0.40     0.39
  SINCE OCT 1     10.06                      9.48   0.58     5.76
  SINCE JAN 1      7.93                      6.37   1.56     3.82

DEGREE DAYS
 HEATING
  YESTERDAY        0                         0      0        0
  MONTH TO DATE    1                         0      1        0
  SINCE JUN 1     26                        76    -50       27
  SINCE JUL 1      1                         0      1        0

 COOLING
  YESTERDAY       11                         9      2        6
  MONTH TO DATE  193                       246    -53      288
  SINCE JUN 1    380                       339     41      388
  SINCE JAN 1    382                       347     35      413
..................................................................


WIND (MPH)
  RESULTANT WIND SPEED   0   RESULTANT WIND DIRECTION   N (350)
  HIGHEST WIND SPEED    16   HIGHEST WIND DIRECTION    SW (220)
  HIGHEST GUST SPEED    21   HIGHEST GUST DIRECTION     S (200)
  AVERAGE WIND SPEED     4.6



WEATHER CONDITIONS
 THE FOLLOWING WEATHER WAS RECORDED YESTERDAY.
  NO SIGNIFICANT WEATHER WAS OBSERVED.


RELATIVE HUMIDITY (PERCENT)
 HIGHEST    31           900 PM
 LOWEST      8           400 PM
 AVERAGE    20

..........................................................


THE CEDAR CITY UT CLIMATE NORMALS FOR TODAY
                         NORMAL    RECORD    YEAR
 MAXIMUM TEMPERATURE (F)   90        98      1978
 MINIMUM TEMPERATURE (F)   57        46      1950


SUNRISE AND SUNSET
JULY 31 2015..........SUNRISE   635 AM MDT   SUNSET   842 PM MDT
AUGUST  1 2015........SUNRISE   636 AM MDT   SUNSET   841 PM MDT


-  INDICATES NEGATIVE NUMBERS.
R  INDICATES RECORD WAS SET OR TIED.
MM INDICATES DATA IS MISSING.
T  INDICATES TRACE AMOUNT.




$$
