000
CDUS45 KSLC 301227
CLICDC


CLIMATE REPORT
NATIONAL WEATHER SERVICE SALT LAKE CITY UT
626 AM MDT SUN APR 30 2017


...................................

...THE CEDAR CITY UT CLIMATE SUMMARY FOR APRIL 29 2017...

CLIMATE NORMAL PERIOD 1981 TO 2010
CLIMATE RECORD PERIOD 1928 TO 2017


WEATHER ITEM   OBSERVED TIME   RECORD YEAR NORMAL DEPARTURE LAST
                VALUE   (LST)  VALUE       VALUE  FROM      YEAR
                                                  NORMAL
..................................................................
TEMPERATURE (F)
 YESTERDAY
  MAXIMUM         56    343 PM  82    2007  66    -10       55
  MINIMUM         29   1147 PM  22    1996  35     -6       38
  AVERAGE         43                        50     -7       47

PRECIPITATION (IN)
  YESTERDAY        0.00          0.78 1951   0.03  -0.03     0.05
  MONTH TO DATE    0.86                      1.03  -0.17     1.42
  SINCE OCT 1      7.43                      7.35   0.08     7.40
  SINCE JAN 1      4.60                      4.24   0.36     3.84

DEGREE DAYS
 HEATING
  YESTERDAY       22                        14      8       18
  MONTH TO DATE  523                       538    -15      485
  SINCE MAR 1   1114                      1310   -196     1145
  SINCE JUL 1   5135                      5872   -737     5559

 COOLING
  YESTERDAY        0                         0      0        0
  MONTH TO DATE    0                         0      0        0
  SINCE MAR 1      0                         0      0        0
  SINCE JAN 1      0                         0      0        0
..................................................................


WIND (MPH)
  RESULTANT WIND SPEED  14   RESULTANT WIND DIRECTION   N (10)
  HIGHEST WIND SPEED    26   HIGHEST WIND DIRECTION     N (360)
  HIGHEST GUST SPEED    35   HIGHEST GUST DIRECTION     N (20)
  AVERAGE WIND SPEED    13.8



WEATHER CONDITIONS
 THE FOLLOWING WEATHER WAS RECORDED YESTERDAY.
  NO SIGNIFICANT WEATHER WAS OBSERVED.


RELATIVE HUMIDITY (PERCENT)
 HIGHEST    64          1200 AM
 LOWEST     26           400 PM
 AVERAGE    45

..........................................................


THE CEDAR CITY UT CLIMATE NORMALS FOR TODAY
                         NORMAL    RECORD    YEAR
 MAXIMUM TEMPERATURE (F)   66        83      1981
 MINIMUM TEMPERATURE (F)   36        17      2011


SUNRISE AND SUNSET
APRIL 30 2017.........SUNRISE   638 AM MDT   SUNSET   822 PM MDT
MAY  1 2017...........SUNRISE   636 AM MDT   SUNSET   823 PM MDT


-  INDICATES NEGATIVE NUMBERS.
R  INDICATES RECORD WAS SET OR TIED.
MM INDICATES DATA IS MISSING.
T  INDICATES TRACE AMOUNT.




$$
