000
CDUS45 KCYS 240325
CLICDR


CLIMATE REPORT
NATIONAL WEATHER SERVICE CHEYENNE WY
925 PM MDT SAT JUL 23 2016


...................................

...THE CHADRON NE AIRPORT CLIMATE SUMMARY FOR JULY 23 2016...
VALID TODAY AS OF 0900 PM LOCAL TIME.

CLIMATE NORMAL PERIOD 1981 TO 2010
CLIMATE RECORD PERIOD 1895 TO 2016


WEATHER ITEM   OBSERVED TIME   RECORD YEAR NORMAL DEPARTURE LAST
                VALUE   (LST)  VALUE       VALUE  FROM      YEAR
                                                  NORMAL
..................................................................
TEMPERATURE (F)
 TODAY
  MAXIMUM         95    353 PM 108    1940  91      4       98
  MINIMUM         64    517 AM  46    1990  59      5       55
  AVERAGE         80                        75      5       77

PRECIPITATION (IN)
  TODAY            0.02          2.72 2005   0.07  -0.05     0.00
  MONTH TO DATE    0.74                      1.63  -0.89     2.34
  SINCE JAN 1      9.69                     11.81  -2.12    15.29

DEGREE DAYS
 COOLING
  TODAY           15                        10      5       12
  MONTH TO DATE  259                       196     63      162
  SINCE JUN 1    508                       304    204      295
  SINCE JAN 1    516                       324    192      295
..................................................................


WIND (MPH)
  HIGHEST WIND SPEED    24   HIGHEST WIND DIRECTION     W (270)
  HIGHEST GUST SPEED    30   HIGHEST GUST DIRECTION     W (270)
  AVERAGE WIND SPEED    10.6


SKY COVER
  AVERAGE SKY COVER 0.0


WEATHER CONDITIONS
 THE FOLLOWING WEATHER WAS RECORDED TODAY.
  THUNDERSTORM
  LIGHT RAIN


RELATIVE HUMIDITY (PERCENT)
 HIGHEST    87           400 AM
 LOWEST     19           400 PM
 AVERAGE    53

..........................................................


THE CHADRON NE AIRPORT CLIMATE NORMALS FOR TOMORROW
                         NORMAL    RECORD    YEAR
 MAXIMUM TEMPERATURE (F)   91       109      2003
                                             1952
 MINIMUM TEMPERATURE (F)   59        52      1962
                                             1956


SUNRISE AND SUNSET
JULY 23 2016..........SUNRISE   535 AM MDT   SUNSET   822 PM MDT
JULY 24 2016..........SUNRISE   536 AM MDT   SUNSET   821 PM MDT


-  INDICATES NEGATIVE NUMBERS.
R  INDICATES RECORD WAS SET OR TIED.
MM INDICATES DATA IS MISSING.
T  INDICATES TRACE AMOUNT.




$$
