000
CDUS45 KCYS 260733
CLICDR


CLIMATE REPORT
NATIONAL WEATHER SERVICE CHEYENNE WY
1230 AM MST WED NOV 26 2014


...................................

...THE CHADRON NE AIRPORT CLIMATE SUMMARY FOR NOVEMBER 25 2014...

CLIMATE NORMAL PERIOD 1981 TO 2010
CLIMATE RECORD PERIOD 1895 TO 2014


WEATHER ITEM   OBSERVED TIME   RECORD YEAR NORMAL DEPARTURE LAST
                VALUE   (LST)  VALUE       VALUE  FROM      YEAR
                                                  NORMAL
..................................................................
TEMPERATURE (F)
 YESTERDAY
  MAXIMUM         51    310 PM  74    1960  43      8       43
  MINIMUM         22    201 AM  -9    2010  15      7       21
  AVERAGE         37                        29      8       32

PRECIPITATION (IN)
  YESTERDAY        0.00          1.15 1944   0.02  -0.02     0.00
  MONTH TO DATE    0.10                      0.54  -0.44     0.48
  SINCE JAN 1     18.69                     17.45   1.24    19.10

DEGREE DAYS
 HEATING
  YESTERDAY       28                        36     -8       33
  MONTH TO DATE  864                       744    120      763
  SINCE SEP 1   1433                      1467    -34     1484
  SINCE JUL 1   1447                      1497    -50     1484

 COOLING
  YESTERDAY        0                         0      0        0
  MONTH TO DATE    0                         0      0        0
  SINCE SEP 1     62                        65     -3      149
  SINCE JAN 1    647                       712    -65      917
..................................................................


WIND (MPH)
  HIGHEST WIND SPEED    30   HIGHEST WIND DIRECTION    NW (300)
  HIGHEST GUST SPEED    40   HIGHEST GUST DIRECTION    NW (300)
  AVERAGE WIND SPEED    14.8


SKY COVER
  AVERAGE SKY COVER 0.7


WEATHER CONDITIONS
 THE FOLLOWING WEATHER WAS RECORDED YESTERDAY.
  NO SIGNIFICANT WEATHER WAS OBSERVED.


RELATIVE HUMIDITY (PERCENT)
 HIGHEST    84           200 AM
 LOWEST     32           100 PM
 AVERAGE    58

..........................................................


THE CHADRON NE AIRPORT CLIMATE NORMALS FOR TODAY
                         NORMAL    RECORD    YEAR
 MAXIMUM TEMPERATURE (F)   43        71      1995
 MINIMUM TEMPERATURE (F)   15        -5      1993
                                             1985


SUNRISE AND SUNSET
NOVEMBER 26 2014......SUNRISE   658 AM MST   SUNSET   421 PM MST
NOVEMBER 27 2014......SUNRISE   659 AM MST   SUNSET   421 PM MST


-  INDICATES NEGATIVE NUMBERS.
R  INDICATES RECORD WAS SET OR TIED.
MM INDICATES DATA IS MISSING.
T  INDICATES TRACE AMOUNT.




$$
