000
CDUS45 KCYS 200736
CLICDR


CLIMATE REPORT
NATIONAL WEATHER SERVICE CHEYENNE WY
134 AM MDT SAT SEP 20 2014


...................................

...THE CHADRON NE AIRPORT CLIMATE SUMMARY FOR SEPTEMBER 19 2014...

CLIMATE NORMAL PERIOD 1981 TO 2010
CLIMATE RECORD PERIOD 1895 TO 2014


WEATHER ITEM   OBSERVED TIME   RECORD YEAR NORMAL DEPARTURE LAST
                VALUE   (LST)  VALUE       VALUE  FROM      YEAR
                                                  NORMAL
..................................................................
TEMPERATURE (F)
 YESTERDAY
  MAXIMUM         88    328 PM  95    1998  76     12       71
                                      1984
                                      1941
  MINIMUM         54   1159 PM  23    1991  43     11       39
  AVERAGE         71                        59     12       55

PRECIPITATION (IN)
  YESTERDAY        0.00          1.05 1955   0.06  -0.06     0.00
  MONTH TO DATE    0.60                      1.13  -0.53     0.67
  SINCE JAN 1     15.12                     15.00   0.12    13.03

DEGREE DAYS
 HEATING
  YESTERDAY        0                         7     -7       10
  MONTH TO DATE  120                        80     40       22
  SINCE SEP 1    120                        80     40       22
  SINCE JUL 1    134                       110     24       22

 COOLING
  YESTERDAY        6                         1      5        0
  MONTH TO DATE   35                        54    -19      139
  SINCE SEP 1     35                        54    -19      139
  SINCE JAN 1    620                       701    -81      907
..................................................................


WIND (MPH)
  HIGHEST WIND SPEED    16   HIGHEST WIND DIRECTION    NW (310)
  HIGHEST GUST SPEED    27   HIGHEST GUST DIRECTION     S (200)
  AVERAGE WIND SPEED     6.8


SKY COVER
  AVERAGE SKY COVER 0.0


WEATHER CONDITIONS
 THE FOLLOWING WEATHER WAS RECORDED YESTERDAY.
  NO SIGNIFICANT WEATHER WAS OBSERVED.


RELATIVE HUMIDITY (PERCENT)
 HIGHEST    80           600 AM
 LOWEST     26           300 PM
 AVERAGE    53

..........................................................


THE CHADRON NE AIRPORT CLIMATE NORMALS FOR TODAY
                         NORMAL    RECORD    YEAR
 MAXIMUM TEMPERATURE (F)   76        99      1956
 MINIMUM TEMPERATURE (F)   42        26      1983
                                             1927


SUNRISE AND SUNSET
SEPTEMBER 20 2014.....SUNRISE   638 AM MDT   SUNSET   653 PM MDT
SEPTEMBER 21 2014.....SUNRISE   639 AM MDT   SUNSET   651 PM MDT


-  INDICATES NEGATIVE NUMBERS.
R  INDICATES RECORD WAS SET OR TIED.
MM INDICATES DATA IS MISSING.
T  INDICATES TRACE AMOUNT.




$$
