000
CDUS44 KLUB 180129
CLICDS


CLIMATE REPORT
NATIONAL WEATHER SERVICE LUBBOCK, TX
828 PM CDT THU APR 17 2014


...................................

...THE CHILDRESS CLIMATE SUMMARY FOR APRIL 17 2014...
VALID TODAY AS OF 0800 PM LOCAL TIME.

CLIMATE NORMAL PERIOD 1981 TO 2010
CLIMATE RECORD PERIOD 1893 TO 2014


WEATHER ITEM   OBSERVED TIME   RECORD YEAR NORMAL DEPARTURE LAST
                VALUE   (LST)  VALUE       VALUE  FROM      YEAR
                                                  NORMAL
..................................................................
TEMPERATURE (F)
 TODAY
  MAXIMUM         57   1233 AM  99    2006  77    -20       70
  MINIMUM         48    659 PM  35    1907  48      0       41
  AVERAGE         53                        63    -10       56

PRECIPITATION (IN)
  TODAY            0.01          1.36 1995   0.07  -0.06      T
  MONTH TO DATE    0.01                      1.05  -1.04     0.90
  SINCE MAR 1      0.47                      2.58  -2.11     0.90
  SINCE JAN 1      0.83                      4.36  -3.53     4.24

SNOWFALL (IN)
  TODAY           MM                         0.0             0.0
  MONTH TO DATE    0.0                       0.1              T
  SINCE MAR 1      T                         0.5              T
  SINCE JUL 1      9.5                       6.9             5.5

DEGREE DAYS
 HEATING
  TODAY           12                         5      7        9
  MONTH TO DATE  124                       109     15      169
  SINCE MAR 1    582                       484     98      534
  SINCE JUL 1   3398                      3044    354     2913

 COOLING
  TODAY            0                         2     -2        0
  MONTH TO DATE   33                        29      4       21
  SINCE MAR 1     43                        47     -4       25
  SINCE JAN 1     43                        48     -5       25
..................................................................


WIND (MPH)
  HIGHEST WIND SPEED    16   HIGHEST WIND DIRECTION    NE (30)
  HIGHEST GUST SPEED    24   HIGHEST GUST DIRECTION    SE (120)
  AVERAGE WIND SPEED    11.0


SKY COVER
  POSSIBLE SUNSHINE  MM
  AVERAGE SKY COVER 0.6


WEATHER CONDITIONS
 THE FOLLOWING WEATHER WAS RECORDED TODAY.
  LIGHT RAIN
  FOG


RELATIVE HUMIDITY (PERCENT)
 HIGHEST    89
 LOWEST     43
 AVERAGE    66

..........................................................


THE CHILDRESS CLIMATE NORMALS FOR TOMORROW
                         NORMAL    RECORD    YEAR
 MAXIMUM TEMPERATURE (F)   77       100      2011
 MINIMUM TEMPERATURE (F)   49        33      1953
                                             1944


SUNRISE AND SUNSET
APRIL 17 2014.........SUNRISE   707 AM CDT   SUNSET   815 PM CDT
APRIL 18 2014.........SUNRISE   706 AM CDT   SUNSET   815 PM CDT


-  INDICATES NEGATIVE NUMBERS.
R  INDICATES RECORD WAS SET OR TIED.
MM INDICATES DATA IS MISSING.
T  INDICATES TRACE AMOUNT.




$$
