000
CDUS44 KLUB 062229
CLICDS


CLIMATE REPORT
NATIONAL WEATHER SERVICE LUBBOCK, TX
529 PM CDT FRI MAY 6 2016


...................................

...THE CHILDRESS CLIMATE SUMMARY FOR MAY 6 2016...
VALID TODAY AS OF 0500 PM LOCAL TIME.

CLIMATE NORMAL PERIOD 1981 TO 2010
CLIMATE RECORD PERIOD 1893 TO 2016


WEATHER ITEM   OBSERVED TIME   RECORD YEAR NORMAL DEPARTURE LAST
                VALUE   (LST)  VALUE       VALUE  FROM      YEAR
                                                  NORMAL
..................................................................
TEMPERATURE (F)
 TODAY
  MAXIMUM         88    351 PM 102    2014  82      6       85
  MINIMUM         56    546 AM  39    1898  55      1       59
  AVERAGE         72                        68      4       72

PRECIPITATION (IN)
  TODAY            0.00          2.02 1897   0.09  -0.09      T
  MONTH TO DATE    0.01                      0.49  -0.48     1.08
  SINCE MAR 1      2.78                      4.14  -1.36     6.45
  SINCE JAN 1      4.03                      5.92  -1.89     7.73

SNOWFALL (IN)
  TODAY            0.0          MM      MM   0.0    0.0      0.0
  MONTH TO DATE    0.0                       0.0    0.0      0.0
  SINCE MAR 1      0.0                       0.6   -0.6      2.5
  SINCE JUL 1      7.0                       7.0    0.0      8.0
  SNOW DEPTH       0

DEGREE DAYS
 HEATING
  TODAY            0                         1     -1        0
  MONTH TO DATE   24                        11     13        1
  SINCE MAR 1    349                       539   -190      435
  SINCE JUL 1   2517                      3099   -582     2932

 COOLING
  TODAY            7                         5      2        7
  MONTH TO DATE   12                        27    -15       27
  SINCE MAR 1     73                       117    -44      123
  SINCE JAN 1     75                       118    -43      123
..................................................................


WIND (MPH)
  RESULTANT WIND SPEED  13   RESULTANT WIND DIRECTION   S (160)
  HIGHEST WIND SPEED    25   HIGHEST WIND DIRECTION    SE (140)
  HIGHEST GUST SPEED    31   HIGHEST GUST DIRECTION    SE (140)
  AVERAGE WIND SPEED    13.5


SKY COVER
  AVERAGE SKY COVER 0.0


WEATHER CONDITIONS
 THE FOLLOWING WEATHER WAS RECORDED TODAY.
  NO SIGNIFICANT WEATHER WAS OBSERVED.


RELATIVE HUMIDITY (PERCENT)
 HIGHEST    72           500 AM
 LOWEST     24           300 PM
 AVERAGE    48

..........................................................


THE CHILDRESS CLIMATE NORMALS FOR TOMORROW
                         NORMAL    RECORD    YEAR
 MAXIMUM TEMPERATURE (F)   82       105      2000
 MINIMUM TEMPERATURE (F)   56        40      1960


SUNRISE AND SUNSET
MAY  6 2016...........SUNRISE   646 AM CDT   SUNSET   830 PM CDT
MAY  7 2016...........SUNRISE   645 AM CDT   SUNSET   831 PM CDT


-  INDICATES NEGATIVE NUMBERS.
R  INDICATES RECORD WAS SET OR TIED.
MM INDICATES DATA IS MISSING.
T  INDICATES TRACE AMOUNT.




$$
