000
CDUS44 KLUB 180628
CLICDS


CLIMATE REPORT
NATIONAL WEATHER SERVICE LUBBOCK, TX
127 AM CDT WED OCT 18 2017


...................................

...THE CHILDRESS CLIMATE SUMMARY FOR OCTOBER 17 2017...

CLIMATE NORMAL PERIOD 1981 TO 2010
CLIMATE RECORD PERIOD 1893 TO 2017


WEATHER ITEM   OBSERVED TIME   RECORD YEAR NORMAL DEPARTURE LAST
                VALUE   (LST)  VALUE       VALUE  FROM      YEAR
                                                  NORMAL
..................................................................
TEMPERATURE (F)
 YESTERDAY
  MAXIMUM         81    406 PM  96    2016  76      5       96
                                      1972
  MINIMUM         42    645 AM  34    1976  50     -8       65
                                      1943
  AVERAGE         62                        63     -1       81

PRECIPITATION (IN)
  YESTERDAY        0.00          2.73 1960   0.08  -0.08     0.00
  MONTH TO DATE    1.14                      1.29  -0.15     0.38
  SINCE SEP 1      5.68                      3.71   1.97     3.79
  SINCE JAN 1     23.36                     20.80   2.56    26.57

SNOWFALL (IN)
  YESTERDAY        0.0          MM      MM   0.0    0.0      0.0
  MONTH TO DATE    0.0                       0.0    0.0      0.0
  SINCE SEP 1      0.0                       0.0    0.0      0.0
  SINCE JUL 1      0.0                       0.0    0.0      0.0
  SNOW DEPTH       0

DEGREE DAYS
 HEATING
  YESTERDAY        3                         4     -1        0
  MONTH TO DATE   41                        50     -9       24
  SINCE SEP 1     47                        67    -20       26
  SINCE JUL 1     47                        67    -20       26

 COOLING
  YESTERDAY        0                         2     -2       16
  MONTH TO DATE   94                        57     37      107
  SINCE SEP 1    388                       350     38      426
  SINCE JAN 1   2282                      2181    101     2299
..................................................................


WIND (MPH)
  RESULTANT WIND SPEED  10   RESULTANT WIND DIRECTION   S (180)
  HIGHEST WIND SPEED    21   HIGHEST WIND DIRECTION     S (190)
  HIGHEST GUST SPEED    26   HIGHEST GUST DIRECTION     S (180)
  AVERAGE WIND SPEED    10.3


SKY COVER
  AVERAGE SKY COVER 0.0


WEATHER CONDITIONS
 THE FOLLOWING WEATHER WAS RECORDED YESTERDAY.
  NO SIGNIFICANT WEATHER WAS OBSERVED.


RELATIVE HUMIDITY (PERCENT)
 HIGHEST    82           700 AM
 LOWEST     21           400 PM
 AVERAGE    52

..........................................................


THE CHILDRESS CLIMATE NORMALS FOR TODAY
                         NORMAL    RECORD    YEAR
 MAXIMUM TEMPERATURE (F)   76        92      1943
                                             1932
 MINIMUM TEMPERATURE (F)   49        33      1948


SUNRISE AND SUNSET
OCTOBER 18 2017.......SUNRISE   749 AM CDT   SUNSET   703 PM CDT
OCTOBER 19 2017.......SUNRISE   750 AM CDT   SUNSET   701 PM CDT


-  INDICATES NEGATIVE NUMBERS.
R  INDICATES RECORD WAS SET OR TIED.
MM INDICATES DATA IS MISSING.
T  INDICATES TRACE AMOUNT.




$$
