000
CDUS44 KLUB 300639
CLICDS


CLIMATE REPORT
NATIONAL WEATHER SERVICE LUBBOCK, TX
137 AM CDT SUN APR 30 2017


...................................

...THE CHILDRESS CLIMATE SUMMARY FOR APRIL 29 2017...

CLIMATE NORMAL PERIOD 1981 TO 2010
CLIMATE RECORD PERIOD 1893 TO 2017


WEATHER ITEM   OBSERVED TIME   RECORD YEAR NORMAL DEPARTURE LAST
                VALUE   (LST)  VALUE       VALUE  FROM      YEAR
                                                  NORMAL
..................................................................
TEMPERATURE (F)
 YESTERDAY
  MAXIMUM         57    139 AM  97    1893  80    -23       71
  MINIMUM         40   1135 PM  33    1908  53    -13       49
  AVERAGE         49                        66    -17       60

PRECIPITATION (IN)
  YESTERDAY        0.52          1.52 2009   0.09   0.43     0.02
  MONTH TO DATE    2.53                      2.03   0.50     1.99
  SINCE MAR 1      4.02                      3.56   0.46     2.77
  SINCE JAN 1      8.24                      5.34   2.90     4.02

SNOWFALL (IN)
  YESTERDAY       MM            MM      MM   0.0   MM        0.0
  MONTH TO DATE    0.0                       0.2   -0.2      0.0
  SINCE MAR 1      0.0                       0.6   -0.6      0.0
  SINCE JUL 1      1.5                       7.0   -5.5      7.0
  SNOW DEPTH       0

DEGREE DAYS
 HEATING
  YESTERDAY       16                         2     14        5
  MONTH TO DATE  119                       150    -31       86
  SINCE MAR 1    342                       525   -183      319
  SINCE JUL 1   2290                      3085   -795     2487

 COOLING
  YESTERDAY        0                         4     -4        0
  MONTH TO DATE   77                        68      9       39
  SINCE MAR 1    135                        86     49       61
  SINCE JAN 1    150                        87     63       63
..................................................................


WIND (MPH)
  RESULTANT WIND SPEED  22   RESULTANT WIND DIRECTION   N (350)
  HIGHEST WIND SPEED    39   HIGHEST WIND DIRECTION     N (10)
  HIGHEST GUST SPEED    50   HIGHEST GUST DIRECTION     N (10)
  AVERAGE WIND SPEED    22.8


SKY COVER
  AVERAGE SKY COVER 1.0


WEATHER CONDITIONS
 THE FOLLOWING WEATHER WAS RECORDED YESTERDAY.
  THUNDERSTORM
  HEAVY RAIN
  RAIN
  LIGHT RAIN
  FOG


RELATIVE HUMIDITY (PERCENT)
 HIGHEST    93          1100 AM
 LOWEST     71           200 PM
 AVERAGE    82

..........................................................


THE CHILDRESS CLIMATE NORMALS FOR TODAY
                         NORMAL    RECORD    YEAR
 MAXIMUM TEMPERATURE (F)   80        98      2008
                                             1948
 MINIMUM TEMPERATURE (F)   53        30      1903


SUNRISE AND SUNSET
APRIL 30 2017.........SUNRISE   652 AM CDT   SUNSET   825 PM CDT
MAY  1 2017...........SUNRISE   651 AM CDT   SUNSET   826 PM CDT


-  INDICATES NEGATIVE NUMBERS.
R  INDICATES RECORD WAS SET OR TIED.
MM INDICATES DATA IS MISSING.
T  INDICATES TRACE AMOUNT.




$$
