000
CDUS44 KLUB 120626
CLICDS


CLIMATE REPORT
NATIONAL WEATHER SERVICE LUBBOCK, TX
1226 AM CST TUE DEC 12 2017


...................................

...THE CHILDRESS CLIMATE SUMMARY FOR DECEMBER 11 2017...

CLIMATE NORMAL PERIOD 1981 TO 2010
CLIMATE RECORD PERIOD 1893 TO 2017


WEATHER ITEM   OBSERVED TIME   RECORD YEAR NORMAL DEPARTURE LAST
                VALUE   (LST)  VALUE       VALUE  FROM      YEAR
                                                  NORMAL
..................................................................
TEMPERATURE (F)
 YESTERDAY
  MAXIMUM         72    308 PM  81    1939  55     17       67
  MINIMUM         33    726 AM  13    1932  30      3       38
  AVERAGE         53                        42     11       53

PRECIPITATION (IN)
  YESTERDAY        0.00          1.25 1991   0.03  -0.03     0.00
  MONTH TO DATE    0.00                      0.36  -0.36     1.14
  SINCE DEC 1      0.00                      0.36  -0.36     1.14
  SINCE JAN 1     23.51                     23.37   0.14    29.89

SNOWFALL (IN)
  YESTERDAY        0.0          MM      MM   0.1   -0.1      0.0
  MONTH TO DATE    0.0                       0.6   -0.6      0.0
  SINCE DEC 1      0.0                       0.6   -0.6      0.0
  SINCE JUL 1      0.0                       1.5   -1.5      0.0
  SNOW DEPTH       0

DEGREE DAYS
 HEATING
  YESTERDAY       12                        23    -11       12
  MONTH TO DATE  167                       235    -68      257
  SINCE DEC 1    167                       235    -68      257
  SINCE JUL 1    604                       795   -191      524

 COOLING
  YESTERDAY        0                         0      0        0
  MONTH TO DATE    0                         0      0        0
  SINCE DEC 1      0                         0      0        0
  SINCE JAN 1   2307                      2207    100     2370
..................................................................


WIND (MPH)
  RESULTANT WIND SPEED   7   RESULTANT WIND DIRECTION  NW (330)
  HIGHEST WIND SPEED    20   HIGHEST WIND DIRECTION     N (10)
  HIGHEST GUST SPEED    24   HIGHEST GUST DIRECTION     N (20)
  AVERAGE WIND SPEED     8.9


SKY COVER
  AVERAGE SKY COVER 0.0


WEATHER CONDITIONS
 THE FOLLOWING WEATHER WAS RECORDED YESTERDAY.
  NO SIGNIFICANT WEATHER WAS OBSERVED.


RELATIVE HUMIDITY (PERCENT)
 HIGHEST    40           300 AM
 LOWEST      7           300 PM
 AVERAGE    24

..........................................................


THE CHILDRESS CLIMATE NORMALS FOR TODAY
                         NORMAL    RECORD    YEAR
 MAXIMUM TEMPERATURE (F)   55        77      1973
                                             1937
 MINIMUM TEMPERATURE (F)   30         9      1989
                                             1932


SUNRISE AND SUNSET
DECEMBER 12 2017......SUNRISE   738 AM CST   SUNSET   532 PM CST
DECEMBER 13 2017......SUNRISE   739 AM CST   SUNSET   532 PM CST


-  INDICATES NEGATIVE NUMBERS.
R  INDICATES RECORD WAS SET OR TIED.
MM INDICATES DATA IS MISSING.
T  INDICATES TRACE AMOUNT.




$$
