000
CDUS44 KLUB 190629
CLICDS


CLIMATE REPORT
NATIONAL WEATHER SERVICE LUBBOCK, TX
128 AM CDT SAT AUG 19 2017


...................................

...THE CHILDRESS CLIMATE SUMMARY FOR AUGUST 18 2017...

CLIMATE NORMAL PERIOD 1981 TO 2010
CLIMATE RECORD PERIOD 1893 TO 2017


WEATHER ITEM   OBSERVED TIME   RECORD YEAR NORMAL DEPARTURE LAST
                VALUE   (LST)  VALUE       VALUE  FROM      YEAR
                                                  NORMAL
..................................................................
TEMPERATURE (F)
 YESTERDAY
  MAXIMUM         93    519 PM 110    1945  95     -2       89
  MINIMUM         70    547 AM  59    1943  69      1       69
  AVERAGE         82                        82      0       79

PRECIPITATION (IN)
  YESTERDAY        0.00          2.37 2007   0.08  -0.08     0.00
  MONTH TO DATE    1.98                      1.53   0.45     1.06
  SINCE JUN 1      7.52                      7.43   0.09     7.95
  SINCE JAN 1     16.79                     16.00   0.79    19.81

SNOWFALL (IN)
  YESTERDAY        0.0          MM      MM   0.0    0.0      0.0
  MONTH TO DATE    0.0                       0.0    0.0      0.0
  SINCE JUN 1      0.0                       0.0    0.0      0.0
  SINCE JUL 1      0.0                       0.0    0.0      0.0
  SNOW DEPTH       0

DEGREE DAYS
 HEATING
  YESTERDAY        0                         0      0        0
  MONTH TO DATE    0                         0      0        0
  SINCE JUN 1      0                         2     -2        0
  SINCE JUL 1      0                         0      0        0

 COOLING
  YESTERDAY       17                        17      0       14
  MONTH TO DATE  265                       320    -55      334
  SINCE JUN 1   1366                      1310     56     1441
  SINCE JAN 1   1717                      1622     95     1705
..................................................................


WIND (MPH)
  RESULTANT WIND SPEED   4   RESULTANT WIND DIRECTION   S (160)
  HIGHEST WIND SPEED    17   HIGHEST WIND DIRECTION     S (200)
  HIGHEST GUST SPEED    23   HIGHEST GUST DIRECTION    NE (50)
  AVERAGE WIND SPEED     7.8


SKY COVER
  AVERAGE SKY COVER 0.0


WEATHER CONDITIONS
 THE FOLLOWING WEATHER WAS RECORDED YESTERDAY.
  NO SIGNIFICANT WEATHER WAS OBSERVED.


RELATIVE HUMIDITY (PERCENT)
 HIGHEST    90           200 AM
 LOWEST     41           500 PM
 AVERAGE    66

..........................................................


THE CHILDRESS CLIMATE NORMALS FOR TODAY
                         NORMAL    RECORD    YEAR
 MAXIMUM TEMPERATURE (F)   95       109      1943
 MINIMUM TEMPERATURE (F)   69        60      2015
                                             1943
                                             1939


SUNRISE AND SUNSET
AUGUST 19 2017........SUNRISE   705 AM CDT   SUNSET   824 PM CDT
AUGUST 20 2017........SUNRISE   706 AM CDT   SUNSET   822 PM CDT


-  INDICATES NEGATIVE NUMBERS.
R  INDICATES RECORD WAS SET OR TIED.
MM INDICATES DATA IS MISSING.
T  INDICATES TRACE AMOUNT.




$$
