685
CDUS44 KLUB 180229
CLICDS


CLIMATE REPORT
NATIONAL WEATHER SERVICE LUBBOCK, TX
827 PM CST TUE JAN 17 2017


...................................

...THE CHILDRESS CLIMATE SUMMARY FOR JANUARY 17 2017...
VALID TODAY AS OF 0800 PM LOCAL TIME.

CLIMATE NORMAL PERIOD 1981 TO 2010
CLIMATE RECORD PERIOD 1893 TO 2017


WEATHER ITEM   OBSERVED TIME   RECORD YEAR NORMAL DEPARTURE LAST
                VALUE   (LST)  VALUE       VALUE  FROM      YEAR
                                                  NORMAL
..................................................................
TEMPERATURE (F)
 TODAY
  MAXIMUM         54    346 PM  82    1894  55     -1       49
  MINIMUM         31    511 AM -13    1930  28      3       25
  AVERAGE         43                        41      2       37

PRECIPITATION (IN)
  TODAY            T             1.41 2004   0.02  -0.02     0.00
  MONTH TO DATE    1.54                      0.33   1.21     0.51
  SINCE DEC 1      2.83                      1.24   1.59     1.36
  SINCE JAN 1      1.54                      0.33   1.21     0.51

SNOWFALL (IN)
  TODAY            0.0          MM      MM   0.1   -0.1      0.0
  MONTH TO DATE    1.5                       1.4    0.1      1.2
  SINCE DEC 1      1.5                       3.1   -1.6      6.2
  SINCE JUL 1      1.5                       4.0   -2.5      7.0
  SNOW DEPTH       0

DEGREE DAYS
 HEATING
  TODAY           22                        24     -2       28
  MONTH TO DATE  423                       408     15      435
  SINCE DEC 1   1110                      1121    -11     1026
  SINCE JUL 1   1377                      1681   -304     1479

 COOLING
  TODAY            0                         0      0        0
  MONTH TO DATE    0                         0      0        0
  SINCE DEC 1      0                         0      0        0
  SINCE JAN 1      0                         0      0        0
..................................................................


WIND (MPH)
  RESULTANT WIND SPEED   3   RESULTANT WIND DIRECTION  NW (330)
  HIGHEST WIND SPEED    14   HIGHEST WIND DIRECTION    NW (330)
  HIGHEST GUST SPEED    16   HIGHEST GUST DIRECTION    NW (330)
  AVERAGE WIND SPEED     6.8


SKY COVER
  AVERAGE SKY COVER 0.2


WEATHER CONDITIONS
 THE FOLLOWING WEATHER WAS RECORDED TODAY.
  LIGHT RAIN


RELATIVE HUMIDITY (PERCENT)
 HIGHEST    92           600 AM
 LOWEST     41           200 PM
 AVERAGE    67

..........................................................


THE CHILDRESS CLIMATE NORMALS FOR TOMORROW
                         NORMAL    RECORD    YEAR
 MAXIMUM TEMPERATURE (F)   55        77      2015
                                             2006
 MINIMUM TEMPERATURE (F)   28        -6      1930


SUNRISE AND SUNSET
JANUARY 17 2017.......SUNRISE   747 AM CST   SUNSET   556 PM CST
JANUARY 18 2017.......SUNRISE   746 AM CST   SUNSET   557 PM CST


-  INDICATES NEGATIVE NUMBERS.
R  INDICATES RECORD WAS SET OR TIED.
MM INDICATES DATA IS MISSING.
T  INDICATES TRACE AMOUNT.




$$
