000
CDUS46 KEKA 181210
CLICEC


CLIMATE REPORT
NATIONAL WEATHER SERVICE EUREKA CA
510 AM PDT FRI APR 18 2014


...................................

...THE CRESCENT CITY CA CLIMATE SUMMARY FOR APRIL 17 2014...

CLIMATE NORMAL PERIOD 1981 TO 2010
CLIMATE RECORD PERIOD 1894 TO 2014


WEATHER ITEM   OBSERVED TIME   RECORD YEAR NORMAL DEPARTURE LAST
                VALUE   (LST)  VALUE       VALUE  FROM      YEAR
                                                  NORMAL
..................................................................
TEMPERATURE (F)
 YESTERDAY
  MAXIMUM         53    157 PM  72    1954  54     -1       54
  MINIMUM         46    127 AM  33    1968  44      2       38
  AVERAGE         50                        49      1       46

PRECIPITATION (IN)
  YESTERDAY        0.05          1.56 1967   0.17  -0.12     0.00
  MONTH TO DATE    0.08                      3.44  -3.36     3.05
  SINCE JUL 1     28.02                     57.67 -29.65    50.01
  SINCE JAN 1     19.03                     30.57 -11.54    16.31

SNOWFALL (IN)
  YESTERDAY       MM            MM      MM  MM     MM        0.0
  MONTH TO DATE    0.0                      MM     MM        0.0
  SINCE MAR 1      0.0                      MM     MM        0.0
  SINCE JUL 1      0.0                      MM     MM        0.0
  SNOW DEPTH       0

DEGREE DAYS
 HEATING
  YESTERDAY       15                        16     -1       19
  MONTH TO DATE  238                       272    -34      272
  SINCE MAR 1    669                       785   -116      792
  SINCE JUL 1   3835                      3958   -123     4025

 COOLING
  YESTERDAY        0                         0      0        0
  MONTH TO DATE    0                         0      0        0
  SINCE MAR 1      0                         0      0        0
  SINCE JAN 1      0                         0      0        0
..................................................................


WIND (MPH)
  HIGHEST WIND SPEED     9   HIGHEST WIND DIRECTION    SW (240)
  HIGHEST GUST SPEED    11   HIGHEST GUST DIRECTION    NW (310)
  AVERAGE WIND SPEED     3.3


SKY COVER
  AVERAGE SKY COVER 1.0


WEATHER CONDITIONS
 THE FOLLOWING WEATHER WAS RECORDED YESTERDAY.
  LIGHT RAIN
  FOG


RELATIVE HUMIDITY (PERCENT)
 HIGHEST   100
 LOWEST     93
 AVERAGE    97

..........................................................


THE CRESCENT CITY CA CLIMATE NORMALS FOR TODAY
                         NORMAL    RECORD    YEAR
 MAXIMUM TEMPERATURE (F)   55        69      1950
 MINIMUM TEMPERATURE (F)   44        32      1968


SUNRISE AND SUNSET
APRIL 18 2014.........SUNRISE   632 AM PDT   SUNSET   801 PM PDT
APRIL 19 2014.........SUNRISE   630 AM PDT   SUNSET   802 PM PDT


-  INDICATES NEGATIVE NUMBERS.
R  INDICATES RECORD WAS SET OR TIED.
MM INDICATES DATA IS MISSING.
T  INDICATES TRACE AMOUNT.




$$
