000
CDUS46 KEKA 011210
CLICEC


CLIMATE REPORT
NATIONAL WEATHER SERVICE EUREKA CA
509 AM PDT WED JUL 1 2015


...................................

...THE CRESCENT CITY CA CLIMATE SUMMARY FOR JUNE 30 2015...

CLIMATE NORMAL PERIOD 1981 TO 2010
CLIMATE RECORD PERIOD 1894 TO 2015


WEATHER ITEM   OBSERVED TIME   RECORD YEAR NORMAL DEPARTURE LAST
                VALUE   (LST)  VALUE       VALUE  FROM      YEAR
                                                  NORMAL
..................................................................
TEMPERATURE (F)
 YESTERDAY
  MAXIMUM         60    154 PM  74    1967  61     -1       66
  MINIMUM         52    716 AM  40    1998  50      2       46
  AVERAGE         56                        56      0       56

PRECIPITATION (IN)
  YESTERDAY        0.00          0.41 1989   0.05  -0.05     0.00
  MONTH TO DATE    0.56                      1.73  -1.17     1.56
  SINCE OCT 1     41.77                     62.17 -20.40    28.53
  SINCE JAN 1     20.94                     36.93 -15.99    24.59

SNOWFALL (IN)
  YESTERDAY        0.0          MM      MM  MM     MM        0.0
  MONTH TO DATE    0.0                      MM     MM        0.0
  SINCE JUN 1      0.0                      MM     MM        0.0
  SINCE JUL 1      0.0                      MM     MM        0.0
  SNOW DEPTH       0

DEGREE DAYS
 HEATING
  YESTERDAY        9                        10     -1        9
  MONTH TO DATE  282                       311    -29      321
  SINCE JUN 1    282                       309    -27      321
  SINCE JUL 1   3762                      4860  -1098     4680

 COOLING
  YESTERDAY        0                         0      0        0
  MONTH TO DATE    0                         0      0        0
  SINCE JUN 1      0                         0      0        0
  SINCE JAN 1      0                         0      0        0
..................................................................


WIND (MPH)
  HIGHEST WIND SPEED    15   HIGHEST WIND DIRECTION     S (160)
  HIGHEST GUST SPEED    21   HIGHEST GUST DIRECTION    SE (140)
  AVERAGE WIND SPEED     5.3


SKY COVER
  AVERAGE SKY COVER 1.0


WEATHER CONDITIONS
 THE FOLLOWING WEATHER WAS RECORDED YESTERDAY.
  FOG
  FOG W/VISIBILITY <= 1/4 MILE


RELATIVE HUMIDITY (PERCENT)
 HIGHEST   100
 LOWEST     87
 AVERAGE    94

..........................................................


THE CRESCENT CITY CA CLIMATE NORMALS FOR TODAY
                         NORMAL    RECORD    YEAR
 MAXIMUM TEMPERATURE (F)   61        81      1985
 MINIMUM TEMPERATURE (F)   50        42      1968


SUNRISE AND SUNSET
JULY  1 2015..........SUNRISE   546 AM PDT   SUNSET   856 PM PDT
JULY  2 2015..........SUNRISE   546 AM PDT   SUNSET   855 PM PDT


-  INDICATES NEGATIVE NUMBERS.
R  INDICATES RECORD WAS SET OR TIED.
MM INDICATES DATA IS MISSING.
T  INDICATES TRACE AMOUNT.




$$
