000
CDUS46 KEKA 270011
CLICEC


CLIMATE REPORT
NATIONAL WEATHER SERVICE EUREKA CA
411 PM PST THU FEB 26 2015


...................................

...THE CRESCENT CITY CA CLIMATE SUMMARY FOR FEBRUARY 26 2015...
VALID TODAY AS OF 0400 PM LOCAL TIME.

CLIMATE NORMAL PERIOD 1981 TO 2010
CLIMATE RECORD PERIOD 1894 TO 2015


WEATHER ITEM   OBSERVED TIME   RECORD YEAR NORMAL DEPARTURE LAST
                VALUE   (LST)  VALUE       VALUE  FROM      YEAR
                                                  NORMAL
..................................................................
TEMPERATURE (F)
 TODAY
  MAXIMUM         56   1056 AM  76    1986  54      2       61
  MINIMUM         47    410 AM  26    1996  42      5       46
  AVERAGE         52                        48      4       54

PRECIPITATION (IN)
  TODAY            0.05          3.40 2000   0.30  -0.25     0.45
  MONTH TO DATE    7.32                      8.27  -0.95     9.41
  SINCE OCT 1     29.88                     43.90 -14.02    15.50
  SINCE JAN 1      9.05                     18.66  -9.61    11.56

SNOWFALL (IN)
  TODAY           MM            MM      MM  MM     MM       MM
  MONTH TO DATE    0.0                      MM     MM        0.0
  SINCE DEC 1      0.0                      MM     MM        0.0
  SINCE JUL 1      0.0                      MM     MM        0.0
  SNOW DEPTH       0

..................................................................


WIND (MPH)
  HIGHEST WIND SPEED    22   HIGHEST WIND DIRECTION     N (340)
  HIGHEST GUST SPEED    29   HIGHEST GUST DIRECTION     N (350)
  AVERAGE WIND SPEED    10.7


SKY COVER
  AVERAGE SKY COVER 0.4


WEATHER CONDITIONS
 THE FOLLOWING WEATHER WAS RECORDED TODAY.
  LIGHT RAIN
  FOG


RELATIVE HUMIDITY (PERCENT)
 HIGHEST    93
 LOWEST     77
 AVERAGE    85

..........................................................


THE CRESCENT CITY CA CLIMATE NORMALS FOR TOMORROW
                         NORMAL    RECORD    YEAR
 MAXIMUM TEMPERATURE (F)   54        72      1970
 MINIMUM TEMPERATURE (F)   42        28      1962


SUNRISE AND SUNSET
FEBRUARY 26 2015......SUNRISE   657 AM PST   SUNSET   604 PM PST
FEBRUARY 27 2015......SUNRISE   655 AM PST   SUNSET   605 PM PST


-  INDICATES NEGATIVE NUMBERS.
R  INDICATES RECORD WAS SET OR TIED.
MM INDICATES DATA IS MISSING.
T  INDICATES TRACE AMOUNT.




$$
