000
CDUS46 KEKA 260009
CLICEC


CLIMATE REPORT
NATIONAL WEATHER SERVICE EUREKA CA
509 PM PDT SUN JUN 25 2017


...................................

...THE CRESCENT CITY CA CLIMATE SUMMARY FOR JUNE 25 2017...
VALID TODAY AS OF 0500 PM LOCAL TIME.

CLIMATE NORMAL PERIOD 1981 TO 2010
CLIMATE RECORD PERIOD 1894 TO 2017


WEATHER ITEM   OBSERVED TIME   RECORD YEAR NORMAL DEPARTURE LAST
                VALUE   (LST)  VALUE       VALUE  FROM      YEAR
                                                  NORMAL
..................................................................
TEMPERATURE (F)
 TODAY
  MAXIMUM         60    322 PM  74    1993  61     -1       62
  MINIMUM         50    125 AM  41    1999  50      0       48
  AVERAGE         55                        55      0       55

PRECIPITATION (IN)
  TODAY            0.00          2.53 1971   0.05  -0.05     0.00
  MONTH TO DATE    1.64                      1.47   0.17     0.28
  SINCE OCT 1     94.29                     61.91  32.38    66.43
  SINCE JAN 1     49.19                     36.67  12.52    31.75

SNOWFALL (IN)
  TODAY            0.0          MM      MM  MM     MM        0.0
  MONTH TO DATE    0.0                      MM     MM        0.0
  SINCE JUN 1      0.0                      MM     MM        0.0
  SINCE JUL 1      0.0                      MM     MM        0.0
  SNOW DEPTH       0

..................................................................


WIND (MPH)
  HIGHEST WIND SPEED    15   HIGHEST WIND DIRECTION     S (190)
  HIGHEST GUST SPEED    18   HIGHEST GUST DIRECTION     S (180)
  AVERAGE WIND SPEED     8.7


SKY COVER
  AVERAGE SKY COVER 0.9


WEATHER CONDITIONS
 THE FOLLOWING WEATHER WAS RECORDED TODAY.
  FOG
  FOG W/VISIBILITY <= 1/4 MILE


RELATIVE HUMIDITY (PERCENT)
 HIGHEST   100
 LOWEST     84
 AVERAGE    92

..........................................................


THE CRESCENT CITY CA CLIMATE NORMALS FOR TOMORROW
                         NORMAL    RECORD    YEAR
 MAXIMUM TEMPERATURE (F)   61        74      1995
 MINIMUM TEMPERATURE (F)   50        40      1999


SUNRISE AND SUNSET
JUNE 25 2017..........SUNRISE   443 AM PST   SUNSET   756 PM PST
JUNE 26 2017..........SUNRISE   444 AM PST   SUNSET   756 PM PST


-  INDICATES NEGATIVE NUMBERS.
R  INDICATES RECORD WAS SET OR TIED.
MM INDICATES DATA IS MISSING.
T  INDICATES TRACE AMOUNT.




$$
