000
CDUS46 KEKA 141213
CLICEC


CLIMATE REPORT
NATIONAL WEATHER SERVICE EUREKA CA
413 AM PST THU DEC 14 2017


...................................

...THE CRESCENT CITY CA CLIMATE SUMMARY FOR DECEMBER 13 2017...

CLIMATE NORMAL PERIOD 1981 TO 2010
CLIMATE RECORD PERIOD 1894 TO 2017


WEATHER ITEM   OBSERVED TIME   RECORD YEAR NORMAL DEPARTURE LAST
                VALUE   (LST)  VALUE       VALUE  FROM      YEAR
                                                  NORMAL
..................................................................
TEMPERATURE (F)
 YESTERDAY
  MAXIMUM         58    159 PM  64    1953  54      4       49
  MINIMUM         39    752 AM  26    1967  41     -2       39
  AVERAGE         49                        47      2       44

PRECIPITATION (IN)
  YESTERDAY        0.00          4.23 2003   0.36  -0.36     0.19
  MONTH TO DATE    0.87                      3.94  -3.07     4.76
  SINCE OCT 1     12.15                     17.91  -5.76    36.72
  SINCE JAN 1     62.63                     56.70   5.93    69.50

SNOWFALL (IN)
  YESTERDAY        0.0          MM      MM  MM     MM       MM
  MONTH TO DATE    0.0                      MM     MM        0.0
  SINCE DEC 1      0.0                      MM     MM        0.0
  SINCE JUL 1      0.0                      MM     MM        0.0
  SNOW DEPTH       0

DEGREE DAYS
 HEATING
  YESTERDAY       16                        18     -2       21
  MONTH TO DATE  193                       228    -35      237
  SINCE DEC 1    193                       228    -35      237
  SINCE JUL 1   1683                      1845   -162     1570

 COOLING
  YESTERDAY        0                         0      0        0
  MONTH TO DATE    0                         0      0        0
  SINCE DEC 1      0                         0      0        0
  SINCE JAN 1      6                         0      6        0
..................................................................


WIND (MPH)
  HIGHEST WIND SPEED     9   HIGHEST WIND DIRECTION    SE (150)
  HIGHEST GUST SPEED    11   HIGHEST GUST DIRECTION    NW (330)
  AVERAGE WIND SPEED     2.6


SKY COVER
  AVERAGE SKY COVER 0.0


WEATHER CONDITIONS
 THE FOLLOWING WEATHER WAS RECORDED YESTERDAY.
  FOG
  HAZE


RELATIVE HUMIDITY (PERCENT)
 HIGHEST    92
 LOWEST     47
 AVERAGE    70

..........................................................


THE CRESCENT CITY CA CLIMATE NORMALS FOR TODAY
                         NORMAL    RECORD    YEAR
 MAXIMUM TEMPERATURE (F)   54        70      1958
 MINIMUM TEMPERATURE (F)   41        29      1967


SUNRISE AND SUNSET
DECEMBER 14 2017......SUNRISE   737 AM PST   SUNSET   447 PM PST
DECEMBER 15 2017......SUNRISE   737 AM PST   SUNSET   447 PM PST


-  INDICATES NEGATIVE NUMBERS.
R  INDICATES RECORD WAS SET OR TIED.
MM INDICATES DATA IS MISSING.
T  INDICATES TRACE AMOUNT.




$$
