000
CDUS46 KEKA 191217
CLICEC


CLIMATE REPORT
NATIONAL WEATHER SERVICE EUREKA CA
417 AM PST FRI DEC 19 2014


...................................

...THE CRESCENT CITY CA CLIMATE SUMMARY FOR DECEMBER 18 2014...

CLIMATE NORMAL PERIOD 1981 TO 2010
CLIMATE RECORD PERIOD 1894 TO 2014


WEATHER ITEM   OBSERVED TIME   RECORD YEAR NORMAL DEPARTURE LAST
                VALUE   (LST)  VALUE       VALUE  FROM      YEAR
                                                  NORMAL
..................................................................
TEMPERATURE (F)
 YESTERDAY
  MAXIMUM         59   1213 PM  66    1996  54      5       49
  MINIMUM         50   1159 PM  30    1965  41      9       32
  AVERAGE         55                        48      7       41

PRECIPITATION (IN)
  YESTERDAY        0.77          2.15 1955   0.42   0.35     0.00
  MONTH TO DATE    5.13                      5.93  -0.80     1.27
  SINCE JUL 1     18.86                     21.76  -2.90     8.95
  SINCE JAN 1     43.45                     58.69 -15.24    28.88

SNOWFALL (IN)
  YESTERDAY        0.0          MM      MM  MM     MM        0.0
  MONTH TO DATE    0.0                      MM     MM        0.0
  SINCE DEC 1      0.0                      MM     MM        0.0
  SINCE JUL 1      0.0                      MM     MM        0.0
  SNOW DEPTH       0

DEGREE DAYS
 HEATING
  YESTERDAY       10                        18     -8       24
  MONTH TO DATE  167                       318   -151      402
  SINCE DEC 1    167                       318   -151      402
  SINCE JUL 1   1274                      1935   -661     1994

 COOLING
  YESTERDAY        0                         0      0        0
  MONTH TO DATE    0                         0      0        0
  SINCE DEC 1      0                         0      0        0
  SINCE JAN 1      1                         0      1        4
..................................................................


WIND (MPH)
  HIGHEST WIND SPEED    25   HIGHEST WIND DIRECTION     S (180)
  HIGHEST GUST SPEED    32   HIGHEST GUST DIRECTION     S (160)
  AVERAGE WIND SPEED    15.4


SKY COVER
  AVERAGE SKY COVER 1.0


WEATHER CONDITIONS
 THE FOLLOWING WEATHER WAS RECORDED YESTERDAY.
  HEAVY RAIN
  FOG


RELATIVE HUMIDITY (PERCENT)
 HIGHEST   100
 LOWEST     62
 AVERAGE    81

..........................................................


THE CRESCENT CITY CA CLIMATE NORMALS FOR TODAY
                         NORMAL    RECORD    YEAR
 MAXIMUM TEMPERATURE (F)   54        66      2005
 MINIMUM TEMPERATURE (F)   41        28      1998


SUNRISE AND SUNSET
DECEMBER 19 2014......SUNRISE   740 AM PST   SUNSET   448 PM PST
DECEMBER 20 2014......SUNRISE   740 AM PST   SUNSET   449 PM PST


-  INDICATES NEGATIVE NUMBERS.
R  INDICATES RECORD WAS SET OR TIED.
MM INDICATES DATA IS MISSING.
T  INDICATES TRACE AMOUNT.




$$
