000
CDUS45 KGJT 232335
CLICEZ


CLIMATE REPORT
NATIONAL WEATHER SERVICE GRAND JUNCTION CO
534 PM MDT MON OCT 23 2017


...................................

...THE CORTEZ CO CLIMATE SUMMARY FOR OCTOBER 23 2017...
VALID TODAY AS OF 0500 PM LOCAL TIME.

CLIMATE NORMAL PERIOD 1981 TO 2010
CLIMATE RECORD PERIOD 9999 TO 9999


WEATHER ITEM   OBSERVED TIME   RECORD YEAR NORMAL DEPARTURE LAST
                VALUE   (LST)  VALUE       VALUE  FROM      YEAR
                                                  NORMAL
..................................................................
TEMPERATURE (F)
 TODAY
  MAXIMUM         72    338 PM  MM      MM  63      9       77
  MINIMUM         30    432 AM  MM      MM  29      1       33
  AVERAGE         51                        46      5       55

PRECIPITATION (IN)
  TODAY            0.00         MM      MM   0.03  -0.03     0.00
  MONTH TO DATE    T                         0.99  -0.99     0.02
  SINCE SEP 1      1.71                      2.77  -1.06     1.03
  SINCE JAN 1      9.75                     11.21  -1.46     9.62

SNOWFALL (IN)
  TODAY           MM            MM      MM  MM     MM       MM
  MONTH TO DATE   MM                        MM     MM       MM
  SINCE SEP 1     MM                        MM     MM       MM
  SINCE JUL 1     MM                        MM     MM       MM
  SNOW DEPTH      MM

DEGREE DAYS
 HEATING
  TODAY           14                        19     -5       10
  MONTH TO DATE  332                       344    -12      292
  SINCE SEP 1    474                       504    -30      432
  SINCE JUL 1    476                       516    -40      445

 COOLING
  TODAY            0                         0      0        0
  MONTH TO DATE    0                         0      0        0
  SINCE SEP 1     69                        17     52       20
  SINCE JAN 1    591                       426    165      537
..................................................................


WIND (MPH)
  HIGHEST WIND SPEED    21   HIGHEST WIND DIRECTION    NW (330)
  HIGHEST GUST SPEED    31   HIGHEST GUST DIRECTION    NW (320)
  AVERAGE WIND SPEED    10.0


SKY COVER
  POSSIBLE SUNSHINE  MM
  AVERAGE SKY COVER 0.0


WEATHER CONDITIONS
 THE FOLLOWING WEATHER WAS RECORDED TODAY.
  NO SIGNIFICANT WEATHER WAS OBSERVED.


RELATIVE HUMIDITY (PERCENT)
 HIGHEST    69           500 AM
 LOWEST     17           200 PM
 AVERAGE    43

..........................................................


THE CORTEZ CO CLIMATE NORMALS FOR TOMORROW
                         NORMAL    RECORD    YEAR
 MAXIMUM TEMPERATURE (F)   62        MM        MM
 MINIMUM TEMPERATURE (F)   29        MM        MM


SUNRISE AND SUNSET
OCTOBER 23 2017.......SUNRISE   730 AM MDT   SUNSET   627 PM MDT
OCTOBER 24 2017.......SUNRISE   731 AM MDT   SUNSET   625 PM MDT


-  INDICATES NEGATIVE NUMBERS.
R  INDICATES RECORD WAS SET OR TIED.
MM INDICATES DATA IS MISSING.
T  INDICATES TRACE AMOUNT.




$$
