000
CDUS43 KPAH 222236
CLICGI


CLIMATE REPORT
NATIONAL WEATHER SERVICE PADUCAH KY
434 PM CST MON DEC 22 2014


...................................

...THE CAPE GIRARDEAU MO CLIMATE SUMMARY FOR DECEMBER 22 2014...
VALID TODAY AS OF 0400 PM LOCAL TIME.

CLIMATE NORMAL PERIOD 1981 TO 2010
CLIMATE RECORD PERIOD 1960 TO 2014


WEATHER ITEM   OBSERVED TIME   RECORD YEAR NORMAL DEPARTURE LAST
                VALUE   (LST)  VALUE       VALUE  FROM      YEAR
                                                  NORMAL
..................................................................
TEMPERATURE (F)
 TODAY
  MAXIMUM         52    359 PM  63    1982  43      9       44
  MINIMUM         41    202 AM -11    1989  26     15       33
  AVERAGE                                   34

PRECIPITATION (IN)
  TODAY            0.03          1.30 1981   0.14  -0.11     0.00
  MONTH TO DATE    1.82                      3.11  -1.29     5.56
  SINCE DEC 1      1.82                      3.11  -1.29     5.56
  SINCE JAN 1     42.74                     45.67  -2.93    40.08

DEGREE DAYS
 HEATING
  TODAY           18                        31    -13       26
  MONTH TO DATE  504                       618   -114      653
  SINCE DEC 1    504                       618   -114      653
  SINCE JUL 1   1500                      1469     31     1559

 COOLING
  TODAY            0                         0      0        0
  MONTH TO DATE    0                         0      0        0
  SINCE DEC 1      0                         0      0        0
  SINCE JAN 1   1424                      1453    -29     1441
..................................................................


WIND (MPH)
  HIGHEST WIND SPEED    20   HIGHEST WIND DIRECTION    SE (140)
  HIGHEST GUST SPEED    26   HIGHEST GUST DIRECTION    SE (150)
  AVERAGE WIND SPEED


SKY COVER
  AVERAGE SKY COVER 1.0


WEATHER CONDITIONS
 THE FOLLOWING WEATHER WAS RECORDED TODAY.
  RAIN
  LIGHT RAIN
  FOG


RELATIVE HUMIDITY (PERCENT)
 HIGHEST   100
 LOWEST     70
 AVERAGE

..........................................................


THE CAPE GIRARDEAU MO CLIMATE NORMALS FOR TOMORROW
                         NORMAL
 MAXIMUM TEMPERATURE (F)   43
 MINIMUM TEMPERATURE (F)   25


SUNRISE AND SUNSET
DECEMBER 22 2014......SUNRISE   709 AM CST   SUNSET   445 PM CST
DECEMBER 23 2014......SUNRISE   709 AM CST   SUNSET   446 PM CST


-  INDICATES NEGATIVE NUMBERS.
R  INDICATES RECORD WAS SET OR TIED.
MM INDICATES DATA IS MISSING.
T  INDICATES TRACE AMOUNT.




$$
