000
CDUS43 KPAH 310627
CLICGI


CLIMATE REPORT
NATIONAL WEATHER SERVICE PADUCAH KY
126 AM CDT FRI OCT 31 2014


...................................

...THE CAPE GIRARDEAU MO CLIMATE SUMMARY FOR OCTOBER 30 2014...

CLIMATE NORMAL PERIOD 1981 TO 2010
CLIMATE RECORD PERIOD 1960 TO 2014


WEATHER ITEM   OBSERVED TIME   RECORD YEAR NORMAL DEPARTURE LAST
                VALUE   (LST)  VALUE       VALUE  FROM      YEAR
                                                  NORMAL
..................................................................
TEMPERATURE (F)
 YESTERDAY
  MAXIMUM         63    142 PM  82    1971  66     -3       76
  MINIMUM         33    632 AM  24    1980  41     -8       61
  AVERAGE         48                        53     -5

PRECIPITATION (IN)
  YESTERDAY        0.01          1.65 2009   0.13  -0.12     0.13
  MONTH TO DATE    4.31                      3.67   0.64     2.81
  SINCE SEP 1      6.36                      6.95  -0.59     3.25
  SINCE JAN 1     38.66                     38.00   0.66    31.48

DEGREE DAYS
 HEATING
  YESTERDAY       17                        12      5        0
  MONTH TO DATE  183                       244    -61      252
  SINCE SEP 1    229                       292    -63      262
  SINCE JUL 1    229                       293    -64      263

 COOLING
  YESTERDAY        0                         0      0        4
  MONTH TO DATE   40                        29     11       48
  SINCE SEP 1    185                       191     -6      260
  SINCE JAN 1   1424                      1451    -27     1441
..................................................................


WIND (MPH)
  HIGHEST WIND SPEED     9   HIGHEST WIND DIRECTION     S (190)
  HIGHEST GUST SPEED    15   HIGHEST GUST DIRECTION    SE (150)
  AVERAGE WIND SPEED     2.7


SKY COVER
  AVERAGE SKY COVER 0.5


WEATHER CONDITIONS
 THE FOLLOWING WEATHER WAS RECORDED YESTERDAY.
  LIGHT RAIN
  FOG
  FOG W/VISIBILITY <= 1/4 MILE
  HAZE


RELATIVE HUMIDITY (PERCENT)
 HIGHEST   100
 LOWEST     43
 AVERAGE    72

..........................................................


THE CAPE GIRARDEAU MO CLIMATE NORMALS FOR TODAY
                         NORMAL    RECORD    YEAR
 MAXIMUM TEMPERATURE (F)   65        82      1968
 MINIMUM TEMPERATURE (F)   41        26      1993


SUNRISE AND SUNSET
OCTOBER 31 2014.......SUNRISE   722 AM CDT   SUNSET   602 PM CDT
NOVEMBER  1 2014......SUNRISE   723 AM CDT   SUNSET   601 PM CDT


-  INDICATES NEGATIVE NUMBERS.
R  INDICATES RECORD WAS SET OR TIED.
MM INDICATES DATA IS MISSING.
T  INDICATES TRACE AMOUNT.




$$
