000
CDUS43 KPAH 142231
CLICGI


CLIMATE REPORT
NATIONAL WEATHER SERVICE PADUCAH KY
429 PM CST SUN FEB 14 2016


...................................

...THE CAPE GIRARDEAU MO CLIMATE SUMMARY FOR FEBRUARY 14 2016...
VALID TODAY AS OF 0400 PM LOCAL TIME.

CLIMATE NORMAL PERIOD 1981 TO 2010
CLIMATE RECORD PERIOD 1960 TO 2016


WEATHER ITEM   OBSERVED TIME   RECORD YEAR NORMAL DEPARTURE LAST
                VALUE   (LST)  VALUE       VALUE  FROM      YEAR
                                                  NORMAL
..................................................................
TEMPERATURE (F)
 TODAY
  MAXIMUM         28    359 PM  67    2005  47    -19       46
  MINIMUM         22    831 AM  11    1971  28     -6       18
  AVERAGE         25                        38    -13

PRECIPITATION (IN)
  TODAY            0.39          1.22 1995   0.12   0.27     0.00
  MONTH TO DATE    0.44                      1.74  -1.30     0.73
  SINCE DEC 1      4.49                      9.46  -4.97     8.31
  SINCE JAN 1      2.10                      5.21  -3.11     5.50

DEGREE DAYS
 HEATING
  TODAY           40                        27     13       33
  MONTH TO DATE  419                       407     12      417
  SINCE DEC 1   1934                      2294   -360     2130
  SINCE JUL 1   2584                      3145   -561     3126

 COOLING
  TODAY            0                         0      0        0
  MONTH TO DATE    0                         0      0        0
  SINCE DEC 1      2                         0      2        0
  SINCE JAN 1      0                         0      0        0
..................................................................


WIND (MPH)
  HIGHEST WIND SPEED    20   HIGHEST WIND DIRECTION    SE (120)
  HIGHEST GUST SPEED    24   HIGHEST GUST DIRECTION    SE (130)
  AVERAGE WIND SPEED    10.6


SKY COVER
  AVERAGE SKY COVER 1.0


WEATHER CONDITIONS
 THE FOLLOWING WEATHER WAS RECORDED TODAY.
  FREEZING RAIN
  LT FREEZING RAIN
  HEAVY SNOW
  SNOW
  LIGHT SNOW
  FOG


RELATIVE HUMIDITY (PERCENT)
 HIGHEST    92
 LOWEST     46
 AVERAGE    69

..........................................................


THE CAPE GIRARDEAU MO CLIMATE NORMALS FOR TOMORROW
                         NORMAL
 MAXIMUM TEMPERATURE (F)   48
 MINIMUM TEMPERATURE (F)   28


SUNRISE AND SUNSET
FEBRUARY 14 2016......SUNRISE   649 AM CST   SUNSET   537 PM CST
FEBRUARY 15 2016......SUNRISE   648 AM CST   SUNSET   538 PM CST


-  INDICATES NEGATIVE NUMBERS.
R  INDICATES RECORD WAS SET OR TIED.
MM INDICATES DATA IS MISSING.
T  INDICATES TRACE AMOUNT.




$$
