000
CDUS43 KPAH 300631
CLICGI


CLIMATE REPORT
NATIONAL WEATHER SERVICE PADUCAH KY
127 AM CDT SAT MAY 30 2015


...................................

...THE CAPE GIRARDEAU MO CLIMATE SUMMARY FOR MAY 29 2015...

CLIMATE NORMAL PERIOD 1981 TO 2010
CLIMATE RECORD PERIOD 1960 TO 2015


WEATHER ITEM   OBSERVED TIME   RECORD YEAR NORMAL DEPARTURE LAST
                VALUE   (LST)  VALUE       VALUE  FROM      YEAR
                                                  NORMAL
..................................................................
TEMPERATURE (F)
 YESTERDAY
  MAXIMUM         84    413 PM  92    1989  82      2       80
  MINIMUM         64    428 AM  42    1964  59      5       68
  AVERAGE         74                        70      4

PRECIPITATION (IN)
  YESTERDAY        0.00          0.80 1975   0.15  -0.15      T
  MONTH TO DATE    5.66                      5.18   0.48     4.93
  SINCE MAR 1     18.62                     13.94   4.68    15.25
  SINCE JAN 1     25.14                     20.82   4.32    18.39

DEGREE DAYS
 HEATING
  YESTERDAY        0                         1     -1        0
  MONTH TO DATE   56                        67    -11       78
  SINCE MAR 1    833                       888    -55     1016
  SINCE JUL 1   4611                      4385    226     4941

 COOLING
  YESTERDAY        9                         6      3        9
  MONTH TO DATE  141                       108     33      173
  SINCE MAR 1    169                       139     30      184
  SINCE JAN 1    169                       139     30      184
..................................................................


WIND (MPH)
  HIGHEST WIND SPEED    15   HIGHEST WIND DIRECTION     S (180)
  HIGHEST GUST SPEED    20   HIGHEST GUST DIRECTION    SE (150)
  AVERAGE WIND SPEED     7.6


SKY COVER
  AVERAGE SKY COVER 0.3


WEATHER CONDITIONS
 THE FOLLOWING WEATHER WAS RECORDED YESTERDAY.
  NO SIGNIFICANT WEATHER WAS OBSERVED.


RELATIVE HUMIDITY (PERCENT)
 HIGHEST    93
 LOWEST     59
 AVERAGE    76

..........................................................


THE CAPE GIRARDEAU MO CLIMATE NORMALS FOR TODAY
                         NORMAL    RECORD    YEAR
 MAXIMUM TEMPERATURE (F)   82        94      1977
 MINIMUM TEMPERATURE (F)   60        44      1984


SUNRISE AND SUNSET
MAY 30 2015...........SUNRISE   540 AM CDT   SUNSET   812 PM CDT
MAY 31 2015...........SUNRISE   540 AM CDT   SUNSET   812 PM CDT


-  INDICATES NEGATIVE NUMBERS.
R  INDICATES RECORD WAS SET OR TIED.
MM INDICATES DATA IS MISSING.
T  INDICATES TRACE AMOUNT.




$$
