000
CDUS43 KPAH 280629
CLICGI


CLIMATE REPORT
NATIONAL WEATHER SERVICE PADUCAH KY
127 AM CDT FRI JUL 28 2017


...................................

...THE CAPE GIRARDEAU MO CLIMATE SUMMARY FOR JULY 27 2017...

CLIMATE NORMAL PERIOD 1981 TO 2010
CLIMATE RECORD PERIOD 1960 TO 2017


WEATHER ITEM   OBSERVED TIME   RECORD YEAR NORMAL DEPARTURE LAST
                VALUE   (LST)  VALUE       VALUE  FROM      YEAR
                                                  NORMAL
..................................................................
TEMPERATURE (F)
 YESTERDAY
  MAXIMUM         86    252 PM  99    1993  89     -3       93
  MINIMUM         76    400 AM  49    1962  68      8       72
  AVERAGE         81                        78      3

PRECIPITATION (IN)
  YESTERDAY        0.00          0.64 2016   0.10  -0.10     0.64
  MONTH TO DATE    1.37                      2.94  -1.57     4.85
  SINCE JUN 1      4.32                      6.51  -2.19     6.13
  SINCE JAN 1     23.54                     27.61  -4.07    29.41

DEGREE DAYS
 HEATING
  YESTERDAY        0                         0      0        0
  MONTH TO DATE    0                         0      0        0
  SINCE JUN 1      0                         4     -4        0
  SINCE JUL 1      0                         0      0        0

 COOLING
  YESTERDAY       16                        13      3       18
  MONTH TO DATE  403                       373     30      421
  SINCE JUN 1    711                       685     26      832
  SINCE JAN 1    886                       837     49      953
..................................................................


WIND (MPH)
  HIGHEST WIND SPEED    15   HIGHEST WIND DIRECTION     W (260)
  HIGHEST GUST SPEED    17   HIGHEST GUST DIRECTION     W (260)
  AVERAGE WIND SPEED     5.5


SKY COVER
  AVERAGE SKY COVER 0.4


WEATHER CONDITIONS
 THE FOLLOWING WEATHER WAS RECORDED YESTERDAY.
  FOG


RELATIVE HUMIDITY (PERCENT)
 HIGHEST    94
 LOWEST     70
 AVERAGE    82

..........................................................


THE CAPE GIRARDEAU MO CLIMATE NORMALS FOR TODAY
                         NORMAL    RECORD    YEAR
 MAXIMUM TEMPERATURE (F)   89       100      1993
 MINIMUM TEMPERATURE (F)   67        53      2013
                                             2004


SUNRISE AND SUNSET
JULY 28 2017..........SUNRISE   600 AM CDT   SUNSET   809 PM CDT
JULY 29 2017..........SUNRISE   601 AM CDT   SUNSET   808 PM CDT


-  INDICATES NEGATIVE NUMBERS.
R  INDICATES RECORD WAS SET OR TIED.
MM INDICATES DATA IS MISSING.
T  INDICATES TRACE AMOUNT.




$$
