000
CDUS43 KPAH 290629
CLICGI


CLIMATE REPORT
NATIONAL WEATHER SERVICE PADUCAH KY
127 AM CDT MON AUG 29 2016

...................................

...THE CAPE GIRARDEAU MO CLIMATE SUMMARY FOR AUGUST 28 2016...

CLIMATE NORMAL PERIOD 1981 TO 2010
CLIMATE RECORD PERIOD 1960 TO 2016

WEATHER ITEM   OBSERVED TIME   RECORD YEAR NORMAL DEPARTURE LAST
                VALUE   (LST)  VALUE       VALUE  FROM      YEAR
                                                  NORMAL
..................................................................
TEMPERATURE (F)
 YESTERDAY
  MAXIMUM         93    214 PM  99    2007  87      6       84
  MINIMUM         70    304 AM  48    1967  63      7       54
  AVERAGE         82                        75      7

PRECIPITATION (IN)
  YESTERDAY        0.00          1.02 1974   0.10  -0.10     0.00
  MONTH TO DATE    6.26                      2.71   3.55     4.16
  SINCE JUN 1     13.42                      9.64   3.78    18.11
  SINCE JAN 1     36.70                     30.74   5.96    43.55

DEGREE DAYS
 HEATING
  YESTERDAY        0                         0      0        0
  MONTH TO DATE    0                         0      0        0
  SINCE JUN 1      0                         4     -4        5
  SINCE JUL 1      0                         0      0        0

 COOLING
  YESTERDAY       17                        10      7        4
  MONTH TO DATE  389                       344     45      266
  SINCE JUN 1   1276                      1078    198     1116
  SINCE JAN 1   1397                      1230    167     1293
..................................................................

WIND (MPH)
  HIGHEST WIND SPEED    10   HIGHEST WIND DIRECTION     E (70)
  HIGHEST GUST SPEED    13   HIGHEST GUST DIRECTION    NE (60)
  AVERAGE WIND SPEED     3.3

SKY COVER
  AVERAGE SKY COVER 0.0

WEATHER CONDITIONS
 THE FOLLOWING WEATHER WAS RECORDED YESTERDAY.
  FOG
  FOG W/VISIBILITY <= 1/4 MILE

RELATIVE HUMIDITY (PERCENT)
 HIGHEST   100
 LOWEST     52
 AVERAGE    76
..........................................................

THE CAPE GIRARDEAU MO CLIMATE NORMALS FOR TODAY
                         NORMAL    RECORD    YEAR
 MAXIMUM TEMPERATURE (F)   87       101      2000
 MINIMUM TEMPERATURE (F)   63        45      1986

SUNRISE AND SUNSET
AUGUST 29 2016........SUNRISE   627 AM CDT   SUNSET   731 PM CDT
AUGUST 30 2016........SUNRISE   628 AM CDT   SUNSET   729 PM CDT

-  INDICATES NEGATIVE NUMBERS.
R  INDICATES RECORD WAS SET OR TIED.
MM INDICATES DATA IS MISSING.
T  INDICATES TRACE AMOUNT.

$$
