000
CDUS43 KPAH 310632
CLICGI


CLIMATE REPORT
NATIONAL WEATHER SERVICE PADUCAH KY
1229 AM CST SAT JAN 31 2015


...................................

...THE CAPE GIRARDEAU MO CLIMATE SUMMARY FOR JANUARY 30 2015...

CLIMATE NORMAL PERIOD 1981 TO 2010
CLIMATE RECORD PERIOD 1960 TO 2015


WEATHER ITEM   OBSERVED TIME   RECORD YEAR NORMAL DEPARTURE LAST
                VALUE   (LST)  VALUE       VALUE  FROM      YEAR
                                                  NORMAL
..................................................................
TEMPERATURE (F)
 YESTERDAY
  MAXIMUM         44    424 PM  63    1967  44      0       39
  MINIMUM         29   1140 PM  -5    1966  25      4       20
  AVERAGE         37                        34      3

PRECIPITATION (IN)
  YESTERDAY        0.00          4.81 1982   0.12  -0.12     0.00
  MONTH TO DATE    4.77                      3.34   1.43     1.99
  SINCE DEC 1      7.58                      7.59  -0.01     7.55
  SINCE JAN 1      4.77                      3.34   1.43     1.99

DEGREE DAYS
 HEATING
  YESTERDAY       28                        31     -3       35
  MONTH TO DATE  943                       955    -12     1084
  SINCE DEC 1   1684                      1855   -171     2045
  SINCE JUL 1   2680                      2706    -26     2951

 COOLING
  YESTERDAY        0                         0      0        0
  MONTH TO DATE    0                         0      0        0
  SINCE DEC 1      0                         0      0        0
  SINCE JAN 1      0                         0      0        0
..................................................................


WIND (MPH)
  HIGHEST WIND SPEED    21   HIGHEST WIND DIRECTION     N (350)
  HIGHEST GUST SPEED    29   HIGHEST GUST DIRECTION     N (340)
  AVERAGE WIND SPEED     6.8


SKY COVER
  AVERAGE SKY COVER 0.3


WEATHER CONDITIONS
 THE FOLLOWING WEATHER WAS RECORDED YESTERDAY.
  NO SIGNIFICANT WEATHER WAS OBSERVED.


RELATIVE HUMIDITY (PERCENT)
 HIGHEST    82
 LOWEST     43
 AVERAGE    63

..........................................................


THE CAPE GIRARDEAU MO CLIMATE NORMALS FOR TODAY
                         NORMAL    RECORD    YEAR
 MAXIMUM TEMPERATURE (F)   44        66      1993
 MINIMUM TEMPERATURE (F)   25        -8      1965


SUNRISE AND SUNSET
JANUARY 31 2015.......SUNRISE   702 AM CST   SUNSET   522 PM CST
FEBRUARY  1 2015......SUNRISE   701 AM CST   SUNSET   523 PM CST


-  INDICATES NEGATIVE NUMBERS.
R  INDICATES RECORD WAS SET OR TIED.
MM INDICATES DATA IS MISSING.
T  INDICATES TRACE AMOUNT.




$$
