311
CDUS43 KPAH 280649
CLICGI


CLIMATE REPORT
NATIONAL WEATHER SERVICE PADUCAH KY
143 AM CDT TUE MAR 28 2017


...................................

...THE CAPE GIRARDEAU MO CLIMATE SUMMARY FOR MARCH 27 2017...

CLIMATE NORMAL PERIOD 1981 TO 2010
CLIMATE RECORD PERIOD 1960 TO 2017


WEATHER ITEM   OBSERVED TIME   RECORD YEAR NORMAL DEPARTURE LAST
                VALUE   (LST)  VALUE       VALUE  FROM      YEAR
                                                  NORMAL
..................................................................
TEMPERATURE (F)
 YESTERDAY
  MAXIMUM         65    411 PM  82    2007  62      3       76
  MINIMUM         48    135 AM  19    2001  39      9       39
  AVERAGE         57                        51      6

PRECIPITATION (IN)
  YESTERDAY        0.31          6.73 1977   0.15   0.16     0.01
  MONTH TO DATE    2.66                      3.77  -1.11     3.37
  SINCE MAR 1      2.66                      3.77  -1.11     3.37
  SINCE JAN 1      5.68                     10.65  -4.97     8.15

DEGREE DAYS
 HEATING
  YESTERDAY        8                        15     -7        7
  MONTH TO DATE  452                       504    -52      345
  SINCE MAR 1    452                       504    -52      345
  SINCE JUL 1   3187                      4001   -814     3237

 COOLING
  YESTERDAY        0                         0      0        0
  MONTH TO DATE    3                         0      3        0
  SINCE MAR 1      3                         0      3        0
  SINCE JAN 1      3                         0      3        0
..................................................................


WIND (MPH)
  HIGHEST WIND SPEED    20   HIGHEST WIND DIRECTION     W (250)
  HIGHEST GUST SPEED    25   HIGHEST GUST DIRECTION    SW (230)
  AVERAGE WIND SPEED     7.9


SKY COVER
  AVERAGE SKY COVER 0.6


WEATHER CONDITIONS
 THE FOLLOWING WEATHER WAS RECORDED YESTERDAY.
  THUNDERSTORM
  HEAVY RAIN
  RAIN
  LIGHT RAIN
  FOG


RELATIVE HUMIDITY (PERCENT)
 HIGHEST    93
 LOWEST     72
 AVERAGE    83

..........................................................


THE CAPE GIRARDEAU MO CLIMATE NORMALS FOR TODAY
                         NORMAL    RECORD    YEAR
 MAXIMUM TEMPERATURE (F)   63        83      1985
 MINIMUM TEMPERATURE (F)   39        25      2001


SUNRISE AND SUNSET
MARCH 28 2017.........SUNRISE   650 AM CDT   SUNSET   718 PM CDT
MARCH 29 2017.........SUNRISE   648 AM CDT   SUNSET   719 PM CDT


-  INDICATES NEGATIVE NUMBERS.
R  INDICATES RECORD WAS SET OR TIED.
MM INDICATES DATA IS MISSING.
T  INDICATES TRACE AMOUNT.




$$
