000
CDUS43 KPAH 040639
CLICGI


CLIMATE REPORT
NATIONAL WEATHER SERVICE PADUCAH KY
135 AM CDT SAT JUL 4 2015


...................................

...THE CAPE GIRARDEAU MO CLIMATE SUMMARY FOR JULY 3 2015...

CLIMATE NORMAL PERIOD 1981 TO 2010
CLIMATE RECORD PERIOD 1960 TO 2015


WEATHER ITEM   OBSERVED TIME   RECORD YEAR NORMAL DEPARTURE LAST
                VALUE   (LST)  VALUE       VALUE  FROM      YEAR
                                                  NORMAL
..................................................................
TEMPERATURE (F)
 YESTERDAY
  MAXIMUM         81   1206 PM  99    1973  89     -8       76
  MINIMUM         68   1159 PM  56    2007  68      0       61
  AVERAGE         75                        78     -3

PRECIPITATION (IN)
  YESTERDAY        0.55          2.07 1976   0.10   0.45     0.00
  MONTH TO DATE    1.87                      0.31   1.56     0.89
  SINCE JUN 1      6.19                      3.88   2.31     8.39
  SINCE JAN 1     31.63                     24.98   6.65    26.78

DEGREE DAYS
 HEATING
  YESTERDAY        0                         0      0        0
  MONTH TO DATE    0                         0      0        0
  SINCE JUN 1      5                         4      1        0
  SINCE JUL 1      0                         0      0        0

 COOLING
  YESTERDAY       10                        13     -3        4
  MONTH TO DATE   34                        39     -5       30
  SINCE JUN 1    415                       351     64      389
  SINCE JAN 1    592                       503     89      600
..................................................................


WIND (MPH)
  HIGHEST WIND SPEED    16   HIGHEST WIND DIRECTION    NE (40)
  HIGHEST GUST SPEED    19   HIGHEST GUST DIRECTION    NE (30)
  AVERAGE WIND SPEED     5.0


SKY COVER
  AVERAGE SKY COVER 0.6


WEATHER CONDITIONS
 THE FOLLOWING WEATHER WAS RECORDED YESTERDAY.
  LIGHT RAIN
  FOG


RELATIVE HUMIDITY (PERCENT)
 HIGHEST   100
 LOWEST     69
 AVERAGE    85

..........................................................


THE CAPE GIRARDEAU MO CLIMATE NORMALS FOR TODAY
                         NORMAL    RECORD    YEAR
 MAXIMUM TEMPERATURE (F)   89       103      2012
 MINIMUM TEMPERATURE (F)   68        53      1968


SUNRISE AND SUNSET
JULY  4 2015..........SUNRISE   543 AM CDT   SUNSET   822 PM CDT
JULY  5 2015..........SUNRISE   544 AM CDT   SUNSET   822 PM CDT


-  INDICATES NEGATIVE NUMBERS.
R  INDICATES RECORD WAS SET OR TIED.
MM INDICATES DATA IS MISSING.
T  INDICATES TRACE AMOUNT.




$$
