000
CDUS44 KMRX 050828
CLICHA


CLIMATE REPORT
NATIONAL WEATHER SERVICE MORRISTOWN TN
427 AM EDT THU MAY 5 2016


...................................

...THE CHATTANOOGA  ASOS CLIMATE SUMMARY FOR MAY 4 2016...

CLIMATE NORMAL PERIOD 1981 TO 2010
CLIMATE RECORD PERIOD 1879 TO 2016


WEATHER ITEM   OBSERVED TIME   RECORD YEAR NORMAL DEPARTURE LAST
                VALUE   (LST)  VALUE       VALUE  FROM      YEAR
                                                  NORMAL
..................................................................
TEMPERATURE (F)
 YESTERDAY
  MAXIMUM         72    340 PM  92    1902  77     -5       83
  MINIMUM         52   1154 PM  34    1971  54     -2       52
  AVERAGE         62                        65     -3       68

PRECIPITATION (IN)
  YESTERDAY        0.20          3.17 2013   0.14   0.06     0.00
  MONTH TO DATE    0.60                      0.57   0.03     0.00
  SINCE MAR 1      5.67                      9.54  -3.87    13.48
  SINCE JAN 1     16.41                     19.29  -2.88    20.47

DEGREE DAYS
 COOLING
  YESTERDAY        0                         3     -3        3
  MONTH TO DATE   17                        10      7        3
  SINCE MAR 1     96                        56     40       50
  SINCE JAN 1     96                        56     40       50
..................................................................


WIND (MPH)
  HIGHEST WIND SPEED    29   HIGHEST WIND DIRECTION     N (340)
  HIGHEST GUST SPEED    34   HIGHEST GUST DIRECTION    NW (320)
  AVERAGE WIND SPEED     5.3


SKY COVER
  POSSIBLE SUNSHINE  MM
  AVERAGE SKY COVER 0.5


WEATHER CONDITIONS
 THE FOLLOWING WEATHER WAS RECORDED YESTERDAY.
  HEAVY RAIN
  RAIN
  FOG


RELATIVE HUMIDITY (PERCENT)
 HIGHEST    96          1100 PM
 LOWEST     31           100 PM
 AVERAGE    64

..........................................................


THE CHATTANOOGA  ASOS CLIMATE NORMALS FOR TODAY
                         NORMAL    RECORD    YEAR
 MAXIMUM TEMPERATURE (F)   77        92      2012
                                             1952
                                             1949
 MINIMUM TEMPERATURE (F)   54        38      1957


SUNRISE AND SUNSET
MAY  5 2016...........SUNRISE   645 AM EDT   SUNSET   830 PM EDT
MAY  6 2016...........SUNRISE   644 AM EDT   SUNSET   831 PM EDT


-  INDICATES NEGATIVE NUMBERS.
R  INDICATES RECORD WAS SET OR TIED.
MM INDICATES DATA IS MISSING.
T  INDICATES TRACE AMOUNT.




$$
