000
CDUS44 KMRX 022119
CLICHA

CLIMATE REPORT
NATIONAL WEATHER SERVICE MORRISTOWN TN
519 PM EDT TUE SEP 2 2014


...................................

...THE CHATTANOOGA CLIMATE SUMMARY FOR SEPTEMBER 2 2014...
VALID TODAY AS OF 0500 PM LOCAL TIME.

CLIMATE NORMAL PERIOD 1981 TO 2010
CLIMATE RECORD PERIOD 1879 TO 2014


WEATHER ITEM   OBSERVED TIME   RECORD YEAR NORMAL DEPARTURE LAST
                VALUE   (LST)  VALUE       VALUE  FROM      YEAR
                                                  NORMAL
..................................................................
TEMPERATURE (F)
 TODAY
  MAXIMUM         93    359 PM 100    2011  87      6       87
  MINIMUM         72    425 AM  53    1987  67      5       73
                                      1954
  AVERAGE         83                        77      6       80

PRECIPITATION (IN)
  TODAY            0.00          4.30 1898   0.12  -0.12      T
  MONTH TO DATE    T                         0.23  -0.23     0.30
  SINCE SEP 1      T                         0.23  -0.23     0.30
  SINCE JAN 1     28.65                     35.49  -6.84    54.50

SNOWFALL (IN)
  TODAY            0.0                       0.0    0.0      0.0
  MONTH TO DATE    0.0                       0.0    0.0      0.0
  SINCE SEP 1      0.0                       0.0    0.0      0.0
  SINCE JUL 1      0.0                       0.0    0.0      0.0
  SNOW DEPTH       0

DEGREE DAYS
 HEATING
  TODAY            0                         0      0        0
  MONTH TO DATE    0                         0      0        0
  SINCE SEP 1      0                         0      0        0
  SINCE JUL 1      0                         0      0        0

 COOLING
  TODAY           18                        12      6       15
  MONTH TO DATE   35                        24     11       29
  SINCE SEP 1     35                        24     11       29
  SINCE JAN 1   1536                      1474     62     1421
..................................................................


WIND (MPH)
  HIGHEST WIND SPEED    17   HIGHEST WIND DIRECTION    SW (220)
  HIGHEST GUST SPEED    22   HIGHEST GUST DIRECTION    SW (220)
  AVERAGE WIND SPEED     4.2


SKY COVER
  POSSIBLE SUNSHINE  MM
  AVERAGE SKY COVER  MM


WEATHER CONDITIONS
 THE FOLLOWING WEATHER WAS RECORDED TODAY.
  NO SIGNIFICANT WEATHER WAS OBSERVED.


RELATIVE HUMIDITY (PERCENT)
 HIGHEST    87           200 AM
 LOWEST     39           400 PM
 AVERAGE    63

..........................................................


THE CHATTANOOGA CLIMATE NORMALS FOR TOMORROW
                         NORMAL    RECORD    YEAR
 MAXIMUM TEMPERATURE (F)   87       100      1954
 MINIMUM TEMPERATURE (F)   66        51      1952


SUNRISE AND SUNSET
SEPTEMBER  2 2014.....SUNRISE   714 AM EDT   SUNSET   806 PM EDT
SEPTEMBER  3 2014.....SUNRISE   715 AM EDT   SUNSET   805 PM EDT


-  INDICATES NEGATIVE NUMBERS.
R  INDICATES RECORD WAS SET OR TIED.
MM INDICATES DATA IS MISSING.
T  INDICATES TRACE AMOUNT.




$$
