000
CDUS44 KMRX 060948
CLICHA


CLIMATE REPORT
NATIONAL WEATHER SERVICE MORRISTOWN TN
448 AM EST TUE DEC 6 2016


...................................

...THE CHATTANOOGA  ASOS CLIMATE SUMMARY FOR DECEMBER 5 2016...

CLIMATE NORMAL PERIOD 1981 TO 2010
CLIMATE RECORD PERIOD 1879 TO 2016


WEATHER ITEM   OBSERVED TIME   RECORD YEAR NORMAL DEPARTURE LAST
                VALUE   (LST)  VALUE       VALUE  FROM      YEAR
                                                  NORMAL
..................................................................
TEMPERATURE (F)
 YESTERDAY
  MAXIMUM         52    105 PM  77    1998  55     -3       60
  MINIMUM         46    306 AM  18    1974  35     11       30
  AVERAGE         49                        45      4       45

PRECIPITATION (IN)
  YESTERDAY        0.43          2.89 1910   0.18   0.25     0.00
  MONTH TO DATE    1.85                      0.89   0.96     2.77
  SINCE DEC 1      1.85                      0.89   0.96     2.77
  SINCE JAN 1     32.38                     48.47 -16.09    59.14

SNOWFALL (IN)
  YESTERDAY        0.0                       0.0    0.0      0.0
  MONTH TO DATE    0.0                       0.0    0.0      0.0
  SINCE DEC 1      0.0                       0.0    0.0      0.0
  SINCE JUL 1      0.0                       T      0.0      0.0
  SNOW DEPTH       0

DEGREE DAYS
 HEATING
  YESTERDAY       16                        20     -4       20
  MONTH TO DATE   98                        98      0       78
  SINCE DEC 1     98                        98      0       78
  SINCE JUL 1    418                       687   -269      458
..................................................................


WIND (MPH)
  HIGHEST WIND SPEED    12   HIGHEST WIND DIRECTION     N (10)
  HIGHEST GUST SPEED    14   HIGHEST GUST DIRECTION     N (350)
  AVERAGE WIND SPEED     3.9


SKY COVER
  POSSIBLE SUNSHINE  MM
  AVERAGE SKY COVER 1.0


WEATHER CONDITIONS
 THE FOLLOWING WEATHER WAS RECORDED YESTERDAY.
  RAIN
  LIGHT RAIN
  FOG


RELATIVE HUMIDITY (PERCENT)
 HIGHEST    93          1200 AM
 LOWEST     80          1000 AM
 AVERAGE    87

..........................................................


THE CHATTANOOGA  ASOS CLIMATE NORMALS FOR TODAY
                         NORMAL    RECORD    YEAR
 MAXIMUM TEMPERATURE (F)   54        77      1998
 MINIMUM TEMPERATURE (F)   35        13      1937


SUNRISE AND SUNSET
DECEMBER  6 2016......SUNRISE   735 AM EST   SUNSET   529 PM EST
DECEMBER  7 2016......SUNRISE   736 AM EST   SUNSET   529 PM EST


-  INDICATES NEGATIVE NUMBERS.
R  INDICATES RECORD WAS SET OR TIED.
MM INDICATES DATA IS MISSING.
T  INDICATES TRACE AMOUNT.




$$
