000
CDUS44 KMRX 270814
CLICHA


CLIMATE REPORT
NATIONAL WEATHER SERVICE MORRISTOWN TN
414 AM EDT TUE JUN 27 2017


...................................

...THE CHATTANOOGA  ASOS CLIMATE SUMMARY FOR JUNE 26 2017...

CLIMATE NORMAL PERIOD 1981 TO 2010
CLIMATE RECORD PERIOD 1879 TO 2017


WEATHER ITEM   OBSERVED TIME   RECORD YEAR NORMAL DEPARTURE LAST
                VALUE   (LST)  VALUE       VALUE  FROM      YEAR
                                                  NORMAL
..................................................................
TEMPERATURE (F)
 YESTERDAY
  MAXIMUM         84    129 PM 101    1988  89     -5       93
  MINIMUM         56    415 AM  45    1974  68    -12       74
  AVERAGE         70                        79     -9       84

PRECIPITATION (IN)
  YESTERDAY        0.00          3.72 1994   0.13  -0.13     0.01
  MONTH TO DATE    3.09                      3.45  -0.36     1.20
  SINCE JUN 1      3.09                      3.45  -0.36     1.20
  SINCE JAN 1     31.95                     26.27   5.68    18.44

DEGREE DAYS
 COOLING
  YESTERDAY        5                        14     -9       19
  MONTH TO DATE  300                       289     11      401
  SINCE JUN 1    300                       289     11      401
  SINCE JAN 1    626                       485    141      677
..................................................................


WIND (MPH)
  HIGHEST WIND SPEED    13   HIGHEST WIND DIRECTION    NW (320)
  HIGHEST GUST SPEED    16   HIGHEST GUST DIRECTION    NW (320)
  AVERAGE WIND SPEED     2.8


SKY COVER
  POSSIBLE SUNSHINE  MM
  AVERAGE SKY COVER 0.4


WEATHER CONDITIONS
 THE FOLLOWING WEATHER WAS RECORDED YESTERDAY.
  NO SIGNIFICANT WEATHER WAS OBSERVED.


RELATIVE HUMIDITY (PERCENT)
 HIGHEST    93           300 AM
 LOWEST     34           100 PM
 AVERAGE    64

..........................................................


THE CHATTANOOGA  ASOS CLIMATE NORMALS FOR TODAY
                         NORMAL    RECORD    YEAR
 MAXIMUM TEMPERATURE (F)   89       102      1954
                                             1952
 MINIMUM TEMPERATURE (F)   68        52      1974


SUNRISE AND SUNSET
JUNE 27 2017..........SUNRISE   629 AM EDT   SUNSET   859 PM EDT
JUNE 28 2017..........SUNRISE   629 AM EDT   SUNSET   859 PM EDT


-  INDICATES NEGATIVE NUMBERS.
R  INDICATES RECORD WAS SET OR TIED.
MM INDICATES DATA IS MISSING.
T  INDICATES TRACE AMOUNT.




$$
