000
CDUS44 KMRX 080943
CLICHA


CLIMATE REPORT
NATIONAL WEATHER SERVICE MORRISTOWN TN
443 AM EST MON FEB 8 2016


...................................

...THE CHATTANOOGA  ASOS CLIMATE SUMMARY FOR FEBRUARY 7 2016...

CLIMATE NORMAL PERIOD 1981 TO 2010
CLIMATE RECORD PERIOD 1879 TO 2016


WEATHER ITEM   OBSERVED TIME   RECORD YEAR NORMAL DEPARTURE LAST
                VALUE   (LST)  VALUE       VALUE  FROM      YEAR
                                                  NORMAL
..................................................................
TEMPERATURE (F)
 YESTERDAY
  MAXIMUM         57    256 PM  74    1999  53      4       65
  MINIMUM         27    759 AM   6    1895  32     -5       26
  AVERAGE         42                        43     -1       46

PRECIPITATION (IN)
  YESTERDAY        0.00          3.19 1884   0.17  -0.17     0.00
  MONTH TO DATE    2.75                      1.20   1.55     0.51
  SINCE DEC 1     16.83                     11.01   5.82     8.40
  SINCE JAN 1      6.42                      6.11   0.31     4.00

SNOWFALL (IN)
  YESTERDAY        0.0                       0.0    0.0      0.0
  MONTH TO DATE    0.0                       0.2   -0.2       T
  SINCE DEC 1      0.2                       2.2   -2.0      0.7
  SINCE JUL 1      0.2                       2.2   -2.0      0.7
  SNOW DEPTH       0

DEGREE DAYS
 HEATING
  YESTERDAY       23                        22      1       19
  MONTH TO DATE  107                       160    -53      173
  SINCE DEC 1   1256                      1616   -360     1533
  SINCE JUL 1   1636                      2205   -569     2209
..................................................................


WIND (MPH)
  HIGHEST WIND SPEED    15   HIGHEST WIND DIRECTION     W (260)
  HIGHEST GUST SPEED    18   HIGHEST GUST DIRECTION     W (260)
  AVERAGE WIND SPEED     2.4


SKY COVER
  POSSIBLE SUNSHINE  MM
  AVERAGE SKY COVER 0.3


WEATHER CONDITIONS
 THE FOLLOWING WEATHER WAS RECORDED YESTERDAY.
  NO SIGNIFICANT WEATHER WAS OBSERVED.


RELATIVE HUMIDITY (PERCENT)
 HIGHEST    92           800 AM
 LOWEST     22           500 PM
 AVERAGE    57

..........................................................


THE CHATTANOOGA  ASOS CLIMATE NORMALS FOR TODAY
                         NORMAL    RECORD    YEAR
 MAXIMUM TEMPERATURE (F)   53        76      1937
 MINIMUM TEMPERATURE (F)   33        -2      1895


SUNRISE AND SUNSET
FEBRUARY  8 2016......SUNRISE   734 AM EST   SUNSET   616 PM EST
FEBRUARY  9 2016......SUNRISE   733 AM EST   SUNSET   617 PM EST


-  INDICATES NEGATIVE NUMBERS.
R  INDICATES RECORD WAS SET OR TIED.
MM INDICATES DATA IS MISSING.
T  INDICATES TRACE AMOUNT.




$$
