000
CDUS44 KMRX 182226
CLICHA


CLIMATE REPORT
NATIONAL WEATHER SERVICE MORRISTOWN TN
526 PM EST THU JAN 18 2018


...................................

...THE CHATTANOOGA  ASOS CLIMATE SUMMARY FOR JANUARY 18 2018...
VALID TODAY AS OF 0500 PM LOCAL TIME.

CLIMATE NORMAL PERIOD 1981 TO 2010
CLIMATE RECORD PERIOD 1879 TO 2018


WEATHER ITEM   OBSERVED TIME   RECORD YEAR NORMAL DEPARTURE LAST
                VALUE   (LST)  VALUE       VALUE  FROM      YEAR
                                                  NORMAL
..................................................................
TEMPERATURE (F)
 TODAY
  MAXIMUM         38    342 PM  74    1929  50    -12       67
  MINIMUM         13    808 AM   6    1994  31    -18       50
                                      1977
  AVERAGE         26                        40    -14       59

PRECIPITATION (IN)
  TODAY            0.00          3.09 1987   0.16  -0.16      T
  MONTH TO DATE    0.68                      2.83  -2.15     1.41
  SINCE DEC 1      4.02                      7.73  -3.71     6.46
  SINCE JAN 1      0.68                      2.83  -2.15     1.41

SNOWFALL (IN)
  TODAY            0.0                       0.1   -0.1      0.0
  MONTH TO DATE    0.3                       1.0   -0.7      0.3
  SINCE DEC 1      0.8                       1.3   -0.5      0.3
  SINCE JUL 1      0.8                       1.3   -0.5      0.3
  SNOW DEPTH       0

DEGREE DAYS
 HEATING
  TODAY           39                        25     14        6
  MONTH TO DATE  606                       450    156      291
  SINCE DEC 1   1287                      1145    142      912
  SINCE JUL 1   1798                      1734     64     1232

 COOLING
  TODAY            0                         0      0        0
  MONTH TO DATE    0                         0      0        0
  SINCE DEC 1      0                         1     -1        0
  SINCE JAN 1      0                         0      0        0
..................................................................


WIND (MPH)
  HIGHEST WIND SPEED    13   HIGHEST WIND DIRECTION     N (20)
  HIGHEST GUST SPEED    16   HIGHEST GUST DIRECTION    NE (40)
  AVERAGE WIND SPEED     4.6


SKY COVER
  POSSIBLE SUNSHINE  MM
  AVERAGE SKY COVER 0.0


WEATHER CONDITIONS
 THE FOLLOWING WEATHER WAS RECORDED TODAY.
  NO SIGNIFICANT WEATHER WAS OBSERVED.


RELATIVE HUMIDITY (PERCENT)
 HIGHEST    84           600 AM
 LOWEST     32           200 PM
 AVERAGE    58

..........................................................


THE CHATTANOOGA  ASOS CLIMATE NORMALS FOR TOMORROW
                         NORMAL    RECORD    YEAR
 MAXIMUM TEMPERATURE (F)   50        69      1907
 MINIMUM TEMPERATURE (F)   31         0      1940


SUNRISE AND SUNSET
JANUARY 18 2018.......SUNRISE   747 AM EST   SUNSET   555 PM EST
JANUARY 19 2018.......SUNRISE   747 AM EST   SUNSET   556 PM EST


-  INDICATES NEGATIVE NUMBERS.
R  INDICATES RECORD WAS SET OR TIED.
MM INDICATES DATA IS MISSING.
T  INDICATES TRACE AMOUNT.




$$
