000
CDUS44 KMRX 290845
CLICHA

MEMCLICHA 000
TTAA00 KMRX 290844


CLIMATE REPORT
NATIONAL WEATHER SERVICE MORRISTOWN TN
444 AM EDT FRI AUG 29 2014


...................................

...THE CHATTANOOGA CLIMATE SUMMARY FOR AUGUST 28 2014...

CLIMATE NORMAL PERIOD 1981 TO 2010
CLIMATE RECORD PERIOD 1879 TO 2014


WEATHER ITEM   OBSERVED TIME   RECORD YEAR NORMAL DEPARTURE LAST
                VALUE   (LST)  VALUE       VALUE  FROM      YEAR
                                                  NORMAL
..................................................................
TEMPERATURE (F)
 YESTERDAY
  MAXIMUM         94    410 PM 100    1990  88      6       91
                                      1924
  MINIMUM         67    639 AM  56    1927  68     -1       70
  AVERAGE         81                        78      3       81

PRECIPITATION (IN)
  YESTERDAY        0.00          2.03 1933   0.10  -0.10     0.00
  MONTH TO DATE    2.89                      3.17  -0.28     6.53
  SINCE JUN 1     10.45                     12.13  -1.68    19.49
  SINCE JAN 1     27.74                     34.95  -7.21    54.16

SNOWFALL (IN)
  YESTERDAY        0.0                       0.0    0.0      0.0
  MONTH TO DATE    0.0                       0.0    0.0      0.0
  SINCE JUN 1      0.0                       0.0    0.0      0.0
  SINCE JUL 1      0.0                       0.0    0.0      0.0
  SNOW DEPTH       0

DEGREE DAYS
 HEATING
  YESTERDAY        0                         0      0        0
  MONTH TO DATE    0                         0      0        0
  SINCE JUN 1      0                         2     -2        0
  SINCE JUL 1      0                         0      0        0

 COOLING
  YESTERDAY       16                        13      3       16
  MONTH TO DATE  404                       408     -4      358
  SINCE JUN 1   1200                      1216    -16     1162
  SINCE JAN 1   1458                      1412     46     1338
..................................................................


WIND (MPH)
  HIGHEST WIND SPEED     8   HIGHEST WIND DIRECTION    NE (60)
  HIGHEST GUST SPEED    12   HIGHEST GUST DIRECTION     N (10)
  AVERAGE WIND SPEED     1.5


SKY COVER
  POSSIBLE SUNSHINE  MM
  AVERAGE SKY COVER  MM


WEATHER CONDITIONS
 THE FOLLOWING WEATHER WAS RECORDED YESTERDAY.
  NO SIGNIFICANT WEATHER WAS OBSERVED.


RELATIVE HUMIDITY (PERCENT)
 HIGHEST    87           600 AM
 LOWEST     38           400 PM
 AVERAGE    63

..........................................................


THE CHATTANOOGA CLIMATE NORMALS FOR TODAY
                         NORMAL    RECORD    YEAR
 MAXIMUM TEMPERATURE (F)   88       100      1993
 MINIMUM TEMPERATURE (F)   68        54      1992


SUNRISE AND SUNSET
AUGUST 29 2014........SUNRISE   711 AM EDT   SUNSET   812 PM EDT
AUGUST 30 2014........SUNRISE   712 AM EDT   SUNSET   810 PM EDT


-  INDICATES NEGATIVE NUMBERS.
R  INDICATES RECORD WAS SET OR TIED.
MM INDICATES DATA IS MISSING.
T  INDICATES TRACE AMOUNT.




$$
