000
CDUS44 KMRX 240917
CLICHA


CLIMATE REPORT
NATIONAL WEATHER SERVICE MORRISTOWN TN
417 AM EST FRI FEB 24 2017


...................................

...THE CHATTANOOGA  ASOS CLIMATE SUMMARY FOR FEBRUARY 23 2017...

CLIMATE NORMAL PERIOD 1981 TO 2010
CLIMATE RECORD PERIOD 1879 TO 2017


WEATHER ITEM   OBSERVED TIME   RECORD YEAR NORMAL DEPARTURE LAST
                VALUE   (LST)  VALUE       VALUE  FROM      YEAR
                                                  NORMAL
..................................................................
TEMPERATURE (F)
 YESTERDAY
  MAXIMUM         76    421 PM  78    2012  57     19       57
                                      1982
  MINIMUM         51    242 AM  12    1963  36     15       51
  AVERAGE         64                        46     18       54

PRECIPITATION (IN)
  YESTERDAY        0.00          2.88 1962   0.19  -0.19     1.40
  MONTH TO DATE    2.05                      3.96  -1.91     6.50
  SINCE DEC 1     12.09                     13.77  -1.68    20.58
  SINCE JAN 1      7.04                      8.87  -1.83    10.17

SNOWFALL (IN)
  YESTERDAY        0.0                       0.0    0.0      0.0
  MONTH TO DATE    0.0                       0.5   -0.5      0.3
  SINCE DEC 1      0.3                       2.5   -2.2      0.5
  SINCE JUL 1      0.3                       2.5   -2.2      0.5
  SNOW DEPTH       0

DEGREE DAYS
 HEATING
  YESTERDAY        1                        19    -18       11
  MONTH TO DATE  325                       488   -163      458
  SINCE DEC 1   1429                      1944   -515     1607
  SINCE JUL 1   1749                      2533   -784     1987
..................................................................


WIND (MPH)
  HIGHEST WIND SPEED    14   HIGHEST WIND DIRECTION     S (200)
  HIGHEST GUST SPEED    19   HIGHEST GUST DIRECTION    SW (210)
  AVERAGE WIND SPEED     2.2


SKY COVER
  POSSIBLE SUNSHINE  MM
  AVERAGE SKY COVER 0.7


WEATHER CONDITIONS
 THE FOLLOWING WEATHER WAS RECORDED YESTERDAY.
  FOG
  FOG W/VISIBILITY <= 1/4 MILE
  HAZE


RELATIVE HUMIDITY (PERCENT)
 HIGHEST   100           300 AM
 LOWEST     46           300 PM
 AVERAGE    73

..........................................................


THE CHATTANOOGA  ASOS CLIMATE NORMALS FOR TODAY
                         NORMAL    RECORD    YEAR
 MAXIMUM TEMPERATURE (F)   57        77      1890
 MINIMUM TEMPERATURE (F)   36        13      1967


SUNRISE AND SUNSET
FEBRUARY 24 2017......SUNRISE   716 AM EST   SUNSET   632 PM EST
FEBRUARY 25 2017......SUNRISE   715 AM EST   SUNSET   633 PM EST


-  INDICATES NEGATIVE NUMBERS.
R  INDICATES RECORD WAS SET OR TIED.
MM INDICATES DATA IS MISSING.
T  INDICATES TRACE AMOUNT.




$$
