846
CDUS44 KMRX 270837
CLICHA


CLIMATE REPORT
NATIONAL WEATHER SERVICE MORRISTOWN TN
437 AM EDT TUE SEP 27 2016


...................................

...THE CHATTANOOGA  ASOS CLIMATE SUMMARY FOR SEPTEMBER 26 2016...

CLIMATE NORMAL PERIOD 1981 TO 2010
CLIMATE RECORD PERIOD 1879 TO 2016


WEATHER ITEM   OBSERVED TIME   RECORD YEAR NORMAL DEPARTURE LAST
                VALUE   (LST)  VALUE       VALUE  FROM      YEAR
                                                  NORMAL
..................................................................
TEMPERATURE (F)
 YESTERDAY
  MAXIMUM         89   1214 PM  91    1897  80      9       75
  MINIMUM         69    637 AM  42    1940  58     11       65
  AVERAGE         79                        69     10       70

PRECIPITATION (IN)
  YESTERDAY        0.43          1.82 2009   0.15   0.28     0.42
  MONTH TO DATE    1.63                      3.47  -1.84     2.30
  SINCE SEP 1      1.63                      3.47  -1.84     2.30
  SINCE JAN 1     24.97                     38.73 -13.76    42.98

DEGREE DAYS
 HEATING
  YESTERDAY        0                         1     -1        0
  MONTH TO DATE    0                         8     -8        3
  SINCE SEP 1      0                         8     -8        3
  SINCE JUL 1      0                         8     -8        3

 COOLING
  YESTERDAY       14                         5      9        5
  MONTH TO DATE  404                       223    181      243
  SINCE SEP 1    404                       223    181      243
  SINCE JAN 1   2313                      1673    640     1890
..................................................................


WIND (MPH)
  HIGHEST WIND SPEED    36   HIGHEST WIND DIRECTION    SW (210)
  HIGHEST GUST SPEED    42   HIGHEST GUST DIRECTION    SW (230)
  AVERAGE WIND SPEED     3.6


SKY COVER
  POSSIBLE SUNSHINE  MM
  AVERAGE SKY COVER 0.6


WEATHER CONDITIONS
 THE FOLLOWING WEATHER WAS RECORDED YESTERDAY.
  THUNDERSTORM
  HEAVY RAIN
  LIGHT RAIN
  FOG


RELATIVE HUMIDITY (PERCENT)
 HIGHEST    97           900 PM
 LOWEST     47          1200 PM
 AVERAGE    72

..........................................................


THE CHATTANOOGA  ASOS CLIMATE NORMALS FOR TODAY
                         NORMAL    RECORD    YEAR
 MAXIMUM TEMPERATURE (F)   79        92      1998
                                             1954
                                             1897
 MINIMUM TEMPERATURE (F)   57        38      1940


SUNRISE AND SUNSET
SEPTEMBER 27 2016.....SUNRISE   733 AM EDT   SUNSET   730 PM EDT
SEPTEMBER 28 2016.....SUNRISE   734 AM EDT   SUNSET   728 PM EDT


-  INDICATES NEGATIVE NUMBERS.
R  INDICATES RECORD WAS SET OR TIED.
MM INDICATES DATA IS MISSING.
T  INDICATES TRACE AMOUNT.




$$
