765
CDUS44 KMRX 250810
CLICHA


CLIMATE REPORT
NATIONAL WEATHER SERVICE MORRISTOWN TN
410 AM EDT SAT MAR 25 2017


...................................

...THE CHATTANOOGA  ASOS CLIMATE SUMMARY FOR MARCH 24 2017...

CLIMATE NORMAL PERIOD 1981 TO 2010
CLIMATE RECORD PERIOD 1879 TO 2017


WEATHER ITEM   OBSERVED TIME   RECORD YEAR NORMAL DEPARTURE LAST
                VALUE   (LST)  VALUE       VALUE  FROM      YEAR
                                                  NORMAL
..................................................................
TEMPERATURE (F)
 YESTERDAY
  MAXIMUM         72    501 PM  89    1929  66      6       70
  MINIMUM         58    814 AM  24    1968  43     15       58
                                      1885
  AVERAGE         65                        54     11       64

PRECIPITATION (IN)
  YESTERDAY        0.00          2.32 1934   0.16  -0.16     0.86
  MONTH TO DATE    2.48                      3.85  -1.37     2.39
  SINCE MAR 1      2.48                      3.85  -1.37     2.39
  SINCE JAN 1     10.91                     13.60  -2.69    13.13

SNOWFALL (IN)
  YESTERDAY        0.0                       0.1   -0.1      0.0
  MONTH TO DATE    T                         1.1   -1.1       T
  SINCE MAR 1      T                         1.1   -1.1       T
  SINCE JUL 1      0.3                       3.7   -3.4      0.5
  SNOW DEPTH       0

DEGREE DAYS
 HEATING
  YESTERDAY        0                        11    -11        1
  MONTH TO DATE  326                       334     -8      204
  SINCE MAR 1    326                       334     -8      204
  SINCE JUL 1   2137                      2956   -819     2289

 COOLING
  YESTERDAY        0                         0      0        0
  MONTH TO DATE    4                         0      4       12
  SINCE MAR 1      4                         0      4       12
  SINCE JAN 1      4                         0      4       12
..................................................................


WIND (MPH)
  HIGHEST WIND SPEED    17   HIGHEST WIND DIRECTION     S (160)
  HIGHEST GUST SPEED    25   HIGHEST GUST DIRECTION     S (160)
  AVERAGE WIND SPEED     9.2


SKY COVER
  POSSIBLE SUNSHINE  MM
  AVERAGE SKY COVER 0.8


WEATHER CONDITIONS
 THE FOLLOWING WEATHER WAS RECORDED YESTERDAY.
  NO SIGNIFICANT WEATHER WAS OBSERVED.


RELATIVE HUMIDITY (PERCENT)
 HIGHEST    55           700 AM
 LOWEST     37           200 AM
 AVERAGE    46

..........................................................


THE CHATTANOOGA  ASOS CLIMATE NORMALS FOR TODAY
                         NORMAL    RECORD    YEAR
 MAXIMUM TEMPERATURE (F)   67        88      2007
 MINIMUM TEMPERATURE (F)   43        25      1983
                                             1940


SUNRISE AND SUNSET
MARCH 25 2017.........SUNRISE   737 AM EDT   SUNSET   757 PM EDT
MARCH 26 2017.........SUNRISE   736 AM EDT   SUNSET   758 PM EDT


-  INDICATES NEGATIVE NUMBERS.
R  INDICATES RECORD WAS SET OR TIED.
MM INDICATES DATA IS MISSING.
T  INDICATES TRACE AMOUNT.




$$
