000
CDUS44 KMRX 270812
CLICHA


CLIMATE REPORT
NATIONAL WEATHER SERVICE MORRISTOWN TN
411 AM EDT SAT AUG 27 2016


...................................

...THE CHATTANOOGA  ASOS CLIMATE SUMMARY FOR AUGUST 26 2016...

CLIMATE NORMAL PERIOD 1981 TO 2010
CLIMATE RECORD PERIOD 1879 TO 2016


WEATHER ITEM   OBSERVED TIME   RECORD YEAR NORMAL DEPARTURE LAST
                VALUE   (LST)  VALUE       VALUE  FROM      YEAR
                                                  NORMAL
..................................................................
TEMPERATURE (F)
 YESTERDAY
  MAXIMUM         97    307 PM 101    2011  89      8       82
                                      1943
  MINIMUM         74    641 AM  55    1966  68      6       59
  AVERAGE         86                        78      8       71

PRECIPITATION (IN)
  YESTERDAY        0.60          3.28 2008   0.10   0.50     0.00
  MONTH TO DATE    1.91                      2.97  -1.06     7.09
  SINCE JUN 1      5.63                     11.93  -6.30    17.48
  SINCE JAN 1     22.87                     34.75 -11.88    40.68

DEGREE DAYS
 COOLING
  YESTERDAY       21                        14      7        6
  MONTH TO DATE  480                       382     98      357
  SINCE JUN 1   1542                      1190    352     1313
  SINCE JAN 1   1818                      1386    432     1589
..................................................................


WIND (MPH)
  HIGHEST WIND SPEED    18   HIGHEST WIND DIRECTION    SE (140)
  HIGHEST GUST SPEED    24   HIGHEST GUST DIRECTION    SE (140)
  AVERAGE WIND SPEED     5.0


SKY COVER
  POSSIBLE SUNSHINE  MM
  AVERAGE SKY COVER 0.4


WEATHER CONDITIONS
 THE FOLLOWING WEATHER WAS RECORDED YESTERDAY.
  THUNDERSTORM
  HEAVY RAIN
  RAIN
  LIGHT RAIN
  FOG
  HAZE


RELATIVE HUMIDITY (PERCENT)
 HIGHEST    94          1000 PM
 LOWEST     46           200 PM
 AVERAGE    70

..........................................................


THE CHATTANOOGA  ASOS CLIMATE NORMALS FOR TODAY
                         NORMAL    RECORD    YEAR
 MAXIMUM TEMPERATURE (F)   89       102      1936
 MINIMUM TEMPERATURE (F)   68        53      1942


SUNRISE AND SUNSET
AUGUST 27 2016........SUNRISE   710 AM EDT   SUNSET   814 PM EDT
AUGUST 28 2016........SUNRISE   711 AM EDT   SUNSET   812 PM EDT


-  INDICATES NEGATIVE NUMBERS.
R  INDICATES RECORD WAS SET OR TIED.
MM INDICATES DATA IS MISSING.
T  INDICATES TRACE AMOUNT.




$$
