000
CDUS41 KLWX 230520
CLICHO


CLIMATE REPORT
NATIONAL WEATHER SERVICE BALTIMORE MD/WASHINGTON DC
120 AM EDT SAT AUG 23 2014


...................................

...THE CHARLOTTESVILLE VA CLIMATE SUMMARY FOR AUGUST 22 2014...

CLIMATE NORMAL PERIOD 1981 TO 2010
CLIMATE RECORD PERIOD 1889 TO 2014


WEATHER ITEM   OBSERVED TIME   RECORD YEAR NORMAL DEPARTURE LAST
                VALUE   (LST)  VALUE       VALUE  FROM      YEAR
                                                  NORMAL
..................................................................
TEMPERATURE (F)
 YESTERDAY
  MAXIMUM         81    329 PM  MM      MM  85     -4       87
  MINIMUM         68    536 AM  MM      MM  63      5       65
  AVERAGE         75                        74      1       76

PRECIPITATION (IN)
  YESTERDAY        0.41                      0.09   0.32     0.30
  MONTH TO DATE    3.16                      2.77   0.39     4.48
  SINCE JUN 1      9.06                     10.82  -1.76    15.25
  SINCE JAN 1     27.33                     27.29   0.04    31.88

DEGREE DAYS
 HEATING
  YESTERDAY        0                         0      0        0
  MONTH TO DATE    0                         0      0        5
  SINCE JUN 1      2                        12    -10        7
  SINCE JUL 1      0                         1     -1        5

 COOLING
  YESTERDAY       10                         9      1       11
  MONTH TO DATE  166                       210    -44      168
  SINCE JUN 1    743                       754    -11      788
  SINCE JAN 1    859                       840     19      935
..................................................................


WIND (MPH)
  HIGHEST WIND SPEED     9   HIGHEST WIND DIRECTION     N (350)
  HIGHEST GUST SPEED    21   HIGHEST GUST DIRECTION     E (90)
  AVERAGE WIND SPEED     2.6


SKY COVER
  POSSIBLE SUNSHINE  MM
  AVERAGE SKY COVER 0.6


WEATHER CONDITIONS
 THE FOLLOWING WEATHER WAS RECORDED YESTERDAY.
  HEAVY RAIN
  LIGHT RAIN
  FOG


RELATIVE HUMIDITY (PERCENT)
 HIGHEST    90           400 AM
 LOWEST     69           300 PM
 AVERAGE    80

..........................................................


THE CHARLOTTESVILLE VA CLIMATE NORMALS FOR TODAY
                         NORMAL    RECORD    YEAR
 MAXIMUM TEMPERATURE (F)   84        MM        MM
 MINIMUM TEMPERATURE (F)   63        MM        MM


SUNRISE AND SUNSET
AUGUST 23 2014........SUNRISE   636 AM EDT   SUNSET   756 PM EDT
AUGUST 24 2014........SUNRISE   637 AM EDT   SUNSET   755 PM EDT


-  INDICATES NEGATIVE NUMBERS.
R  INDICATES RECORD WAS SET OR TIED.
MM INDICATES DATA IS MISSING.
T  INDICATES TRACE AMOUNT.




$$
