241
CDUS41 KLWX 060522
CLICHO


CLIMATE REPORT
NATIONAL WEATHER SERVICE BALTIMORE MD/WASHINGTON DC
122 AM EDT FRI MAY 6 2016


...................................

...THE CHARLOTTESVILLE VA CLIMATE SUMMARY FOR MAY 5 2016...

CLIMATE NORMAL PERIOD 1981 TO 2010
CLIMATE RECORD PERIOD 1889 TO 2016


WEATHER ITEM   OBSERVED TIME   RECORD YEAR NORMAL DEPARTURE LAST
                VALUE   (LST)  VALUE       VALUE  FROM      YEAR
                                                  NORMAL
..................................................................
TEMPERATURE (F)
 YESTERDAY
  MAXIMUM         56   1247 PM  MM      MM  72    -16       85
  MINIMUM         51   1059 AM  MM      MM  48      3       54
  AVERAGE         54                        60     -6       70

PRECIPITATION (IN)
  YESTERDAY        0.56                      0.11   0.45     0.04
  MONTH TO DATE    2.02                      0.54   1.48     0.36
  SINCE MAR 1      6.88                      7.56  -0.68     8.54
  SINCE JAN 1     13.00                     13.03  -0.03    11.20

DEGREE DAYS
 HEATING
  YESTERDAY       11                         6      5        0
  MONTH TO DATE   18                        31    -13       15
  SINCE MAR 1    621                       931   -310      865
  SINCE JUL 1   3379                      4343   -964     4380

 COOLING
  YESTERDAY        0                         1     -1        5
  MONTH TO DATE   12                         5      7        5
  SINCE MAR 1     39                        26     13       13
  SINCE JAN 1     39                        26     13       13
..................................................................


WIND (MPH)
  HIGHEST WIND SPEED    15   HIGHEST WIND DIRECTION    NE (40)
  HIGHEST GUST SPEED    20   HIGHEST GUST DIRECTION    NE (40)
  AVERAGE WIND SPEED     7.8


SKY COVER
  POSSIBLE SUNSHINE  MM
  AVERAGE SKY COVER 1.0


WEATHER CONDITIONS
 THE FOLLOWING WEATHER WAS RECORDED YESTERDAY.
  RAIN
  LIGHT RAIN
  FOG


RELATIVE HUMIDITY (PERCENT)
 HIGHEST    93           200 AM
 LOWEST     77           500 PM
 AVERAGE    85

..........................................................


THE CHARLOTTESVILLE VA CLIMATE NORMALS FOR TODAY
                         NORMAL    RECORD    YEAR
 MAXIMUM TEMPERATURE (F)   73        MM        MM
 MINIMUM TEMPERATURE (F)   49        MM        MM


SUNRISE AND SUNSET
MAY  6 2016...........SUNRISE   611 AM EDT   SUNSET   810 PM EDT
MAY  7 2016...........SUNRISE   610 AM EDT   SUNSET   811 PM EDT


-  INDICATES NEGATIVE NUMBERS.
R  INDICATES RECORD WAS SET OR TIED.
MM INDICATES DATA IS MISSING.
T  INDICATES TRACE AMOUNT.




$$
