000
CDUS41 KLWX 020533
CLICHO


CLIMATE REPORT
NATIONAL WEATHER SERVICE BALTIMORE MD/WASHINGTON DC
131 AM EDT TUE JUN 2 2015


...................................

...THE CHARLOTTESVILLE VA CLIMATE SUMMARY FOR JUNE 1 2015...

CLIMATE NORMAL PERIOD 1981 TO 2010
CLIMATE RECORD PERIOD 1889 TO 2015


WEATHER ITEM   OBSERVED TIME   RECORD YEAR NORMAL DEPARTURE LAST
                VALUE   (LST)  VALUE       VALUE  FROM      YEAR
                                                  NORMAL
..................................................................
TEMPERATURE (F)
 YESTERDAY
  MAXIMUM         87    106 PM  MM      MM  79      8       75
  MINIMUM         65   1159 PM  MM      MM  57      8       50
  AVERAGE         76                        68      8       63

PRECIPITATION (IN)
  YESTERDAY        1.56                      0.15   1.41     0.00
  MONTH TO DATE    1.56                      0.15   1.41     0.00
  SINCE JUN 1      1.56                      0.15   1.41     0.00
  SINCE JAN 1     14.22                     16.62  -2.40    18.27

DEGREE DAYS
 HEATING
  YESTERDAY        0                         1     -1        2
  MONTH TO DATE    0                         1     -1        2
  SINCE JUN 1      0                         1     -1        2
  SINCE JUL 1   4408                      4434    -26     4591

 COOLING
  YESTERDAY       11                         4      7        0
  MONTH TO DATE   11                         4      7        0
  SINCE JUN 1     11                         4      7        0
  SINCE JAN 1    188                        90     98      116
..................................................................


WIND (MPH)
  HIGHEST WIND SPEED    16   HIGHEST WIND DIRECTION    NW (320)
  HIGHEST GUST SPEED    27   HIGHEST GUST DIRECTION    NW (310)
  AVERAGE WIND SPEED     4.5


SKY COVER
  POSSIBLE SUNSHINE  MM
  AVERAGE SKY COVER 0.4


WEATHER CONDITIONS
 THE FOLLOWING WEATHER WAS RECORDED YESTERDAY.
  THUNDERSTORM
  HEAVY RAIN
  RAIN
  LIGHT RAIN
  FOG


RELATIVE HUMIDITY (PERCENT)
 HIGHEST   100           600 AM
 LOWEST     51          1200 PM
 AVERAGE    76

..........................................................


THE CHARLOTTESVILLE VA CLIMATE NORMALS FOR TODAY
                         NORMAL    RECORD    YEAR
 MAXIMUM TEMPERATURE (F)   79        MM        MM
 MINIMUM TEMPERATURE (F)   57        MM        MM


SUNRISE AND SUNSET
JUNE  2 2015..........SUNRISE   552 AM EDT   SUNSET   832 PM EDT
JUNE  3 2015..........SUNRISE   552 AM EDT   SUNSET   832 PM EDT


-  INDICATES NEGATIVE NUMBERS.
R  INDICATES RECORD WAS SET OR TIED.
MM INDICATES DATA IS MISSING.
T  INDICATES TRACE AMOUNT.




$$
