000
CDUS41 KLWX 242127
CLICHO


CLIMATE REPORT
NATIONAL WEATHER SERVICE BALTIMORE MD/WASHINGTON DC
426 PM EST SAT FEB 24 2018


...................................

...THE CHARLOTTESVILLE VA CLIMATE SUMMARY FOR FEBRUARY 24 2018...
VALID TODAY AS OF 0400 PM LOCAL TIME.

CLIMATE NORMAL PERIOD 1981 TO 2010
CLIMATE RECORD PERIOD 1998 TO 2018


WEATHER ITEM   OBSERVED TIME   RECORD YEAR NORMAL DEPARTURE LAST
                VALUE   (LST)  VALUE       VALUE  FROM      YEAR
                                                  NORMAL
..................................................................
TEMPERATURE (F)
 TODAY
  MAXIMUM         58    349 PM  MM      MM  51      7       78
  MINIMUM         47    436 AM  MM      MM  29     18       52
  AVERAGE         53                        40     13       65

PRECIPITATION (IN)
  TODAY            0.03                      0.10  -0.07     0.00
  MONTH TO DATE    4.18                      2.26   1.92     0.24
  SINCE DEC 1      6.04                      8.18  -2.14     4.56
  SINCE JAN 1      5.69                      5.03   0.66     2.84

DEGREE DAYS
 HEATING
  TODAY           12                                         0
  MONTH TO DATE  465                                       349
  SINCE DEC 1   2164                                      1789
  SINCE JUL 1   2826                                      2314

 COOLING
  TODAY            0                                         0
  MONTH TO DATE    5                                         1
  SINCE DEC 1      5                                         1
  SINCE JAN 1      5                                         1
..................................................................


WIND (MPH)
  HIGHEST WIND SPEED    12   HIGHEST WIND DIRECTION    NE (50)
  HIGHEST GUST SPEED    14   HIGHEST GUST DIRECTION    NE (50)
  AVERAGE WIND SPEED     4.1


SKY COVER
  POSSIBLE SUNSHINE  MM
  AVERAGE SKY COVER 0.8


WEATHER CONDITIONS
 THE FOLLOWING WEATHER WAS RECORDED TODAY.
  LIGHT RAIN
  FOG
  FOG W/VISIBILITY <= 1/4 MILE


RELATIVE HUMIDITY (PERCENT)
 HIGHEST   100           400 AM
 LOWEST     80           400 PM
 AVERAGE    90

..........................................................


THE CHARLOTTESVILLE VA CLIMATE NORMALS FOR TOMORROW
                         NORMAL    RECORD    YEAR
 MAXIMUM TEMPERATURE (F)   51        MM        MM
 MINIMUM TEMPERATURE (F)   29        MM        MM


SUNRISE AND SUNSET
FEBRUARY 24 2018......SUNRISE   652 AM EST   SUNSET   602 PM EST
FEBRUARY 25 2018......SUNRISE   651 AM EST   SUNSET   603 PM EST


-  INDICATES NEGATIVE NUMBERS.
R  INDICATES RECORD WAS SET OR TIED.
MM INDICATES DATA IS MISSING.
T  INDICATES TRACE AMOUNT.




$$
