000
CDUS41 KLWX 220523
CLICHO


CLIMATE REPORT
NATIONAL WEATHER SERVICE BALTIMORE MD/WASHINGTON DC
123 AM EDT WED OCT 22 2014


...................................

...THE CHARLOTTESVILLE VA CLIMATE SUMMARY FOR OCTOBER 21 2014...

CLIMATE NORMAL PERIOD 1981 TO 2010
CLIMATE RECORD PERIOD 1889 TO 2014


WEATHER ITEM   OBSERVED TIME   RECORD YEAR NORMAL DEPARTURE LAST
                VALUE   (LST)  VALUE       VALUE  FROM      YEAR
                                                  NORMAL
..................................................................
TEMPERATURE (F)
 YESTERDAY
  MAXIMUM         72    132 PM  MM      MM  66      6       67
  MINIMUM         48    609 AM  MM      MM  43      5       35
  AVERAGE         60                        54      6       51

PRECIPITATION (IN)
  YESTERDAY        0.01                      0.10  -0.09     0.00
  MONTH TO DATE    3.68                      2.18   1.50     3.15
  SINCE SEP 1      4.54                      6.66  -2.12     3.80
  SINCE JAN 1     33.04                     34.80  -1.76    37.32

DEGREE DAYS
 HEATING
  YESTERDAY        5                        11     -6       14
  MONTH TO DATE  118                       168    -50      101
  SINCE SEP 1    141                       223    -82      171
  SINCE JUL 1    141                       226    -85      176

 COOLING
  YESTERDAY        0                         0      0        0
  MONTH TO DATE   14                        12      2       37
  SINCE SEP 1    166                       123     43      143
  SINCE JAN 1   1094                      1033     61     1145
..................................................................


WIND (MPH)
  HIGHEST WIND SPEED    13   HIGHEST WIND DIRECTION    NW (320)
  HIGHEST GUST SPEED    20   HIGHEST GUST DIRECTION    NW (330)
  AVERAGE WIND SPEED     2.6


SKY COVER
  POSSIBLE SUNSHINE  MM
  AVERAGE SKY COVER 0.6


WEATHER CONDITIONS
 THE FOLLOWING WEATHER WAS RECORDED YESTERDAY.
  LIGHT RAIN


RELATIVE HUMIDITY (PERCENT)
 HIGHEST    83          1200 AM
 LOWEST     37           200 PM
 AVERAGE    60

..........................................................


THE CHARLOTTESVILLE VA CLIMATE NORMALS FOR TODAY
                         NORMAL    RECORD    YEAR
 MAXIMUM TEMPERATURE (F)   66        MM        MM
 MINIMUM TEMPERATURE (F)   42        MM        MM


SUNRISE AND SUNSET
OCTOBER 22 2014.......SUNRISE   729 AM EDT   SUNSET   627 PM EDT
OCTOBER 23 2014.......SUNRISE   730 AM EDT   SUNSET   625 PM EDT


-  INDICATES NEGATIVE NUMBERS.
R  INDICATES RECORD WAS SET OR TIED.
MM INDICATES DATA IS MISSING.
T  INDICATES TRACE AMOUNT.




$$
