000
CDUS41 KLWX 220523
CLICHO


CLIMATE REPORT
NATIONAL WEATHER SERVICE BALTIMORE MD/WASHINGTON DC
123 AM EDT THU JUN 22 2017


...................................

...THE CHARLOTTESVILLE VA CLIMATE SUMMARY FOR JUNE 21 2017...

CLIMATE NORMAL PERIOD 1981 TO 2010
CLIMATE RECORD PERIOD 1998 TO 2017


WEATHER ITEM   OBSERVED TIME   RECORD YEAR NORMAL DEPARTURE LAST
                VALUE   (LST)  VALUE       VALUE  FROM      YEAR
                                                  NORMAL
..................................................................
TEMPERATURE (F)
 YESTERDAY
  MAXIMUM         89    227 PM  MM      MM  85      4       87
  MINIMUM         67    422 AM  MM      MM  62      5       71
  AVERAGE         78                        74      4       79

PRECIPITATION (IN)
  YESTERDAY        0.00                      0.11  -0.11     0.48
  MONTH TO DATE    2.53                      2.75  -0.22     2.99
  SINCE JUN 1      2.53                      2.75  -0.22     2.99
  SINCE JAN 1     20.08                     19.22   0.86    19.50

DEGREE DAYS
 HEATING
  YESTERDAY        0                         0      0        0
  MONTH TO DATE    1                         8     -7        0
  SINCE JUN 1      1                         8     -7        0
  SINCE JUL 1   3092                      4441  -1349     3480

 COOLING
  YESTERDAY       13                         9      4       14
  MONTH TO DATE  203                       134     69      201
  SINCE JUN 1    203                       134     69      201
  SINCE JAN 1    413                       220    193      314
..................................................................


WIND (MPH)
  HIGHEST WIND SPEED    13   HIGHEST WIND DIRECTION    SW (210)
  HIGHEST GUST SPEED    20   HIGHEST GUST DIRECTION     E (110)
  AVERAGE WIND SPEED     5.8


SKY COVER
  POSSIBLE SUNSHINE  MM
  AVERAGE SKY COVER 0.2


WEATHER CONDITIONS
 THE FOLLOWING WEATHER WAS RECORDED YESTERDAY.
  NO SIGNIFICANT WEATHER WAS OBSERVED.


RELATIVE HUMIDITY (PERCENT)
 HIGHEST    90           200 AM
 LOWEST     39          1200 PM
 AVERAGE    65

..........................................................


THE CHARLOTTESVILLE VA CLIMATE NORMALS FOR TODAY
                         NORMAL    RECORD    YEAR
 MAXIMUM TEMPERATURE (F)   85        MM        MM
 MINIMUM TEMPERATURE (F)   63        MM        MM


SUNRISE AND SUNSET
JUNE 22 2017..........SUNRISE   551 AM EDT   SUNSET   840 PM EDT
JUNE 23 2017..........SUNRISE   552 AM EDT   SUNSET   841 PM EDT


-  INDICATES NEGATIVE NUMBERS.
R  INDICATES RECORD WAS SET OR TIED.
MM INDICATES DATA IS MISSING.
T  INDICATES TRACE AMOUNT.




$$
