000
CDUS41 KLWX 030523
CLICHO


CLIMATE REPORT
NATIONAL WEATHER SERVICE BALTIMORE MD/WASHINGTON DC
123 AM EDT WED SEP 3 2014


...................................

...THE CHARLOTTESVILLE VA CLIMATE SUMMARY FOR SEPTEMBER 2 2014...

CLIMATE NORMAL PERIOD 1981 TO 2010
CLIMATE RECORD PERIOD 1889 TO 2014


WEATHER ITEM   OBSERVED TIME   RECORD YEAR NORMAL DEPARTURE LAST
                VALUE   (LST)  VALUE       VALUE  FROM      YEAR
                                                  NORMAL
..................................................................
TEMPERATURE (F)
 YESTERDAY
  MAXIMUM         93    317 PM  MM      MM  83     10       87
  MINIMUM         71    554 AM  MM      MM  60     11       68
  AVERAGE         82                        71     11       78

PRECIPITATION (IN)
  YESTERDAY        T                         0.09  -0.09      T
  MONTH TO DATE    0.14                      0.19  -0.05     0.01
  SINCE SEP 1      0.14                      0.19  -0.05     0.01
  SINCE JAN 1     28.64                     28.33   0.31    33.53

DEGREE DAYS
 HEATING
  YESTERDAY        0                         0      0        0
  MONTH TO DATE    0                         0      0        0
  SINCE SEP 1      0                         0      0        0
  SINCE JUL 1      0                         3     -3        5

 COOLING
  YESTERDAY       17                         7     10       13
  MONTH TO DATE   34                        14     20       25
  SINCE SEP 1     34                        14     20       25
  SINCE JAN 1    962                       924     38     1027
..................................................................


WIND (MPH)
  HIGHEST WIND SPEED    14   HIGHEST WIND DIRECTION    SW (210)
  HIGHEST GUST SPEED    17   HIGHEST GUST DIRECTION    SW (210)
  AVERAGE WIND SPEED     4.5


SKY COVER
  POSSIBLE SUNSHINE  MM
  AVERAGE SKY COVER 0.1


WEATHER CONDITIONS
 THE FOLLOWING WEATHER WAS RECORDED YESTERDAY.
  THUNDERSTORM
  LIGHT RAIN


RELATIVE HUMIDITY (PERCENT)
 HIGHEST    87           700 AM
 LOWEST     44           200 PM
 AVERAGE    66

..........................................................


THE CHARLOTTESVILLE VA CLIMATE NORMALS FOR TODAY
                         NORMAL    RECORD    YEAR
 MAXIMUM TEMPERATURE (F)   82        MM        MM
 MINIMUM TEMPERATURE (F)   60        MM        MM


SUNRISE AND SUNSET
SEPTEMBER  3 2014.....SUNRISE   645 AM EDT   SUNSET   740 PM EDT
SEPTEMBER  4 2014.....SUNRISE   646 AM EDT   SUNSET   739 PM EDT


-  INDICATES NEGATIVE NUMBERS.
R  INDICATES RECORD WAS SET OR TIED.
MM INDICATES DATA IS MISSING.
T  INDICATES TRACE AMOUNT.




$$
