000
CDUS41 KLWX 300527
CLICHO


CLIMATE REPORT
NATIONAL WEATHER SERVICE BALTIMORE MD/WASHINGTON DC
126 AM EDT SAT JUL 30 2016


...................................

...THE CHARLOTTESVILLE VA CLIMATE SUMMARY FOR JULY 29 2016...

CLIMATE NORMAL PERIOD 1981 TO 2010
CLIMATE RECORD PERIOD 1889 TO 2016


WEATHER ITEM   OBSERVED TIME   RECORD YEAR NORMAL DEPARTURE LAST
                VALUE   (LST)  VALUE       VALUE  FROM      YEAR
                                                  NORMAL
..................................................................
TEMPERATURE (F)
 YESTERDAY
  MAXIMUM         90    406 PM  MM      MM  86      4       88
  MINIMUM         73    503 AM  MM      MM  65      8       72
  AVERAGE         82                        75      7       80

PRECIPITATION (IN)
  YESTERDAY        0.03                      0.13  -0.10      T
  MONTH TO DATE    1.16                      4.05  -2.89     3.64
  SINCE JUN 1      4.91                      7.78  -2.87    11.87
  SINCE JAN 1     21.42                     24.25  -2.83    24.53

DEGREE DAYS
 HEATING
  YESTERDAY        0                         0      0        0
  MONTH TO DATE    0                         0      0        0
  SINCE JUN 1      0                        11    -11       11
  SINCE JUL 1      0                         0      0        0

 COOLING
  YESTERDAY       17                        10      7       15
  MONTH TO DATE  455                       307    148      337
  SINCE JUN 1    742                       526    216      643
  SINCE JAN 1    855                       612    243      820
..................................................................


WIND (MPH)
  HIGHEST WIND SPEED    12   HIGHEST WIND DIRECTION     N (360)
  HIGHEST GUST SPEED    16   HIGHEST GUST DIRECTION     N (350)
  AVERAGE WIND SPEED     3.3


SKY COVER
  POSSIBLE SUNSHINE  MM
  AVERAGE SKY COVER 0.6


WEATHER CONDITIONS
 THE FOLLOWING WEATHER WAS RECORDED YESTERDAY.
  LIGHT RAIN
  FOG


RELATIVE HUMIDITY (PERCENT)
 HIGHEST    93           100 AM
 LOWEST     46           200 PM
 AVERAGE    70

..........................................................


THE CHARLOTTESVILLE VA CLIMATE NORMALS FOR TODAY
                         NORMAL    RECORD    YEAR
 MAXIMUM TEMPERATURE (F)   86        MM        MM
 MINIMUM TEMPERATURE (F)   65        MM        MM


SUNRISE AND SUNSET
JULY 30 2016..........SUNRISE   615 AM EDT   SUNSET   825 PM EDT
JULY 31 2016..........SUNRISE   616 AM EDT   SUNSET   824 PM EDT


-  INDICATES NEGATIVE NUMBERS.
R  INDICATES RECORD WAS SET OR TIED.
MM INDICATES DATA IS MISSING.
T  INDICATES TRACE AMOUNT.




$$
