000
CDUS41 KLWX 170525
CLICHO


CLIMATE REPORT
NATIONAL WEATHER SERVICE BALTIMORE MD/WASHINGTON DC
125 AM EDT TUE OCT 17 2017


...................................

...THE CHARLOTTESVILLE VA CLIMATE SUMMARY FOR OCTOBER 16 2017...

CLIMATE NORMAL PERIOD 1981 TO 2010
CLIMATE RECORD PERIOD 1998 TO 2017


WEATHER ITEM   OBSERVED TIME   RECORD YEAR NORMAL DEPARTURE LAST
                VALUE   (LST)  VALUE       VALUE  FROM      YEAR
                                                  NORMAL
..................................................................
TEMPERATURE (F)
 YESTERDAY
  MAXIMUM         73   1227 AM  MM      MM  68      5       78
  MINIMUM         49   1151 PM  MM      MM  44      5       50
  AVERAGE         61                        56      5       64

PRECIPITATION (IN)
  YESTERDAY        0.07                      0.09  -0.02     0.00
  MONTH TO DATE    0.82                      1.70  -0.88     0.71
  SINCE SEP 1      2.77                      6.18  -3.41     4.37
  SINCE JAN 1     30.11                     34.32  -4.21    30.33

DEGREE DAYS
 HEATING
  YESTERDAY        4                         9     -5        1
  MONTH TO DATE   24                       117    -93       60
  SINCE SEP 1     51                       172   -121       61
  SINCE JUL 1     51                       175   -124       61

 COOLING
  YESTERDAY        0                         0      0        0
  MONTH TO DATE   84                        12     72       10
  SINCE SEP 1    272                       123    149      304
  SINCE JAN 1   1590                      1033    557     1648
..................................................................


WIND (MPH)
  HIGHEST WIND SPEED    16   HIGHEST WIND DIRECTION     N (340)
  HIGHEST GUST SPEED    24   HIGHEST GUST DIRECTION     N (340)
  AVERAGE WIND SPEED     5.8


SKY COVER
  POSSIBLE SUNSHINE  MM
  AVERAGE SKY COVER 0.5


WEATHER CONDITIONS
 THE FOLLOWING WEATHER WAS RECORDED YESTERDAY.
  LIGHT RAIN
  FOG


RELATIVE HUMIDITY (PERCENT)
 HIGHEST    93           300 AM
 LOWEST     40           400 PM
 AVERAGE    67

..........................................................


THE CHARLOTTESVILLE VA CLIMATE NORMALS FOR TODAY
                         NORMAL    RECORD    YEAR
 MAXIMUM TEMPERATURE (F)   67        MM        MM
 MINIMUM TEMPERATURE (F)   44        MM        MM


SUNRISE AND SUNSET
OCTOBER 17 2017.......SUNRISE   725 AM EDT   SUNSET   633 PM EDT
OCTOBER 18 2017.......SUNRISE   726 AM EDT   SUNSET   632 PM EDT


-  INDICATES NEGATIVE NUMBERS.
R  INDICATES RECORD WAS SET OR TIED.
MM INDICATES DATA IS MISSING.
T  INDICATES TRACE AMOUNT.




$$
