000
CDUS42 KCHS 240601
CLICHS


CLIMATE REPORT
NATIONAL WEATHER SERVICE CHARLESTON SC
200 AM EDT SUN JUL 24 2016


...................................

...THE NORTH CHARLESTON SC CLIMATE SUMMARY FOR JULY 23 2016...

CLIMATE NORMAL PERIOD 1981 TO 2010
CLIMATE RECORD PERIOD 1938 TO 2016


WEATHER ITEM   OBSERVED TIME   RECORD YEAR NORMAL DEPARTURE LAST
                VALUE   (LST)  VALUE       VALUE  FROM      YEAR
                                                  NORMAL
..................................................................
TEMPERATURE (F)
 YESTERDAY
  MAXIMUM         95    206 PM  99    2015  91      4       99
                                      1952
                                      1940
  MINIMUM         76    611 AM  60    1974  73      3       75
                                      1966
  AVERAGE         86                        82      4       87

PRECIPITATION (IN)
  YESTERDAY        0.00          2.54 1941   0.21  -0.21     1.72
  MONTH TO DATE    4.09                      4.87  -0.78     6.77
  SINCE JUN 1      7.23                     10.52  -3.29    14.46
  SINCE JAN 1     27.98                     26.83   1.15    29.68

DEGREE DAYS
 HEATING
  YESTERDAY        0                         0      0        0
  MONTH TO DATE    0                         0      0        0
  SINCE JUN 1      0                         1     -1        0
  SINCE JUL 1      0                         0      0        0

 COOLING
  YESTERDAY       21                        17      4       22
  MONTH TO DATE  483                       388     95      430
  SINCE JUN 1   1008                       809    199      958
  SINCE JAN 1   1503                      1171    332     1391
..................................................................


WIND (MPH)
  HIGHEST WIND SPEED    16   HIGHEST WIND DIRECTION     S (170)
  HIGHEST GUST SPEED    21   HIGHEST GUST DIRECTION     S (170)
  AVERAGE WIND SPEED     5.9


SKY COVER
  POSSIBLE SUNSHINE  MM
  AVERAGE SKY COVER 0.3


WEATHER CONDITIONS
 THE FOLLOWING WEATHER WAS RECORDED YESTERDAY.
  NO SIGNIFICANT WEATHER WAS OBSERVED.


RELATIVE HUMIDITY (PERCENT)
 HIGHEST    91           400 AM
 LOWEST     43           200 PM
 AVERAGE    67

..........................................................


THE NORTH CHARLESTON SC CLIMATE NORMALS FOR TODAY
                         NORMAL    RECORD    YEAR
 MAXIMUM TEMPERATURE (F)   91       101      1940
 MINIMUM TEMPERATURE (F)   73        63      1944


SUNRISE AND SUNSET
JULY 24 2016..........SUNRISE   629 AM EDT   SUNSET   824 PM EDT
JULY 25 2016..........SUNRISE   629 AM EDT   SUNSET   824 PM EDT


-  INDICATES NEGATIVE NUMBERS.
R  INDICATES RECORD WAS SET OR TIED.
MM INDICATES DATA IS MISSING.
T  INDICATES TRACE AMOUNT.




$$
