000
CDUS42 KCHS 260631
CLICHS


CLIMATE REPORT
NATIONAL WEATHER SERVICE CHARLESTON SC
231 AM EDT THU MAY 26 2016


...................................

...THE NORTH CHARLESTON SC CLIMATE SUMMARY FOR MAY 25 2016...

CLIMATE NORMAL PERIOD 1981 TO 2010
CLIMATE RECORD PERIOD 1938 TO 2016


WEATHER ITEM   OBSERVED TIME   RECORD YEAR NORMAL DEPARTURE LAST
                VALUE   (LST)  VALUE       VALUE  FROM      YEAR
                                                  NORMAL
..................................................................
TEMPERATURE (F)
 YESTERDAY
  MAXIMUM         90   1244 PM  97    2000  85      5       82
                                      1953
  MINIMUM         65    530 AM  47    1967  65      0       61
                                      1951
  AVERAGE         78                        75      3       72

PRECIPITATION (IN)
  YESTERDAY        0.00          1.83 1970   0.11  -0.11     0.00
  MONTH TO DATE    1.39                      2.33  -0.94     1.36
  SINCE MAR 1      7.19                      8.95  -1.76     7.29
  SINCE JAN 1     15.48                     15.62  -0.14    15.22

DEGREE DAYS
 HEATING
  YESTERDAY        0                         0      0        0
  MONTH TO DATE    4                         8     -4        4
  SINCE MAR 1    180                       335   -155      210
  SINCE JUL 1   1357                      1971   -614     1947

 COOLING
  YESTERDAY       13                        10      3        7
  MONTH TO DATE  219                       181     38      199
  SINCE MAR 1    419                       292    127      359
  SINCE JAN 1    427                       299    128      363
..................................................................


WIND (MPH)
  HIGHEST WIND SPEED    15   HIGHEST WIND DIRECTION     S (190)
  HIGHEST GUST SPEED    20   HIGHEST GUST DIRECTION     S (190)
  AVERAGE WIND SPEED     5.7


SKY COVER
  POSSIBLE SUNSHINE  MM
  AVERAGE SKY COVER 0.3


WEATHER CONDITIONS
 THE FOLLOWING WEATHER WAS RECORDED YESTERDAY.
  FOG


RELATIVE HUMIDITY (PERCENT)
 HIGHEST    93           600 AM
 LOWEST     29           100 PM
 AVERAGE    61

..........................................................


THE NORTH CHARLESTON SC CLIMATE NORMALS FOR TODAY
                         NORMAL    RECORD    YEAR
 MAXIMUM TEMPERATURE (F)   85        98      1953
 MINIMUM TEMPERATURE (F)   65        50      1979


SUNRISE AND SUNSET
MAY 26 2016...........SUNRISE   615 AM EDT   SUNSET   820 PM EDT
MAY 27 2016...........SUNRISE   614 AM EDT   SUNSET   821 PM EDT


-  INDICATES NEGATIVE NUMBERS.
R  INDICATES RECORD WAS SET OR TIED.
MM INDICATES DATA IS MISSING.
T  INDICATES TRACE AMOUNT.




$$
