000
CDUS42 KCHS 290618
CLICHS


CLIMATE REPORT
NATIONAL WEATHER SERVICE CHARLESTON SC
218 AM EDT THU SEP 29 2016


...................................

...THE NORTH CHARLESTON SC CLIMATE SUMMARY FOR SEPTEMBER 28 2016...

CLIMATE NORMAL PERIOD 1981 TO 2010
CLIMATE RECORD PERIOD 1938 TO 2016


WEATHER ITEM   OBSERVED TIME   RECORD YEAR NORMAL DEPARTURE LAST
                VALUE   (LST)  VALUE       VALUE  FROM      YEAR
                                                  NORMAL
..................................................................
TEMPERATURE (F)
 YESTERDAY
  MAXIMUM         89    252 PM  94    1986  82      7       82
  MINIMUM         71    631 AM  50    1962  63      8       75
                                      1947
  AVERAGE         80                        73      7       79

PRECIPITATION (IN)
  YESTERDAY        0.00          4.96 1999   0.18  -0.18      T
  MONTH TO DATE   12.05                      5.76   6.29     2.28
  SINCE SEP 1     12.05                      5.76   6.29     2.28
  SINCE JAN 1     44.04                     41.40   2.64    44.13

DEGREE DAYS
 HEATING
  YESTERDAY        0                         0      0        0
  MONTH TO DATE    0                         0      0        0
  SINCE SEP 1      0                         0      0        0
  SINCE JUL 1      0                         0      0        0

 COOLING
  YESTERDAY       15                         8      7       14
  MONTH TO DATE  422                       318    104      352
  SINCE SEP 1    422                       318    104      352
  SINCE JAN 1   2697                      2123    574     2399
..................................................................


WIND (MPH)
  HIGHEST WIND SPEED    18   HIGHEST WIND DIRECTION     S (190)
  HIGHEST GUST SPEED    22   HIGHEST GUST DIRECTION     S (190)
  AVERAGE WIND SPEED     7.3


SKY COVER
  POSSIBLE SUNSHINE  MM
  AVERAGE SKY COVER 0.4


WEATHER CONDITIONS
 THE FOLLOWING WEATHER WAS RECORDED YESTERDAY.
  FOG


RELATIVE HUMIDITY (PERCENT)
 HIGHEST    93           300 AM
 LOWEST     56           200 PM
 AVERAGE    75

..........................................................


THE NORTH CHARLESTON SC CLIMATE NORMALS FOR TODAY
                         NORMAL    RECORD    YEAR
 MAXIMUM TEMPERATURE (F)   82        92      1941
 MINIMUM TEMPERATURE (F)   63        46      1942


SUNRISE AND SUNSET
SEPTEMBER 29 2016.....SUNRISE   713 AM EDT   SUNSET   707 PM EDT
SEPTEMBER 30 2016.....SUNRISE   714 AM EDT   SUNSET   705 PM EDT


-  INDICATES NEGATIVE NUMBERS.
R  INDICATES RECORD WAS SET OR TIED.
MM INDICATES DATA IS MISSING.
T  INDICATES TRACE AMOUNT.




$$
