000
CDUS42 KCHS 010603
CLICHS


CLIMATE REPORT
NATIONAL WEATHER SERVICE CHARLESTON SC
203 AM EDT WED JUL 1 2015


...................................

...THE NORTH CHARLESTON SC CLIMATE SUMMARY FOR JUNE 30 2015...

CLIMATE NORMAL PERIOD 1981 TO 2010
CLIMATE RECORD PERIOD 1938 TO 2015


WEATHER ITEM   OBSERVED TIME   RECORD YEAR NORMAL DEPARTURE LAST
                VALUE   (LST)  VALUE       VALUE  FROM      YEAR
                                                  NORMAL
..................................................................
TEMPERATURE (F)
 YESTERDAY
  MAXIMUM         92    152 PM 100    1998  90      2       92
  MINIMUM         71   1046 PM  58    1970  72     -1       72
  AVERAGE         82                        81      1       82

PRECIPITATION (IN)
  YESTERDAY        0.05          2.33 2013   0.22  -0.17     0.00
  MONTH TO DATE    7.69                      5.65   2.04     3.59
  SINCE JUN 1      7.69                      5.65   2.04     3.59
  SINCE JAN 1     22.91                     21.96   0.95    20.84

DEGREE DAYS
 HEATING
  YESTERDAY        0                         0      0        0
  MONTH TO DATE    0                         0      0        0
  SINCE JUN 1      0                         1     -1        0
  SINCE JUL 1   1947                      1976    -29     1875

 COOLING
  YESTERDAY       17                        16      1       17
  MONTH TO DATE  528                       421    107      518
  SINCE JUN 1    528                       421    107      518
  SINCE JAN 1    961                       783    178     1028
..................................................................


WIND (MPH)
  HIGHEST WIND SPEED    25   HIGHEST WIND DIRECTION     W (260)
  HIGHEST GUST SPEED    36   HIGHEST GUST DIRECTION     W (250)
  AVERAGE WIND SPEED     8.8


SKY COVER
  POSSIBLE SUNSHINE  MM
  AVERAGE SKY COVER 0.5


WEATHER CONDITIONS
 THE FOLLOWING WEATHER WAS RECORDED YESTERDAY.
  THUNDERSTORM
  RAIN


RELATIVE HUMIDITY (PERCENT)
 HIGHEST    93          1100 PM
 LOWEST     44           100 PM
 AVERAGE    69

..........................................................


THE NORTH CHARLESTON SC CLIMATE NORMALS FOR TODAY
                         NORMAL    RECORD    YEAR
 MAXIMUM TEMPERATURE (F)   90       100      1970
 MINIMUM TEMPERATURE (F)   72        61      1940


SUNRISE AND SUNSET
JULY  1 2015..........SUNRISE   615 AM EDT   SUNSET   832 PM EDT
JULY  2 2015..........SUNRISE   616 AM EDT   SUNSET   832 PM EDT


-  INDICATES NEGATIVE NUMBERS.
R  INDICATES RECORD WAS SET OR TIED.
MM INDICATES DATA IS MISSING.
T  INDICATES TRACE AMOUNT.




$$
