000
CDUS42 KCHS 180529
CLICHS

CLIMATE REPORT
NATIONAL WEATHER SERVICE CHARLESTON SC
119 AM EDT FRI APR 18 2014


...................................

...THE NORTH CHARLESTON SC CLIMATE SUMMARY FOR APRIL 17 2014...

CLIMATE NORMAL PERIOD 1981 TO 2010
CLIMATE RECORD PERIOD 1938 TO 2014


WEATHER ITEM   OBSERVED TIME   RECORD YEAR NORMAL DEPARTURE LAST
                VALUE   (LST)  VALUE       VALUE  FROM      YEAR
                                                  NORMAL
..................................................................
TEMPERATURE (F)
 YESTERDAY
  MAXIMUM         73    330 PM  91    1967  77     -4       83
  MINIMUM         43    612 AM  34    1962  54    -11       59
  AVERAGE         58                        65     -7       71

PRECIPITATION (IN)
  YESTERDAY        0.00          0.55 1946   0.09  -0.09     0.00
  MONTH TO DATE    1.57                      1.66  -0.09     3.57
  SINCE MAR 1      6.50                      5.37   1.13     7.64
  SINCE JAN 1     11.35                     12.04  -0.69    18.46

SNOWFALL (IN)
  YESTERDAY        0.0                       0.0    0.0
  SINCE MAR 1      0.0                       0.0    0.0
  SINCE JUL 1      T                         0.5   -0.5

DEGREE DAYS
 HEATING
  YESTERDAY        7                         3      4        0
  MONTH TO DATE   26                        65    -39       46
  SINCE MAR 1    340                       304     36      426
  SINCE JUL 1   1863                      1940    -77     1811

 COOLING
  YESTERDAY        0                         3     -3        6
  MONTH TO DATE   63                        37     26       47
  SINCE MAR 1     72                        64      8       57
  SINCE JAN 1     82                        71     11       78
..................................................................


WIND (MPH)
  HIGHEST WIND SPEED    18   HIGHEST WIND DIRECTION    SE (120)
  HIGHEST GUST SPEED    24   HIGHEST GUST DIRECTION    SE (120)
  AVERAGE WIND SPEED    10.6


SKY COVER
  POSSIBLE SUNSHINE  MM
  AVERAGE SKY COVER 0.3


WEATHER CONDITIONS
 THE FOLLOWING WEATHER WAS RECORDED YESTERDAY.
  NO SIGNIFICANT WEATHER WAS OBSERVED.


RELATIVE HUMIDITY (PERCENT)
 HIGHEST    80          1100 PM
 LOWEST     38           300 PM
 AVERAGE    59

..........................................................


THE NORTH CHARLESTON SC CLIMATE NORMALS FOR TODAY
                         NORMAL    RECORD    YEAR
 MAXIMUM TEMPERATURE (F)   77        92      1967
 MINIMUM TEMPERATURE (F)   54        35      2001


SUNRISE AND SUNSET
APRIL 18 2014.........SUNRISE   647 AM EDT   SUNSET   753 PM EDT
APRIL 19 2014.........SUNRISE   646 AM EDT   SUNSET   753 PM EDT


-  INDICATES NEGATIVE NUMBERS.
R  INDICATES RECORD WAS SET OR TIED.
MM INDICATES DATA IS MISSING.
T  INDICATES TRACE AMOUNT.

$$
