000
CDUS42 KCHS 290947
CLICHS


CLIMATE REPORT
NATIONAL WEATHER SERVICE CHARLESTON SC
436 AM EST MON DEC 29 2014


...................................

...THE NORTH CHARLESTON SC CLIMATE SUMMARY FOR DECEMBER 28 2014...

CLIMATE NORMAL PERIOD 1981 TO 2010
CLIMATE RECORD PERIOD 1938 TO 2014


WEATHER ITEM   OBSERVED TIME   RECORD YEAR NORMAL DEPARTURE LAST
                VALUE   (LST)  VALUE       VALUE  FROM      YEAR
                                                  NORMAL
..................................................................
TEMPERATURE (F)
 YESTERDAY
  MAXIMUM         78    247 PM  79    1971  59     19       65
  MINIMUM         51    739 AM  24    2004  38     13       34
  AVERAGE         65                        49     16       50

PRECIPITATION (IN)
  YESTERDAY        0.00          2.19 1958   0.10  -0.10     0.01
  MONTH TO DATE    3.21                      2.78   0.43     1.58
  SINCE DEC 1      3.21                      2.78   0.43     1.58
  SINCE JAN 1     52.81                     50.70   2.11    57.54

SNOWFALL (IN)
  YESTERDAY        0.0                       0.1   -0.1
  SINCE DEC 1      0.0                       0.3   -0.3
  SINCE JUL 1      0.0                       0.3   -0.3

DEGREE DAYS
 HEATING
  YESTERDAY        0                        17    -17       15
  MONTH TO DATE  321                       396    -75      269
  SINCE DEC 1    321                       396    -75      269
  SINCE JUL 1    659                       688    -29      574

 COOLING
  YESTERDAY        0                         0      0        0
  MONTH TO DATE    0                         0      0       34
  SINCE DEC 1      0                         0      0       34
  SINCE JAN 1   2769                      2297    472     2463
..................................................................


WIND (MPH)
  HIGHEST WIND SPEED    18   HIGHEST WIND DIRECTION    SW (230)
  HIGHEST GUST SPEED    22   HIGHEST GUST DIRECTION    SW (240)
  AVERAGE WIND SPEED     4.4


SKY COVER
  POSSIBLE SUNSHINE  MM
  AVERAGE SKY COVER 0.7


WEATHER CONDITIONS
 THE FOLLOWING WEATHER WAS RECORDED YESTERDAY.
  FOG


RELATIVE HUMIDITY (PERCENT)
 HIGHEST   100          1100 PM
 LOWEST     60           300 PM
 AVERAGE    80

..........................................................


THE NORTH CHARLESTON SC CLIMATE NORMALS FOR TODAY
                         NORMAL    RECORD    YEAR
 MAXIMUM TEMPERATURE (F)   59        79      1984
 MINIMUM TEMPERATURE (F)   38        22      1995
                                             1977


SUNRISE AND SUNSET
DECEMBER 29 2014......SUNRISE   722 AM EST   SUNSET   522 PM EST
DECEMBER 30 2014......SUNRISE   722 AM EST   SUNSET   523 PM EST


-  INDICATES NEGATIVE NUMBERS.
R  INDICATES RECORD WAS SET OR TIED.
MM INDICATES DATA IS MISSING.
T  INDICATES TRACE AMOUNT.




$$
