485
CDUS42 KCHS 140602
CLICHS


CLIMATE REPORT
NATIONAL WEATHER SERVICE CHARLESTON SC
102 AM EST THU DEC 14 2017


...................................

...THE NORTH CHARLESTON SC CLIMATE SUMMARY FOR DECEMBER 13 2017...

CLIMATE NORMAL PERIOD 1981 TO 2010
CLIMATE RECORD PERIOD 1938 TO 2017


WEATHER ITEM   OBSERVED TIME   RECORD YEAR NORMAL DEPARTURE LAST
                VALUE   (LST)  VALUE       VALUE  FROM      YEAR
                                                  NORMAL
..................................................................
TEMPERATURE (F)
 YESTERDAY
  MAXIMUM         51    334 PM  80    2007  62    -11       67
                                      1971
                                      1956
  MINIMUM         33    736 AM   8    1962  41     -8       57
  AVERAGE         42                        51     -9       62

PRECIPITATION (IN)
  YESTERDAY        0.00          2.13 1954   0.10  -0.10     0.03
  MONTH TO DATE    2.08                      1.21   0.87     4.31
  SINCE DEC 1      2.08                      1.21   0.87     4.31
  SINCE JAN 1     52.44                     49.13   3.31    59.16

SNOWFALL (IN)
  YESTERDAY        0.0                       0.0    0.0
  SINCE DEC 1      0.0                       0.1   -0.1
  SINCE JUL 1      T                         0.1   -0.1

DEGREE DAYS
 HEATING
  YESTERDAY       23                        14      9        3
  MONTH TO DATE  177                       164     13      131
  SINCE DEC 1    177                       164     13      131
  SINCE JUL 1    463                       456      7      349

 COOLING
  YESTERDAY        0                         0      0        0
  MONTH TO DATE    0                         0      0        0
  SINCE DEC 1      0                         0      0        0
  SINCE JAN 1   2679                      2297    382     2958
..................................................................


WIND (MPH)
  HIGHEST WIND SPEED    13   HIGHEST WIND DIRECTION    SW (240)
  HIGHEST GUST SPEED    18   HIGHEST GUST DIRECTION    NW (330)
  AVERAGE WIND SPEED     8.8


SKY COVER
  POSSIBLE SUNSHINE  MM
  AVERAGE SKY COVER 0.0


WEATHER CONDITIONS
 THE FOLLOWING WEATHER WAS RECORDED YESTERDAY.
  NO SIGNIFICANT WEATHER WAS OBSERVED.


RELATIVE HUMIDITY (PERCENT)
 HIGHEST    82          1000 PM
 LOWEST     28           300 PM
 AVERAGE    55

..........................................................


THE NORTH CHARLESTON SC CLIMATE NORMALS FOR TODAY
                         NORMAL    RECORD    YEAR
 MAXIMUM TEMPERATURE (F)   62        80      2007
 MINIMUM TEMPERATURE (F)   40        17      1960


SUNRISE AND SUNSET
DECEMBER 14 2017......SUNRISE   715 AM EST   SUNSET   515 PM EST
DECEMBER 15 2017......SUNRISE   715 AM EST   SUNSET   515 PM EST


-  INDICATES NEGATIVE NUMBERS.
R  INDICATES RECORD WAS SET OR TIED.
MM INDICATES DATA IS MISSING.
T  INDICATES TRACE AMOUNT.




$$
