000
CDUS42 KCHS 252122
CLICHS


CLIMATE REPORT
NATIONAL WEATHER SERVICE CHARLESTON SC
522 PM EDT TUE JUL 25 2017


...................................

...THE NORTH CHARLESTON SC CLIMATE SUMMARY FOR JULY 25 2017...
VALID TODAY AS OF 0500 PM LOCAL TIME.

CLIMATE NORMAL PERIOD 1981 TO 2010
CLIMATE RECORD PERIOD 1938 TO 2017


WEATHER ITEM   OBSERVED TIME   RECORD YEAR NORMAL DEPARTURE LAST
                VALUE   (LST)  VALUE       VALUE  FROM      YEAR
                                                  NORMAL
..................................................................
TEMPERATURE (F)
 TODAY
  MAXIMUM         93    105 PM  98    1940  91      2       93
  MINIMUM         75    511 AM  68    1977  73      2       78
                                      1949
  AVERAGE         84                        82      2       86

PRECIPITATION (IN)
  TODAY            T             4.57 1980   0.21  -0.21     0.00
  MONTH TO DATE    7.35                      5.30   2.05     4.32
  SINCE JUN 1     13.82                     10.95   2.87     7.46
  SINCE JAN 1     28.98                     27.26   1.72    28.21

SNOWFALL (IN)
  TODAY            0.0                       0.0    0.0
  SINCE JUN 1      0.0                       0.0    0.0
  SINCE JUL 1      0.0                       0.0    0.0

DEGREE DAYS
 HEATING
  TODAY            0                         0      0        0
  MONTH TO DATE    0                         0      0        0
  SINCE JUN 1      0                         1     -1        0
  SINCE JUL 1      0                         0      0        0

 COOLING
  TODAY           19                        17      2       21
  MONTH TO DATE  451                       422     29      525
  SINCE JUN 1    861                       843     18     1050
  SINCE JAN 1   1436                      1205    231     1545
..................................................................


WIND (MPH)
  HIGHEST WIND SPEED    18   HIGHEST WIND DIRECTION    SE (150)
  HIGHEST GUST SPEED    23   HIGHEST GUST DIRECTION     S (160)
  AVERAGE WIND SPEED     4.2


SKY COVER
  POSSIBLE SUNSHINE  MM
  AVERAGE SKY COVER 0.5


WEATHER CONDITIONS
 THE FOLLOWING WEATHER WAS RECORDED TODAY.
  THUNDERSTORM
  HAZE


RELATIVE HUMIDITY (PERCENT)
 HIGHEST    94          1200 AM
 LOWEST     56          1200 PM
 AVERAGE    75

..........................................................


THE NORTH CHARLESTON SC CLIMATE NORMALS FOR TOMORROW
                         NORMAL    RECORD    YEAR
 MAXIMUM TEMPERATURE (F)   91        99      2010
                                             1940
 MINIMUM TEMPERATURE (F)   73        67      1959


SUNRISE AND SUNSET
JULY 25 2017..........SUNRISE   629 AM EDT   SUNSET   824 PM EDT
JULY 26 2017..........SUNRISE   630 AM EDT   SUNSET   823 PM EDT


-  INDICATES NEGATIVE NUMBERS.
R  INDICATES RECORD WAS SET OR TIED.
MM INDICATES DATA IS MISSING.
T  INDICATES TRACE AMOUNT.




$$
