000
CDUS42 KCHS 012106
CLICHS


CLIMATE REPORT
NATIONAL WEATHER SERVICE CHARLESTON SC
505 PM EDT SUN MAY 1 2016


...................................

...THE NORTH CHARLESTON SC CLIMATE SUMMARY FOR MAY 1 2016...
VALID TODAY AS OF 0500 PM LOCAL TIME.

CLIMATE NORMAL PERIOD 1981 TO 2010
CLIMATE RECORD PERIOD 1938 TO 2016


WEATHER ITEM   OBSERVED TIME   RECORD YEAR NORMAL DEPARTURE LAST
                VALUE   (LST)  VALUE       VALUE  FROM      YEAR
                                                  NORMAL
..................................................................
TEMPERATURE (F)
 TODAY
  MAXIMUM         82   1119 AM  93    1990  80      2       71
                                      1986
  MINIMUM         73    637 AM  43    1963  57     16       52
  AVERAGE         78                        69      9       62

PRECIPITATION (IN)
  TODAY            0.03          1.72 1956   0.09  -0.06     0.00
  MONTH TO DATE    0.03                      0.09  -0.06     0.00
  SINCE MAR 1      5.83                      6.71  -0.88     5.93
  SINCE JAN 1     14.12                     13.38   0.74    13.86

SNOWFALL (IN)
  TODAY            0.0                       0.0    0.0
  SINCE MAR 1      0.0                       0.0    0.0
  SINCE JUL 1      T                         0.5   -0.5

DEGREE DAYS
 HEATING
  TODAY            0                         1     -1        3
  MONTH TO DATE    0                         1     -1        3
  SINCE MAR 1    176                       328   -152      209
  SINCE JUL 1   1353                      1964   -611     1946

 COOLING
  TODAY           13                         5      8        0
  MONTH TO DATE   13                         5      8        0
  SINCE MAR 1    213                       116     97      160
  SINCE JAN 1    221                       123     98      164
..................................................................


WIND (MPH)
  HIGHEST WIND SPEED    20   HIGHEST WIND DIRECTION     S (200)
  HIGHEST GUST SPEED    29   HIGHEST GUST DIRECTION     S (180)
  AVERAGE WIND SPEED    12.6


SKY COVER
  POSSIBLE SUNSHINE  MM
  AVERAGE SKY COVER 0.7


WEATHER CONDITIONS
 THE FOLLOWING WEATHER WAS RECORDED TODAY.
  THUNDERSTORM
  LIGHT RAIN


RELATIVE HUMIDITY (PERCENT)
 HIGHEST    79          1200 AM
 LOWEST     62          1000 AM
 AVERAGE    71

..........................................................


THE NORTH CHARLESTON SC CLIMATE NORMALS FOR TOMORROW
                         NORMAL    RECORD    YEAR
 MAXIMUM TEMPERATURE (F)   80        95      1990
 MINIMUM TEMPERATURE (F)   58        36      1963


SUNRISE AND SUNSET
MAY  1 2016...........SUNRISE   632 AM EDT   SUNSET   802 PM EDT
MAY  2 2016...........SUNRISE   631 AM EDT   SUNSET   803 PM EDT


-  INDICATES NEGATIVE NUMBERS.
R  INDICATES RECORD WAS SET OR TIED.
MM INDICATES DATA IS MISSING.
T  INDICATES TRACE AMOUNT.




$$
