000
CDUS43 KDVN 162136
CLICID


CLIMATE REPORT
NATIONAL WEATHER SERVICE QUAD CITIES IA IL
435 PM CDT WED APR 16 2014


...................................

...THE CEDAR RAPIDS IA CLIMATE SUMMARY FOR APRIL 16 2014...
VALID TODAY AS OF 0400 PM LOCAL TIME.

CLIMATE NORMAL PERIOD 1981 TO 2010
CLIMATE RECORD PERIOD 1891 TO 2014


WEATHER ITEM   OBSERVED TIME   RECORD YEAR NORMAL DEPARTURE LAST
                VALUE   (LST)  VALUE       VALUE  FROM      YEAR
                                                  NORMAL
..................................................................
TEMPERATURE (F)
 TODAY
  MAXIMUM         59    116 PM  94    1896  61     -2       53
  MINIMUM         32    304 AM  17    1949  38     -6       31
  AVERAGE         46                        50     -4       42

PRECIPITATION (IN)
  TODAY            0.00         MM      MM   0.11  -0.11      T
  MONTH TO DATE    4.06                      1.47   2.59     4.45
  SINCE MAR 1      4.45                      3.57   0.88     6.79
  SINCE JAN 1      6.20                      5.71   0.49     8.74

DEGREE DAYS
 HEATING
  TODAY           19                        16      3       23
  MONTH TO DATE  322                       299     23      344
  SINCE MAR 1   1392                      1180    212     1454
  SINCE JUL 1   7431                      6463    968     6566

 COOLING
  TODAY            0                         0      0        0
  MONTH TO DATE    4                         0      4        0
  SINCE MAR 1      4                         0      4        0
  SINCE JAN 1      4                         0      4        0
..................................................................


WIND (MPH)
  HIGHEST WIND SPEED    31   HIGHEST WIND DIRECTION     S (160)
  HIGHEST GUST SPEED    44   HIGHEST GUST DIRECTION     S (160)
  AVERAGE WIND SPEED    18.8


SKY COVER
  POSSIBLE SUNSHINE  MM
  AVERAGE SKY COVER 0.3


WEATHER CONDITIONS
 THE FOLLOWING WEATHER WAS RECORDED TODAY.
  NO SIGNIFICANT WEATHER WAS OBSERVED.


RELATIVE HUMIDITY (PERCENT)
 HIGHEST    63           200 AM
 LOWEST     32           300 PM
 AVERAGE    48

..........................................................


THE CEDAR RAPIDS IA CLIMATE NORMALS FOR TOMORROW
                         NORMAL    RECORD    YEAR
 MAXIMUM TEMPERATURE (F)   62        93      1896
 MINIMUM TEMPERATURE (F)   38        22      1997


SUNRISE AND SUNSET
APRIL 16 2014.........SUNRISE   625 AM CDT   SUNSET   749 PM CDT
APRIL 17 2014.........SUNRISE   623 AM CDT   SUNSET   750 PM CDT


-  INDICATES NEGATIVE NUMBERS.
R  INDICATES RECORD WAS SET OR TIED.
MM INDICATES DATA IS MISSING.
T  INDICATES TRACE AMOUNT.




$$
