000
CDUS43 KDVN 190909
CLICID


CLIMATE REPORT
NATIONAL WEATHER SERVICE QUAD CITIES IA IL
408 AM CDT TUE SEP 19 2017


...................................

...THE CEDAR RAPIDS IA CLIMATE SUMMARY FOR SEPTEMBER 18 2017...

CLIMATE NORMAL PERIOD 1981 TO 2010
CLIMATE RECORD PERIOD 1891 TO 2017


WEATHER ITEM   OBSERVED TIME   RECORD YEAR NORMAL DEPARTURE LAST
                VALUE   (LST)  VALUE       VALUE  FROM      YEAR
                                                  NORMAL
..................................................................
TEMPERATURE (F)
 YESTERDAY
  MAXIMUM         77    124 PM  94    1972  74      3       84
  MINIMUM         48    604 AM  32    1929  50     -2       50
  AVERAGE         63                        62      1       67

PRECIPITATION (IN)
  YESTERDAY        0.03         MM      MM   0.11  -0.08     0.00
  MONTH TO DATE    0.24                      1.98  -1.74     4.26
  SINCE SEP 1      0.24                      1.98  -1.74     4.26
  SINCE JAN 1     20.26                     27.28  -7.02    32.79

DEGREE DAYS
 HEATING
  YESTERDAY        2                         5     -3        0
  MONTH TO DATE   37                        52    -15        4
  SINCE SEP 1     37                        52    -15        4
  SINCE JUL 1     48                        71    -23        8

 COOLING
  YESTERDAY        0                         2     -2        2
  MONTH TO DATE   40                        57    -17       80
  SINCE SEP 1     40                        57    -17       80
  SINCE JAN 1    639                       725    -86      891
..................................................................


WIND (MPH)
  HIGHEST WIND SPEED    17   HIGHEST WIND DIRECTION    SE (120)
  HIGHEST GUST SPEED    22   HIGHEST GUST DIRECTION    SE (120)
  AVERAGE WIND SPEED     4.9


SKY COVER
  POSSIBLE SUNSHINE  MM
  AVERAGE SKY COVER 0.3


WEATHER CONDITIONS
 THE FOLLOWING WEATHER WAS RECORDED YESTERDAY.
  LIGHT RAIN
  FOG
  FOG W/VISIBILITY <= 1/4 MILE


RELATIVE HUMIDITY (PERCENT)
 HIGHEST   100           500 AM
 LOWEST     47          1100 AM
 AVERAGE    74

..........................................................


THE CEDAR RAPIDS IA CLIMATE NORMALS FOR TODAY
                         NORMAL    RECORD    YEAR
 MAXIMUM TEMPERATURE (F)   73        98      1925
 MINIMUM TEMPERATURE (F)   50        33      1991


SUNRISE AND SUNSET
SEPTEMBER 19 2017.....SUNRISE   651 AM CDT   SUNSET   709 PM CDT
SEPTEMBER 20 2017.....SUNRISE   652 AM CDT   SUNSET   707 PM CDT


-  INDICATES NEGATIVE NUMBERS.
R  INDICATES RECORD WAS SET OR TIED.
MM INDICATES DATA IS MISSING.
T  INDICATES TRACE AMOUNT.




$$
