000
CDUS43 KDVN 252122
CLICID


CLIMATE REPORT
NATIONAL WEATHER SERVICE QUAD CITIES IA IL
421 PM CDT SAT OCT 25 2014


...................................

...THE CEDAR RAPIDS IA CLIMATE SUMMARY FOR OCTOBER 25 2014...
VALID TODAY AS OF 0400 PM LOCAL TIME.

CLIMATE NORMAL PERIOD 1981 TO 2010
CLIMATE RECORD PERIOD 1891 TO 2014


WEATHER ITEM   OBSERVED TIME   RECORD YEAR NORMAL DEPARTURE LAST
                VALUE   (LST)  VALUE       VALUE  FROM      YEAR
                                                  NORMAL
..................................................................
TEMPERATURE (F)
 TODAY
  MAXIMUM         69    227 PM  83    1927  58     11       54
  MINIMUM         45    449 AM  20    1933  37      8       22
  AVERAGE         57                        47     10       38

PRECIPITATION (IN)
  TODAY            0.00         MM      MM   0.08  -0.08     0.00
  MONTH TO DATE    2.57                      2.13   0.44     2.45
  SINCE SEP 1      6.12                      5.29   0.83     4.64
  SINCE JAN 1     36.60                     30.59   6.01    34.04

DEGREE DAYS
 HEATING
  TODAY            8                        18    -10       27
  MONTH TO DATE  349                       341      8      338
  SINCE SEP 1    490                       479     11      418
  SINCE JUL 1    509                       498     11      437

 COOLING
  TODAY            0                         0      0        0
  MONTH TO DATE    0                         8     -8       19
  SINCE SEP 1     53                        80    -27      164
  SINCE JAN 1    670                       748    -78      884
..................................................................


WIND (MPH)
  HIGHEST WIND SPEED    18   HIGHEST WIND DIRECTION     N (340)
  HIGHEST GUST SPEED    25   HIGHEST GUST DIRECTION     N (340)
  AVERAGE WIND SPEED     8.5


SKY COVER
  POSSIBLE SUNSHINE  MM
  AVERAGE SKY COVER 0.3


WEATHER CONDITIONS
 THE FOLLOWING WEATHER WAS RECORDED TODAY.
  FOG
  FOG W/VISIBILITY <= 1/4 MILE


RELATIVE HUMIDITY (PERCENT)
 HIGHEST   100          1200 AM
 LOWEST     28           200 PM
 AVERAGE    64

..........................................................


THE CEDAR RAPIDS IA CLIMATE NORMALS FOR TOMORROW
                         NORMAL    RECORD    YEAR
 MAXIMUM TEMPERATURE (F)   58        83      1927
 MINIMUM TEMPERATURE (F)   37        17      1942


SUNRISE AND SUNSET
OCTOBER 25 2014.......SUNRISE   731 AM CDT   SUNSET   610 PM CDT
OCTOBER 26 2014.......SUNRISE   732 AM CDT   SUNSET   609 PM CDT


-  INDICATES NEGATIVE NUMBERS.
R  INDICATES RECORD WAS SET OR TIED.
MM INDICATES DATA IS MISSING.
T  INDICATES TRACE AMOUNT.




$$
