523
CDUS43 KDVN 112228
CLICID


CLIMATE REPORT
NATIONAL WEATHER SERVICE QUAD CITIES IA IL
427 PM CST THU FEB 11 2016


...................................

...THE CEDAR RAPIDS IA CLIMATE SUMMARY FOR FEBRUARY 11 2016...
VALID TODAY AS OF 0400 PM LOCAL TIME.

CLIMATE NORMAL PERIOD 1981 TO 2010
CLIMATE RECORD PERIOD 1891 TO 2016


WEATHER ITEM   OBSERVED TIME   RECORD YEAR NORMAL DEPARTURE LAST
                VALUE   (LST)  VALUE       VALUE  FROM      YEAR
                                                  NORMAL
..................................................................
TEMPERATURE (F)
 TODAY
  MAXIMUM         22    348 PM  61    1999  32    -10       35
  MINIMUM          3    658 AM -21    2014  14    -11        8
  AVERAGE         13                        23    -10       22

PRECIPITATION (IN)
  TODAY            0.00         MM      MM   0.04  -0.04      T
  MONTH TO DATE    0.17                      0.42  -0.25     0.22
  SINCE DEC 1      4.61                      2.76   1.85     1.72
  SINCE JAN 1      0.54                      1.34  -0.80     1.07

DEGREE DAYS
 HEATING
  TODAY           52                        42     10       43
  MONTH TO DATE  454                       476    -22      522
  SINCE DEC 1   2712                      3178   -466     2911
  SINCE JUL 1   3743                      4624   -881     4572

 COOLING
  TODAY            0                         0      0        0
  MONTH TO DATE    0                         0      0        0
  SINCE DEC 1      0                         0      0        0
  SINCE JAN 1      0                         0      0        0
..................................................................


WIND (MPH)
  HIGHEST WIND SPEED     8   HIGHEST WIND DIRECTION     S (160)
  HIGHEST GUST SPEED    11   HIGHEST GUST DIRECTION     N (350)
  AVERAGE WIND SPEED     5.0


SKY COVER
  POSSIBLE SUNSHINE  MM
  AVERAGE SKY COVER 0.0


WEATHER CONDITIONS
 THE FOLLOWING WEATHER WAS RECORDED TODAY.
  NO SIGNIFICANT WEATHER WAS OBSERVED.


RELATIVE HUMIDITY (PERCENT)
 HIGHEST    87           300 AM
 LOWEST     51           200 PM
 AVERAGE    69

..........................................................


THE CEDAR RAPIDS IA CLIMATE NORMALS FOR TOMORROW
                         NORMAL    RECORD    YEAR
 MAXIMUM TEMPERATURE (F)   32        64      1990
 MINIMUM TEMPERATURE (F)   15       -19      1899


SUNRISE AND SUNSET
FEBRUARY 11 2016......SUNRISE   708 AM CST   SUNSET   534 PM CST
FEBRUARY 12 2016......SUNRISE   707 AM CST   SUNSET   536 PM CST


-  INDICATES NEGATIVE NUMBERS.
R  INDICATES RECORD WAS SET OR TIED.
MM INDICATES DATA IS MISSING.
T  INDICATES TRACE AMOUNT.




$$
