000
CDUS43 KDVN 122223
CLICID


CLIMATE REPORT
NATIONAL WEATHER SERVICE QUAD CITIES IA IL
423 PM CST TUE DEC 12 2017


...................................

...THE CEDAR RAPIDS IA CLIMATE SUMMARY FOR DECEMBER 12 2017...
VALID TODAY AS OF 0400 PM LOCAL TIME.

CLIMATE NORMAL PERIOD 1981 TO 2010
CLIMATE RECORD PERIOD 1891 TO 2017


WEATHER ITEM   OBSERVED TIME   RECORD YEAR NORMAL DEPARTURE LAST
                VALUE   (LST)  VALUE       VALUE  FROM      YEAR
                                                  NORMAL
..................................................................
TEMPERATURE (F)
 TODAY
  MAXIMUM         29    230 PM  57    1991  33     -4       22
  MINIMUM         12    739 AM -12    2000  16     -4        1
  AVERAGE         21                        24     -3       12

PRECIPITATION (IN)
  TODAY            0.00         MM      MM   0.05  -0.05      T
  MONTH TO DATE    0.15                      0.67  -0.52     0.54
  SINCE DEC 1      0.15                      0.67  -0.52     0.54
  SINCE JAN 1     25.63                     33.86  -8.23    41.13

DEGREE DAYS
 HEATING
  TODAY           44                        41      3       53
  MONTH TO DATE  402                       465    -63      473
  SINCE DEC 1    402                       465    -63      473
  SINCE JUL 1   1660                      1911   -251     1390

 COOLING
  TODAY            0                         0      0        0
  MONTH TO DATE    0                         0      0        0
  SINCE DEC 1      0                         0      0        0
  SINCE JAN 1    747                       748     -1      970
..................................................................


WIND (MPH)
  HIGHEST WIND SPEED    22   HIGHEST WIND DIRECTION     N (340)
  HIGHEST GUST SPEED    28   HIGHEST GUST DIRECTION    NW (330)
  AVERAGE WIND SPEED    13.7


SKY COVER
  POSSIBLE SUNSHINE  MM
  AVERAGE SKY COVER 0.1


WEATHER CONDITIONS
 THE FOLLOWING WEATHER WAS RECORDED TODAY.
  NO SIGNIFICANT WEATHER WAS OBSERVED.


RELATIVE HUMIDITY (PERCENT)
 HIGHEST    88           500 AM
 LOWEST     34           300 PM
 AVERAGE    61

..........................................................


THE CEDAR RAPIDS IA CLIMATE NORMALS FOR TOMORROW
                         NORMAL    RECORD    YEAR
 MAXIMUM TEMPERATURE (F)   32        62      2015
 MINIMUM TEMPERATURE (F)   15       -17      1961


SUNRISE AND SUNSET
DECEMBER 12 2017......SUNRISE   725 AM CST   SUNSET   436 PM CST
DECEMBER 13 2017......SUNRISE   726 AM CST   SUNSET   436 PM CST


-  INDICATES NEGATIVE NUMBERS.
R  INDICATES RECORD WAS SET OR TIED.
MM INDICATES DATA IS MISSING.
T  INDICATES TRACE AMOUNT.




$$
