000
CDUS43 KDVN 282129
CLICID


CLIMATE REPORT
NATIONAL WEATHER SERVICE QUAD CITIES IA IL
428 PM CDT WED SEP 28 2016


...................................

...THE CEDAR RAPIDS IA CLIMATE SUMMARY FOR SEPTEMBER 28 2016...
VALID TODAY AS OF 0400 PM LOCAL TIME.

CLIMATE NORMAL PERIOD 1981 TO 2010
CLIMATE RECORD PERIOD 1891 TO 2016


WEATHER ITEM   OBSERVED TIME   RECORD YEAR NORMAL DEPARTURE LAST
                VALUE   (LST)  VALUE       VALUE  FROM      YEAR
                                                  NORMAL
..................................................................
TEMPERATURE (F)
 TODAY
  MAXIMUM         62    259 PM  97    1953  70     -8       81
  MINIMUM         50    609 AM  23    1942  46      4       55
  AVERAGE         56                        58     -2       68

PRECIPITATION (IN)
  TODAY            T            MM      MM   0.09  -0.09     0.00
  MONTH TO DATE    6.92                      2.98   3.94     4.35
  SINCE SEP 1      6.92                      2.98   3.94     4.35
  SINCE JAN 1     35.45                     28.28   7.17    30.00

DEGREE DAYS
 HEATING
  TODAY            9                         8      1        0
  MONTH TO DATE   25                       120    -95       34
  SINCE SEP 1     25                       120    -95       34
  SINCE JUL 1     29                       139   -110       62

 COOLING
  TODAY            0                         1     -1        3
  MONTH TO DATE  136                        70     66      150
  SINCE SEP 1    136                        70     66      150
  SINCE JAN 1    947                       738    209      710
..................................................................


WIND (MPH)
  HIGHEST WIND SPEED    22   HIGHEST WIND DIRECTION     N (350)
  HIGHEST GUST SPEED    28   HIGHEST GUST DIRECTION     N (360)
  AVERAGE WIND SPEED    14.0


SKY COVER
  POSSIBLE SUNSHINE  MM
  AVERAGE SKY COVER 1.0


WEATHER CONDITIONS
 THE FOLLOWING WEATHER WAS RECORDED TODAY.
  LIGHT RAIN


RELATIVE HUMIDITY (PERCENT)
 HIGHEST    83           700 AM
 LOWEST     64           100 PM
 AVERAGE    74

..........................................................


THE CEDAR RAPIDS IA CLIMATE NORMALS FOR TOMORROW
                         NORMAL    RECORD    YEAR
 MAXIMUM TEMPERATURE (F)   69        92      1953
 MINIMUM TEMPERATURE (F)   45        27      1984


SUNRISE AND SUNSET
SEPTEMBER 28 2016.....SUNRISE   701 AM CDT   SUNSET   653 PM CDT
SEPTEMBER 29 2016.....SUNRISE   702 AM CDT   SUNSET   651 PM CDT


-  INDICATES NEGATIVE NUMBERS.
R  INDICATES RECORD WAS SET OR TIED.
MM INDICATES DATA IS MISSING.
T  INDICATES TRACE AMOUNT.




$$
