000
CDUS43 KDVN 252224
CLICID


CLIMATE REPORT
NATIONAL WEATHER SERVICE QUAD CITIES IA IL
422 PM CST THU DEC 25 2014


...................................

...THE CEDAR RAPIDS IA CLIMATE SUMMARY FOR DECEMBER 25 2014...
VALID TODAY AS OF 0400 PM LOCAL TIME.

CLIMATE NORMAL PERIOD 1981 TO 2010
CLIMATE RECORD PERIOD 1891 TO 2014


WEATHER ITEM   OBSERVED TIME   RECORD YEAR NORMAL DEPARTURE LAST
                VALUE   (LST)  VALUE       VALUE  FROM      YEAR
                                                  NORMAL
..................................................................
TEMPERATURE (F)
 TODAY
  MAXIMUM         48    323 PM  58    1936  29     19       27
  MINIMUM         30    739 AM -19    2000  12     18       14
  AVERAGE         39                        21     18       21

PRECIPITATION (IN)
  TODAY            T            MM      MM   0.03  -0.03     0.03
  MONTH TO DATE    0.62                      1.21  -0.59     0.59
  SINCE DEC 1      0.62                      1.21  -0.59     0.59
  SINCE JAN 1     38.51                     34.40   4.11    37.72

DEGREE DAYS
 HEATING
  TODAY           26                        44    -18       44
  MONTH TO DATE  780                      1024   -244     1183
  SINCE DEC 1    780                      1024   -244     1183
  SINCE JUL 1   2441                      2470    -29     2626

 COOLING
  TODAY            0                         0      0        0
  MONTH TO DATE    0                         0      0        0
  SINCE DEC 1      0                         0      0        0
  SINCE JAN 1    670                       748    -78      884
..................................................................


WIND (MPH)
  HIGHEST WIND SPEED    20   HIGHEST WIND DIRECTION     S (180)
  HIGHEST GUST SPEED    24   HIGHEST GUST DIRECTION     S (190)
  AVERAGE WIND SPEED    12.6


SKY COVER
  POSSIBLE SUNSHINE  MM
  AVERAGE SKY COVER 0.5


WEATHER CONDITIONS
 THE FOLLOWING WEATHER WAS RECORDED TODAY.
  LIGHT SNOW
  FOG


RELATIVE HUMIDITY (PERCENT)
 HIGHEST    92           100 AM
 LOWEST     58           400 PM
 AVERAGE    75

..........................................................


THE CEDAR RAPIDS IA CLIMATE NORMALS FOR TOMORROW
                         NORMAL    RECORD    YEAR
 MAXIMUM TEMPERATURE (F)   29        57      1936
 MINIMUM TEMPERATURE (F)   12       -20      1914


SUNRISE AND SUNSET
DECEMBER 25 2014......SUNRISE   733 AM CST   SUNSET   441 PM CST
DECEMBER 26 2014......SUNRISE   733 AM CST   SUNSET   442 PM CST


-  INDICATES NEGATIVE NUMBERS.
R  INDICATES RECORD WAS SET OR TIED.
MM INDICATES DATA IS MISSING.
T  INDICATES TRACE AMOUNT.




$$
