000
CDUS43 KDVN 250919
CLICID


CLIMATE REPORT
NATIONAL WEATHER SERVICE QUAD CITIES IA IL
419 AM CDT WED MAY 25 2016


...................................

...THE CEDAR RAPIDS IA CLIMATE SUMMARY FOR MAY 24 2016...

CLIMATE NORMAL PERIOD 1981 TO 2010
CLIMATE RECORD PERIOD 1891 TO 2016


WEATHER ITEM   OBSERVED TIME   RECORD YEAR NORMAL DEPARTURE LAST
                VALUE   (LST)  VALUE       VALUE  FROM      YEAR
                                                  NORMAL
..................................................................
TEMPERATURE (F)
 YESTERDAY
  MAXIMUM         84    354 PM  99    1921  74     10       72
  MINIMUM         61    532 AM  34    1925  52      9       58
  AVERAGE         73                        63     10       65

PRECIPITATION (IN)
  YESTERDAY        0.05         MM      MM   0.14  -0.09     0.75
  MONTH TO DATE    1.34                      3.18  -1.84     2.79
  SINCE MAR 1      6.10                      8.33  -2.23     7.03
  SINCE JAN 1      6.70                     10.47  -3.77     8.36

DEGREE DAYS
 HEATING
  YESTERDAY        0                         4     -4        0
  MONTH TO DATE  187                       169     18      123
  SINCE MAR 1   1338                      1531   -193     1414
  SINCE JUL 1   5649                      6814  -1165     6941

 COOLING
  YESTERDAY        8                         2      6        0
  MONTH TO DATE   15                        25    -10       27
  SINCE MAR 1     18                        32    -14       27
  SINCE JAN 1     18                        32    -14       27
..................................................................


WIND (MPH)
  HIGHEST WIND SPEED    17   HIGHEST WIND DIRECTION     S (190)
  HIGHEST GUST SPEED    22   HIGHEST GUST DIRECTION     S (190)
  AVERAGE WIND SPEED     8.2


SKY COVER
  POSSIBLE SUNSHINE  MM
  AVERAGE SKY COVER 0.4


WEATHER CONDITIONS
 THE FOLLOWING WEATHER WAS RECORDED YESTERDAY.
  THUNDERSTORM
  FOG


RELATIVE HUMIDITY (PERCENT)
 HIGHEST   100           500 AM
 LOWEST     51           300 PM
 AVERAGE    76

..........................................................


THE CEDAR RAPIDS IA CLIMATE NORMALS FOR TODAY
                         NORMAL    RECORD    YEAR
 MAXIMUM TEMPERATURE (F)   74        95      1911
 MINIMUM TEMPERATURE (F)   52        28      1925


SUNRISE AND SUNSET
MAY 25 2016...........SUNRISE   538 AM CDT   SUNSET   830 PM CDT
MAY 26 2016...........SUNRISE   537 AM CDT   SUNSET   831 PM CDT


-  INDICATES NEGATIVE NUMBERS.
R  INDICATES RECORD WAS SET OR TIED.
MM INDICATES DATA IS MISSING.
T  INDICATES TRACE AMOUNT.




$$
