000
CDUS43 KDVN 072125
CLICID


CLIMATE REPORT
NATIONAL WEATHER SERVICE QUAD CITIES IA IL
424 PM CDT TUE JUL 7 2015


...................................

...THE CEDAR RAPIDS IA CLIMATE SUMMARY FOR JULY 7 2015...
VALID TODAY AS OF 0400 PM LOCAL TIME.

CLIMATE NORMAL PERIOD 1981 TO 2010
CLIMATE RECORD PERIOD 1891 TO 2015


WEATHER ITEM   OBSERVED TIME   RECORD YEAR NORMAL DEPARTURE LAST
                VALUE   (LST)  VALUE       VALUE  FROM      YEAR
                                                  NORMAL
..................................................................
TEMPERATURE (F)
 TODAY
  MAXIMUM         72    246 PM 100    2012  84    -12       85
                                      1936
  MINIMUM         58    411 AM  49    1997  63     -5       63
  AVERAGE         65                        73     -8       74

PRECIPITATION (IN)
  TODAY            0.00         MM      MM   0.16  -0.16      T
  MONTH TO DATE    0.51                      1.09  -0.58     0.76
  SINCE JUN 1      9.36                      6.01   3.35    14.05
  SINCE JAN 1     18.56                     17.45   1.11    25.29

DEGREE DAYS
 HEATING
  TODAY            0                         0      0        0
  MONTH TO DATE    2                         0      2       10
  SINCE JUN 1     11                        29    -18       15
  SINCE JUL 1      2                         0      2       10

 COOLING
  TODAY            0                         8     -8        9
  MONTH TO DATE   18                        56    -38       23
  SINCE JUN 1    163                       222    -59      206
  SINCE JAN 1    213                       271    -58      286
..................................................................


WIND (MPH)
  HIGHEST WIND SPEED    16   HIGHEST WIND DIRECTION     N (360)
  HIGHEST GUST SPEED    27   HIGHEST GUST DIRECTION     E (80)
  AVERAGE WIND SPEED    11.2


SKY COVER
  POSSIBLE SUNSHINE  MM
  AVERAGE SKY COVER 0.3


WEATHER CONDITIONS
 THE FOLLOWING WEATHER WAS RECORDED TODAY.
  FOG
  HAZE


RELATIVE HUMIDITY (PERCENT)
 HIGHEST    93           400 AM
 LOWEST     53           200 PM
 AVERAGE    73

..........................................................


THE CEDAR RAPIDS IA CLIMATE NORMALS FOR TOMORROW
                         NORMAL    RECORD    YEAR
 MAXIMUM TEMPERATURE (F)   84       102      1897
 MINIMUM TEMPERATURE (F)   63        48      1891


SUNRISE AND SUNSET
JULY  7 2015..........SUNRISE   539 AM CDT   SUNSET   844 PM CDT
JULY  8 2015..........SUNRISE   539 AM CDT   SUNSET   844 PM CDT


-  INDICATES NEGATIVE NUMBERS.
R  INDICATES RECORD WAS SET OR TIED.
MM INDICATES DATA IS MISSING.
T  INDICATES TRACE AMOUNT.




$$
