000
CDUS41 KCLE 282115
CLICLE


CLIMATE REPORT
NATIONAL WEATHER SERVICE CLEVELAND OH
515 PM EDT WED JUN 28 2017


...................................

...THE CLEVELAND OH CLIMATE SUMMARY FOR JUNE 28 2017...
VALID TODAY AS OF 0500 PM LOCAL TIME.

CLIMATE NORMAL PERIOD 1981 TO 2010
CLIMATE RECORD PERIOD 1871 TO 2017


WEATHER ITEM   OBSERVED TIME   RECORD YEAR NORMAL DEPARTURE LAST
                VALUE   (LST)  VALUE       VALUE  FROM      YEAR
                                                  NORMAL
..................................................................
TEMPERATURE (F)
 TODAY
  MAXIMUM         79    359 PM 101    1944  82     -3       76
  MINIMUM         57    516 AM  49    1988  63     -6       64
  AVERAGE         68                        72     -4       70

PRECIPITATION (IN)
  TODAY            0.00                      0.11  -0.11     0.00
  MONTH TO DATE    2.89                      3.21  -0.32     2.12
  SINCE JUN 1      2.89                      3.21  -0.32     2.12
  SINCE JAN 1     24.95                     18.35   6.60    18.05

SNOWFALL (IN)
  TODAY            0.0                       0.0    0.0      0.0
  MONTH TO DATE    0.0                       0.0    0.0      0.0
  SINCE JUN 1      0.0                       0.0    0.0      0.0
  SINCE JUL 1     37.3                      68.1  -30.8     32.8
  SNOW DEPTH       0

DEGREE DAYS
 HEATING
  TODAY            0                         0      0        0
  MONTH TO DATE   17                        41    -24       13
  SINCE JUN 1     17                        41    -24       13
  SINCE JUL 1   4567                      5761  -1194     4959

 COOLING
  TODAY            3                         8     -5        5
  MONTH TO DATE  210                       151     59      223
  SINCE JUN 1    210                       151     59      223
  SINCE JAN 1    298                       210     88      304
..................................................................


WIND (MPH)
  HIGHEST WIND SPEED    16   HIGHEST WIND DIRECTION     S (180)
  HIGHEST GUST SPEED    22   HIGHEST GUST DIRECTION    SW (210)


SKY COVER
  POSSIBLE SUNSHINE  MM
  AVERAGE SKY COVER 0.4


WEATHER CONDITIONS
 THE FOLLOWING WEATHER WAS RECORDED TODAY.
  NO SIGNIFICANT WEATHER WAS OBSERVED.


RELATIVE HUMIDITY (PERCENT)
 HIGHEST    67           300 AM
 LOWEST     36           300 PM
 AVERAGE    52

..........................................................


THE CLEVELAND OH CLIMATE NORMALS FOR TOMORROW
                         NORMAL    RECORD    YEAR
 MAXIMUM TEMPERATURE (F)   82        94      2012
                                             1952
 MINIMUM TEMPERATURE (F)   63        51      1985
                                             1885


SUNRISE AND SUNSET
JUNE 28 2017..........SUNRISE   556 AM EDT   SUNSET   905 PM EDT
JUNE 29 2017..........SUNRISE   557 AM EDT   SUNSET   905 PM EDT


-  INDICATES NEGATIVE NUMBERS.
R  INDICATES RECORD WAS SET OR TIED.
MM INDICATES DATA IS MISSING.
T  INDICATES TRACE AMOUNT.




$$
