000
CDUS41 KCLE 222215
CLICLE


CLIMATE REPORT
NATIONAL WEATHER SERVICE CLEVELAND OH
513 PM EST MON JAN 22 2018


...................................

...THE CLEVELAND OH CLIMATE SUMMARY FOR JANUARY 22 2018...
VALID TODAY AS OF 0500 PM LOCAL TIME.

CLIMATE NORMAL PERIOD 1981 TO 2010
CLIMATE RECORD PERIOD 1871 TO 2018


WEATHER ITEM   OBSERVED TIME   RECORD YEAR NORMAL DEPARTURE LAST
                VALUE   (LST)  VALUE       VALUE  FROM      YEAR
                                                  NORMAL
..................................................................
TEMPERATURE (F)
 TODAY
  MAXIMUM         62    157 PM  71    1906  34     28       64
  MINIMUM         47   1259 AM -10    1936  22     25       41
  AVERAGE         55                        28     27       53

PRECIPITATION (IN)
  TODAY            0.12                      0.08   0.04      T
  MONTH TO DATE    1.47                      2.00  -0.53     3.43
  SINCE DEC 1      3.20                      5.10  -1.90     6.08
  SINCE JAN 1      1.47                      2.00  -0.53     3.43

SNOWFALL (IN)
  TODAY            0.0                       0.6   -0.6      0.0
  MONTH TO DATE    8.1                      13.2   -5.1      3.5
  SINCE DEC 1     25.3                      27.3   -2.0     13.1
  SINCE JUL 1     26.1                      31.8   -5.7     14.0
  SNOW DEPTH       0

DEGREE DAYS
 HEATING
  TODAY           10                        37    -27       12
  MONTH TO DATE  894                       813     81      657
  SINCE DEC 1   2011                      1825    186     1664
  SINCE JUL 1   2901                      2920    -19     2380

 COOLING
  TODAY            0                         0      0        0
  MONTH TO DATE    0                         0      0        0
  SINCE DEC 1      0                         0      0        0
  SINCE JAN 1      0                         0      0        0
..................................................................


WIND (MPH)
  HIGHEST WIND SPEED    24   HIGHEST WIND DIRECTION     S (190)
  HIGHEST GUST SPEED    31   HIGHEST GUST DIRECTION    SW (210)


SKY COVER
  POSSIBLE SUNSHINE  MM
  AVERAGE SKY COVER 1.0


WEATHER CONDITIONS
 THE FOLLOWING WEATHER WAS RECORDED TODAY.
  LIGHT RAIN
  FOG


RELATIVE HUMIDITY (PERCENT)
 HIGHEST    93          1200 AM
 LOWEST     55           500 PM
 AVERAGE    74

..........................................................


THE CLEVELAND OH CLIMATE NORMALS FOR TOMORROW
                         NORMAL    RECORD    YEAR
 MAXIMUM TEMPERATURE (F)   34        68      1967
 MINIMUM TEMPERATURE (F)   22       -17      1963


SUNRISE AND SUNSET
JANUARY 22 2018.......SUNRISE   747 AM EST   SUNSET   531 PM EST
JANUARY 23 2018.......SUNRISE   747 AM EST   SUNSET   532 PM EST


-  INDICATES NEGATIVE NUMBERS.
R  INDICATES RECORD WAS SET OR TIED.
MM INDICATES DATA IS MISSING.
T  INDICATES TRACE AMOUNT.




$$
