288
CDUS44 KHGX 060718
CLICLL


CLIMATE REPORT
NATIONAL WEATHER SERVICE HOUSTON/GALVESTON TX
118 AM CST TUE DEC 6 2016


...................................

...THE COLLEGE STATION CLIMATE SUMMARY FOR DECEMBER 5 2016...

CLIMATE NORMAL PERIOD 1981 TO 2010
CLIMATE RECORD PERIOD 1902 TO 2016


WEATHER ITEM   OBSERVED TIME   RECORD YEAR NORMAL DEPARTURE LAST
                VALUE   (LST)  VALUE       VALUE  FROM      YEAR
                                                  NORMAL
..................................................................
TEMPERATURE (F)
 YESTERDAY
  MAXIMUM         51   1149 PM  84    1995  64    -13       65
  MINIMUM         49   1032 AM  24    2009  44      5       38
  AVERAGE         50                        54     -4       52

PRECIPITATION (IN)
  YESTERDAY        0.65          3.37 1944   0.11   0.54     0.00
  MONTH TO DATE    2.58                      0.54   2.04     0.00
  SINCE DEC 1      2.58                      0.54   2.04     0.00
  SINCE JAN 1     46.60                     37.37   9.23    50.23

SNOWFALL (IN)
  YESTERDAY       MM
  MONTH TO DATE    0.0
  SINCE JUL 1      0.0

DEGREE DAYS
 HEATING
  YESTERDAY       15                        12      3       13
  MONTH TO DATE   64                        56      8       63
  SINCE DEC 1     64                        56      8       63
  SINCE JUL 1    133                       281   -148      210

 COOLING
  YESTERDAY        0                         1     -1        0
  MONTH TO DATE    0                         5     -5        0
  SINCE DEC 1      0                         5     -5        0
  SINCE JAN 1   3290                      3078    212     3207
..................................................................


WIND (MPH)
  HIGHEST WIND SPEED    17   HIGHEST WIND DIRECTION    NE (50)
  HIGHEST GUST SPEED    21   HIGHEST GUST DIRECTION    NE (30)
  AVERAGE WIND SPEED     7.7


SKY COVER
  AVERAGE SKY COVER 1.0


WEATHER CONDITIONS
 THE FOLLOWING WEATHER WAS RECORDED YESTERDAY.
  HEAVY RAIN
  RAIN
  LIGHT RAIN
  FOG


RELATIVE HUMIDITY (PERCENT)
 HIGHEST   100           100 AM
 LOWEST     89           200 PM
 AVERAGE    95

..........................................................


THE COLLEGE STATION CLIMATE NORMALS FOR TODAY
                         NORMAL    RECORD    YEAR
 MAXIMUM TEMPERATURE (F)   64        84      1924
 MINIMUM TEMPERATURE (F)   44        17      1950


SUNRISE AND SUNSET
DECEMBER  6 2016......SUNRISE   709 AM CST   SUNSET   524 PM CST
DECEMBER  7 2016......SUNRISE   710 AM CST   SUNSET   524 PM CST


-  INDICATES NEGATIVE NUMBERS.
R  INDICATES RECORD WAS SET OR TIED.
MM INDICATES DATA IS MISSING.
T  INDICATES TRACE AMOUNT.




$$
