000
CDUS44 KHGX 300723
CLICLL


CLIMATE REPORT
NATIONAL WEATHER SERVICE HOUSTON/GALVESTON TX
222 AM CDT WED JUL 30 2014


...................................

...THE COLLEGE STATION CLIMATE SUMMARY FOR JULY 29 2014...

CLIMATE NORMAL PERIOD 1981 TO 2010
CLIMATE RECORD PERIOD 1902 TO 2014


WEATHER ITEM   OBSERVED TIME   RECORD YEAR NORMAL DEPARTURE LAST
                VALUE   (LST)  VALUE       VALUE  FROM      YEAR
                                                  NORMAL
..................................................................
TEMPERATURE (F)
 YESTERDAY
  MAXIMUM         91    442 PM 105    1912  96     -5      100
  MINIMUM         76    544 AM  65    1994  75      1       77
  AVERAGE         84                        85     -1       89

PRECIPITATION (IN)
  YESTERDAY        0.15          3.41 1943   0.06   0.09     0.00
  MONTH TO DATE    5.92                      2.02   3.90     1.43
  SINCE JUN 1      7.53                      6.47   1.06     2.68
  SINCE JAN 1     21.56                     22.72  -1.16    18.95

SNOWFALL (IN)
  YESTERDAY        0.0
  MONTH TO DATE    0.0
  SINCE JUL 1      0.0

DEGREE DAYS
 HEATING
  YESTERDAY        0                         0      0        0
  MONTH TO DATE    0                         0      0        0
  SINCE JUN 1      0                         0      0        0
  SINCE JUL 1      0                         0      0        0

 COOLING
  YESTERDAY       19                        20     -1       24
  MONTH TO DATE  535                       569    -34      583
  SINCE JUN 1   1062                      1085    -23     1167
  SINCE JAN 1   1549                      1673   -124     1731
..................................................................


WIND (MPH)
  HIGHEST WIND SPEED    14   HIGHEST WIND DIRECTION    NE (30)
  HIGHEST GUST SPEED    17   HIGHEST GUST DIRECTION    NE (40)
  AVERAGE WIND SPEED     5.4


SKY COVER
  AVERAGE SKY COVER 0.2


WEATHER CONDITIONS
 THE FOLLOWING WEATHER WAS RECORDED YESTERDAY.
  HEAVY RAIN
  RAIN
  LIGHT RAIN
  FOG
  HAZE


RELATIVE HUMIDITY (PERCENT)
 HIGHEST    82           100 AM
 LOWEST     52           600 PM
 AVERAGE    67

..........................................................


THE COLLEGE STATION CLIMATE NORMALS FOR TODAY
                         NORMAL    RECORD    YEAR
 MAXIMUM TEMPERATURE (F)   96       106      1914
 MINIMUM TEMPERATURE (F)   75        65      1936


SUNRISE AND SUNSET
JULY 30 2014..........SUNRISE   642 AM CDT   SUNSET   821 PM CDT
JULY 31 2014..........SUNRISE   643 AM CDT   SUNSET   820 PM CDT


-  INDICATES NEGATIVE NUMBERS.
R  INDICATES RECORD WAS SET OR TIED.
MM INDICATES DATA IS MISSING.
T  INDICATES TRACE AMOUNT.




$$
