000
CDUS44 KHGX 300738
CLICLL


CLIMATE REPORT
NATIONAL WEATHER SERVICE HOUSTON/GALVESTON TX
237 AM CDT THU JUL 30 2015


...................................

...THE COLLEGE STATION CLIMATE SUMMARY FOR JULY 29 2015...

CLIMATE NORMAL PERIOD 1981 TO 2010
CLIMATE RECORD PERIOD 1902 TO 2015


WEATHER ITEM   OBSERVED TIME   RECORD YEAR NORMAL DEPARTURE LAST
                VALUE   (LST)  VALUE       VALUE  FROM      YEAR
                                                  NORMAL
..................................................................
TEMPERATURE (F)
 YESTERDAY
  MAXIMUM         99    406 PM 105    1912  96      3       91
  MINIMUM         75    504 AM  65    1994  75      0       76
  AVERAGE         87                        85      2       84

PRECIPITATION (IN)
  YESTERDAY        0.00          3.41 1943   0.06  -0.06     0.15
  MONTH TO DATE    0.20                      2.02  -1.82     5.92
  SINCE JUN 1      5.41                      6.47  -1.06     7.53
  SINCE JAN 1     33.18                     22.72  10.46    21.56

SNOWFALL (IN)
  YESTERDAY        0.0
  MONTH TO DATE    0.0
  SINCE JUL 1      0.0

DEGREE DAYS
 HEATING
  YESTERDAY        0                         0      0        0
  MONTH TO DATE    0                         0      0        0
  SINCE JUN 1      0                         0      0        0
  SINCE JUL 1      0                         0      0        0

 COOLING
  YESTERDAY       22                        20      2       19
  MONTH TO DATE  581                       569     12      535
  SINCE JUN 1   1086                      1085      1     1062
  SINCE JAN 1   1657                      1673    -16     1549
..................................................................


WIND (MPH)
  HIGHEST WIND SPEED    13   HIGHEST WIND DIRECTION    SE (150)
  HIGHEST GUST SPEED    15   HIGHEST GUST DIRECTION    SE (150)
  AVERAGE WIND SPEED     4.9


SKY COVER
  AVERAGE SKY COVER 0.2


WEATHER CONDITIONS
 THE FOLLOWING WEATHER WAS RECORDED YESTERDAY.
  FOG


RELATIVE HUMIDITY (PERCENT)
 HIGHEST    94           400 AM
 LOWEST     28           400 PM
 AVERAGE    61

..........................................................


THE COLLEGE STATION CLIMATE NORMALS FOR TODAY
                         NORMAL    RECORD    YEAR
 MAXIMUM TEMPERATURE (F)   96       106      1914
 MINIMUM TEMPERATURE (F)   75        65      1936


SUNRISE AND SUNSET
JULY 30 2015..........SUNRISE   642 AM CDT   SUNSET   821 PM CDT
JULY 31 2015..........SUNRISE   643 AM CDT   SUNSET   821 PM CDT


-  INDICATES NEGATIVE NUMBERS.
R  INDICATES RECORD WAS SET OR TIED.
MM INDICATES DATA IS MISSING.
T  INDICATES TRACE AMOUNT.




$$
