000
CDUS44 KHGX 280829
CLICLL


CLIMATE REPORT
NATIONAL WEATHER SERVICE HOUSTON/GALVESTON TX
229 AM CST SUN DEC 28 2014


...................................

...THE COLLEGE STATION CLIMATE SUMMARY FOR DECEMBER 27 2014...

CLIMATE NORMAL PERIOD 1981 TO 2010
CLIMATE RECORD PERIOD 1902 TO 2014


WEATHER ITEM   OBSERVED TIME   RECORD YEAR NORMAL DEPARTURE LAST
                VALUE   (LST)  VALUE       VALUE  FROM      YEAR
                                                  NORMAL
..................................................................
TEMPERATURE (F)
 YESTERDAY
  MAXIMUM         67    809 AM  79    1971  61      6       60
  MINIMUM         41   1159 PM  20    1924  41      0       42
  AVERAGE         54                        51      3       51

PRECIPITATION (IN)
  YESTERDAY        0.52          2.05 1927   0.11   0.41     0.00
  MONTH TO DATE    2.31                      2.83  -0.52     0.76
  SINCE DEC 1      2.31                      2.83  -0.52     0.76
  SINCE JAN 1     39.35                     39.66  -0.31    39.35

SNOWFALL (IN)
  YESTERDAY       MM
  MONTH TO DATE    0.0
  SINCE JUL 1      0.0

DEGREE DAYS
 HEATING
  YESTERDAY       11                        15     -4       14
  MONTH TO DATE  218                       352   -134      434
  SINCE DEC 1    218                       352   -134      434
  SINCE JUL 1    513                       577    -64      736

 COOLING
  YESTERDAY        0                         0      0        0
  MONTH TO DATE   10                        13     -3       14
  SINCE DEC 1     10                        13     -3       14
  SINCE JAN 1   2943                      3086   -143     3282
..................................................................


WIND (MPH)
  HIGHEST WIND SPEED    26   HIGHEST WIND DIRECTION     N (350)
  HIGHEST GUST SPEED    33   HIGHEST GUST DIRECTION    NW (320)
  AVERAGE WIND SPEED    13.1


SKY COVER
  AVERAGE SKY COVER 1.0


WEATHER CONDITIONS
 THE FOLLOWING WEATHER WAS RECORDED YESTERDAY.
  THUNDERSTORM
  HEAVY RAIN
  RAIN
  LIGHT RAIN
  FOG


RELATIVE HUMIDITY (PERCENT)
 HIGHEST   100          1200 AM
 LOWEST     76           400 PM
 AVERAGE    88

..........................................................


THE COLLEGE STATION CLIMATE NORMALS FOR TODAY
                         NORMAL    RECORD    YEAR
 MAXIMUM TEMPERATURE (F)   61        80      1921
 MINIMUM TEMPERATURE (F)   41        20      1924


SUNRISE AND SUNSET
DECEMBER 28 2014......SUNRISE   721 AM CST   SUNSET   533 PM CST
DECEMBER 29 2014......SUNRISE   722 AM CST   SUNSET   533 PM CST


-  INDICATES NEGATIVE NUMBERS.
R  INDICATES RECORD WAS SET OR TIED.
MM INDICATES DATA IS MISSING.
T  INDICATES TRACE AMOUNT.




$$
