000
CDUS44 KHGX 250719
CLICLL


CLIMATE REPORT
NATIONAL WEATHER SERVICE HOUSTON/GALVESTON TX
118 AM CST SAT FEB 25 2017


...................................

...THE COLLEGE STATION CLIMATE SUMMARY FOR FEBRUARY 24 2017...

CLIMATE NORMAL PERIOD 1981 TO 2010
CLIMATE RECORD PERIOD 1902 TO 2017


WEATHER ITEM   OBSERVED TIME   RECORD YEAR NORMAL DEPARTURE LAST
                VALUE   (LST)  VALUE       VALUE  FROM      YEAR
                                                  NORMAL
..................................................................
TEMPERATURE (F)
 YESTERDAY
  MAXIMUM         76   1115 AM  85    1977  67      9       62
                                      1927
                                      1917
  MINIMUM         53   1159 PM  21    1914  46      7       41
  AVERAGE         65                        56      9       52

PRECIPITATION (IN)
  YESTERDAY        0.00          2.62 1992   0.10  -0.10     0.00
  MONTH TO DATE    3.26                      2.47   0.79     1.32
  SINCE DEC 1      9.77                      8.94   0.83    10.70
  SINCE JAN 1      7.00                      5.71   1.29     2.62

SNOWFALL (IN)
  YESTERDAY        0.0
  MONTH TO DATE    0.0
  SINCE JUL 1      T

DEGREE DAYS
 HEATING
  YESTERDAY        0                         9     -9       13
  MONTH TO DATE   86                       273   -187      177
  SINCE DEC 1    683                      1126   -443      863
  SINCE JUL 1    752                      1351   -599     1010

 COOLING
  YESTERDAY        0                         1     -1        0
  MONTH TO DATE   73                        21     52       18
  SINCE DEC 1    152                        48    104       58
  SINCE JAN 1    108                        32     76       22
..................................................................


WIND (MPH)
  HIGHEST WIND SPEED    20   HIGHEST WIND DIRECTION    SE (140)
  HIGHEST GUST SPEED    24   HIGHEST GUST DIRECTION    NW (320)
  AVERAGE WIND SPEED    10.0


SKY COVER
  AVERAGE SKY COVER 0.2


WEATHER CONDITIONS
 THE FOLLOWING WEATHER WAS RECORDED YESTERDAY.
  NO SIGNIFICANT WEATHER WAS OBSERVED.


RELATIVE HUMIDITY (PERCENT)
 HIGHEST   100           400 AM
 LOWEST     37           500 PM
 AVERAGE    69

..........................................................


THE COLLEGE STATION CLIMATE NORMALS FOR TODAY
                         NORMAL    RECORD    YEAR
 MAXIMUM TEMPERATURE (F)   67        89      1918
 MINIMUM TEMPERATURE (F)   47        22      1974


SUNRISE AND SUNSET
FEBRUARY 25 2017......SUNRISE   656 AM CST   SUNSET   621 PM CST
FEBRUARY 26 2017......SUNRISE   655 AM CST   SUNSET   622 PM CST


-  INDICATES NEGATIVE NUMBERS.
R  INDICATES RECORD WAS SET OR TIED.
MM INDICATES DATA IS MISSING.
T  INDICATES TRACE AMOUNT.




$$
