000
CDUS44 KHGX 250821
CLICLL


CLIMATE REPORT
NATIONAL WEATHER SERVICE HOUSTON/GALVESTON TX
221 AM CST SUN FEB 25 2018


...................................

...THE COLLEGE STATION CLIMATE SUMMARY FOR FEBRUARY 24 2018...

CLIMATE NORMAL PERIOD 1981 TO 2010
CLIMATE RECORD PERIOD 1902 TO 2018


WEATHER ITEM   OBSERVED TIME   RECORD YEAR NORMAL DEPARTURE LAST
                VALUE   (LST)  VALUE       VALUE  FROM      YEAR
                                                  NORMAL
..................................................................
TEMPERATURE (F)
 YESTERDAY
  MAXIMUM         75    339 PM  85    1977  67      8       76
                                      1927
                                      1917
  MINIMUM         62   1159 PM  21    1914  46     16       53
  AVERAGE         69                        56     13       65

PRECIPITATION (IN)
  YESTERDAY        0.01          2.62 1992   0.10  -0.09     0.00
  MONTH TO DATE    1.53                      2.47  -0.94     3.26
  SINCE DEC 1      6.09                      8.94  -2.85     9.77
  SINCE JAN 1      2.59                      5.71  -3.12     7.00

SNOWFALL (IN)
  YESTERDAY        0.0
  MONTH TO DATE    0.0
  SINCE JUL 1      5.0

DEGREE DAYS
 HEATING
  YESTERDAY        0                         9     -9        0
  MONTH TO DATE  269                       273     -4       86
  SINCE DEC 1   1207                      1126     81      683
  SINCE JUL 1   1354                      1351      3      752

 COOLING
  YESTERDAY        4                         1      3        0
  MONTH TO DATE   28                        21      7       73
  SINCE DEC 1     44                        48     -4      152
  SINCE JAN 1     31                        32     -1      108
..................................................................


WIND (MPH)
  HIGHEST WIND SPEED    26   HIGHEST WIND DIRECTION     S (160)
  HIGHEST GUST SPEED    33   HIGHEST GUST DIRECTION     S (170)
  AVERAGE WIND SPEED    11.1


SKY COVER
  AVERAGE SKY COVER 0.9


WEATHER CONDITIONS
 THE FOLLOWING WEATHER WAS RECORDED YESTERDAY.
  THUNDERSTORM
  LIGHT RAIN
  FOG


RELATIVE HUMIDITY (PERCENT)
 HIGHEST   100          1200 AM
 LOWEST     60          1100 PM
 AVERAGE    80

..........................................................


THE COLLEGE STATION CLIMATE NORMALS FOR TODAY
                         NORMAL    RECORD    YEAR
 MAXIMUM TEMPERATURE (F)   67        89      1918
 MINIMUM TEMPERATURE (F)   47        22      1974


SUNRISE AND SUNSET
FEBRUARY 25 2018......SUNRISE   656 AM CST   SUNSET   621 PM CST
FEBRUARY 26 2018......SUNRISE   655 AM CST   SUNSET   622 PM CST


-  INDICATES NEGATIVE NUMBERS.
R  INDICATES RECORD WAS SET OR TIED.
MM INDICATES DATA IS MISSING.
T  INDICATES TRACE AMOUNT.




$$
