000
CDUS44 KHGX 310941
CLICLL


CLIMATE REPORT
NATIONAL WEATHER SERVICE HOUSTON/GALVESTON TX
341 AM CST SAT JAN 31 2015


...................................

...THE COLLEGE STATION CLIMATE SUMMARY FOR JANUARY 30 2015...

CLIMATE NORMAL PERIOD 1981 TO 2010
CLIMATE RECORD PERIOD 1902 TO 2015


WEATHER ITEM   OBSERVED TIME   RECORD YEAR NORMAL DEPARTURE LAST
                VALUE   (LST)  VALUE       VALUE  FROM      YEAR
                                                  NORMAL
..................................................................
TEMPERATURE (F)
 YESTERDAY
  MAXIMUM         60    433 PM  86    1911  62     -2       60
  MINIMUM         47    907 AM  12    1949  42      5       28
  AVERAGE         54                        52      2       44

PRECIPITATION (IN)
  YESTERDAY        0.00          0.99 1964   0.10  -0.10     0.00
  MONTH TO DATE    6.64                      3.14   3.50     1.29
  SINCE DEC 1      9.21                      6.37   2.84     2.05
  SINCE JAN 1      6.64                      3.14   3.50     1.29

SNOWFALL (IN)
  YESTERDAY        0.0
  MONTH TO DATE    0.0
  SINCE JUL 1      0.0

DEGREE DAYS
 HEATING
  YESTERDAY       11                        13     -2       21
  MONTH TO DATE  525                       431     94      530
  SINCE DEC 1    839                       842     -3     1046
  SINCE JUL 1   1134                      1067     67     1348

 COOLING
  YESTERDAY        0                         0      0        0
  MONTH TO DATE    0                         0      0        0
  SINCE DEC 1     10                        16     -6       14
  SINCE JAN 1      0                         0      0        0
..................................................................


WIND (MPH)
  HIGHEST WIND SPEED    18   HIGHEST WIND DIRECTION     N (10)
  HIGHEST GUST SPEED    23   HIGHEST GUST DIRECTION     N (10)
  AVERAGE WIND SPEED     9.2


SKY COVER
  AVERAGE SKY COVER 0.0


WEATHER CONDITIONS
 THE FOLLOWING WEATHER WAS RECORDED YESTERDAY.
  NO SIGNIFICANT WEATHER WAS OBSERVED.


RELATIVE HUMIDITY (PERCENT)
 HIGHEST    65           900 AM
 LOWEST     37           500 PM
 AVERAGE    51

..........................................................


THE COLLEGE STATION CLIMATE NORMALS FOR TODAY
                         NORMAL    RECORD    YEAR
 MAXIMUM TEMPERATURE (F)   62        84      1911
 MINIMUM TEMPERATURE (F)   42        -3      1949


SUNRISE AND SUNSET
JANUARY 31 2015.......SUNRISE   717 AM CST   SUNSET   601 PM CST
FEBRUARY  1 2015......SUNRISE   717 AM CST   SUNSET   602 PM CST


-  INDICATES NEGATIVE NUMBERS.
R  INDICATES RECORD WAS SET OR TIED.
MM INDICATES DATA IS MISSING.
T  INDICATES TRACE AMOUNT.




$$
