000
CDUS42 KGSP 300635 RRA
CLICLT

CLIMATE REPORT
NATIONAL WEATHER SERVICE GREENVILLE-SPARTANBURG SC

233 AM EDT THU OCT 30 2014


...................................

...THE CHARLOTTE NC CLIMATE SUMMARY FOR OCTOBER 29 2014...

CLIMATE NORMAL PERIOD 1981 TO 2010
CLIMATE RECORD PERIOD 1878 TO 2014


WEATHER ITEM   OBSERVED TIME   RECORD YEAR NORMAL DEPARTURE LAST
                VALUE   (LST)  VALUE       VALUE  FROM      YEAR
                                                  NORMAL
..................................................................
TEMPERATURE (F)
 YESTERDAY
  MAXIMUM         79   1209 PM  82    1984  68     11       74
                                      1927
  MINIMUM         58   1159 PM  27    2001  44     14       50
                                      1976
  AVERAGE         69                        56     13       62

PRECIPITATION (IN)
  YESTERDAY        0.00          1.65 1880   0.10  -0.10     0.00
  MONTH TO DATE    0.86                      3.20  -2.34     0.48
  SINCE SEP 1      4.85                      6.44  -1.59     3.54
  SINCE JAN 1     38.61                     35.04   3.57    38.86

SNOWFALL (IN)
  YESTERDAY        0.0           0.0    MM   0.0    0.0      0.0
  MONTH TO DATE    0.0                       0.0    0.0      0.0
  SINCE SEP 1      0.0                       0.0    0.0      0.0
  SINCE JUL 1      0.0                       0.0    0.0      0.0
  SNOW DEPTH       0

DEGREE DAYS
 HEATING
  YESTERDAY        0                         9     -9        3
  MONTH TO DATE   97                       165    -68      130
  SINCE SEP 1    109                       188    -79      132
  SINCE JUL 1    109                       188    -79      133

 COOLING
  YESTERDAY        4                         0      4        0
  MONTH TO DATE   65                        39     26       60
  SINCE SEP 1    298                       237     61      288
  SINCE JAN 1   1653                      1514    139     1576
..................................................................


WIND (MPH)
  HIGHEST WIND SPEED    18   HIGHEST WIND DIRECTION     N (360)
  HIGHEST GUST SPEED    24   HIGHEST GUST DIRECTION     N (350)
  AVERAGE WIND SPEED     7.7


SKY COVER
  POSSIBLE SUNSHINE  MM
  AVERAGE SKY COVER 0.9


WEATHER CONDITIONS
 THE FOLLOWING WEATHER WAS RECORDED YESTERDAY.
  NO SIGNIFICANT WEATHER WAS OBSERVED.


RELATIVE HUMIDITY (PERCENT)
 HIGHEST    80           700 AM
 LOWEST     42           100 PM
 AVERAGE    61

..........................................................


THE CHARLOTTE NC CLIMATE NORMALS FOR TODAY
                         NORMAL    RECORD    YEAR
 MAXIMUM TEMPERATURE (F)   68        84      1996
                                             1961
                                             1950
 MINIMUM TEMPERATURE (F)   44        26      1965
                                             1952


SUNRISE AND SUNSET
OCTOBER 30 2014.......SUNRISE   743 AM EDT   SUNSET   631 PM EDT
OCTOBER 31 2014.......SUNRISE   744 AM EDT   SUNSET   630 PM EDT


-  INDICATES NEGATIVE NUMBERS.
R  INDICATES RECORD WAS SET OR TIED.
MM INDICATES DATA IS MISSING.
T  INDICATES TRACE AMOUNT.




$$
