000
CDUS42 KGSP 180629
CLICLT

CLIMATE REPORT
NATIONAL WEATHER SERVICE GREENVILLE-SPARTANBURG SC
229 AM EDT THU SEP 18 2014


...................................

...THE CHARLOTTE NC CLIMATE SUMMARY FOR SEPTEMBER 17 2014...

CLIMATE NORMAL PERIOD 1981 TO 2010
CLIMATE RECORD PERIOD 1878 TO 2014


WEATHER ITEM   OBSERVED TIME   RECORD YEAR NORMAL DEPARTURE LAST
                VALUE   (LST)  VALUE       VALUE  FROM      YEAR
                                                  NORMAL
..................................................................
TEMPERATURE (F)
 YESTERDAY
  MAXIMUM         74    531 PM  96    1954  81     -7       78
                                      1931
  MINIMUM         63    340 AM  46    2001  60      3       65
                                      1984
  AVERAGE         69                        70     -1       72

PRECIPITATION (IN)
  YESTERDAY        0.00          3.14 1945   0.11  -0.11     0.00
  MONTH TO DATE    3.66                      1.82   1.84     0.15
  SINCE SEP 1      3.66                      1.82   1.84     0.15
  SINCE JAN 1     37.42                     30.42   7.00    35.47

SNOWFALL (IN)
  YESTERDAY        0.0           0.0    MM   0.0    0.0      0.0
  MONTH TO DATE    0.0                       0.0    0.0      0.0
  SINCE SEP 1      0.0                       0.0    0.0      0.0
  SINCE JUL 1      0.0                       0.0    0.0      0.0
  SNOW DEPTH       0

DEGREE DAYS
 HEATING
  YESTERDAY        0                         1     -1        0
  MONTH TO DATE    0                         2     -2        0
  SINCE SEP 1      0                         2     -2        0
  SINCE JUL 1      0                         2     -2        1

 COOLING
  YESTERDAY        4                         6     -2        7
  MONTH TO DATE  185                       141     44      192
  SINCE SEP 1    185                       141     44      192
  SINCE JAN 1   1540                      1418    122     1480
..................................................................


WIND (MPH)
  HIGHEST WIND SPEED    13   HIGHEST WIND DIRECTION     N (10)
  HIGHEST GUST SPEED    18   HIGHEST GUST DIRECTION    NE (30)
  AVERAGE WIND SPEED     5.5


SKY COVER
  POSSIBLE SUNSHINE  MM
  AVERAGE SKY COVER 0.7


WEATHER CONDITIONS
 THE FOLLOWING WEATHER WAS RECORDED YESTERDAY.
  FOG
  HAZE


RELATIVE HUMIDITY (PERCENT)
 HIGHEST    93          1200 AM
 LOWEST     73           200 PM
 AVERAGE    83

..........................................................


THE CHARLOTTE NC CLIMATE NORMALS FOR TODAY
                         NORMAL    RECORD    YEAR
 MAXIMUM TEMPERATURE (F)   81        99      1896
 MINIMUM TEMPERATURE (F)   60        48      2001
                                             1999


SUNRISE AND SUNSET
SEPTEMBER 18 2014.....SUNRISE   709 AM EDT   SUNSET   726 PM EDT
SEPTEMBER 19 2014.....SUNRISE   710 AM EDT   SUNSET   725 PM EDT


-  INDICATES NEGATIVE NUMBERS.
R  INDICATES RECORD WAS SET OR TIED.
MM INDICATES DATA IS MISSING.
T  INDICATES TRACE AMOUNT.

$$
