000
CDUS42 KGSP 260635
CLICLT

CLIMATE REPORT
NATIONAL WEATHER SERVICE GREENVILLE-SPARTANBURG SC
235 AM EDT TUE SEP 26 2017


...................................

...THE CHARLOTTE NC CLIMATE SUMMARY FOR SEPTEMBER 25 2017...

CLIMATE NORMAL PERIOD 1981 TO 2010
CLIMATE RECORD PERIOD 1878 TO 2017


WEATHER ITEM   OBSERVED TIME   RECORD YEAR NORMAL DEPARTURE LAST
                VALUE   (LST)  VALUE       VALUE  FROM      YEAR
                                                  NORMAL
..................................................................
TEMPERATURE (F)
 YESTERDAY
  MAXIMUM         86    305 PM  94    2010  78      8       90
                                      1961
  MINIMUM         65    557 AM  40    1887  57      8       66
  AVERAGE         76                        68      8       78

PRECIPITATION (IN)
  YESTERDAY        0.00          1.31 1956   0.11  -0.11     0.00
  MONTH TO DATE    2.72                      2.67   0.05     1.26
  SINCE SEP 1      2.72                      2.67   0.05     1.26
  SINCE JAN 1     37.68                     31.27   6.41    22.80

SNOWFALL (IN)
  YESTERDAY        0.0           0.0    MM   0.0    0.0      0.0
  MONTH TO DATE    0.0                       0.0    0.0      0.0
  SINCE SEP 1      0.0                       0.0    0.0      0.0
  SINCE JUL 1      0.0                       0.0    0.0      0.0
  SNOW DEPTH       0

DEGREE DAYS
 HEATING
  YESTERDAY        0                         2     -2        0
  MONTH TO DATE    9                        11     -2        0
  SINCE SEP 1      9                        11     -2        0
  SINCE JUL 1      9                        11     -2        0

 COOLING
  YESTERDAY       11                         4      7       13
  MONTH TO DATE  184                       181      3      313
  SINCE SEP 1    184                       181      3      313
  SINCE JAN 1   1745                      1458    287     2080
..................................................................


WIND (MPH)
  HIGHEST WIND SPEED    17   HIGHEST WIND DIRECTION     N (20)
  HIGHEST GUST SPEED    23   HIGHEST GUST DIRECTION     N (10)
  AVERAGE WIND SPEED     8.4


SKY COVER
  POSSIBLE SUNSHINE  MM
  AVERAGE SKY COVER 0.7


WEATHER CONDITIONS
 THE FOLLOWING WEATHER WAS RECORDED YESTERDAY.
  NO SIGNIFICANT WEATHER WAS OBSERVED.


RELATIVE HUMIDITY (PERCENT)
 HIGHEST    93           600 AM
 LOWEST     48           400 PM
 AVERAGE    71

..........................................................


THE CHARLOTTE NC CLIMATE NORMALS FOR TODAY
                         NORMAL    RECORD    YEAR
 MAXIMUM TEMPERATURE (F)   78        94      1961
 MINIMUM TEMPERATURE (F)   57        42      2001
                                             1950


SUNRISE AND SUNSET
SEPTEMBER 26 2017.....SUNRISE   715 AM EDT   SUNSET   714 PM EDT
SEPTEMBER 27 2017.....SUNRISE   716 AM EDT   SUNSET   713 PM EDT


-  INDICATES NEGATIVE NUMBERS.
R  INDICATES RECORD WAS SET OR TIED.
MM INDICATES DATA IS MISSING.
T  INDICATES TRACE AMOUNT.




$$
