000
CDUS42 KGSP 220632
CLICLT

CLIMATE REPORT
NATIONAL WEATHER SERVICE GREENVILLE-SPARTANBURG SC
132 AM EST WED NOV 22 2017


...................................

...THE CHARLOTTE NC CLIMATE SUMMARY FOR NOVEMBER 21 2017...

CLIMATE NORMAL PERIOD 1981 TO 2010
CLIMATE RECORD PERIOD 1878 TO 2017


WEATHER ITEM   OBSERVED TIME   RECORD YEAR NORMAL DEPARTURE LAST
                VALUE   (LST)  VALUE       VALUE  FROM      YEAR
                                                  NORMAL
..................................................................
TEMPERATURE (F)
 YESTERDAY
  MAXIMUM         61    511 PM  78    1942  61      0       61
  MINIMUM         36    143 AM  19    1914  38     -2       26
  AVERAGE         49                        49      0       44

PRECIPITATION (IN)
  YESTERDAY        0.18          3.26 1985   0.11   0.07     0.00
  MONTH TO DATE    0.91                      2.15  -1.24     0.05
  SINCE SEP 1      7.58                      8.79  -1.21     8.27
  SINCE JAN 1     42.54                     37.39   5.15    29.81

SNOWFALL (IN)
  YESTERDAY        0.0           T    2006   0.0    0.0      0.0
  MONTH TO DATE    0.0                       0.1   -0.1      0.0
  SINCE SEP 1      0.0                       0.1   -0.1      0.0
  SINCE JUL 1      0.0                       0.1   -0.1      0.0
  SNOW DEPTH       0

DEGREE DAYS
 HEATING
  YESTERDAY       16                        16      0       21
  MONTH TO DATE  244                       272    -28      237
  SINCE SEP 1    379                       478    -99      312
  SINCE JUL 1    379                       478    -99      312

 COOLING
  YESTERDAY        0                         0      0        0
  MONTH TO DATE    5                         0      5        1
  SINCE SEP 1    344                       236    108      423
  SINCE JAN 1   1905                      1513    392     2190
..................................................................


WIND (MPH)
  HIGHEST WIND SPEED    12   HIGHEST WIND DIRECTION     W (290)
  HIGHEST GUST SPEED    14   HIGHEST GUST DIRECTION     W (290)
  AVERAGE WIND SPEED     3.1


SKY COVER
  POSSIBLE SUNSHINE  MM
  AVERAGE SKY COVER 0.9


WEATHER CONDITIONS
 THE FOLLOWING WEATHER WAS RECORDED YESTERDAY.
  LIGHT RAIN
  FOG


RELATIVE HUMIDITY (PERCENT)
 HIGHEST    93          1000 PM
 LOWEST     54          1000 AM
 AVERAGE    74

..........................................................


THE CHARLOTTE NC CLIMATE NORMALS FOR TODAY
                         NORMAL    RECORD    YEAR
 MAXIMUM TEMPERATURE (F)   60        76      2011
 MINIMUM TEMPERATURE (F)   37        13      2008


SUNRISE AND SUNSET
NOVEMBER 22 2017......SUNRISE   706 AM EST   SUNSET   514 PM EST
NOVEMBER 23 2017......SUNRISE   707 AM EST   SUNSET   514 PM EST


-  INDICATES NEGATIVE NUMBERS.
R  INDICATES RECORD WAS SET OR TIED.
MM INDICATES DATA IS MISSING.
T  INDICATES TRACE AMOUNT.

$$
