000
CDUS42 KGSP 200634
CLICLT

CLIMATE REPORT
NATIONAL WEATHER SERVICE GREENVILLE-SPARTANBURG SC
134 AM EST TUE FEB 20 2018


...................................

...THE CHARLOTTE NC CLIMATE SUMMARY FOR FEBRUARY 19 2018...

CLIMATE NORMAL PERIOD 1981 TO 2010
CLIMATE RECORD PERIOD 1878 TO 2018


WEATHER ITEM   OBSERVED TIME   RECORD YEAR NORMAL DEPARTURE LAST
                VALUE   (LST)  VALUE       VALUE  FROM      YEAR
                                                  NORMAL
..................................................................
TEMPERATURE (F)
 YESTERDAY
  MAXIMUM         57    436 PM  76    2014  56      1       72
                                      1939
  MINIMUM         50    823 AM   8    1958  34     16       37
  AVERAGE         54                        45      9       55

PRECIPITATION (IN)
  YESTERDAY        0.13          2.08 1884   0.13   0.00     0.00
  MONTH TO DATE    2.70                      2.16   0.54     1.12
  SINCE DEC 1      7.38                      8.82  -1.44     9.75
  SINCE JAN 1      5.26                      5.57  -0.31     6.84

SNOWFALL (IN)
  YESTERDAY        0.0           1.4  1999   0.0    0.0      0.0
  MONTH TO DATE    0.0                       0.8   -0.8      0.0
  SINCE DEC 1      4.0                       3.2    0.8      1.1
  SINCE JUL 1      4.0                       3.3    0.7      1.1
  SNOW DEPTH       0

DEGREE DAYS
 HEATING
  YESTERDAY       11                        20     -9       10
  MONTH TO DATE  278                       420   -142      252
  SINCE DEC 1   1726                      1891   -165     1411
  SINCE JUL 1   2252                      2527   -275     1829

 COOLING
  YESTERDAY        0                         0      0        0
  MONTH TO DATE   11                         0     11        5
  SINCE DEC 1     11                         1     10        5
  SINCE JAN 1     11                         0     11        5
..................................................................


WIND (MPH)
  HIGHEST WIND SPEED    10   HIGHEST WIND DIRECTION     E (110)
  HIGHEST GUST SPEED    19   HIGHEST GUST DIRECTION     E (80)
  AVERAGE WIND SPEED     4.3


SKY COVER
  POSSIBLE SUNSHINE  MM
  AVERAGE SKY COVER 1.0


WEATHER CONDITIONS
 THE FOLLOWING WEATHER WAS RECORDED YESTERDAY.
  LIGHT RAIN
  FOG


RELATIVE HUMIDITY (PERCENT)
 HIGHEST   100           300 AM
 LOWEST     83           100 AM
 AVERAGE    92

..........................................................


THE CHARLOTTE NC CLIMATE NORMALS FOR TODAY
                         NORMAL    RECORD    YEAR
 MAXIMUM TEMPERATURE (F)   56        77      2014
 MINIMUM TEMPERATURE (F)   34         7      2015


SUNRISE AND SUNSET
FEBRUARY 20 2018......SUNRISE   704 AM EST   SUNSET   611 PM EST
FEBRUARY 21 2018......SUNRISE   703 AM EST   SUNSET   612 PM EST


-  INDICATES NEGATIVE NUMBERS.
R  INDICATES RECORD WAS SET OR TIED.
MM INDICATES DATA IS MISSING.
T  INDICATES TRACE AMOUNT.

$$

OUTLAW
