000
CDUS42 KGSP 222028
CLICLT

CLIMATE REPORT
NATIONAL WEATHER SERVICE GREENVILLE-SPARTANBURG SC
426 PM EDT SAT JUL 22 2017


...................................

...THE CHARLOTTE NC CLIMATE SUMMARY FOR JULY 22 2017...VALID TODAY
AS OF 400 PM LOCAL TIME.

CLIMATE NORMAL PERIOD 1981 TO 2010
CLIMATE RECORD PERIOD 1878 TO 2017


WEATHER ITEM   OBSERVED TIME   RECORD YEAR NORMAL DEPARTURE LAST
                VALUE   (LST)  VALUE       VALUE  FROM      YEAR
                                                  NORMAL
..................................................................
TEMPERATURE (F)
 TODAY
  MAXIMUM         96    233 PM 103    1926  89      7       95
  MINIMUM         76    606 AM  58    2001  68      8       70
  AVERAGE         86                        79      7       83

PRECIPITATION (IN)
  TODAY            0.00          2.56 2006   0.12  -0.12     0.00
  MONTH TO DATE    3.75                      2.49   1.26     1.55
  SINCE JUN 1      8.05                      6.23   1.82     4.37
  SINCE JAN 1     28.97                     23.19   5.78    19.66

SNOWFALL (IN)
  TODAY            0.0           0.0    MM   0.0    0.0      0.0
  MONTH TO DATE    0.0                       0.0    0.0      0.0
  SINCE JUN 1      0.0                       0.0    0.0      0.0
  SINCE JUL 1      0.0                       0.0    0.0      0.0
  SNOW DEPTH       0

DEGREE DAYS
 HEATING
  TODAY            0                         0      0        0
  MONTH TO DATE    0                         0      0        0
  SINCE JUN 1      0                         3     -3        0
  SINCE JUL 1      0                         0      0        0

 COOLING
  TODAY           21                        14      7       18
  MONTH TO DATE  368                       301     67      378
  SINCE JUN 1    700                       612     88      788
  SINCE JAN 1   1003                       775    228     1033
..................................................................


WIND (MPH)
  HIGHEST WIND SPEED    15   HIGHEST WIND DIRECTION    SW (220)
  HIGHEST GUST SPEED    20   HIGHEST GUST DIRECTION    SW (210)
  AVERAGE WIND SPEED     6.3


SKY COVER
  POSSIBLE SUNSHINE  MM
  AVERAGE SKY COVER 0.4


WEATHER CONDITIONS
 THE FOLLOWING WEATHER WAS RECORDED TODAY.
  NO SIGNIFICANT WEATHER WAS OBSERVED.


RELATIVE HUMIDITY (PERCENT)
 HIGHEST    82           500 AM
 LOWEST     46           200 PM
 AVERAGE    64

..........................................................


THE CHARLOTTE NC CLIMATE NORMALS FOR TOMORROW
                         NORMAL    RECORD    YEAR
 MAXIMUM TEMPERATURE (F)   89       101      1987
                                             1952
 MINIMUM TEMPERATURE (F)   68        56      2007


SUNRISE AND SUNSET
JULY 22 2017..........SUNRISE   626 AM EDT   SUNSET   835 PM EDT
JULY 23 2017..........SUNRISE   626 AM EDT   SUNSET   834 PM EDT


-  INDICATES NEGATIVE NUMBERS.
R  INDICATES RECORD WAS SET OR TIED.
MM INDICATES DATA IS MISSING.
T  INDICATES TRACE AMOUNT.




$$
