000
CDUS42 KGSP 292038 RRA
CLICLT

CLIMATE REPORT
NATIONAL WEATHER SERVICE GREENVILLE-SPARTANBURG SC
437 PM EDT SUN MAY 29 2016


...................................

...THE CHARLOTTE NC CLIMATE SUMMARY FOR MAY 29 2016...
VALID TODAY AS OF 430 PM LOCAL TIME.

CLIMATE NORMAL PERIOD 1981 TO 2010
CLIMATE RECORD PERIOD 1878 TO 2016


WEATHER ITEM   OBSERVED TIME   RECORD YEAR NORMAL DEPARTURE LAST
                VALUE   (LST)  VALUE       VALUE  FROM      YEAR
                                                  NORMAL
..................................................................
TEMPERATURE (F)
 TODAY
  MAXIMUM         78    259 PM  98    1941  82     -4       88
  MINIMUM         66    618 AM  48    1894  60      6       67
  AVERAGE         72                        71      1       78

PRECIPITATION (IN)
  TODAY            0.23          1.18 2014   0.12   0.11     0.00
  MONTH TO DATE    5.13                      2.95   2.18     0.32
  SINCE MAR 1      8.01                     10.00  -1.99     8.65
  SINCE JAN 1     14.79                     16.73  -1.94    14.47

SNOWFALL (IN)
  TODAY            0.0           0.0    MM   0.0    0.0      0.0
  MONTH TO DATE    0.0                       0.0    0.0      0.0
  SINCE MAR 1      0.0                       0.6   -0.6      0.0
  SINCE JUL 1      3.3                       4.3   -1.0      3.1
  SNOW DEPTH       0

DEGREE DAYS
 HEATING
  TODAY            0                         1     -1        0
  MONTH TO DATE   43                        53    -10       15
  SINCE MAR 1    426                       686   -260      483
  SINCE JUL 1   2568                      3385   -817     3254

 COOLING
  TODAY            7                         6      1       13
  MONTH TO DATE  125                       111     14      206
  SINCE MAR 1    223                       148     75      269
  SINCE JAN 1    223                       148     75      269
..................................................................


WIND (MPH)
  HIGHEST WIND SPEED    17   HIGHEST WIND DIRECTION     N (360)
  HIGHEST GUST SPEED    28   HIGHEST GUST DIRECTION    SE (140)
  AVERAGE WIND SPEED     8.5


SKY COVER
  POSSIBLE SUNSHINE  MM
  AVERAGE SKY COVER 0.8


WEATHER CONDITIONS
 THE FOLLOWING WEATHER WAS RECORDED TODAY.
  LIGHT RAIN
  FOG


RELATIVE HUMIDITY (PERCENT)
 HIGHEST    93           500 AM
 LOWEST     60           200 PM
 AVERAGE    77

..........................................................


THE CHARLOTTE NC CLIMATE NORMALS FOR TOMORROW
                         NORMAL    RECORD    YEAR
 MAXIMUM TEMPERATURE (F)   82        95      1918
                                             1898
 MINIMUM TEMPERATURE (F)   60        47      1884


SUNRISE AND SUNSET
MAY 29 2016...........SUNRISE   611 AM EDT   SUNSET   831 PM EDT
MAY 30 2016...........SUNRISE   611 AM EDT   SUNSET   832 PM EDT


-  INDICATES NEGATIVE NUMBERS.
R  INDICATES RECORD WAS SET OR TIED.
MM INDICATES DATA IS MISSING.
T  INDICATES TRACE AMOUNT.




$$
