000
CDUS42 KGSP 300630
CLICLT

CLIMATE REPORT
NATIONAL WEATHER SERVICE GREENVILLE-SPARTANBURG SC
229 AM EDT SUN APR 30 2017


...................................

...THE CHARLOTTE NC CLIMATE SUMMARY FOR APRIL 29 2017...

CLIMATE NORMAL PERIOD 1981 TO 2010
CLIMATE RECORD PERIOD 1878 TO 2017


WEATHER ITEM   OBSERVED TIME   RECORD YEAR NORMAL DEPARTURE LAST
                VALUE   (LST)  VALUE       VALUE  FROM      YEAR
                                                  NORMAL
..................................................................
TEMPERATURE (F)
 YESTERDAY
  MAXIMUM         86    312 PM  91    1888  75     11       86
  MINIMUM         70    447 AM  33    1973  51     19       58
  AVERAGE         78                        63     15       72

PRECIPITATION (IN)
  YESTERDAY        0.00          2.19 1880   0.09  -0.09     0.00
  MONTH TO DATE    5.54                      2.95   2.59     1.25
  SINCE MAR 1      8.25                      6.96   1.29     2.10
  SINCE JAN 1     15.16                     13.69   1.47     8.88

SNOWFALL (IN)
  YESTERDAY        0.0           0.0    MM   0.0    0.0      0.0
  MONTH TO DATE    0.0                       0.1   -0.1      0.0
  SINCE MAR 1      1.1                       0.7    0.4      0.0
  SINCE JUL 1      2.2                       4.4   -2.2      3.3
  SNOW DEPTH       0

DEGREE DAYS
 HEATING
  YESTERDAY        0                         4     -4        0
  MONTH TO DATE   85                       195   -110      152
  SINCE MAR 1    468                       628   -160      383
  SINCE JUL 1   2366                      3327   -961     2525

 COOLING
  YESTERDAY       13                         2     11        7
  MONTH TO DATE   94                        34     60       56
  SINCE MAR 1    112                        39     73       93
  SINCE JAN 1    117                        39     78       93
..................................................................


WIND (MPH)
  HIGHEST WIND SPEED    15   HIGHEST WIND DIRECTION     S (170)
  HIGHEST GUST SPEED    19   HIGHEST GUST DIRECTION     S (200)
  AVERAGE WIND SPEED     8.5


SKY COVER
  POSSIBLE SUNSHINE  MM
  AVERAGE SKY COVER 0.7


WEATHER CONDITIONS
 THE FOLLOWING WEATHER WAS RECORDED YESTERDAY.
  FOG


RELATIVE HUMIDITY (PERCENT)
 HIGHEST    93           300 AM
 LOWEST     61           200 PM
 AVERAGE    77

..........................................................


THE CHARLOTTE NC CLIMATE NORMALS FOR TODAY
                         NORMAL    RECORD    YEAR
 MAXIMUM TEMPERATURE (F)   75        91      1962
 MINIMUM TEMPERATURE (F)   51        37      2008


SUNRISE AND SUNSET
APRIL 30 2017.........SUNRISE   633 AM EDT   SUNSET   809 PM EDT
MAY  1 2017...........SUNRISE   632 AM EDT   SUNSET   810 PM EDT


-  INDICATES NEGATIVE NUMBERS.
R  INDICATES RECORD WAS SET OR TIED.
MM INDICATES DATA IS MISSING.
T  INDICATES TRACE AMOUNT.




$$
