000
CDUS42 KGSP 022038
CLICLT

CLIMATE REPORT
NATIONAL WEATHER SERVICE GREENVILLE-SPARTANBURG SC
438 PM EDT TUE SEP 2 2014


...................................

...THE CHARLOTTE NC CLIMATE SUMMARY FOR SEPTEMBER 2 2014...
VALID TODAY AS OF 0435 PM LOCAL TIME.

CLIMATE NORMAL PERIOD 1981 TO 2010
CLIMATE RECORD PERIOD 1878 TO 2014


WEATHER ITEM   OBSERVED TIME   RECORD YEAR NORMAL DEPARTURE LAST
                VALUE   (LST)  VALUE       VALUE  FROM      YEAR
                                                  NORMAL
..................................................................
TEMPERATURE (F)
 TODAY
  MAXIMUM         94    333 PM  99    1932  85      9       89
  MINIMUM         69    538 AM  53    1967  65      4       70
  AVERAGE         82                        75      7       80

PRECIPITATION (IN)
  TODAY            T             1.20 1928   0.12  -0.12     0.01
  MONTH TO DATE    T                         0.23  -0.23     0.15
  SINCE SEP 1      T                         0.23  -0.23     0.15
  SINCE JAN 1     33.76                     28.83   4.93    35.47

SNOWFALL (IN)
  TODAY            0.0           0.0    MM   0.0    0.0      0.0
  MONTH TO DATE    0.0                       0.0    0.0      0.0
  SINCE SEP 1      0.0                       0.0    0.0      0.0
  SINCE JUL 1      0.0                       0.0    0.0      0.0
  SNOW DEPTH       0

DEGREE DAYS
 HEATING
  TODAY            0                         0      0        0
  MONTH TO DATE    0                         0      0        0
  SINCE SEP 1      0                         0      0        0
  SINCE JUL 1      0                         0      0        1

 COOLING
  TODAY           17                        10      7       15
  MONTH TO DATE   34                        20     14       29
  SINCE SEP 1     34                        20     14       29
  SINCE JAN 1   1389                      1297     92     1317
..................................................................


WIND (MPH)
  HIGHEST WIND SPEED    10   HIGHEST WIND DIRECTION    SW (230)
  HIGHEST GUST SPEED    16   HIGHEST GUST DIRECTION     W (280)
  AVERAGE WIND SPEED     2.6


SKY COVER
  POSSIBLE SUNSHINE  MM
  AVERAGE SKY COVER 0.3


WEATHER CONDITIONS
 THE FOLLOWING WEATHER WAS RECORDED TODAY.
  LIGHT RAIN


RELATIVE HUMIDITY (PERCENT)
 HIGHEST    90           600 AM
 LOWEST     41           100 PM
 AVERAGE    66

..........................................................


THE CHARLOTTE NC CLIMATE NORMALS FOR TOMORROW
                         NORMAL    RECORD    YEAR
 MAXIMUM TEMPERATURE (F)   85        98      1925
 MINIMUM TEMPERATURE (F)   65        52      1967


SUNRISE AND SUNSET
SEPTEMBER  2 2014.....SUNRISE   657 AM EDT   SUNSET   749 PM EDT
SEPTEMBER  3 2014.....SUNRISE   658 AM EDT   SUNSET   748 PM EDT


-  INDICATES NEGATIVE NUMBERS.
R  INDICATES RECORD WAS SET OR TIED.
MM INDICATES DATA IS MISSING.
T  INDICATES TRACE AMOUNT.

$$

OUTLAW
