000
CDUS46 KLOX 030112
CLICMA


CLIMATE REPORT
NATIONAL WEATHER SERVICE LOS ANGELES/OXNARD CA
612 PM PDT WED SEP 2 2015


...................................

...THE CAMARILLO CLIMATE SUMMARY FOR SEPTEMBER 2 2015...
VALID TODAY AS OF 0600 PM LOCAL TIME.

CLIMATE NORMAL PERIOD 1981 TO 2010
CLIMATE RECORD PERIOD 1948 TO 2015


WEATHER ITEM   OBSERVED TIME   RECORD YEAR NORMAL DEPARTURE LAST
                VALUE   (LST)  VALUE       VALUE  FROM      YEAR
                                                  NORMAL
..................................................................
TEMPERATURE (F)
 TODAY
  MAXIMUM         77    347 PM  98    1955  77      0       83
  MINIMUM         65    325 AM  46    1964  59      6       65
  AVERAGE         71                        68      3       74

PRECIPITATION (IN)
  TODAY            0.00          0.02 1998   0.00   0.00     0.00
  MONTH TO DATE    0.00                      0.00   0.00     0.00
  SINCE OCT 1      8.96                     15.04  -6.08     5.00
  SINCE JAN 1      4.05                     11.04  -6.99     4.22

SNOWFALL (IN)
  TODAY            0.0
  MONTH TO DATE    0.0
  SINCE SEP 1      0.0
  SINCE JUL 1      0.0

DEGREE DAYS
 HEATING
  TODAY            0                         0      0        0
  MONTH TO DATE    0                         0      0        0
  SINCE SEP 1      0                         0      0        0
  SINCE JUL 1      0                        15    -15        0

 COOLING
  TODAY            6                         3      3        9
  MONTH TO DATE   13                         6      7       19
  SINCE SEP 1     13                         6      7       19
  SINCE JAN 1    618                       218    400      656
..................................................................


WIND (MPH)
  HIGHEST WIND SPEED    14   HIGHEST WIND DIRECTION     S (200)
  HIGHEST GUST SPEED    19   HIGHEST GUST DIRECTION    SW (210)
  AVERAGE WIND SPEED     5.6


SKY COVER
  POSSIBLE SUNSHINE  MM
  AVERAGE SKY COVER 0.3


WEATHER CONDITIONS
 THE FOLLOWING WEATHER WAS RECORDED TODAY.
  NO SIGNIFICANT WEATHER WAS OBSERVED.


RELATIVE HUMIDITY (PERCENT)
 HIGHEST    81           400 AM
 LOWEST     54           900 AM
 AVERAGE    68

..........................................................


THE CAMARILLO CLIMATE NORMALS FOR TOMORROW
                         NORMAL    RECORD    YEAR
 MAXIMUM TEMPERATURE (F)   77        96      1961
 MINIMUM TEMPERATURE (F)   58        48      1964


SUNRISE AND SUNSET
SEPTEMBER  2 2015.....SUNRISE   630 AM PDT   SUNSET   721 PM PDT
SEPTEMBER  3 2015.....SUNRISE   631 AM PDT   SUNSET   720 PM PDT


-  INDICATES NEGATIVE NUMBERS.
R  INDICATES RECORD WAS SET OR TIED.
MM INDICATES DATA IS MISSING.
T  INDICATES TRACE AMOUNT.




$$
