000
CDUS46 KLOX 300858
CLICMA


CLIMATE REPORT
NATIONAL WEATHER SERVICE LOS ANGELES/OXNARD CA
1258 AM PST FRI JAN 30 2015


...................................

...THE CAMARILLO AIRPORT CA CLIMATE SUMMARY FOR JANUARY 29 2015...

CLIMATE NORMAL PERIOD 1981 TO 2010
CLIMATE RECORD PERIOD 1948 TO 2015


WEATHER ITEM   OBSERVED TIME   RECORD YEAR NORMAL DEPARTURE LAST
                VALUE   (LST)  VALUE       VALUE  FROM      YEAR
                                                  NORMAL
..................................................................
TEMPERATURE (F)
 YESTERDAY
  MAXIMUM         79    152 PM  85    1971  66     13       67
  MINIMUM         58    647 AM  30    1979  42     16       45
  AVERAGE         69                        54     15       56

PRECIPITATION (IN)
  YESTERDAY        0.00          2.10 1986   0.07  -0.07     0.00
  MONTH TO DATE    2.09                      3.31  -1.22      T
  SINCE OCT 1      7.00                      7.31  -0.31     0.78
  SINCE JAN 1      2.09                      3.31  -1.22      T

SNOWFALL (IN)
  YESTERDAY        0.0
  MONTH TO DATE    0.0
  SINCE DEC 1      0.0
  SINCE JUL 1      0.0

DEGREE DAYS
 HEATING
  YESTERDAY        0                        11    -11        9
  MONTH TO DATE  176                       319   -143      189
  SINCE DEC 1    404                       668   -264      476
  SINCE JUL 1    491                      1000   -509      700

 COOLING
  YESTERDAY        4                         0      4        0
  MONTH TO DATE   24                         0     24       27
  SINCE DEC 1     28                         2     26       48
  SINCE JAN 1     24                         0     24       27
..................................................................


WIND (MPH)
  HIGHEST WIND SPEED    29   HIGHEST WIND DIRECTION     E (70)
  HIGHEST GUST SPEED    33   HIGHEST GUST DIRECTION     E (70)
  AVERAGE WIND SPEED     6.9


SKY COVER
  POSSIBLE SUNSHINE  MM
  AVERAGE SKY COVER 0.2


WEATHER CONDITIONS
 THE FOLLOWING WEATHER WAS RECORDED YESTERDAY.
  NO SIGNIFICANT WEATHER WAS OBSERVED.


RELATIVE HUMIDITY (PERCENT)
 HIGHEST    84          1100 PM
 LOWEST     27           200 PM
 AVERAGE    56

..........................................................


THE CAMARILLO AIRPORT CA CLIMATE NORMALS FOR TODAY
                         NORMAL    RECORD    YEAR
 MAXIMUM TEMPERATURE (F)   66        85      1953
 MINIMUM TEMPERATURE (F)   42        30      1969


SUNRISE AND SUNSET
JANUARY 30 2015.......SUNRISE   655 AM PST   SUNSET   524 PM PST
JANUARY 31 2015.......SUNRISE   655 AM PST   SUNSET   525 PM PST


-  INDICATES NEGATIVE NUMBERS.
R  INDICATES RECORD WAS SET OR TIED.
MM INDICATES DATA IS MISSING.
T  INDICATES TRACE AMOUNT.




$$
