461
CDUS46 KLOX 250119
CLICMA


CLIMATE REPORT
NATIONAL WEATHER SERVICE LOS ANGELES/OXNARD CA
619 PM PDT WED MAY 24 2017


...................................

...THE CAMARILLO CLIMATE SUMMARY FOR MAY 24 2017...
VALID TODAY AS OF 0600 PM LOCAL TIME.

CLIMATE NORMAL PERIOD 1981 TO 2010
CLIMATE RECORD PERIOD 1948 TO 2017


WEATHER ITEM   OBSERVED TIME   RECORD YEAR NORMAL DEPARTURE LAST
                VALUE   (LST)  VALUE       VALUE  FROM      YEAR
                                                  NORMAL
..................................................................
TEMPERATURE (F)
 TODAY
  MAXIMUM         69   1115 AM  87    1927  71     -2       70
  MINIMUM         55    620 AM  40    1939  53      2       57
  AVERAGE         62                        62      0       64

PRECIPITATION (IN)
  TODAY            0.00          0.11 1993   0.00   0.00     0.00
  MONTH TO DATE    0.08                      0.30  -0.22      T
  SINCE OCT 1     19.44                     14.92   4.52     5.98
  SINCE JAN 1     14.78                     10.92   3.86     5.42

SNOWFALL (IN)
  TODAY            0.0
  MONTH TO DATE    0.0
  SINCE MAR 1      0.0
  SINCE JUL 1      0.0

DEGREE DAYS
 HEATING
  TODAY            3                         3      0        1
  MONTH TO DATE   70                       103    -33       67
  SINCE MAR 1    329                       587   -258      361
  SINCE JUL 1   1317                      1923   -606     1178

 COOLING
  TODAY            0                         0      0        0
  MONTH TO DATE   20                         0     20        0
  SINCE MAR 1     40                        11     29       13
  SINCE JAN 1     41                        20     21       71
..................................................................


WIND (MPH)
  HIGHEST WIND SPEED    17   HIGHEST WIND DIRECTION    SW (230)
  HIGHEST GUST SPEED    MM   HIGHEST GUST DIRECTION    MM
  AVERAGE WIND SPEED     5.9


SKY COVER
  POSSIBLE SUNSHINE  MM
  AVERAGE SKY COVER 0.8


WEATHER CONDITIONS
 THE FOLLOWING WEATHER WAS RECORDED TODAY.
  FOG


RELATIVE HUMIDITY (PERCENT)
 HIGHEST   100           200 AM
 LOWEST     63          1100 AM
 AVERAGE    82

..........................................................


THE CAMARILLO CLIMATE NORMALS FOR TOMORROW
                         NORMAL    RECORD    YEAR
 MAXIMUM TEMPERATURE (F)   71        81      1968
 MINIMUM TEMPERATURE (F)   53        40      1935


SUNRISE AND SUNSET
MAY 24 2017...........SUNRISE   549 AM PDT   SUNSET   758 PM PDT
MAY 25 2017...........SUNRISE   548 AM PDT   SUNSET   759 PM PDT


-  INDICATES NEGATIVE NUMBERS.
R  INDICATES RECORD WAS SET OR TIED.
MM INDICATES DATA IS MISSING.
T  INDICATES TRACE AMOUNT.




$$
