000
CDUS46 KLOX 170913
CLICMA


CLIMATE REPORT
NATIONAL WEATHER SERVICE LOS ANGELES/OXNARD CA
113 AM PST SUN DEC 17 2017


...................................

...THE CAMARILLO AIRPORT CA CLIMATE SUMMARY FOR DECEMBER 16 2017...

CLIMATE NORMAL PERIOD 1981 TO 2010
CLIMATE RECORD PERIOD 1923 TO 2017


WEATHER ITEM   OBSERVED TIME   RECORD YEAR NORMAL DEPARTURE LAST
                VALUE   (LST)  VALUE       VALUE  FROM      YEAR
                                                  NORMAL
..................................................................
TEMPERATURE (F)
 YESTERDAY
  MAXIMUM         69   1207 PM  87    1998  65      4       59
  MINIMUM         47   1015 PM  32    1964  42      5       45
  AVERAGE         58                        53      5       52

PRECIPITATION (IN)
  YESTERDAY        0.00          1.84 1940   0.05  -0.05     0.40
  MONTH TO DATE    0.00                      0.65  -0.65     0.96
  SINCE OCT 1      0.07                      2.59  -2.52     2.44
  SINCE JAN 1     14.87                     13.81   1.06     7.86

SNOWFALL (IN)
  YESTERDAY        0.0
  MONTH TO DATE    0.0
  SINCE DEC 1      0.0
  SINCE JUL 1      0.0

DEGREE DAYS
 HEATING
  YESTERDAY        7                        12     -5       13
  MONTH TO DATE   39                       177   -138      132
  SINCE DEC 1     39                       177   -138      132
  SINCE JUL 1    126                       509   -383      295

 COOLING
  YESTERDAY        0                         0      0        0
  MONTH TO DATE   27                         0     27        0
  SINCE DEC 1     27                         0     27        0
  SINCE JAN 1    898                       330    568      729
..................................................................


WIND (MPH)
  HIGHEST WIND SPEED    24   HIGHEST WIND DIRECTION     E (70)
  HIGHEST GUST SPEED    32   HIGHEST GUST DIRECTION    NE (60)
  AVERAGE WIND SPEED     5.8


SKY COVER
  POSSIBLE SUNSHINE  MM
  AVERAGE SKY COVER 0.0


WEATHER CONDITIONS
 THE FOLLOWING WEATHER WAS RECORDED YESTERDAY.
  HAZE


RELATIVE HUMIDITY (PERCENT)
 HIGHEST    80          1000 PM
 LOWEST     35          1200 PM
 AVERAGE    58

..........................................................


THE CAMARILLO AIRPORT CA CLIMATE NORMALS FOR TODAY
                         NORMAL    RECORD    YEAR
 MAXIMUM TEMPERATURE (F)   65        87      1980
 MINIMUM TEMPERATURE (F)   42        30      1924


SUNRISE AND SUNSET
DECEMBER 17 2017......SUNRISE   656 AM PST   SUNSET   449 PM PST
DECEMBER 18 2017......SUNRISE   657 AM PST   SUNSET   449 PM PST


-  INDICATES NEGATIVE NUMBERS.
R  INDICATES RECORD WAS SET OR TIED.
MM INDICATES DATA IS MISSING.
T  INDICATES TRACE AMOUNT.




$$
