000
CDUS41 KILN 210553
CLICMH


CLIMATE REPORT
NATIONAL WEATHER SERVICE WILMINGTON OH
147 AM EDT SAT OCT 21 2017


...................................

...THE COLUMBUS OH CLIMATE SUMMARY FOR OCTOBER 20 2017...

CLIMATE NORMAL PERIOD 1981 TO 2010
CLIMATE RECORD PERIOD 1869 TO 2017


WEATHER ITEM   OBSERVED TIME   RECORD YEAR NORMAL DEPARTURE LAST
                VALUE   (LST)  VALUE       VALUE  FROM      YEAR
                                                  NORMAL
..................................................................
TEMPERATURE (F)
 YESTERDAY
  MAXIMUM         75    406 PM  84    1953  64     11       67
  MINIMUM         47    710 AM  24    1972  44      3       55
                                      1952
  AVERAGE         61                        54      7       61

PRECIPITATION (IN)
  YESTERDAY        0.00          0.77 1983   0.08  -0.08     0.51
  MONTH TO DATE    2.82                      1.69   1.13     1.27
  SINCE SEP 1      5.40                      4.53   0.87     5.95
  SINCE JAN 1     39.43                     32.22   7.21    33.21

SNOWFALL (IN)
  YESTERDAY        0.0                       0.0    0.0      0.0
  MONTH TO DATE    0.0                       0.0    0.0      0.0
  SINCE SEP 1      0.0                       0.0    0.0      0.0
  SINCE JUL 1      0.0                       0.0    0.0      0.0
  SNOW DEPTH       0

DEGREE DAYS
 HEATING
  YESTERDAY        4                        12     -8        4
  MONTH TO DATE   54                       177   -123       75
  SINCE SEP 1    105                       246   -141       93
  SINCE JUL 1    105                       246   -141       93

 COOLING
  YESTERDAY        0                         0      0        0
  MONTH TO DATE   41                        13     28       43
  SINCE SEP 1    184                       135     49      231
  SINCE JAN 1   1093                      1024     69     1324
..................................................................


WIND (MPH)
  RESULTANT WIND SPEED   2   RESULTANT WIND DIRECTION  SE (130)
  HIGHEST WIND SPEED     7   HIGHEST WIND DIRECTION    SE (120)
  HIGHEST GUST SPEED     9   HIGHEST GUST DIRECTION    SE (140)
  AVERAGE WIND SPEED     2.9


SKY COVER
  POSSIBLE SUNSHINE  MM
  AVERAGE SKY COVER 0.2


WEATHER CONDITIONS
 THE FOLLOWING WEATHER WAS RECORDED YESTERDAY.
  FOG


RELATIVE HUMIDITY (PERCENT)
 HIGHEST   100           400 AM
 LOWEST     27           300 PM
 AVERAGE    64

..........................................................


THE COLUMBUS OH CLIMATE NORMALS FOR TODAY
                         NORMAL    RECORD    YEAR
 MAXIMUM TEMPERATURE (F)   63        83      1953
 MINIMUM TEMPERATURE (F)   43        17      1952


SUNRISE AND SUNSET
OCTOBER 21 2017.......SUNRISE   749 AM EDT   SUNSET   643 PM EDT
OCTOBER 22 2017.......SUNRISE   750 AM EDT   SUNSET   642 PM EDT


-  INDICATES NEGATIVE NUMBERS.
R  INDICATES RECORD WAS SET OR TIED.
MM INDICATES DATA IS MISSING.
T  INDICATES TRACE AMOUNT.




$$
