000
CDUS41 KILN 292109
CLICMH


CLIMATE REPORT
NATIONAL WEATHER SERVICE WILMINGTON OH
508 PM EDT WED MAR 29 2017


...................................

...THE COLUMBUS OH CLIMATE SUMMARY FOR MARCH 29 2017...
VALID TODAY AS OF 0500 PM LOCAL TIME.

CLIMATE NORMAL PERIOD 1981 TO 2010
CLIMATE RECORD PERIOD 1869 TO 2017


WEATHER ITEM   OBSERVED TIME   RECORD YEAR NORMAL DEPARTURE LAST
                VALUE   (LST)  VALUE       VALUE  FROM      YEAR
                                                  NORMAL
..................................................................
TEMPERATURE (F)
 TODAY
  MAXIMUM         63    252 PM  83    1910  57      6       54
  MINIMUM         40    342 AM  14    1887  37      3       36
  AVERAGE         52                        47      5       45

PRECIPITATION (IN)
  TODAY            0.00          2.18 1974   0.11  -0.11     0.00
  MONTH TO DATE    4.31                      2.79   1.52     4.00
  SINCE MAR 1      4.31                      2.79   1.52     4.00
  SINCE JAN 1      9.77                      7.77   2.00     8.41

SNOWFALL (IN)
  TODAY            0.0           1.9  1970   0.1   -0.1      0.0
  MONTH TO DATE    1.7                       4.1   -2.4      2.3
  SINCE MAR 1      1.7                       4.1   -2.4      2.3
  SINCE JUL 1      9.3                      25.5  -16.2     16.8
  SNOW DEPTH       0

DEGREE DAYS
 HEATING
  TODAY           13                        18     -5       20
  MONTH TO DATE  658                       680    -22      490
  SINCE MAR 1    658                       680    -22      490
  SINCE JUL 1   3927                      4675   -748     3931

 COOLING
  TODAY            0                         0      0        0
  MONTH TO DATE    2                         0      2        0
  SINCE MAR 1      2                         0      2        0
  SINCE JAN 1      6                         0      6        0
..................................................................


WIND (MPH)
  HIGHEST WIND SPEED    15   HIGHEST WIND DIRECTION    NE (60)
  HIGHEST GUST SPEED    20   HIGHEST GUST DIRECTION    NE (60)
  AVERAGE WIND SPEED     7.2


SKY COVER
  POSSIBLE SUNSHINE  MM
  AVERAGE SKY COVER 0.6


WEATHER CONDITIONS
 THE FOLLOWING WEATHER WAS RECORDED TODAY.
  NO SIGNIFICANT WEATHER WAS OBSERVED.


RELATIVE HUMIDITY (PERCENT)
 HIGHEST    89           600 AM
 LOWEST     39           300 PM
 AVERAGE    64

..........................................................


THE COLUMBUS OH CLIMATE NORMALS FOR TOMORROW
                         NORMAL    RECORD    YEAR
 MAXIMUM TEMPERATURE (F)   57        82      1998
                                             1986
 MINIMUM TEMPERATURE (F)   37        16      1915
                                             1887


SUNRISE AND SUNSET
MARCH 29 2017.........SUNRISE   720 AM EDT   SUNSET   753 PM EDT
MARCH 30 2017.........SUNRISE   718 AM EDT   SUNSET   754 PM EDT


-  INDICATES NEGATIVE NUMBERS.
R  INDICATES RECORD WAS SET OR TIED.
MM INDICATES DATA IS MISSING.
T  INDICATES TRACE AMOUNT.




$$
