000
CDUS41 KILN 180557
CLICMH


CLIMATE REPORT
NATIONAL WEATHER SERVICE WILMINGTON OH
156 AM EDT THU SEP 18 2014


...................................

...THE COLUMBUS OH CLIMATE SUMMARY FOR SEPTEMBER 17 2014...

CLIMATE NORMAL PERIOD 1981 TO 2010
CLIMATE RECORD PERIOD 1869 TO 2014


WEATHER ITEM   OBSERVED TIME   RECORD YEAR NORMAL DEPARTURE LAST
                VALUE   (LST)  VALUE       VALUE  FROM      YEAR
                                                  NORMAL
..................................................................
TEMPERATURE (F)
 YESTERDAY
  MAXIMUM         72    351 PM  94    1955  77     -5       75
  MINIMUM         49    344 AM  37    1959  56     -7       49
  AVERAGE         61                        66     -5       62

PRECIPITATION (IN)
  YESTERDAY        0.00          1.46 1913   0.08  -0.08     0.00
  MONTH TO DATE    0.61                      1.66  -1.05     0.96
  SINCE SEP 1      0.61                      1.66  -1.05     0.96
  SINCE JAN 1     31.12                     29.35   1.77    27.60

SNOWFALL (IN)
  YESTERDAY        0.0                       0.0    0.0      0.0
  MONTH TO DATE    0.0                       0.0    0.0      0.0
  SINCE SEP 1      0.0                       0.0    0.0      0.0
  SINCE JUL 1      0.0                       0.0    0.0      0.0
  SNOW DEPTH       0

DEGREE DAYS
 HEATING
  YESTERDAY        4                         2      2        3
  MONTH TO DATE   27                        18      9       22
  SINCE SEP 1     27                        18      9       22
  SINCE JUL 1     27                        18      9       26

 COOLING
  YESTERDAY        0                         3     -3        0
  MONTH TO DATE  107                        91     16      106
  SINCE SEP 1    107                        91     16      106
  SINCE JAN 1   1129                       980    149     1107
..................................................................


WIND (MPH)
  RESULTANT WIND SPEED   1   RESULTANT WIND DIRECTION   W (290)
  HIGHEST WIND SPEED    10   HIGHEST WIND DIRECTION    SW (220)
  HIGHEST GUST SPEED    15   HIGHEST GUST DIRECTION     S (180)
  AVERAGE WIND SPEED     2.0


SKY COVER
  POSSIBLE SUNSHINE  MM
  AVERAGE SKY COVER 0.5


WEATHER CONDITIONS
 THE FOLLOWING WEATHER WAS RECORDED YESTERDAY.
  HAZE


RELATIVE HUMIDITY (PERCENT)
 HIGHEST    86           200 AM
 LOWEST     38           400 PM
 AVERAGE    62

..........................................................


THE COLUMBUS OH CLIMATE NORMALS FOR TODAY
                         NORMAL    RECORD    YEAR
 MAXIMUM TEMPERATURE (F)   76        95      1955
                                             1895
 MINIMUM TEMPERATURE (F)   56        34      1959


SUNRISE AND SUNSET
SEPTEMBER 18 2014.....SUNRISE   715 AM EDT   SUNSET   735 PM EDT
SEPTEMBER 19 2014.....SUNRISE   716 AM EDT   SUNSET   734 PM EDT


-  INDICATES NEGATIVE NUMBERS.
R  INDICATES RECORD WAS SET OR TIED.
MM INDICATES DATA IS MISSING.
T  INDICATES TRACE AMOUNT.




$$
