000
CDUS41 KILN 272154
CLICMH


CLIMATE REPORT
NATIONAL WEATHER SERVICE WILMINGTON OH
452 PM EST SAT DEC 27 2014


...................................

...THE COLUMBUS OH CLIMATE SUMMARY FOR DECEMBER 27 2014...
VALID TODAY AS OF 0400 PM LOCAL TIME.

CLIMATE NORMAL PERIOD 1981 TO 2010
CLIMATE RECORD PERIOD 1869 TO 2014


WEATHER ITEM   OBSERVED TIME   RECORD YEAR NORMAL DEPARTURE LAST
                VALUE   (LST)  VALUE       VALUE  FROM      YEAR
                                                  NORMAL
..................................................................
TEMPERATURE (F)
 TODAY
  MAXIMUM         53    427 PM  68    2008  37     16       45
  MINIMUM         34    305 AM -14    1950  24     10       32
  AVERAGE         44                        31     13       39

PRECIPITATION (IN)
  TODAY            T             0.90 1968   0.09  -0.09     0.00
  MONTH TO DATE    2.26                      2.59  -0.33     3.96
  SINCE DEC 1      2.26                      2.59  -0.33     3.96
  SINCE JAN 1     37.65                     38.93  -1.28    41.21

SNOWFALL (IN)
  TODAY            0.0           3.0  2009   0.2   -0.2      0.0
  MONTH TO DATE    T                         4.1   -4.1     12.5
  SINCE DEC 1      T                         4.1   -4.1     12.5
  SINCE JUL 1      4.1                       5.2   -1.1     17.2
  SNOW DEPTH       0

DEGREE DAYS
 HEATING
  TODAY           21                        34    -13       26
  MONTH TO DATE  749                       838    -89      808
  SINCE DEC 1    749                       838    -89      808
  SINCE JUL 1   1934                      1852     82     1870

 COOLING
  TODAY            0                         0      0        0
  MONTH TO DATE    0                         0      0        0
  SINCE DEC 1      0                         0      0        0
  SINCE JAN 1   1163                      1024    139     1179
..................................................................


WIND (MPH)
  HIGHEST WIND SPEED    17   HIGHEST WIND DIRECTION     S (200)
  HIGHEST GUST SPEED    24   HIGHEST GUST DIRECTION    SW (210)
  AVERAGE WIND SPEED     6.1


SKY COVER
  POSSIBLE SUNSHINE  MM
  AVERAGE SKY COVER 0.9


WEATHER CONDITIONS
 THE FOLLOWING WEATHER WAS RECORDED TODAY.
  LIGHT RAIN


RELATIVE HUMIDITY (PERCENT)
 HIGHEST    85           400 AM
 LOWEST     50           300 PM
 AVERAGE    68

..........................................................


THE COLUMBUS OH CLIMATE NORMALS FOR TOMORROW
                         NORMAL    RECORD    YEAR
 MAXIMUM TEMPERATURE (F)   37        68      1984
 MINIMUM TEMPERATURE (F)   24       -10      1950


SUNRISE AND SUNSET
DECEMBER 27 2014......SUNRISE   752 AM EST   SUNSET   513 PM EST
DECEMBER 28 2014......SUNRISE   753 AM EST   SUNSET   514 PM EST


-  INDICATES NEGATIVE NUMBERS.
R  INDICATES RECORD WAS SET OR TIED.
MM INDICATES DATA IS MISSING.
T  INDICATES TRACE AMOUNT.




$$
