000
CDUS41 KILN 272101
CLICMH


CLIMATE REPORT
NATIONAL WEATHER SERVICE WILMINGTON OH
500 PM EDT WED MAY 27 2015


...................................

...THE COLUMBUS OH CLIMATE SUMMARY FOR MAY 27 2015...
VALID TODAY AS OF 0500 PM LOCAL TIME.

CLIMATE NORMAL PERIOD 1981 TO 2010
CLIMATE RECORD PERIOD 1869 TO 2015


WEATHER ITEM   OBSERVED TIME   RECORD YEAR NORMAL DEPARTURE LAST
                VALUE   (LST)  VALUE       VALUE  FROM      YEAR
                                                  NORMAL
..................................................................
TEMPERATURE (F)
 TODAY
  MAXIMUM         82    333 PM  94    1911  76      6       90
  MINIMUM         65    520 AM  34    1961  56      9       73
  AVERAGE         74                        66      8       82

PRECIPITATION (IN)
  TODAY            0.00          1.44 1991   0.15  -0.15     0.00
  MONTH TO DATE    3.16                      3.58  -0.42     4.00
  SINCE MAR 1     11.17                     10.00   1.17    12.06
  SINCE JAN 1     15.74                     14.98   0.76    16.85

SNOWFALL (IN)
  TODAY            0.0           0.0    MM   0.0    0.0      0.0
  MONTH TO DATE    0.0                       0.0    0.0      0.0
  SINCE MAR 1      5.4                       5.3    0.1      5.4
  SINCE JUL 1     33.4                      26.7    6.7     56.4
  SNOW DEPTH       0

DEGREE DAYS
 HEATING
  TODAY            0                         3     -3        0
  MONTH TO DATE   85                       136    -51      112
  SINCE MAR 1   1264                      1223     41     1249
  SINCE JUL 1   5818                      5218    600     5633

 COOLING
  TODAY            9                         4      5       17
  MONTH TO DATE  122                        54     68      108
  SINCE MAR 1    122                        66     56      116
  SINCE JAN 1    122                        66     56      116
..................................................................


WIND (MPH)
  HIGHEST WIND SPEED    20   HIGHEST WIND DIRECTION     S (190)
  HIGHEST GUST SPEED    28   HIGHEST GUST DIRECTION     S (200)
  AVERAGE WIND SPEED     9.9


SKY COVER
  POSSIBLE SUNSHINE  MM
  AVERAGE SKY COVER 0.8


WEATHER CONDITIONS
 THE FOLLOWING WEATHER WAS RECORDED TODAY.
  FOG


RELATIVE HUMIDITY (PERCENT)
 HIGHEST   100          1200 AM
 LOWEST     54           200 PM
 AVERAGE    77

..........................................................


THE COLUMBUS OH CLIMATE NORMALS FOR TOMORROW
                         NORMAL    RECORD    YEAR
 MAXIMUM TEMPERATURE (F)   76        94      1911
 MINIMUM TEMPERATURE (F)   56        36      1971
                                             1907


SUNRISE AND SUNSET
MAY 27 2015...........SUNRISE   607 AM EDT   SUNSET   850 PM EDT
MAY 28 2015...........SUNRISE   607 AM EDT   SUNSET   851 PM EDT


-  INDICATES NEGATIVE NUMBERS.
R  INDICATES RECORD WAS SET OR TIED.
MM INDICATES DATA IS MISSING.
T  INDICATES TRACE AMOUNT.




$$
