926
CDUS41 KILN 230529
CLICMH


CLIMATE REPORT
NATIONAL WEATHER SERVICE WILMINGTON OH
128 AM EDT SAT JUL 23 2016


...................................

...THE COLUMBUS OH CLIMATE SUMMARY FOR JULY 22 2016...

CLIMATE NORMAL PERIOD 1981 TO 2010
CLIMATE RECORD PERIOD 1869 TO 2016


WEATHER ITEM   OBSERVED TIME   RECORD YEAR NORMAL DEPARTURE LAST
                VALUE   (LST)  VALUE       VALUE  FROM      YEAR
                                                  NORMAL
..................................................................
TEMPERATURE (F)
 YESTERDAY
  MAXIMUM         86    354 PM 104    1901  85      1       80
  MINIMUM         71   1009 AM  50    1966  66      5       60
  AVERAGE         79                        75      4       70

PRECIPITATION (IN)
  YESTERDAY        1.07          2.31 2013   0.16   0.91     0.00
  MONTH TO DATE    2.33                      3.46  -1.13     5.25
  SINCE JUN 1      7.55                      7.47   0.08    11.97
  SINCE JAN 1     21.28                     23.04  -1.76    28.11

SNOWFALL (IN)
  YESTERDAY        0.0           0.0         0.0    0.0      0.0
  MONTH TO DATE    0.0                       0.0    0.0      0.0
  SINCE JUN 1      0.0                       0.0    0.0      0.0
  SINCE JUL 1      0.0                       0.0    0.0      0.0
  SNOW DEPTH       0

DEGREE DAYS
 HEATING
  YESTERDAY        0                         0      0        0
  MONTH TO DATE    0                         0      0        0
  SINCE JUN 1      4                        19    -15       20
  SINCE JUL 1      0                         0      0        0

 COOLING
  YESTERDAY       14                        10      4        5
  MONTH TO DATE  234                       220     14      155
  SINCE JUN 1    493                       436     57      375
  SINCE JAN 1    558                       518     40      528
..................................................................


WIND (MPH)
  RESULTANT WIND SPEED   5   RESULTANT WIND DIRECTION   S (200)
  HIGHEST WIND SPEED    26   HIGHEST WIND DIRECTION     N (360)
  HIGHEST GUST SPEED    32   HIGHEST GUST DIRECTION     N (350)
  AVERAGE WIND SPEED     5.8


SKY COVER
  POSSIBLE SUNSHINE  MM
  AVERAGE SKY COVER 0.6


WEATHER CONDITIONS
 THE FOLLOWING WEATHER WAS RECORDED YESTERDAY.
  THUNDERSTORM
  HEAVY RAIN
  RAIN
  LIGHT RAIN
  FOG
  HAZE


RELATIVE HUMIDITY (PERCENT)
 HIGHEST    93          1200 PM
 LOWEST     51           400 PM
 AVERAGE    72

..........................................................


THE COLUMBUS OH CLIMATE NORMALS FOR TODAY
                         NORMAL    RECORD    YEAR
 MAXIMUM TEMPERATURE (F)   85        99      1933
 MINIMUM TEMPERATURE (F)   66        51      1981


SUNRISE AND SUNSET
JULY 23 2016..........SUNRISE   622 AM EDT   SUNSET   853 PM EDT
JULY 24 2016..........SUNRISE   623 AM EDT   SUNSET   852 PM EDT


-  INDICATES NEGATIVE NUMBERS.
R  INDICATES RECORD WAS SET OR TIED.
MM INDICATES DATA IS MISSING.
T  INDICATES TRACE AMOUNT.




$$
