000
CDUS41 KILN 240540
CLICMH


CLIMATE REPORT
NATIONAL WEATHER SERVICE WILMINGTON OH
140 AM EDT THU AUG 24 2017


...................................

...THE COLUMBUS OH CLIMATE SUMMARY FOR AUGUST 23 2017...

CLIMATE NORMAL PERIOD 1981 TO 2010
CLIMATE RECORD PERIOD 1869 TO 2017


WEATHER ITEM   OBSERVED TIME   RECORD YEAR NORMAL DEPARTURE LAST
                VALUE   (LST)  VALUE       VALUE  FROM      YEAR
                                                  NORMAL
..................................................................
TEMPERATURE (F)
 YESTERDAY
  MAXIMUM         79    323 PM  95    2007  83     -4       81
                                      1959
                                      1936
  MINIMUM         60    635 AM  46    1952  64     -4       56
  AVERAGE         70                        74     -4       69

PRECIPITATION (IN)
  YESTERDAY        0.00          1.86 1979   0.10  -0.10     0.00
  MONTH TO DATE    2.14                      2.46  -0.32     3.37
  SINCE JUN 1     15.35                     11.26   4.09    11.08
  SINCE JAN 1     34.03                     26.83   7.20    24.81

SNOWFALL (IN)
  YESTERDAY        0.0           0.0    MM   0.0    0.0      0.0
  MONTH TO DATE    0.0                       0.0    0.0      0.0
  SINCE JUN 1      0.0                       0.0    0.0      0.0
  SINCE JUL 1      0.0                       0.0    0.0      0.0
  SNOW DEPTH       0

DEGREE DAYS
 HEATING
  YESTERDAY        0                         0      0        0
  MONTH TO DATE    0                         0      0        0
  SINCE JUN 1      7                        19    -12        4
  SINCE JUL 1      0                         0      0        0

 COOLING
  YESTERDAY        5                         9     -4        4
  MONTH TO DATE  203                       218    -15      295
  SINCE JUN 1    751                       744      7      923
  SINCE JAN 1    876                       826     50      988
..................................................................


WIND (MPH)
  RESULTANT WIND SPEED   7   RESULTANT WIND DIRECTION  NW (320)
  HIGHEST WIND SPEED    20   HIGHEST WIND DIRECTION     N (350)
  HIGHEST GUST SPEED    23   HIGHEST GUST DIRECTION     N (340)
  AVERAGE WIND SPEED     7.0


SKY COVER
  POSSIBLE SUNSHINE  MM
  AVERAGE SKY COVER 0.3


WEATHER CONDITIONS
 THE FOLLOWING WEATHER WAS RECORDED YESTERDAY.
  NO SIGNIFICANT WEATHER WAS OBSERVED.


RELATIVE HUMIDITY (PERCENT)
 HIGHEST    84           500 AM
 LOWEST     43           100 PM
 AVERAGE    64

..........................................................


THE COLUMBUS OH CLIMATE NORMALS FOR TODAY
                         NORMAL    RECORD    YEAR
 MAXIMUM TEMPERATURE (F)   83        96      2007
 MINIMUM TEMPERATURE (F)   63        47      1971
                                             1951


SUNRISE AND SUNSET
AUGUST 24 2017........SUNRISE   652 AM EDT   SUNSET   815 PM EDT
AUGUST 25 2017........SUNRISE   653 AM EDT   SUNSET   813 PM EDT


-  INDICATES NEGATIVE NUMBERS.
R  INDICATES RECORD WAS SET OR TIED.
MM INDICATES DATA IS MISSING.
T  INDICATES TRACE AMOUNT.




$$
