000
CDUS41 KILN 022052
CLICMH


CLIMATE REPORT
NATIONAL WEATHER SERVICE WILMINGTON OH
451 PM EDT MON MAY 2 2016


...................................

...THE COLUMBUS OH CLIMATE SUMMARY FOR MAY 2 2016...
VALID TODAY AS OF 0400 PM LOCAL TIME.

CLIMATE NORMAL PERIOD 1981 TO 2010
CLIMATE RECORD PERIOD 1869 TO 2016


WEATHER ITEM   OBSERVED TIME   RECORD YEAR NORMAL DEPARTURE LAST
                VALUE   (LST)  VALUE       VALUE  FROM      YEAR
                                                  NORMAL
..................................................................
TEMPERATURE (F)
 TODAY
  MAXIMUM         61   1236 PM  88    1959  69     -8       74
  MINIMUM         52    944 AM  30    1994  48      4       42
                                      1963
  AVERAGE         57                        58     -1       58

PRECIPITATION (IN)
  TODAY            0.17          1.92 1935   0.12   0.05     0.00
  MONTH TO DATE    0.28                      0.24   0.04      T
  SINCE MAR 1      6.86                      6.66   0.20     8.01
  SINCE JAN 1     11.27                     11.64  -0.37    12.58

SNOWFALL (IN)
  TODAY            0.0           0.0    MM   0.0    0.0      0.0
  MONTH TO DATE    0.0                       0.0    0.0      0.0
  SINCE MAR 1      2.6                       5.3   -2.7      5.4
  SINCE JUL 1     17.1                      26.7   -9.6     33.4
  SNOW DEPTH       0

DEGREE DAYS
 HEATING
  TODAY            8                         7      1        7
  MONTH TO DATE    8                        15     -7       13
  SINCE MAR 1    912                      1102   -190     1192
  SINCE JUL 1   4353                      5097   -744     5746

 COOLING
  TODAY            0                         1     -1        0
  MONTH TO DATE    1                         2     -1        0
  SINCE MAR 1      2                        14    -12        0
  SINCE JAN 1      2                        14    -12        0
..................................................................


WIND (MPH)
  HIGHEST WIND SPEED    16   HIGHEST WIND DIRECTION    NW (320)
  HIGHEST GUST SPEED    20   HIGHEST GUST DIRECTION    NW (310)
  AVERAGE WIND SPEED     5.0


SKY COVER
  POSSIBLE SUNSHINE  MM
  AVERAGE SKY COVER 1.0


WEATHER CONDITIONS
 THE FOLLOWING WEATHER WAS RECORDED TODAY.
  THUNDERSTORM
  RAIN
  LIGHT RAIN
  FOG


RELATIVE HUMIDITY (PERCENT)
 HIGHEST   100          1200 AM
 LOWEST     75           100 PM
 AVERAGE    88

..........................................................


THE COLUMBUS OH CLIMATE NORMALS FOR TOMORROW
                         NORMAL    RECORD    YEAR
 MAXIMUM TEMPERATURE (F)   69        89      1959
 MINIMUM TEMPERATURE (F)   48        30      1978


SUNRISE AND SUNSET
MAY  2 2016...........SUNRISE   630 AM EDT   SUNSET   828 PM EDT
MAY  3 2016...........SUNRISE   629 AM EDT   SUNSET   829 PM EDT


-  INDICATES NEGATIVE NUMBERS.
R  INDICATES RECORD WAS SET OR TIED.
MM INDICATES DATA IS MISSING.
T  INDICATES TRACE AMOUNT.




$$
