000
CDUS43 KILX 292135 CCA
CLICMI

CLIMATE REPORT
NATIONAL WEATHER SERVICE LINCOLN IL
435 PM CDT MON SEP 29 2014


...................................

...THE CHAMPAIGN IL AIRPORT CLIMATE SUMMARY FOR SEPTEMBER 29 2014...
VALID TODAY AS OF 0400 PM LOCAL TIME.

CLIMATE NORMAL PERIOD 1981 TO 2010
CLIMATE RECORD PERIOD 9999 TO 9999


WEATHER ITEM   OBSERVED TIME   RECORD YEAR NORMAL DEPARTURE LAST
                VALUE   (LST)  VALUE       VALUE  FROM      YEAR
                                                  NORMAL
..................................................................
TEMPERATURE (F)
 TODAY
  MAXIMUM         83    300 PM  MM      MM  73     10       75
  MINIMUM         54    600 AM  MM      MM  47     10       56
  AVERAGE         69                        60      9       66

PRECIPITATION (IN)
  TODAY            0.00         MM      MM   0.10  -0.10     0.08
  MONTH TO DATE    3.18                      3.18   0.00     0.55
  SINCE SEP 1      3.18                      3.18   0.00     0.55
  SINCE JAN 1     31.75                     30.46   1.29    24.76

DEGREE DAYS
 HEATING
  TODAY            0                         7     -7        0
  MONTH TO DATE   79                        76      3       28
  SINCE SEP 1     79                        76      3       28
  SINCE JUL 1     88                        85      3       43

 COOLING
  TODAY           12                         2     10        1
  MONTH TO DATE   98                        98      0      169
  SINCE SEP 1     98                        98      0      169
  SINCE JAN 1    954                       925     29     1022
..................................................................


WIND (MPH)
  HIGHEST WIND SPEED     7   HIGHEST WIND DIRECTION    NW (310)
  HIGHEST GUST SPEED    MM   HIGHEST GUST DIRECTION    MM
  AVERAGE WIND SPEED     4.1


SKY COVER
  POSSIBLE SUNSHINE  MM
  AVERAGE SKY COVER 0.0


WEATHER CONDITIONS
 THE FOLLOWING WEATHER WAS RECORDED TODAY.
  NO SIGNIFICANT WEATHER WAS OBSERVED.


RELATIVE HUMIDITY (PERCENT)
 HIGHEST    73           800 AM
 LOWEST     40           100 PM
 AVERAGE    57

..........................................................


THE CHAMPAIGN IL AIRPORT CLIMATE NORMALS FOR TOMORROW
                         NORMAL    RECORD    YEAR
 MAXIMUM TEMPERATURE (F)   72        MM        MM
 MINIMUM TEMPERATURE (F)   47        MM        MM


SUNRISE AND SUNSET
SEPTEMBER 29 2014.....SUNRISE   647 AM CDT   SUNSET   639 PM CDT
SEPTEMBER 30 2014.....SUNRISE   648 AM CDT   SUNSET   637 PM CDT


-  INDICATES NEGATIVE NUMBERS.
R  INDICATES RECORD WAS SET OR TIED.
MM INDICATES DATA IS MISSING.
T  INDICATES TRACE AMOUNT.




$$
