000
CDUS43 KILX 232152
CLICMI


CLIMATE REPORT
NATIONAL WEATHER SERVICE LINCOLN IL
442 PM CDT TUE SEP 23 2014


...................................

...THE CHAMPAIGN IL AIRPORT CLIMATE SUMMARY FOR SEPTEMBER 23 2014...
VALID TODAY AS OF 0400 PM LOCAL TIME.

CLIMATE NORMAL PERIOD 1981 TO 2010
CLIMATE RECORD PERIOD 9999 TO 9999


WEATHER ITEM   OBSERVED TIME   RECORD YEAR NORMAL DEPARTURE LAST
                VALUE   (LST)  VALUE       VALUE  FROM      YEAR
                                                  NORMAL
..................................................................
TEMPERATURE (F)
 TODAY
  MAXIMUM         75    300 PM  MM      MM  75      0       77
  MINIMUM         46    600 AM  MM      MM  50     -4       45
  AVERAGE         61                        63     -2       61

PRECIPITATION (IN)
  TODAY            0.00         MM      MM   0.09  -0.09     0.00
  MONTH TO DATE    3.18                      2.56   0.62     0.47
  SINCE SEP 1      3.18                      2.56   0.62     0.47
  SINCE JAN 1     31.75                     29.84   1.91    24.68

DEGREE DAYS
 HEATING
  TODAY            4                         4      0        4
  MONTH TO DATE   83                        41     42       27
  SINCE SEP 1     83                        41     42       27
  SINCE JUL 1     92                        50     42       42

 COOLING
  TODAY            0                         2     -2        0
  MONTH TO DATE   74                        86    -12      153
  SINCE SEP 1     74                        86    -12      153
  SINCE JAN 1    930                       913     17     1006
..................................................................


WIND (MPH)
  HIGHEST WIND SPEED     8   HIGHEST WIND DIRECTION    SE (120)
  HIGHEST GUST SPEED    MM   HIGHEST GUST DIRECTION    MM
  AVERAGE WIND SPEED     5.2


SKY COVER
  POSSIBLE SUNSHINE  MM
  AVERAGE SKY COVER 0.0


WEATHER CONDITIONS
 THE FOLLOWING WEATHER WAS RECORDED TODAY.
  NO SIGNIFICANT WEATHER WAS OBSERVED.


RELATIVE HUMIDITY (PERCENT)
 HIGHEST    93           600 AM
 LOWEST     35           100 PM
 AVERAGE    64

..........................................................


THE CHAMPAIGN IL AIRPORT CLIMATE NORMALS FOR TOMORROW
                         NORMAL    RECORD    YEAR
 MAXIMUM TEMPERATURE (F)   75        MM        MM
 MINIMUM TEMPERATURE (F)   49        MM        MM


SUNRISE AND SUNSET
SEPTEMBER 23 2014.....SUNRISE   642 AM CDT   SUNSET   649 PM CDT
SEPTEMBER 24 2014.....SUNRISE   643 AM CDT   SUNSET   647 PM CDT


-  INDICATES NEGATIVE NUMBERS.
R  INDICATES RECORD WAS SET OR TIED.
MM INDICATES DATA IS MISSING.
T  INDICATES TRACE AMOUNT.




$$
