410
CDUS43 KILX 250706
CLICMI


CLIMATE REPORT
NATIONAL WEATHER SERVICE LINCOLN IL
105 AM CST SAT FEB 25 2017


...................................

...THE CHAMPAIGN IL AIRPORT CLIMATE SUMMARY FOR FEBRUARY 24 2017...

CLIMATE NORMAL PERIOD 1981 TO 2010
CLIMATE RECORD PERIOD 9999 TO 9999


WEATHER ITEM   OBSERVED TIME   RECORD YEAR NORMAL DEPARTURE LAST
                VALUE   (LST)  VALUE       VALUE  FROM      YEAR
                                                  NORMAL
..................................................................
TEMPERATURE (F)
 YESTERDAY
  MAXIMUM         69   1209 PM  MM      MM  41     28       37
  MINIMUM         39   1159 PM  MM      MM  24     15       32
  AVERAGE         54                        33     21       35

PRECIPITATION (IN)
  YESTERDAY        T            MM      MM   0.08  -0.08     0.35
  MONTH TO DATE    0.22                      1.74  -1.52     0.80
  SINCE DEC 1      3.81                      6.31  -2.50     8.31
  SINCE JAN 1      2.66                      3.79  -1.13     1.64

DEGREE DAYS
 HEATING
  YESTERDAY       11                        32    -21       30
  MONTH TO DATE  576                       868   -292      792
  SINCE DEC 1   2688                      3214   -526     2695
  SINCE JUL 1   3421                      4378   -957     3562

 COOLING
  YESTERDAY        0                         0      0        0
  MONTH TO DATE    0                         0      0        0
  SINCE DEC 1      0                         0      0        0
  SINCE JAN 1      0                         0      0        0
..................................................................


WIND (MPH)
  HIGHEST WIND SPEED    32   HIGHEST WIND DIRECTION     W (260)
  HIGHEST GUST SPEED    38   HIGHEST GUST DIRECTION     S (200)
  AVERAGE WIND SPEED    21.7


SKY COVER
  POSSIBLE SUNSHINE  MM
  AVERAGE SKY COVER 0.6


WEATHER CONDITIONS
 THE FOLLOWING WEATHER WAS RECORDED YESTERDAY.
  LIGHT RAIN


RELATIVE HUMIDITY (PERCENT)
 HIGHEST    86          1200 AM
 LOWEST     59          1200 PM
 AVERAGE    73

..........................................................


THE CHAMPAIGN IL AIRPORT CLIMATE NORMALS FOR TODAY
                         NORMAL    RECORD    YEAR
 MAXIMUM TEMPERATURE (F)   41        MM        MM
 MINIMUM TEMPERATURE (F)   25        MM        MM


SUNRISE AND SUNSET
FEBRUARY 25 2017......SUNRISE   632 AM CST   SUNSET   541 PM CST
FEBRUARY 26 2017......SUNRISE   631 AM CST   SUNSET   542 PM CST


-  INDICATES NEGATIVE NUMBERS.
R  INDICATES RECORD WAS SET OR TIED.
MM INDICATES DATA IS MISSING.
T  INDICATES TRACE AMOUNT.




$$
