000
CDUS43 KILX 300637
CLICMI


CLIMATE REPORT
NATIONAL WEATHER SERVICE LINCOLN IL
136 AM CDT SAT AUG 30 2014


...................................

...THE CHAMPAIGN IL AIRPORT CLIMATE SUMMARY FOR AUGUST 29 2014...

CLIMATE NORMAL PERIOD 1981 TO 2010
CLIMATE RECORD PERIOD 9999 TO 9999


WEATHER ITEM   OBSERVED TIME   RECORD YEAR NORMAL DEPARTURE LAST
                VALUE   (LST)  VALUE       VALUE  FROM      YEAR
                                                  NORMAL
..................................................................
TEMPERATURE (F)
 YESTERDAY
  MAXIMUM         87    342 PM  MM      MM  83      4       86
  MINIMUM         70    542 AM  MM      MM  59     11       66
  AVERAGE         79                        71      8       76

PRECIPITATION (IN)
  YESTERDAY        T            MM      MM   0.13  -0.13     0.00
  MONTH TO DATE    1.70                      3.33  -1.63     0.09
  SINCE JUN 1     14.02                     11.84   2.18     8.37
  SINCE JAN 1     28.56                     27.00   1.56    24.05

DEGREE DAYS
 HEATING
  YESTERDAY        0                         0      0        0
  MONTH TO DATE    2                         0      2        7
  SINCE JUN 1      9                        19    -10       28
  SINCE JUL 1      9                         2      7       15

 COOLING
  YESTERDAY       14                         6      8       11
  MONTH TO DATE  239                       218     21      220
  SINCE JUN 1    679                       723    -44      689
  SINCE JAN 1    831                       815     16      821
..................................................................


WIND (MPH)
  HIGHEST WIND SPEED    18   HIGHEST WIND DIRECTION     S (160)
  HIGHEST GUST SPEED    24   HIGHEST GUST DIRECTION     S (160)
  AVERAGE WIND SPEED     7.6


SKY COVER
  POSSIBLE SUNSHINE  MM
  AVERAGE SKY COVER 0.2


WEATHER CONDITIONS
 THE FOLLOWING WEATHER WAS RECORDED YESTERDAY.
  THUNDERSTORM
  FOG
  HAZE


RELATIVE HUMIDITY (PERCENT)
 HIGHEST   100           500 AM
 LOWEST     59           300 PM
 AVERAGE    80

..........................................................


THE CHAMPAIGN IL AIRPORT CLIMATE NORMALS FOR TODAY
                         NORMAL    RECORD    YEAR
 MAXIMUM TEMPERATURE (F)   82        MM        MM
 MINIMUM TEMPERATURE (F)   59        MM        MM


SUNRISE AND SUNSET
AUGUST 30 2014........SUNRISE   619 AM CDT   SUNSET   728 PM CDT
AUGUST 31 2014........SUNRISE   620 AM CDT   SUNSET   726 PM CDT


-  INDICATES NEGATIVE NUMBERS.
R  INDICATES RECORD WAS SET OR TIED.
MM INDICATES DATA IS MISSING.
T  INDICATES TRACE AMOUNT.




$$
