000
CDUS43 KILX 212131
CLICMI


CLIMATE REPORT
NATIONAL WEATHER SERVICE LINCOLN IL
430 PM CDT SUN SEP 21 2014


...................................

...THE CHAMPAIGN IL AIRPORT CLIMATE SUMMARY FOR SEPTEMBER 21 2014...
VALID TODAY AS OF 0400 PM LOCAL TIME.

CLIMATE NORMAL PERIOD 1981 TO 2010
CLIMATE RECORD PERIOD 9999 TO 9999


WEATHER ITEM   OBSERVED TIME   RECORD YEAR NORMAL DEPARTURE LAST
                VALUE   (LST)  VALUE       VALUE  FROM      YEAR
                                                  NORMAL
..................................................................
TEMPERATURE (F)
 TODAY
  MAXIMUM         72   1221 PM  MM      MM  76     -4       73
  MINIMUM         56    619 AM  MM      MM  51      5       50
  AVERAGE         64                        64      0       62

PRECIPITATION (IN)
  TODAY            0.00         MM      MM   0.10  -0.10     0.00
  MONTH TO DATE    3.18                      2.38   0.80     0.47
  SINCE SEP 1      3.18                      2.38   0.80     0.47
  SINCE JAN 1     31.75                     29.66   2.09    24.68

DEGREE DAYS
 HEATING
  TODAY            1                         4     -3        3
  MONTH TO DATE   67                        33     34       17
  SINCE SEP 1     67                        33     34       17
  SINCE JUL 1     76                        42     34       32

 COOLING
  TODAY            0                         2     -2        0
  MONTH TO DATE   74                        82     -8      153
  SINCE SEP 1     74                        82     -8      153
  SINCE JAN 1    930                       909     21     1006
..................................................................


WIND (MPH)
  HIGHEST WIND SPEED    25   HIGHEST WIND DIRECTION     W (290)
  HIGHEST GUST SPEED    33   HIGHEST GUST DIRECTION     W (280)
  AVERAGE WIND SPEED    13.8


SKY COVER
  POSSIBLE SUNSHINE  MM
  AVERAGE SKY COVER 0.2


WEATHER CONDITIONS
 THE FOLLOWING WEATHER WAS RECORDED TODAY.
  FOG


RELATIVE HUMIDITY (PERCENT)
 HIGHEST    97          1200 AM
 LOWEST     49          1100 AM
 AVERAGE    73

..........................................................


THE CHAMPAIGN IL AIRPORT CLIMATE NORMALS FOR TOMORROW
                         NORMAL    RECORD    YEAR
 MAXIMUM TEMPERATURE (F)   76        MM        MM
 MINIMUM TEMPERATURE (F)   50        MM        MM


SUNRISE AND SUNSET
SEPTEMBER 21 2014.....SUNRISE   640 AM CDT   SUNSET   652 PM CDT
SEPTEMBER 22 2014.....SUNRISE   641 AM CDT   SUNSET   650 PM CDT


-  INDICATES NEGATIVE NUMBERS.
R  INDICATES RECORD WAS SET OR TIED.
MM INDICATES DATA IS MISSING.
T  INDICATES TRACE AMOUNT.




$$
