000
CDUS43 KILX 172244
CLICMI


CLIMATE REPORT
NATIONAL WEATHER SERVICE LINCOLN IL
434 PM CST WED JAN 17 2018


...................................

...THE CHAMPAIGN IL AIRPORT CLIMATE SUMMARY FOR JANUARY 17 2018...
VALID TODAY AS OF 0400 PM LOCAL TIME.

CLIMATE NORMAL PERIOD 1981 TO 2010
CLIMATE RECORD PERIOD 9999 TO 9999


WEATHER ITEM   OBSERVED TIME   RECORD YEAR NORMAL DEPARTURE LAST
                VALUE   (LST)  VALUE       VALUE  FROM      YEAR
                                                  NORMAL
..................................................................
TEMPERATURE (F)
 TODAY
  MAXIMUM         17    318 PM  MM      MM  33    -16       56
  MINIMUM         -5    652 AM  MM      MM  17    -22       36
  AVERAGE          6                        25    -19       46

PRECIPITATION (IN)
  TODAY            0.00         MM      MM   0.08  -0.08     0.02
  MONTH TO DATE    0.35                      1.30  -0.95     1.23
  SINCE DEC 1      0.58                      3.82  -3.24     2.38
  SINCE JAN 1      0.35                      1.30  -0.95     1.23

DEGREE DAYS
 HEATING
  TODAY           59                        40     19       19
  MONTH TO DATE  824                       676    148      622
  SINCE DEC 1   1939                      1793    146     1728
  SINCE JUL 1   2890                      2957    -67     2461

 COOLING
  TODAY            0                         0      0        0
  MONTH TO DATE    0                         0      0        0
  SINCE DEC 1      0                         0      0        0
  SINCE JAN 1      0                         0      0        0
..................................................................


WIND (MPH)
  HIGHEST WIND SPEED    14   HIGHEST WIND DIRECTION    SW (240)
  HIGHEST GUST SPEED    17   HIGHEST GUST DIRECTION    SW (240)
  AVERAGE WIND SPEED     9.9


SKY COVER
  POSSIBLE SUNSHINE  MM
  AVERAGE SKY COVER 0.0


WEATHER CONDITIONS
 THE FOLLOWING WEATHER WAS RECORDED TODAY.
  FOG


RELATIVE HUMIDITY (PERCENT)
 HIGHEST    91           900 AM
 LOWEST     79           400 AM
 AVERAGE    85

..........................................................


THE CHAMPAIGN IL AIRPORT CLIMATE NORMALS FOR TOMORROW
                         NORMAL    RECORD    YEAR
 MAXIMUM TEMPERATURE (F)   33        MM        MM
 MINIMUM TEMPERATURE (F)   17        MM        MM


SUNRISE AND SUNSET
JANUARY 17 2018.......SUNRISE   712 AM CST   SUNSET   455 PM CST
JANUARY 18 2018.......SUNRISE   712 AM CST   SUNSET   456 PM CST


-  INDICATES NEGATIVE NUMBERS.
R  INDICATES RECORD WAS SET OR TIED.
MM INDICATES DATA IS MISSING.
T  INDICATES TRACE AMOUNT.




$$
