000
CDUS43 KILX 050635
CLICMI


CLIMATE REPORT
NATIONAL WEATHER SERVICE LINCOLN IL
135 AM CDT THU MAY 5 2016


...................................

...THE CHAMPAIGN IL AIRPORT CLIMATE SUMMARY FOR MAY 4 2016...

CLIMATE NORMAL PERIOD 1981 TO 2010
CLIMATE RECORD PERIOD 9999 TO 9999


WEATHER ITEM   OBSERVED TIME   RECORD YEAR NORMAL DEPARTURE LAST
                VALUE   (LST)  VALUE       VALUE  FROM      YEAR
                                                  NORMAL
..................................................................
TEMPERATURE (F)
 YESTERDAY
  MAXIMUM         60   1252 PM  MM      MM  71    -11       82
  MINIMUM         43   1159 PM  MM      MM  47     -4       60
  AVERAGE         52                        59     -7       71

PRECIPITATION (IN)
  YESTERDAY        0.17         MM      MM   0.17   0.00     0.09
  MONTH TO DATE    0.17                      0.65  -0.48     0.09
  SINCE MAR 1      6.49                      7.19  -0.70     4.24
  SINCE JAN 1      8.15                     11.26  -3.11     5.91

DEGREE DAYS
 HEATING
  YESTERDAY       13                         7      6        0
  MONTH TO DATE   44                        30     14       13
  SINCE MAR 1    963                      1192   -229     1214
  SINCE JUL 1   4650                      5694  -1044     6090

 COOLING
  YESTERDAY        0                         1     -1        6
  MONTH TO DATE    0                         4     -4       13
  SINCE MAR 1     14                        15     -1       16
  SINCE JAN 1     14                        15     -1       16
..................................................................


WIND (MPH)
  HIGHEST WIND SPEED    30   HIGHEST WIND DIRECTION    NW (330)
  HIGHEST GUST SPEED    35   HIGHEST GUST DIRECTION     N (340)
  AVERAGE WIND SPEED    14.4


SKY COVER
  POSSIBLE SUNSHINE  MM
  AVERAGE SKY COVER 0.8


WEATHER CONDITIONS
 THE FOLLOWING WEATHER WAS RECORDED YESTERDAY.
  RAIN
  LIGHT RAIN
  FOG


RELATIVE HUMIDITY (PERCENT)
 HIGHEST   100           600 AM
 LOWEST     47           100 PM
 AVERAGE    74

..........................................................


THE CHAMPAIGN IL AIRPORT CLIMATE NORMALS FOR TODAY
                         NORMAL    RECORD    YEAR
 MAXIMUM TEMPERATURE (F)   71        MM        MM
 MINIMUM TEMPERATURE (F)   47        MM        MM


SUNRISE AND SUNSET
MAY  5 2016...........SUNRISE   548 AM CDT   SUNSET   752 PM CDT
MAY  6 2016...........SUNRISE   547 AM CDT   SUNSET   753 PM CDT


-  INDICATES NEGATIVE NUMBERS.
R  INDICATES RECORD WAS SET OR TIED.
MM INDICATES DATA IS MISSING.
T  INDICATES TRACE AMOUNT.




$$
