000
CDUS43 KILX 042141
CLICMI


CLIMATE REPORT
NATIONAL WEATHER SERVICE LINCOLN IL
440 PM CDT TUE AUG 4 2015


...................................

...THE CHAMPAIGN IL AIRPORT CLIMATE SUMMARY FOR AUGUST 4 2015...
VALID TODAY AS OF 0400 PM LOCAL TIME.

CLIMATE NORMAL PERIOD 1981 TO 2010
CLIMATE RECORD PERIOD 9999 TO 9999


WEATHER ITEM   OBSERVED TIME   RECORD YEAR NORMAL DEPARTURE LAST
                VALUE   (LST)  VALUE       VALUE  FROM      YEAR
                                                  NORMAL
..................................................................
TEMPERATURE (F)
 TODAY
  MAXIMUM         82    225 PM  MM      MM  83     -1       85
  MINIMUM         57    452 AM  MM      MM  63     -6       59
  AVERAGE         70                        73     -3       72

PRECIPITATION (IN)
  TODAY            0.00         MM      MM   0.08  -0.08      T
  MONTH TO DATE    0.00                      0.34  -0.34      T
  SINCE JUN 1     11.14                      8.85   2.29    12.32
  SINCE JAN 1     22.55                     24.01  -1.46    26.86

DEGREE DAYS
 HEATING
  TODAY            0                         0      0        0
  MONTH TO DATE    0                         0      0        0
  SINCE JUN 1      7                        19    -12        7
  SINCE JUL 1      1                         2     -1        7

 COOLING
  TODAY            5                         8     -3        7
  MONTH TO DATE   31                        32     -1       25
  SINCE JUN 1    528                       537     -9      465
  SINCE JAN 1    682                       629     53      617
..................................................................


WIND (MPH)
  HIGHEST WIND SPEED    12   HIGHEST WIND DIRECTION     W (270)
  HIGHEST GUST SPEED    27   HIGHEST GUST DIRECTION     W (270)
  AVERAGE WIND SPEED     3.7


SKY COVER
  POSSIBLE SUNSHINE  MM
  AVERAGE SKY COVER 0.0


WEATHER CONDITIONS
 THE FOLLOWING WEATHER WAS RECORDED TODAY.
  NO SIGNIFICANT WEATHER WAS OBSERVED.


RELATIVE HUMIDITY (PERCENT)
 HIGHEST    93          1200 AM
 LOWEST     45          1100 AM
 AVERAGE    69

..........................................................


THE CHAMPAIGN IL AIRPORT CLIMATE NORMALS FOR TOMORROW
                         NORMAL    RECORD    YEAR
 MAXIMUM TEMPERATURE (F)   83        MM        MM
 MINIMUM TEMPERATURE (F)   63        MM        MM


SUNRISE AND SUNSET
AUGUST  4 2015........SUNRISE   554 AM CDT   SUNSET   804 PM CDT
AUGUST  5 2015........SUNRISE   555 AM CDT   SUNSET   803 PM CDT


-  INDICATES NEGATIVE NUMBERS.
R  INDICATES RECORD WAS SET OR TIED.
MM INDICATES DATA IS MISSING.
T  INDICATES TRACE AMOUNT.




$$
