000
CDUS43 KILX 230723
CLICMI


CLIMATE REPORT
NATIONAL WEATHER SERVICE LINCOLN IL
150 AM CDT MON OCT 23 2017


...................................

...THE CHAMPAIGN IL AIRPORT CLIMATE SUMMARY FOR OCTOBER 22 2017...

CLIMATE NORMAL PERIOD 1981 TO 2010
CLIMATE RECORD PERIOD 9999 TO 9999


WEATHER ITEM   OBSERVED TIME   RECORD YEAR NORMAL DEPARTURE LAST
                VALUE   (LST)  VALUE       VALUE  FROM      YEAR
                                                  NORMAL
..................................................................
TEMPERATURE (F)
 YESTERDAY
  MAXIMUM         73   1031 AM  MM      MM  63     10       62
  MINIMUM         54   1159 PM  MM      MM  40     14       33
  AVERAGE         64                        52     12       48

PRECIPITATION (IN)
  YESTERDAY        0.92         MM      MM   0.11   0.81     0.00
  MONTH TO DATE    5.58                      2.27   3.31     1.78
  SINCE SEP 1      6.28                      5.55   0.73     7.87
  SINCE JAN 1     28.38                     32.83  -4.45    32.37

DEGREE DAYS
 HEATING
  YESTERDAY        1                        14    -13       17
  MONTH TO DATE   56                       231   -175       96
  SINCE SEP 1    100                       314   -214      111
  SINCE JUL 1    104                       323   -219      119

 COOLING
  YESTERDAY        0                         0      0        0
  MONTH TO DATE   57                        14     43       47
  SINCE SEP 1    238                       112    126      245
  SINCE JAN 1   1126                       939    187     1266
..................................................................


WIND (MPH)
  HIGHEST WIND SPEED    30   HIGHEST WIND DIRECTION     S (190)
  HIGHEST GUST SPEED    39   HIGHEST GUST DIRECTION     S (180)
  AVERAGE WIND SPEED    17.2


SKY COVER
  POSSIBLE SUNSHINE  MM
  AVERAGE SKY COVER 0.8


WEATHER CONDITIONS
 THE FOLLOWING WEATHER WAS RECORDED YESTERDAY.
  HEAVY RAIN
  RAIN
  LIGHT RAIN
  FOG
  HAZE


RELATIVE HUMIDITY (PERCENT)
 HIGHEST    93           600 PM
 LOWEST     68          1200 AM
 AVERAGE    81

..........................................................


THE CHAMPAIGN IL AIRPORT CLIMATE NORMALS FOR TODAY
                         NORMAL    RECORD    YEAR
 MAXIMUM TEMPERATURE (F)   63        MM        MM
 MINIMUM TEMPERATURE (F)   40        MM        MM


SUNRISE AND SUNSET
OCTOBER 23 2017.......SUNRISE   712 AM CDT   SUNSET   602 PM CDT
OCTOBER 24 2017.......SUNRISE   714 AM CDT   SUNSET   600 PM CDT


-  INDICATES NEGATIVE NUMBERS.
R  INDICATES RECORD WAS SET OR TIED.
MM INDICATES DATA IS MISSING.
T  INDICATES TRACE AMOUNT.




$$
