872
CDUS43 KTOP 200632
CLICNK


CLIMATE REPORT
NATIONAL WEATHER SERVICE TOPEKA KS
1231 AM CST SAT JAN 20 2018


...................................

...THE CONCORDIA KS CLIMATE SUMMARY FOR JANUARY 19 2018...

CLIMATE NORMAL PERIOD 1981 TO 2010
CLIMATE RECORD PERIOD 1885 TO 2018


WEATHER ITEM   OBSERVED TIME   RECORD YEAR NORMAL DEPARTURE LAST
                VALUE   (LST)  VALUE       VALUE  FROM      YEAR
                                                  NORMAL
..................................................................
TEMPERATURE (F)
 YESTERDAY
  MAXIMUM         49    423 PM  69    1895  39     10       46
  MINIMUM         30    812 AM -24    1892  19     11       37
  AVERAGE         40                        29     11       42

PRECIPITATION (IN)
  YESTERDAY        0.00          0.44 1958   0.02  -0.02      T
  MONTH TO DATE    0.37                      0.30   0.07     1.63
  SINCE DEC 1      0.50                      1.15  -0.65     2.56
  SINCE JAN 1      0.37                      0.30   0.07     1.63

SNOWFALL (IN)
  YESTERDAY        0.0           4.0  1958   0.2   -0.2      0.0
  MONTH TO DATE    3.4                       3.3    0.1      1.0
  SINCE JAN 1      3.4                       3.3    0.1      1.0
  SINCE JUL 1      5.2                       9.8   -4.6      3.2
  SNOW DEPTH       T

DEGREE DAYS
 HEATING
  YESTERDAY       25                        36    -11       23
  MONTH TO DATE  781                       698     83      726
  SINCE DEC 1   1817                      1783     34     1830
  SINCE JUL 1   2754                      2875   -121     2527

 COOLING
  YESTERDAY        0                         0      0        0
  MONTH TO DATE    0                         0      0        0
  SINCE DEC 1      0                         0      0        0
  SINCE JAN 1      0                         0      0        0
..................................................................


WIND (MPH)
  HIGHEST WIND SPEED    24   HIGHEST WIND DIRECTION     S (200)
  HIGHEST GUST SPEED    29   HIGHEST GUST DIRECTION     S (190)
  AVERAGE WIND SPEED    12.8


SKY COVER
  AVERAGE SKY COVER 0.0


WEATHER CONDITIONS
 THE FOLLOWING WEATHER WAS RECORDED YESTERDAY.
  NO SIGNIFICANT WEATHER WAS OBSERVED.


RELATIVE HUMIDITY (PERCENT)
 HIGHEST    69           800 AM
 LOWEST     42           200 PM
 AVERAGE    56

..........................................................


THE CONCORDIA KS CLIMATE NORMALS FOR TODAY
                         NORMAL    RECORD    YEAR
 MAXIMUM TEMPERATURE (F)   39        70      1986
 MINIMUM TEMPERATURE (F)   19       -17      1985


SUNRISE AND SUNSET
JANUARY 20 2018.......SUNRISE   747 AM CST   SUNSET   537 PM CST
JANUARY 21 2018.......SUNRISE   746 AM CST   SUNSET   538 PM CST


-  INDICATES NEGATIVE NUMBERS.
R  INDICATES RECORD WAS SET OR TIED.
MM INDICATES DATA IS MISSING.
T  INDICATES TRACE AMOUNT.




$$
