876
CDUS45 KGJT 232323
CLICNY


CLIMATE REPORT
NATIONAL WEATHER SERVICE GRAND JUNCTION CO
522 PM MDT MON MAY 23 2016


...................................

...THE CANYONLANDS AIRPORT UT CLIMATE SUMMARY FOR MAY 23 2016...
VALID TODAY AS OF 0500 PM LOCAL TIME.

CLIMATE NORMAL PERIOD 1981 TO 2010
CLIMATE RECORD PERIOD 9999 TO 9999


WEATHER ITEM   OBSERVED TIME   RECORD YEAR NORMAL DEPARTURE LAST
                VALUE   (LST)  VALUE       VALUE  FROM      YEAR
                                                  NORMAL
..................................................................
TEMPERATURE (F)
 TODAY
  MAXIMUM         77    259 PM  MM      MM  81     -4       61
  MINIMUM         48    202 AM  MM      MM  49     -1       45
  AVERAGE         63                        65     -2       53

PRECIPITATION (IN)
  TODAY            0.00         MM      MM   0.02  -0.02     0.08
  MONTH TO DATE    0.48                      0.46   0.02     1.33
  SINCE MAR 1      1.79                      1.92  -0.13     1.95
  SINCE JAN 1      2.79                      3.08  -0.29     2.52

SNOWFALL (IN)
  TODAY           MM            MM      MM  MM     MM       MM
  MONTH TO DATE   MM                        MM     MM       MM
  SINCE MAR 1     MM                        MM     MM       MM
  SINCE JUL 1     MM                        MM     MM       MM
  SNOW DEPTH      MM

DEGREE DAYS
 HEATING
  TODAY            2                         3     -1       12
  MONTH TO DATE   92                       118    -26      117
  SINCE MAR 1    951                      1134   -183     1000
  SINCE JUL 1   5126                      5543   -417     4717

 COOLING
  TODAY            0                         3     -3        0
  MONTH TO DATE   35                        30      5       13
  SINCE MAR 1     38                        33      5       14
  SINCE JAN 1     38                        33      5       14
..................................................................


WIND (MPH)
  HIGHEST WIND SPEED    20   HIGHEST WIND DIRECTION     W (270)
  HIGHEST GUST SPEED    27   HIGHEST GUST DIRECTION     W (280)
  AVERAGE WIND SPEED     5.0


SKY COVER
  POSSIBLE SUNSHINE  MM
  AVERAGE SKY COVER 0.0


WEATHER CONDITIONS
 THE FOLLOWING WEATHER WAS RECORDED TODAY.
  NO SIGNIFICANT WEATHER WAS OBSERVED.


RELATIVE HUMIDITY (PERCENT)
 HIGHEST    36           200 AM
 LOWEST     11           300 PM
 AVERAGE    24

..........................................................


THE CANYONLANDS AIRPORT UT CLIMATE NORMALS FOR TOMORROW
                         NORMAL    RECORD    YEAR
 MAXIMUM TEMPERATURE (F)   82        MM        MM
 MINIMUM TEMPERATURE (F)   49        MM        MM


SUNRISE AND SUNSET
MAY 23 2016...........SUNRISE   600 AM MDT   SUNSET   832 PM MDT
MAY 24 2016...........SUNRISE   600 AM MDT   SUNSET   833 PM MDT


-  INDICATES NEGATIVE NUMBERS.
R  INDICATES RECORD WAS SET OR TIED.
MM INDICATES DATA IS MISSING.
T  INDICATES TRACE AMOUNT.




$$
