000
CDUS41 KGYX 060914
CLICON


CLIMATE REPORT
NATIONAL WEATHER SERVICE GRAY ME
414 AM EST FRI MAR 6 2015


...................................

...THE CONCORD NH CLIMATE SUMMARY FOR MARCH 5 2015...

CLIMATE NORMAL PERIOD 1981 TO 2010
CLIMATE RECORD PERIOD 1868 TO 2015


WEATHER ITEM   OBSERVED TIME   RECORD YEAR NORMAL DEPARTURE LAST
                VALUE   (LST)  VALUE       VALUE  FROM      YEAR
                                                  NORMAL
..................................................................
TEMPERATURE (F)
 YESTERDAY
  MAXIMUM         36   1249 AM  67    1880  40     -4       23
  MINIMUM         10   1159 PM -16    1872  19     -9        7
  AVERAGE         23                        29     -6       15

PRECIPITATION (IN)
  YESTERDAY        0.00          1.09 1929   0.10  -0.10     0.02
  MONTH TO DATE    0.23                      0.49  -0.26     0.02
  SINCE MAR 1      0.23                      0.49  -0.26     0.02
  SINCE JAN 1      6.29                      5.81   0.48     7.34

SNOWFALL (IN)
  YESTERDAY        0.0           6.6  1952   0.4   -0.4      0.9
  MONTH TO DATE    4.0                       2.2    1.8      0.9
  SINCE MAR 1      4.0                       2.2    1.8      0.9
  SINCE JUL 1     88.2                      49.7   38.5     70.7
  SNOW DEPTH      21

DEGREE DAYS
 HEATING
  YESTERDAY       42                        36      6       50
  MONTH TO DATE  220                       182     38      250
  SINCE MAR 1    220                       182     38      250
  SINCE JUL 1   5674                      5442    232     5719

 COOLING
  YESTERDAY        0                         0      0        0
  MONTH TO DATE    0                         0      0        0
  SINCE MAR 1      0                         0      0        0
  SINCE JAN 1      0                         0      0        0
..................................................................


WIND (MPH)
  RESULTANT WIND SPEED  12   RESULTANT WIND DIRECTION  NW (310)
  HIGHEST WIND SPEED    22   HIGHEST WIND DIRECTION    NW (330)
  HIGHEST GUST SPEED    30   HIGHEST GUST DIRECTION     W (290)
  AVERAGE WIND SPEED    12.1


SKY COVER
  AVERAGE SKY COVER 0.4


WEATHER CONDITIONS
 THE FOLLOWING WEATHER WAS RECORDED YESTERDAY.
  NO SIGNIFICANT WEATHER WAS OBSERVED.


RELATIVE HUMIDITY (PERCENT)
 HIGHEST    56          1200 AM
 LOWEST     33           900 AM
 AVERAGE    45

..........................................................


THE CONCORD NH CLIMATE NORMALS FOR TODAY
                         NORMAL    RECORD    YEAR
 MAXIMUM TEMPERATURE (F)   40        64      1876
 MINIMUM TEMPERATURE (F)   19       -20      1869


SUNRISE AND SUNSET
MARCH  6 2015.........SUNRISE   614 AM EST   SUNSET   541 PM EST
MARCH  7 2015.........SUNRISE   613 AM EST   SUNSET   542 PM EST


-  INDICATES NEGATIVE NUMBERS.
R  INDICATES RECORD WAS SET OR TIED.
MM INDICATES DATA IS MISSING.
T  INDICATES TRACE AMOUNT.




$$
