000
CDUS41 KGYX 220842
CLICON


CLIMATE REPORT
NATIONAL WEATHER SERVICE GRAY ME
442 AM EDT TUE JUL 22 2014


...................................

...THE CONCORD NH CLIMATE SUMMARY FOR JULY 21 2014...

CLIMATE NORMAL PERIOD 1981 TO 2010
CLIMATE RECORD PERIOD 1868 TO 2014


WEATHER ITEM   OBSERVED TIME   RECORD YEAR NORMAL DEPARTURE LAST
                VALUE   (LST)  VALUE       VALUE  FROM      YEAR
                                                  NORMAL
..................................................................
TEMPERATURE (F)
 YESTERDAY
  MAXIMUM         82    354 PM 101    1977  83     -1       81
  MINIMUM         51    405 AM  38    1974  58     -7       61
  AVERAGE         67                        70     -3       71

PRECIPITATION (IN)
  YESTERDAY        0.00          2.01 1903   0.13  -0.13     0.00
  MONTH TO DATE    5.64                      2.50   3.14     3.84
  SINCE JUN 1      9.47                      6.19   3.28    10.62
  SINCE JAN 1     27.21                     21.85   5.36    23.38

SNOWFALL (IN)
  YESTERDAY        0.0           0.0  2002   0.0    0.0      0.0
                                      2001
                                      2000
  MONTH TO DATE    0.0                       0.0    0.0      0.0
  SINCE JUN 1      0.0                       0.0    0.0      0.0
  SINCE JUL 1      0.0                       0.0    0.0      0.0
  SNOW DEPTH       0

DEGREE DAYS
 HEATING
  YESTERDAY        0                         0      0        0
  MONTH TO DATE    0                        13    -13        0
  SINCE JUN 1     56                        98    -42       72
  SINCE JUL 1      0                        13    -13        0

 COOLING
  YESTERDAY        2                         6     -4        6
  MONTH TO DATE  134                       116     18      225
  SINCE JUN 1    207                       200      7      334
  SINCE JAN 1    209                       218     -9      355
..................................................................


WIND (MPH)
  RESULTANT WIND SPEED   1   RESULTANT WIND DIRECTION   E (90)
  HIGHEST WIND SPEED     9   HIGHEST WIND DIRECTION    SE (140)
  HIGHEST GUST SPEED    13   HIGHEST GUST DIRECTION    SE (150)
  AVERAGE WIND SPEED     1.4


SKY COVER
  AVERAGE SKY COVER 0.1


WEATHER CONDITIONS
 THE FOLLOWING WEATHER WAS RECORDED YESTERDAY.
  FOG
  FOG W/VISIBILITY <= 1/4 MILE
  HAZE


RELATIVE HUMIDITY (PERCENT)
 HIGHEST   100           200 AM
 LOWEST     36           100 PM
 AVERAGE    68

..........................................................


THE CONCORD NH CLIMATE NORMALS FOR TODAY
                         NORMAL    RECORD    YEAR
 MAXIMUM TEMPERATURE (F)   83       100      2011
                                             1926
 MINIMUM TEMPERATURE (F)   58        42      1974


SUNRISE AND SUNSET
JULY 22 2014..........SUNRISE   526 AM EDT   SUNSET   818 PM EDT
JULY 23 2014..........SUNRISE   527 AM EDT   SUNSET   817 PM EDT


-  INDICATES NEGATIVE NUMBERS.
R  INDICATES RECORD WAS SET OR TIED.
MM INDICATES DATA IS MISSING.
T  INDICATES TRACE AMOUNT.




$$
