000
CDUS41 KGYX 202042
CLICON


CLIMATE REPORT
NATIONAL WEATHER SERVICE GRAY ME
442 PM EDT THU JUL 20 2017


...................................

...THE CONCORD NH CLIMATE SUMMARY FOR JULY 20 2017...
VALID TODAY AS OF 0400 PM LOCAL TIME.

CLIMATE NORMAL PERIOD 1981 TO 2010
CLIMATE RECORD PERIOD 1868 TO 2017


WEATHER ITEM   OBSERVED TIME   RECORD YEAR NORMAL DEPARTURE LAST
                VALUE   (LST)  VALUE       VALUE  FROM      YEAR
                                                  NORMAL
..................................................................
TEMPERATURE (F)
 TODAY
  MAXIMUM         90    155 PM 101    1977  83      7       82
  MINIMUM         63    502 AM  41    1965  58      5       49
  AVERAGE         77                        70      7       66

PRECIPITATION (IN)
  TODAY            0.00          1.81 1934   0.12  -0.12     0.00
  MONTH TO DATE    0.71                      2.37  -1.66     1.52
  SINCE JUN 1      5.86                      6.06  -0.20     2.93
  SINCE JAN 1     24.93                     21.72   3.21    15.63

SNOWFALL (IN)
  TODAY            0.0           0.0  2002   0.0    0.0      0.0
                                      2001
                                      2000
  MONTH TO DATE    0.0                       0.0    0.0      0.0
  SINCE JUN 1      0.0                       0.0    0.0      0.0
  SINCE JUL 1      0.0                       0.0    0.0      0.0
  SNOW DEPTH       0

DEGREE DAYS
 HEATING
  TODAY            0                         0      0        0
  MONTH TO DATE    4                        13     -9       11
  SINCE JUN 1     83                        98    -15       53
  SINCE JUL 1      4                        13     -9       11

 COOLING
  TODAY           12                         6      6        1
  MONTH TO DATE  141                       110     31      133
  SINCE JUN 1    261                       194     67      215
  SINCE JAN 1    293                       212     81      255
..................................................................


WIND (MPH)
  HIGHEST WIND SPEED    13   HIGHEST WIND DIRECTION     W (270)
  HIGHEST GUST SPEED    17   HIGHEST GUST DIRECTION     W (260)
  AVERAGE WIND SPEED     2.6


SKY COVER
  POSSIBLE SUNSHINE  MM
  AVERAGE SKY COVER 0.1


WEATHER CONDITIONS
 THE FOLLOWING WEATHER WAS RECORDED TODAY.
  FOG


RELATIVE HUMIDITY (PERCENT)
 HIGHEST   100           500 AM
 LOWEST     46          1200 PM
 AVERAGE    73

..........................................................


THE CONCORD NH CLIMATE NORMALS FOR TOMORROW
                         NORMAL    RECORD    YEAR
 MAXIMUM TEMPERATURE (F)   83       101      1977
 MINIMUM TEMPERATURE (F)   58        38      1974


SUNRISE AND SUNSET
JULY 20 2017..........SUNRISE   525 AM EDT   SUNSET   820 PM EDT
JULY 21 2017..........SUNRISE   525 AM EDT   SUNSET   819 PM EDT


-  INDICATES NEGATIVE NUMBERS.
R  INDICATES RECORD WAS SET OR TIED.
MM INDICATES DATA IS MISSING.
T  INDICATES TRACE AMOUNT.




$$
