000
CDUS41 KGYX 050836
CLICON


CLIMATE REPORT
NATIONAL WEATHER SERVICE GRAY ME
436 AM EDT WED AUG 5 2015


...................................

...THE CONCORD NH CLIMATE SUMMARY FOR AUGUST 4 2015...

CLIMATE NORMAL PERIOD 1981 TO 2010
CLIMATE RECORD PERIOD 1868 TO 2015


WEATHER ITEM   OBSERVED TIME   RECORD YEAR NORMAL DEPARTURE LAST
                VALUE   (LST)  VALUE       VALUE  FROM      YEAR
                                                  NORMAL
..................................................................
TEMPERATURE (F)
 YESTERDAY
  MAXIMUM         86   1220 PM  97    1944  82      4       85
  MINIMUM         59   1159 PM  41    1964  58      1       58
                                      1900
  AVERAGE         73                        70      3       72

PRECIPITATION (IN)
  YESTERDAY        0.01          1.86 1915   0.11  -0.10     0.00
  MONTH TO DATE    0.42                      0.46  -0.04      T
  SINCE JUN 1      7.75                      7.89  -0.14    11.32
  SINCE JAN 1     18.20                     23.55  -5.35    29.06

SNOWFALL (IN)
  YESTERDAY        0.0           0.0  2002   0.0    0.0      0.0
                                      2001
                                      2000
  MONTH TO DATE    0.0                       0.0    0.0      0.0
  SINCE JUN 1      0.0                       0.0    0.0      0.0
  SINCE JUL 1      0.0                       0.0    0.0      0.0
  SNOW DEPTH       0

DEGREE DAYS
 HEATING
  YESTERDAY        0                         0      0        0
  MONTH TO DATE    0                         0      0        0
  SINCE JUN 1    103                       102      1       56
  SINCE JUL 1      8                        17     -9        0

 COOLING
  YESTERDAY        8                         5      3        7
  MONTH TO DATE   32                        23      9       13
  SINCE JUN 1    291                       279     12      261
  SINCE JAN 1    357                       297     60      263
..................................................................


WIND (MPH)
  RESULTANT WIND SPEED   1   RESULTANT WIND DIRECTION  SE (120)
  HIGHEST WIND SPEED    18   HIGHEST WIND DIRECTION     N (340)
  HIGHEST GUST SPEED    26   HIGHEST GUST DIRECTION     N (360)
  AVERAGE WIND SPEED     2.9


SKY COVER
  AVERAGE SKY COVER 0.4


WEATHER CONDITIONS
 THE FOLLOWING WEATHER WAS RECORDED YESTERDAY.
  THUNDERSTORM
  LIGHT RAIN
  FOG
  FOG W/VISIBILITY <= 1/4 MILE


RELATIVE HUMIDITY (PERCENT)
 HIGHEST   100           100 AM
 LOWEST     50           600 PM
 AVERAGE    75

..........................................................


THE CONCORD NH CLIMATE NORMALS FOR TODAY
                         NORMAL    RECORD    YEAR
 MAXIMUM TEMPERATURE (F)   82       100      1955
 MINIMUM TEMPERATURE (F)   58        36      1972


SUNRISE AND SUNSET
AUGUST  5 2015........SUNRISE   540 AM EDT   SUNSET   803 PM EDT
AUGUST  6 2015........SUNRISE   541 AM EDT   SUNSET   802 PM EDT


-  INDICATES NEGATIVE NUMBERS.
R  INDICATES RECORD WAS SET OR TIED.
MM INDICATES DATA IS MISSING.
T  INDICATES TRACE AMOUNT.




$$
