000
CDUS45 KPUB 011038
CLICOS


CLIMATE REPORT
NATIONAL WEATHER SERVICE PUEBLO
438 AM MDT TUE SEP 1 2015


...................................

...THE COLORADO SPRINGS CO CLIMATE SUMMARY FOR AUGUST 31 2015...

CLIMATE NORMAL PERIOD 1981 TO 2010
CLIMATE RECORD PERIOD 1872 TO 2015


WEATHER ITEM   OBSERVED TIME   RECORD YEAR NORMAL DEPARTURE LAST
                VALUE   (LST)  VALUE       VALUE  FROM      YEAR
                                                  NORMAL
..................................................................
TEMPERATURE (F)
 YESTERDAY
  MAXIMUM         85   1140 AM  93    1985  80      5       84
  MINIMUM         60    103 AM  38    1910  53      7       55
  AVERAGE         73                        66      7       70

PRECIPITATION (IN)
  YESTERDAY        0.05          0.97 1972   0.09  -0.04     0.00
  MONTH TO DATE    1.73                      3.34  -1.61     2.34
  SINCE JUN 1     10.59                      8.68   1.91     8.26
  SINCE JAN 1     22.82                     13.79   9.03    13.05

SNOWFALL (IN)
  YESTERDAY        0.0           0.0  2002   0.0    0.0      0.0
  MONTH TO DATE    0.0                       0.0    0.0       T
  SINCE JUN 1      T                         0.0    0.0       T
  SINCE JUL 1      T                         0.0    0.0       T
  SNOW DEPTH       0

DEGREE DAYS
 HEATING
  YESTERDAY        0                         2     -2        0
  MONTH TO DATE    9                        17     -8        7
  SINCE JUN 1     29                       110    -81       69
  SINCE JUL 1     19                        31    -12       30

 COOLING
  YESTERDAY        8                         3      5        5
  MONTH TO DATE  211                       134     77      116
  SINCE JUN 1    515                       408    107      414
  SINCE JAN 1    515                       418     97      427
..................................................................


WIND (MPH)
  HIGHEST WIND SPEED    24   HIGHEST WIND DIRECTION     N (350)
  HIGHEST GUST SPEED    30   HIGHEST GUST DIRECTION    NW (310)
  AVERAGE WIND SPEED     7.7


SKY COVER
  POSSIBLE SUNSHINE  MM
  AVERAGE SKY COVER 0.7


WEATHER CONDITIONS
 THE FOLLOWING WEATHER WAS RECORDED YESTERDAY.
  THUNDERSTORM
  HEAVY RAIN
  RAIN
  LIGHT RAIN


RELATIVE HUMIDITY (PERCENT)
 HIGHEST    73           400 PM
 LOWEST     26          1100 AM
 AVERAGE    50

..........................................................


THE COLORADO SPRINGS CO CLIMATE NORMALS FOR TODAY
                         NORMAL    RECORD    YEAR
 MAXIMUM TEMPERATURE (F)   79        94      1995
 MINIMUM TEMPERATURE (F)   53        30      1911


SUNRISE AND SUNSET
SEPTEMBER  1 2015.....SUNRISE   628 AM MDT   SUNSET   729 PM MDT
SEPTEMBER  2 2015.....SUNRISE   629 AM MDT   SUNSET   728 PM MDT


-  INDICATES NEGATIVE NUMBERS.
R  INDICATES RECORD WAS SET OR TIED.
MM INDICATES DATA IS MISSING.
T  INDICATES TRACE AMOUNT.




$$
