000
CDUS45 KPUB 191035
CLICOS


CLIMATE REPORT
NATIONAL WEATHER SERVICE PUEBLO
435 AM MDT SAT AUG 19 2017


...................................

...THE COLORADO SPRINGS CO CLIMATE SUMMARY FOR AUGUST 18 2017...

CLIMATE NORMAL PERIOD 1981 TO 2010
CLIMATE RECORD PERIOD 1872 TO 2017


WEATHER ITEM   OBSERVED TIME   RECORD YEAR NORMAL DEPARTURE LAST
                VALUE   (LST)  VALUE       VALUE  FROM      YEAR
                                                  NORMAL
..................................................................
TEMPERATURE (F)
 YESTERDAY
  MAXIMUM         85    257 PM  95    2002  81      4       88
                                      1986
  MINIMUM         56   1216 AM  43    1960  56      0       53
  AVERAGE         71                        69      2       71

PRECIPITATION (IN)
  YESTERDAY        0.00          1.24 1965   0.11  -0.11      T
  MONTH TO DATE    2.41                      2.18   0.23     0.75
  SINCE JUN 1      9.14                      7.52   1.62     4.83
  SINCE JAN 1     15.26                     12.63   2.63    11.76

SNOWFALL (IN)
  YESTERDAY        0.0           0.0  2002   0.0    0.0      0.0
  MONTH TO DATE    T                         0.0    0.0      0.0
  SINCE JUN 1      T                         0.0    0.0       T
  SINCE JUL 1      T                         0.0    0.0       T
  SNOW DEPTH       0

DEGREE DAYS
 HEATING
  YESTERDAY        0                         1     -1        0
  MONTH TO DATE    9                         3      6        0
  SINCE JUN 1     30                        92    -62        8
  SINCE JUL 1      9                        13     -4        0

 COOLING
  YESTERDAY        6                         4      2        6
  MONTH TO DATE   52                        89    -37      123
  SINCE JUN 1    477                       363    114      603
  SINCE JAN 1    479                       373    106      605
..................................................................


WIND (MPH)
  HIGHEST WIND SPEED    21   HIGHEST WIND DIRECTION    SE (150)
  HIGHEST GUST SPEED    25   HIGHEST GUST DIRECTION     S (160)
  AVERAGE WIND SPEED     8.2


SKY COVER
  POSSIBLE SUNSHINE  MM
  AVERAGE SKY COVER 0.2


WEATHER CONDITIONS
 THE FOLLOWING WEATHER WAS RECORDED YESTERDAY.
  NO SIGNIFICANT WEATHER WAS OBSERVED.


RELATIVE HUMIDITY (PERCENT)
 HIGHEST    67          1200 AM
 LOWEST     22          1000 AM
 AVERAGE    45

..........................................................


THE COLORADO SPRINGS CO CLIMATE NORMALS FOR TODAY
                         NORMAL    RECORD    YEAR
 MAXIMUM TEMPERATURE (F)   81        94      2001
 MINIMUM TEMPERATURE (F)   56        47      1956


SUNRISE AND SUNSET
AUGUST 19 2017........SUNRISE   616 AM MDT   SUNSET   748 PM MDT
AUGUST 20 2017........SUNRISE   617 AM MDT   SUNSET   746 PM MDT


-  INDICATES NEGATIVE NUMBERS.
R  INDICATES RECORD WAS SET OR TIED.
MM INDICATES DATA IS MISSING.
T  INDICATES TRACE AMOUNT.




$$
