000
CDUS45 KPUB 161159
CLICOS


CLIMATE REPORT
NATIONAL WEATHER SERVICE PUEBLO
458 AM MST SAT DEC 16 2017


...................................

...THE COLORADO SPRINGS CO CLIMATE SUMMARY FOR DECEMBER 15 2017...

CLIMATE NORMAL PERIOD 1981 TO 2010
CLIMATE RECORD PERIOD 1872 TO 2017


WEATHER ITEM   OBSERVED TIME   RECORD YEAR NORMAL DEPARTURE LAST
                VALUE   (LST)  VALUE       VALUE  FROM      YEAR
                                                  NORMAL
..................................................................
TEMPERATURE (F)
 YESTERDAY
  MAXIMUM         58    235 PM  65    1946  41     17       63
                                      1929
                                      1924
  MINIMUM         18    414 AM -10    1926  17      1        7
  AVERAGE         38                        29      9       35

PRECIPITATION (IN)
  YESTERDAY        0.00          0.24 1988   0.01  -0.01     0.00
  MONTH TO DATE    T                         0.18  -0.18     0.13
  SINCE DEC 1      T                         0.18  -0.18     0.13
  SINCE JAN 1     18.43                     16.38   2.05    13.80

SNOWFALL (IN)
  YESTERDAY        0.0           4.0  1967   0.2   -0.2      0.0
  MONTH TO DATE    0.2                       2.9   -2.7      2.4
  SINCE DEC 1      0.2                       2.9   -2.7      2.4
  SINCE JUL 1      1.8                      10.7   -8.9      2.4
  SNOW DEPTH       0

DEGREE DAYS
 HEATING
  YESTERDAY       27                        36     -9       30
  MONTH TO DATE  398                       522   -124      559
  SINCE DEC 1    398                       522   -124      559
  SINCE JUL 1   1566                      2003   -437     1462

 COOLING
  YESTERDAY        0                         0      0        0
  MONTH TO DATE    0                         0      0        0
  SINCE DEC 1      0                         0      0        0
  SINCE JAN 1    639                       455    184      710
..................................................................


WIND (MPH)
  HIGHEST WIND SPEED    14   HIGHEST WIND DIRECTION     N (10)
  HIGHEST GUST SPEED    15   HIGHEST GUST DIRECTION     N (10)
  AVERAGE WIND SPEED     6.4


SKY COVER
  POSSIBLE SUNSHINE  MM
  AVERAGE SKY COVER 0.2


WEATHER CONDITIONS
 THE FOLLOWING WEATHER WAS RECORDED YESTERDAY.
  FOG


RELATIVE HUMIDITY (PERCENT)
 HIGHEST    92          1200 AM
 LOWEST      9           100 PM
 AVERAGE    51

..........................................................


THE COLORADO SPRINGS CO CLIMATE NORMALS FOR TODAY
                         NORMAL    RECORD    YEAR
 MAXIMUM TEMPERATURE (F)   41        67      1952
 MINIMUM TEMPERATURE (F)   17        -4      1914


SUNRISE AND SUNSET
DECEMBER 16 2017......SUNRISE   711 AM MST   SUNSET   438 PM MST
DECEMBER 17 2017......SUNRISE   711 AM MST   SUNSET   439 PM MST


-  INDICATES NEGATIVE NUMBERS.
R  INDICATES RECORD WAS SET OR TIED.
MM INDICATES DATA IS MISSING.
T  INDICATES TRACE AMOUNT.




$$
