546
CDUS45 KPUB 221054
CLICOS


CLIMATE REPORT
NATIONAL WEATHER SERVICE PUEBLO
454 AM MDT FRI MAY 22 2015


...................................

...THE COLORADO SPRINGS CO CLIMATE SUMMARY FOR MAY 21 2015...

CLIMATE NORMAL PERIOD 1981 TO 2010
CLIMATE RECORD PERIOD 1872 TO 2015


WEATHER ITEM   OBSERVED TIME   RECORD YEAR NORMAL DEPARTURE LAST
                VALUE   (LST)  VALUE       VALUE  FROM      YEAR
                                                  NORMAL
..................................................................
TEMPERATURE (F)
 YESTERDAY
  MAXIMUM         48    353 PM  90    2005  71    -23       73
  MINIMUM         38    727 AM  29    1931  44     -6       52
  AVERAGE         43                        57    -14       63

PRECIPITATION (IN)
  YESTERDAY        0.46          0.99 1985   0.07   0.39     0.02
  MONTH TO DATE    6.53                      1.26   5.27     0.35
  SINCE MAR 1      8.31                      3.68   4.63     1.69
  SINCE JAN 1     10.63                      4.34   6.29     2.58

SNOWFALL (IN)
  YESTERDAY        0.0           T    1951   0.0    0.0      0.0
  MONTH TO DATE    T                         0.7   -0.7      0.4
  SINCE MAR 1      5.6                      13.7   -8.1     10.7
  SINCE JUL 1     46.5                      37.7    8.8     34.8
  SNOW DEPTH       0

DEGREE DAYS
 HEATING
  YESTERDAY       22                         8     14        2
  MONTH TO DATE  301                       225     76      233
  SINCE MAR 1   1459                      1584   -125     1531
  SINCE JUL 1   5680                      6147   -467     6018

 COOLING
  YESTERDAY        0                         0      0        0
  MONTH TO DATE    0                         0      0        5
  SINCE MAR 1      0                         1     -1        5
  SINCE JAN 1      0                         1     -1        5
..................................................................


WIND (MPH)
  HIGHEST WIND SPEED    18   HIGHEST WIND DIRECTION     S (160)
  HIGHEST GUST SPEED    22   HIGHEST GUST DIRECTION    SE (150)
  AVERAGE WIND SPEED    10.8


SKY COVER
  POSSIBLE SUNSHINE  MM
  AVERAGE SKY COVER 1.0


WEATHER CONDITIONS
 THE FOLLOWING WEATHER WAS RECORDED YESTERDAY.
  RAIN
  LIGHT RAIN
  FOG
  FOG W/VISIBILITY <= 1/4 MILE


RELATIVE HUMIDITY (PERCENT)
 HIGHEST   100           100 AM
 LOWEST     86           300 PM
 AVERAGE    93

..........................................................


THE COLORADO SPRINGS CO CLIMATE NORMALS FOR TODAY
                         NORMAL    RECORD    YEAR
 MAXIMUM TEMPERATURE (F)   71        90      2012
 MINIMUM TEMPERATURE (F)   45        31      1931


SUNRISE AND SUNSET
MAY 22 2015...........SUNRISE   541 AM MDT   SUNSET   810 PM MDT
MAY 23 2015...........SUNRISE   541 AM MDT   SUNSET   811 PM MDT


-  INDICATES NEGATIVE NUMBERS.
R  INDICATES RECORD WAS SET OR TIED.
MM INDICATES DATA IS MISSING.
T  INDICATES TRACE AMOUNT.




$$
