000
CDUS45 KPUB 301041
CLICOS


CLIMATE REPORT
NATIONAL WEATHER SERVICE PUEBLO
441 AM MDT WED JUL 30 2014


...................................

...THE COLORADO SPRINGS CO CLIMATE SUMMARY FOR JULY 29 2014...

CLIMATE NORMAL PERIOD 1981 TO 2010
CLIMATE RECORD PERIOD 1872 TO 2014


WEATHER ITEM   OBSERVED TIME   RECORD YEAR NORMAL DEPARTURE LAST
                VALUE   (LST)  VALUE       VALUE  FROM      YEAR
                                                  NORMAL
..................................................................
TEMPERATURE (F)
 YESTERDAY
  MAXIMUM         78    128 PM  96    1980  84     -6       77
  MINIMUM         57    525 AM  49    1909  57      0       60
                                      1906
  AVERAGE         68                        71     -3       69

PRECIPITATION (IN)
  YESTERDAY        0.64          3.63 1997   0.11   0.53     0.12
  MONTH TO DATE    3.72                      2.62   1.10     4.51
  SINCE JUN 1      5.01                      5.12  -0.11     5.11
  SINCE JAN 1      9.80                     10.23  -0.43     7.84

SNOWFALL (IN)
  YESTERDAY        0.0           T    2003   0.0    0.0      0.0
  MONTH TO DATE    T                         0.0    0.0       T
  SINCE JUN 1      T                         0.0    0.0       T
  SINCE JUL 1      T                         0.0    0.0       T
  SNOW DEPTH       0

DEGREE DAYS
 HEATING
  YESTERDAY        0                         0      0        0
  MONTH TO DATE   14                         3     11        5
  SINCE JUN 1     53                        82    -29       30
  SINCE JUL 1     14                         3     11        5

 COOLING
  YESTERDAY        3                         6     -3        4
  MONTH TO DATE  194                       177     17      194
  SINCE JUN 1    298                       260     38      376
  SINCE JAN 1    311                       270     41      398
..................................................................


WIND (MPH)
  HIGHEST WIND SPEED    18   HIGHEST WIND DIRECTION     E (70)
  HIGHEST GUST SPEED    22   HIGHEST GUST DIRECTION    SE (120)
  AVERAGE WIND SPEED     5.8


SKY COVER
  POSSIBLE SUNSHINE  MM
  AVERAGE SKY COVER 0.7


WEATHER CONDITIONS
 THE FOLLOWING WEATHER WAS RECORDED YESTERDAY.
  THUNDERSTORM
  HEAVY RAIN
  RAIN
  LIGHT RAIN
  FOG


RELATIVE HUMIDITY (PERCENT)
 HIGHEST    93           400 AM
 LOWEST     50           300 PM
 AVERAGE    72

..........................................................


THE COLORADO SPRINGS CO CLIMATE NORMALS FOR TODAY
                         NORMAL    RECORD    YEAR
 MAXIMUM TEMPERATURE (F)   84        96      2006
 MINIMUM TEMPERATURE (F)   57        48      2009


SUNRISE AND SUNSET
JULY 30 2014..........SUNRISE   558 AM MDT   SUNSET   812 PM MDT
JULY 31 2014..........SUNRISE   559 AM MDT   SUNSET   811 PM MDT


-  INDICATES NEGATIVE NUMBERS.
R  INDICATES RECORD WAS SET OR TIED.
MM INDICATES DATA IS MISSING.
T  INDICATES TRACE AMOUNT.




$$
