000
CDUS43 KLSX 280812
CLICOU


CLIMATE REPORT
NATIONAL WEATHER SERVICE ST LOUIS MO
311 AM CDT SAT MAY 28 2016


...................................

...THE COLUMBIA ASOS CLIMATE SUMMARY FOR MAY 27 2016...

CLIMATE NORMAL PERIOD 1981 TO 2010
CLIMATE RECORD PERIOD 1890 TO 2016


WEATHER ITEM   OBSERVED TIME   RECORD YEAR NORMAL DEPARTURE LAST
                VALUE   (LST)  VALUE       VALUE  FROM      YEAR
                                                  NORMAL
..................................................................
TEMPERATURE (F)
 YESTERDAY
  MAXIMUM         81    334 PM  92    2012  77      4       83
                                      1911
  MINIMUM         64   1213 AM  39    1961  57      7       63
  AVERAGE         73                        67      6       73

PRECIPITATION (IN)
  YESTERDAY        0.41          2.08 1996   0.16   0.25     0.00
  MONTH TO DATE    3.86                      4.36  -0.50     4.21
  SINCE MAR 1      8.38                     11.76  -3.38     9.04
  SINCE JAN 1     10.03                     15.93  -5.90    11.39

SNOWFALL (IN)
  YESTERDAY        0.0           0.0  2015   0.0    0.0      0.0
  MONTH TO DATE    0.0                       0.0    0.0      0.0
  SINCE MAR 1      T                         1.9   -1.9      1.6
  SINCE JUL 1      9.0                      18.0   -9.0     12.0
  SNOW DEPTH       0

DEGREE DAYS
 HEATING
  YESTERDAY        0                         2     -2        0
  MONTH TO DATE  128                       103     25       73
  SINCE MAR 1    775                      1060   -285      877
  SINCE JUL 1   3952                      5006  -1054     4932

 COOLING
  YESTERDAY        8                         4      4        8
  MONTH TO DATE   57                        61     -4       89
  SINCE MAR 1     89                        86      3      104
  SINCE JAN 1     89                        86      3      104
..................................................................


WIND (MPH)
  HIGHEST WIND SPEED    21   HIGHEST WIND DIRECTION     S (170)
  HIGHEST GUST SPEED    27   HIGHEST GUST DIRECTION    SE (150)
  AVERAGE WIND SPEED    11.3


SKY COVER
  AVERAGE SKY COVER 0.8


WEATHER CONDITIONS
 THE FOLLOWING WEATHER WAS RECORDED YESTERDAY.
  THUNDERSTORM
  HEAVY RAIN
  RAIN
  LIGHT RAIN
  FOG


RELATIVE HUMIDITY (PERCENT)
 HIGHEST   100
 LOWEST     67
 AVERAGE    84

..........................................................


THE COLUMBIA ASOS CLIMATE NORMALS FOR TODAY
                         NORMAL    RECORD    YEAR
 MAXIMUM TEMPERATURE (F)   78        91      2012
                                             2006
                                             1926
 MINIMUM TEMPERATURE (F)   57        39      1992
                                             1891


SUNRISE AND SUNSET
MAY 28 2016...........SUNRISE   547 AM CDT   SUNSET   826 PM CDT
MAY 29 2016...........SUNRISE   547 AM CDT   SUNSET   826 PM CDT


-  INDICATES NEGATIVE NUMBERS.
R  INDICATES RECORD WAS SET OR TIED.
MM INDICATES DATA IS MISSING.
T  INDICATES TRACE AMOUNT.




$$
